185.220.101.6 - - [18/Jul/2026:20:57:28 +0000] "GET /img-20240715-wa0065-2/ HTTP/2" 301 0 "-" "\"Mozilla/5.0 (Macintosh; Intel Mac OS X 10_15_7) AppleWebKit/537.36 (KHTML, like Gecko) Chrome/142.0.0.0 Safari/537.36\""
185.220.101.6 - - [18/Jul/2026:20:57:29 +0000] "GET /wp-content/uploads/2024/07/IMG-20240715-WA0065-1.jpg HTTP/2" 200 199960 "-" "\"Mozilla/5.0 (Macintosh; Intel Mac OS X 10_15_7) AppleWebKit/537.36 (KHTML, like Gecko) Chrome/142.0.0.0 Safari/537.36\""
185.220.101.6 - - [18/Jul/2026:20:57:33 +0000] "GET /img-20240715-wa0062-2/ HTTP/2" 301 0 "-" "\"Mozilla/5.0 (Macintosh; Intel Mac OS X 10_15_7) AppleWebKit/537.36 (KHTML, like Gecko) Chrome/142.0.0.0 Safari/537.36\""
185.220.101.6 - - [18/Jul/2026:20:57:34 +0000] "GET /wp-content/uploads/2024/07/IMG-20240715-WA0062-1.jpg HTTP/2" 200 152591 "-" "\"Mozilla/5.0 (Macintosh; Intel Mac OS X 10_15_7) AppleWebKit/537.36 (KHTML, like Gecko) Chrome/142.0.0.0 Safari/537.36\""
185.220.101.6 - - [18/Jul/2026:20:57:38 +0000] "GET /it-projects/ HTTP/2" 200 11014 "-" "\"Mozilla/5.0 (Macintosh; Intel Mac OS X 10_15_7) AppleWebKit/537.36 (KHTML, like Gecko) Chrome/142.0.0.0 Safari/537.36\""
185.220.101.6 - - [18/Jul/2026:20:57:44 +0000] "GET /projects/ HTTP/2" 200 15237 "-" "\"Mozilla/5.0 (Macintosh; Intel Mac OS X 10_15_7) AppleWebKit/537.36 (KHTML, like Gecko) Chrome/142.0.0.0 Safari/537.36\""
185.220.101.6 - - [18/Jul/2026:20:57:45 +0000] "GET /wp-content/plugins/elementor/assets/lib/e-gallery/js/e-gallery.min.js?ver=1.2.0 HTTP/2" 200 4434 "https://saudahmadco.com/projects/" "\"Mozilla/5.0 (Macintosh; Intel Mac OS X 10_15_7) AppleWebKit/537.36 (KHTML, like Gecko) Chrome/142.0.0.0 Safari/537.36\""
185.220.101.6 - - [18/Jul/2026:20:57:46 +0000] "GET /wp-content/plugins/elementor/assets/js/lightbox.26bf6b6c4232d8789c0e.bundle.min.js HTTP/2" 200 9092 "https://saudahmadco.com/projects/" "\"Mozilla/5.0 (Macintosh; Intel Mac OS X 10_15_7) AppleWebKit/537.36 (KHTML, like Gecko) Chrome/142.0.0.0 Safari/537.36\""
185.220.101.6 - - [18/Jul/2026:20:57:46 +0000] "GET /wp-content/plugins/elementor/assets/lib/dialog/dialog.min.js?ver=4.9.0 HTTP/2" 200 3294 "https://saudahmadco.com/projects/" "\"Mozilla/5.0 (Macintosh; Intel Mac OS X 10_15_7) AppleWebKit/537.36 (KHTML, like Gecko) Chrome/142.0.0.0 Safari/537.36\""
185.220.101.6 - - [18/Jul/2026:20:57:46 +0000] "GET /wp-content/plugins/elementor/assets/lib/share-link/share-link.min.js?ver=3.23.3 HTTP/2" 200 1072 "https://saudahmadco.com/projects/" "\"Mozilla/5.0 (Macintosh; Intel Mac OS X 10_15_7) AppleWebKit/537.36 (KHTML, like Gecko) Chrome/142.0.0.0 Safari/537.36\""
185.220.101.6 - - [18/Jul/2026:20:57:49 +0000] "GET /img-20240715-wa0077/ HTTP/2" 301 0 "-" "\"Mozilla/5.0 (Macintosh; Intel Mac OS X 10_15_7) AppleWebKit/537.36 (KHTML, like Gecko) Chrome/142.0.0.0 Safari/537.36\""
185.220.101.6 - - [18/Jul/2026:20:57:50 +0000] "GET /wp-content/uploads/2024/07/IMG-20240715-WA0077.jpg HTTP/2" 200 71394 "-" "\"Mozilla/5.0 (Macintosh; Intel Mac OS X 10_15_7) AppleWebKit/537.36 (KHTML, like Gecko) Chrome/142.0.0.0 Safari/537.36\""
31.42.184.154 - - [18/Jul/2026:20:58:42 +0000] "POST /xmlrpc.php HTTP/2" 403 5137 "-" "Mozilla/5.0 (Windows NT 10.0; Win64; x64) AppleWebKit/537.36 (KHTML, like Gecko) Chrome/133.0.0.0 Safari/537.36"
194.39.149.53 - - [18/Jul/2026:21:04:46 +0000] "POST /wp-cron.php?doing_wp_cron=1784408686.3442769050598144531250 HTTP/1.1" 200 0 "-" "WordPress/7.0.2; https://saudahmadco.com"
72.60.40.175 - - [18/Jul/2026:21:04:39 +0000] "GET /shop/ HTTP/2" 404 41713 "-" "Mozilla/5.0 (Windows NT 10.0; Win64; x64) AppleWebKit/537.36"
194.39.149.53 - - [18/Jul/2026:21:09:35 +0000] "POST /wp-cron.php?doing_wp_cron=1784408974.8940548896789550781250 HTTP/1.1" 200 0 "-" "WordPress/7.0.2; https://saudahmadco.com"
62.210.185.4 - - [18/Jul/2026:21:09:34 +0000] "GET /wp-login.php HTTP/2" 200 1926 "-" "Mozilla/5.0 (Windows NT 10.0; Win64; x64) AppleWebKit/537.36 (KHTML, like Gecko) Chrome/133.0.0.0 Safari/537.36"
62.210.185.4 - - [18/Jul/2026:21:09:35 +0000] "POST /wp-login.php HTTP/2" 200 2057 "https://saudahmadco.com/wp-login.php" "Mozilla/5.0 (Windows NT 10.0; Win64; x64) AppleWebKit/537.36 (KHTML, like Gecko) Chrome/133.0.0.0 Safari/537.36"
212.80.9.235 - - [18/Jul/2026:21:09:51 +0000] "GET /wp-login.php HTTP/2" 200 1926 "-" "Mozilla/5.0 (Windows NT 10.0; Win64; x64) AppleWebKit/537.36 (KHTML, like Gecko) Chrome/133.0.0.0 Safari/537.36"
212.80.9.235 - - [18/Jul/2026:21:09:51 +0000] "POST /wp-login.php HTTP/2" 200 2054 "https://saudahmadco.com.keeloil.com/wp-login.php" "Mozilla/5.0 (Windows NT 10.0; Win64; x64) AppleWebKit/537.36 (KHTML, like Gecko) Chrome/133.0.0.0 Safari/537.36"
94.154.43.185 - - [18/Jul/2026:21:13:08 +0000] "GET /.env HTTP/1.1" 400 52 "-" "Mozilla/5.0 (Windows NT 10.0; Win64; x64) AppleWebKit/537.36 (KHTML, like Gecko) Chrome/147.0.0.0 Safari/537.36"
94.154.43.229 - - [18/Jul/2026:21:13:08 +0000] "GET /.env HTTP/1.1" 401 36 "-" "Mozilla/5.0 (Windows NT 10.0; Win64; x64) AppleWebKit/537.36 (KHTML, like Gecko) Chrome/147.0.0.0 Safari/537.36"
94.154.43.183 - - [18/Jul/2026:21:13:08 +0000] "GET /.env HTTP/1.1" 401 36 "-" "Mozilla/5.0 (Windows NT 10.0; Win64; x64) AppleWebKit/537.36 (KHTML, like Gecko) Chrome/147.0.0.0 Safari/537.36"
94.154.43.186 - - [18/Jul/2026:21:13:08 +0000] "GET /.env HTTP/1.1" 404 5749 "-" "Mozilla/5.0 (Windows NT 10.0; Win64; x64) AppleWebKit/537.36 (KHTML, like Gecko) Chrome/147.0.0.0 Safari/537.36"
94.154.43.188 - - [18/Jul/2026:21:13:08 +0000] "GET /.env HTTP/1.1" 404 5750 "-" "Mozilla/5.0 (Windows NT 10.0; Win64; x64) AppleWebKit/537.36 (KHTML, like Gecko) Chrome/147.0.0.0 Safari/537.36"
94.154.43.229 - - [18/Jul/2026:21:13:08 +0000] "GET /.env HTTP/1.1" 403 19352 "-" "Mozilla/5.0 (Windows NT 10.0; Win64; x64) AppleWebKit/537.36 (KHTML, like Gecko) Chrome/147.0.0.0 Safari/537.36"
94.154.43.179 - - [18/Jul/2026:21:13:08 +0000] "GET /.env HTTP/1.1" 403 19352 "-" "Mozilla/5.0 (Windows NT 10.0; Win64; x64) AppleWebKit/537.36 (KHTML, like Gecko) Chrome/147.0.0.0 Safari/537.36"
94.154.43.177 - - [18/Jul/2026:21:13:08 +0000] "GET /.env HTTP/1.1" 401 36 "-" "Mozilla/5.0 (Windows NT 10.0; Win64; x64) AppleWebKit/537.36 (KHTML, like Gecko) Chrome/147.0.0.0 Safari/537.36"
194.39.149.53 - - [18/Jul/2026:21:15:48 +0000] "POST /wp-cron.php?doing_wp_cron=1784409348.6836450099945068359375 HTTP/1.1" 200 0 "-" "WordPress/7.0.2; https://saudahmadco.com"
72.60.40.175 - - [18/Jul/2026:21:15:45 +0000] "GET /shop/ HTTP/2" 404 41713 "-" "Mozilla/5.0 (Windows NT 10.0; Win64; x64) AppleWebKit/537.36"
194.39.149.53 - - [18/Jul/2026:21:18:46 +0000] "POST /wp-cron.php?doing_wp_cron=1784409526.3366680145263671875000 HTTP/1.1" 200 0 "-" "WordPress/7.0.2; https://saudahmadco.com"
202.51.202.242 - - [18/Jul/2026:21:18:44 +0000] "GET /wp-login.php HTTP/2" 200 1926 "-" "Mozilla/5.0 (Windows NT 10.0; Win64; x64) AppleWebKit/537.36 (KHTML, like Gecko) Chrome/133.0.0.0 Safari/537.36"
202.51.202.242 - - [18/Jul/2026:21:18:53 +0000] "POST /wp-login.php HTTP/2" 200 2054 "https://saudahmadco.com/wp-login.php" "Mozilla/5.0 (Windows NT 10.0; Win64; x64) AppleWebKit/537.36 (KHTML, like Gecko) Chrome/133.0.0.0 Safari/537.36"
66.249.79.192 - - [18/Jul/2026:21:19:14 +0000] "GET /shop/sitemap-29.xml HTTP/1.1" 404 9497 "-" "Mozilla/5.0 (compatible; Googlebot/2.1; +http://www.google.com/bot.html)"
194.39.149.53 - - [18/Jul/2026:21:19:31 +0000] "POST /wp-cron.php?doing_wp_cron=1784409571.4248900413513183593750 HTTP/1.1" 200 0 "-" "WordPress/7.0.2; https://saudahmadco.com"
113.160.142.119 - - [18/Jul/2026:21:19:30 +0000] "GET /wp-login.php HTTP/2" 200 1926 "-" "Mozilla/5.0 (Windows NT 10.0; Win64; x64) AppleWebKit/537.36 (KHTML, like Gecko) Chrome/133.0.0.0 Safari/537.36"
113.160.142.119 - - [18/Jul/2026:21:19:32 +0000] "POST /wp-login.php HTTP/2" 200 2057 "https://saudahmadco.com.keeloil.com/wp-login.php" "Mozilla/5.0 (Windows NT 10.0; Win64; x64) AppleWebKit/537.36 (KHTML, like Gecko) Chrome/133.0.0.0 Safari/537.36"
194.39.149.53 - - [18/Jul/2026:21:22:11 +0000] "POST /wp-cron.php?doing_wp_cron=1784409731.3565399646759033203125 HTTP/1.1" 200 0 "-" "WordPress/7.0.2; https://saudahmadco.com"
66.249.79.193 - - [18/Jul/2026:21:22:09 +0000] "GET /shop/sitemap-18.xml HTTP/1.1" 404 9497 "-" "Mozilla/5.0 (compatible; Googlebot/2.1; +http://www.google.com/bot.html)"
194.39.149.53 - - [18/Jul/2026:21:22:49 +0000] "POST /wp-cron.php?doing_wp_cron=1784409768.9330780506134033203125 HTTP/1.1" 200 0 "-" "WordPress/7.0.2; https://saudahmadco.com"
66.249.79.193 - - [18/Jul/2026:21:22:43 +0000] "GET /shop/sitemap-5.xml HTTP/1.1" 404 9497 "-" "Mozilla/5.0 (compatible; Googlebot/2.1; +http://www.google.com/bot.html)"
194.39.149.53 - - [18/Jul/2026:21:24:16 +0000] "POST /wp-cron.php?doing_wp_cron=1784409856.4479680061340332031250 HTTP/1.1" 200 0 "-" "WordPress/7.0.2; https://saudahmadco.com"
20.206.105.145 - - [18/Jul/2026:21:24:15 +0000] "GET /wp-admin/css/colour.php HTTP/1.1" 302 0 "-" "-"
20.206.105.145 - - [18/Jul/2026:21:24:16 +0000] "GET /wp-login.php?redirect_to=https%3A%2F%2Fsaudahmadco.com%2Fwp-admin%2Fcss%2Fcolour.php&reauth=1 HTTP/1.1" 200 6274 "-" "-"
20.206.105.145 - - [18/Jul/2026:21:24:27 +0000] "GET //wp-admin/js/index.php HTTP/1.1" 302 0 "-" "-"
20.206.105.145 - - [18/Jul/2026:21:24:28 +0000] "GET /wp-login.php?redirect_to=https%3A%2F%2Fsaudahmadco.com%2F%2Fwp-admin%2Fjs%2Findex.php&reauth=1 HTTP/1.1" 200 6273 "-" "-"
72.60.40.175 - - [18/Jul/2026:21:24:30 +0000] "GET /shop/ HTTP/2" 404 41713 "-" "Mozilla/5.0 (Windows NT 10.0; Win64; x64) AppleWebKit/537.36"
66.249.79.193 - - [18/Jul/2026:21:26:07 +0000] "GET /shop/sitemap-8.xml HTTP/1.1" 404 9495 "-" "Mozilla/5.0 (compatible; Googlebot/2.1; +http://www.google.com/bot.html)"
128.199.203.39 - - [18/Jul/2026:21:27:54 +0000] "POST /xmlrpc.php HTTP/2" 403 5137 "-" "Mozilla/5.0 (Windows NT 10.0; Win64; x64) AppleWebKit/537.36 (KHTML, like Gecko) Chrome/133.0.0.0 Safari/537.36"
194.39.149.53 - - [18/Jul/2026:21:33:47 +0000] "POST /wp-cron.php?doing_wp_cron=1784410427.8465778827667236328125 HTTP/1.1" 200 0 "-" "WordPress/7.0.2; https://saudahmadco.com"
72.60.40.175 - - [18/Jul/2026:21:33:45 +0000] "GET /shop/ HTTP/2" 404 41713 "-" "Mozilla/5.0 (Windows NT 10.0; Win64; x64) AppleWebKit/537.36"
194.39.149.53 - - [18/Jul/2026:21:36:12 +0000] "POST /wp-cron.php?doing_wp_cron=1784410572.0355279445648193359375 HTTP/1.1" 200 0 "-" "WordPress/7.0.2; https://saudahmadco.com"
66.249.79.193 - - [18/Jul/2026:21:36:10 +0000] "GET /shop/sitemap-13.xml HTTP/1.1" 404 9497 "-" "Mozilla/5.0 (compatible; Googlebot/2.1; +http://www.google.com/bot.html)"
194.39.149.53 - - [18/Jul/2026:21:44:44 +0000] "POST /wp-cron.php?doing_wp_cron=1784411084.2489099502563476562500 HTTP/1.1" 200 0 "-" "WordPress/7.0.2; https://saudahmadco.com"
72.60.40.175 - - [18/Jul/2026:21:44:42 +0000] "GET /shop/ HTTP/2" 404 41713 "-" "Mozilla/5.0 (Windows NT 10.0; Win64; x64) AppleWebKit/537.36"
194.39.149.53 - - [18/Jul/2026:21:45:25 +0000] "POST /wp-cron.php?doing_wp_cron=1784411125.3592250347137451171875 HTTP/1.1" 200 0 "-" "WordPress/7.0.2; https://saudahmadco.com"
66.249.79.192 - - [18/Jul/2026:21:45:23 +0000] "GET /shop/sitemap-33.xml HTTP/1.1" 404 9497 "-" "Mozilla/5.0 (compatible; Googlebot/2.1; +http://www.google.com/bot.html)"
117.0.21.154 - - [18/Jul/2026:21:47:53 +0000] "POST /xmlrpc.php HTTP/2" 403 5137 "-" "Mozilla/5.0 (Windows NT 10.0; Win64; x64) AppleWebKit/537.36 (KHTML, like Gecko) Chrome/133.0.0.0 Safari/537.36"
194.39.149.53 - - [18/Jul/2026:21:48:36 +0000] "POST /wp-cron.php?doing_wp_cron=1784411316.1437809467315673828125 HTTP/1.1" 200 0 "-" "WordPress/7.0.2; https://saudahmadco.com"
66.249.79.192 - - [18/Jul/2026:21:48:34 +0000] "GET /shop/sitemap-4.xml HTTP/1.1" 404 9497 "-" "Mozilla/5.0 (compatible; Googlebot/2.1; +http://www.google.com/bot.html)"
142.93.10.93 - - [18/Jul/2026:21:48:36 +0000] "GET /wp-login.php HTTP/2" 200 1926 "-" "Mozilla/5.0 (Windows NT 10.0; Win64; x64) AppleWebKit/537.36 (KHTML, like Gecko) Chrome/133.0.0.0 Safari/537.36"
142.93.10.93 - - [18/Jul/2026:21:48:38 +0000] "POST /wp-login.php HTTP/2" 200 2057 "https://saudahmadco.com.keeloil.com/wp-login.php" "Mozilla/5.0 (Windows NT 10.0; Win64; x64) AppleWebKit/537.36 (KHTML, like Gecko) Chrome/133.0.0.0 Safari/537.36"
194.39.149.53 - - [18/Jul/2026:21:53:43 +0000] "POST /wp-cron.php?doing_wp_cron=1784411623.5327000617980957031250 HTTP/1.1" 200 0 "-" "WordPress/7.0.2; https://saudahmadco.com"
72.60.40.175 - - [18/Jul/2026:21:53:42 +0000] "GET /shop/ HTTP/2" 404 41713 "-" "Mozilla/5.0 (Windows NT 10.0; Win64; x64) AppleWebKit/537.36"
194.39.149.53 - - [18/Jul/2026:21:55:40 +0000] "POST /wp-cron.php?doing_wp_cron=1784411740.7292270660400390625000 HTTP/1.1" 200 0 "-" "WordPress/7.0.2; https://saudahmadco.com"
66.249.79.206 - - [18/Jul/2026:21:55:40 +0000] "GET /shop/sitemap-17.xml HTTP/1.1" 404 9497 "-" "Mozilla/5.0 (compatible; Googlebot/2.1; +http://www.google.com/bot.html)"
45.119.213.111 - - [18/Jul/2026:21:56:04 +0000] "POST /xmlrpc.php HTTP/2" 403 5137 "-" "Mozilla/5.0 (Windows NT 10.0; Win64; x64) AppleWebKit/537.36 (KHTML, like Gecko) Chrome/133.0.0.0 Safari/537.36"
194.39.149.53 - - [18/Jul/2026:22:04:01 +0000] "POST /wp-cron.php?doing_wp_cron=1784412241.6307311058044433593750 HTTP/1.1" 200 0 "-" "WordPress/7.0.2; https://saudahmadco.com"
72.60.40.175 - - [18/Jul/2026:22:04:00 +0000] "GET /shop/ HTTP/2" 404 41713 "-" "Mozilla/5.0 (Windows NT 10.0; Win64; x64) AppleWebKit/537.36"
194.39.149.53 - - [18/Jul/2026:22:07:50 +0000] "POST /wp-cron.php?doing_wp_cron=1784412470.1659889221191406250000 HTTP/1.1" 200 0 "-" "WordPress/7.0.2; https://saudahmadco.com"
160.187.68.132 - - [18/Jul/2026:22:07:49 +0000] "GET /wp-login.php HTTP/2" 200 1926 "-" "Mozilla/5.0 (Windows NT 10.0; Win64; x64) AppleWebKit/537.36 (KHTML, like Gecko) Chrome/133.0.0.0 Safari/537.36"
160.187.68.132 - - [18/Jul/2026:22:07:54 +0000] "POST /wp-login.php HTTP/2" 200 2054 "https://saudahmadco.com.keeloil.com/wp-login.php" "Mozilla/5.0 (Windows NT 10.0; Win64; x64) AppleWebKit/537.36 (KHTML, like Gecko) Chrome/133.0.0.0 Safari/537.36"
194.39.149.53 - - [18/Jul/2026:22:13:10 +0000] "POST /wp-cron.php?doing_wp_cron=1784412790.7347910404205322265625 HTTP/1.1" 200 0 "-" "WordPress/7.0.2; https://saudahmadco.com"
72.60.40.175 - - [18/Jul/2026:22:13:04 +0000] "GET /shop/ HTTP/2" 404 41713 "-" "Mozilla/5.0 (Windows NT 10.0; Win64; x64) AppleWebKit/537.36"
103.75.185.95 - - [18/Jul/2026:22:15:38 +0000] "POST /xmlrpc.php HTTP/2" 403 5137 "-" "Mozilla/5.0 (Windows NT 10.0; Win64; x64) AppleWebKit/537.36 (KHTML, like Gecko) Chrome/133.0.0.0 Safari/537.36"
194.39.149.53 - - [18/Jul/2026:22:17:03 +0000] "POST /wp-cron.php?doing_wp_cron=1784413022.9351680278778076171875 HTTP/1.1" 200 0 "-" "WordPress/7.0.2; https://saudahmadco.com"
194.164.192.228 - - [18/Jul/2026:22:17:00 +0000] "GET /wp-login.php HTTP/2" 200 1926 "-" "Mozilla/5.0 (Windows NT 10.0; Win64; x64) AppleWebKit/537.36 (KHTML, like Gecko) Chrome/133.0.0.0 Safari/537.36"
194.164.192.228 - - [18/Jul/2026:22:17:03 +0000] "POST /wp-login.php HTTP/2" 200 2057 "https://saudahmadco.com.keeloil.com/wp-login.php" "Mozilla/5.0 (Windows NT 10.0; Win64; x64) AppleWebKit/537.36 (KHTML, like Gecko) Chrome/133.0.0.0 Safari/537.36"
66.249.79.193 - - [18/Jul/2026:22:17:29 +0000] "GET /shop/sitemap-36.xml HTTP/1.1" 404 9497 "-" "Mozilla/5.0 (compatible; Googlebot/2.1; +http://www.google.com/bot.html)"
194.39.149.53 - - [18/Jul/2026:22:17:32 +0000] "POST /wp-cron.php?doing_wp_cron=1784413052.6427650451660156250000 HTTP/1.1" 200 0 "-" "WordPress/7.0.2; https://saudahmadco.com"
194.39.149.53 - - [18/Jul/2026:22:21:29 +0000] "POST /wp-cron.php?doing_wp_cron=1784413289.7485311031341552734375 HTTP/1.1" 200 0 "-" "WordPress/7.0.2; https://saudahmadco.com"
72.60.40.175 - - [18/Jul/2026:22:21:25 +0000] "GET /shop/ HTTP/2" 404 41713 "-" "Mozilla/5.0 (Windows NT 10.0; Win64; x64) AppleWebKit/537.36"
194.39.149.53 - - [18/Jul/2026:22:32:42 +0000] "POST /wp-cron.php?doing_wp_cron=1784413961.9284329414367675781250 HTTP/1.1" 200 0 "-" "WordPress/7.0.2; https://saudahmadco.com"
72.60.40.175 - - [18/Jul/2026:22:32:40 +0000] "GET /shop/ HTTP/2" 404 41713 "-" "Mozilla/5.0 (Windows NT 10.0; Win64; x64) AppleWebKit/537.36"
199.189.225.167 - - [18/Jul/2026:22:33:03 +0000] "GET /wp-login.php HTTP/2" 200 1926 "-" "Mozilla/5.0 (Windows NT 10.0; Win64; x64) AppleWebKit/537.36 (KHTML, like Gecko) Chrome/133.0.0.0 Safari/537.36"
199.189.225.167 - - [18/Jul/2026:22:33:04 +0000] "POST /wp-login.php HTTP/2" 200 2054 "https://saudahmadco.com.keeloil.com/wp-login.php" "Mozilla/5.0 (Windows NT 10.0; Win64; x64) AppleWebKit/537.36 (KHTML, like Gecko) Chrome/133.0.0.0 Safari/537.36"
91.202.233.61 - - [18/Jul/2026:22:38:46 +0000] "GET /wp-content/plugins/podlove-podcasting-plugin-for-wordpress/readme.txt HTTP/1.1" 403 19352 "-" "Mozilla/5.0 (Windows NT 10.0; Win64; x64) AppleWebKit/537.36 (KHTML, like Gecko) Chrome/131.0.0.0 Safari/537.36"
194.39.149.53 - - [18/Jul/2026:22:39:12 +0000] "POST /wp-cron.php?doing_wp_cron=1784414352.0538890361785888671875 HTTP/1.1" 200 0 "-" "WordPress/7.0.2; https://saudahmadco.com"
91.202.233.61 - - [18/Jul/2026:22:38:56 +0000] "GET /wp-json HTTP/1.1" 200 212730 "-" "Mozilla/5.0 (Windows NT 10.0; Win64; x64) AppleWebKit/537.36 (KHTML, like Gecko) Chrome/131.0.0.0 Safari/537.36"
91.202.233.61 - - [18/Jul/2026:22:39:16 +0000] "GET /wp-content/plugins/podlove-podcasting-plugin-for-wordpress/css/frontend.css HTTP/1.1" 200 0 "-" "Mozilla/5.0 (Windows NT 10.0; Win64; x64) AppleWebKit/537.36 (KHTML, like Gecko) Chrome/131.0.0.0 Safari/537.36"
120.72.98.5 - - [18/Jul/2026:22:39:40 +0000] "POST /xmlrpc.php HTTP/2" 403 5137 "-" "Mozilla/5.0 (Windows NT 10.0; Win64; x64) AppleWebKit/537.36 (KHTML, like Gecko) Chrome/133.0.0.0 Safari/537.36"
194.39.149.53 - - [18/Jul/2026:22:40:28 +0000] "POST /wp-cron.php?doing_wp_cron=1784414428.2406840324401855468750 HTTP/1.1" 200 0 "-" "WordPress/7.0.2; https://saudahmadco.com"
103.75.185.95 - - [18/Jul/2026:22:40:23 +0000] "GET /wp-login.php HTTP/2" 200 1926 "-" "Mozilla/5.0 (Windows NT 10.0; Win64; x64) AppleWebKit/537.36 (KHTML, like Gecko) Chrome/133.0.0.0 Safari/537.36"
103.75.185.95 - - [18/Jul/2026:22:40:29 +0000] "POST /wp-login.php HTTP/2" 200 2054 "https://saudahmadco.com/wp-login.php" "Mozilla/5.0 (Windows NT 10.0; Win64; x64) AppleWebKit/537.36 (KHTML, like Gecko) Chrome/133.0.0.0 Safari/537.36"
194.39.149.53 - - [18/Jul/2026:22:41:17 +0000] "POST /wp-cron.php?doing_wp_cron=1784414477.3476450443267822265625 HTTP/1.1" 200 0 "-" "WordPress/7.0.2; https://saudahmadco.com"
161.248.188.39 - - [18/Jul/2026:22:41:16 +0000] "GET /wp-login.php HTTP/2" 200 1926 "-" "Mozilla/5.0 (Windows NT 10.0; Win64; x64) AppleWebKit/537.36 (KHTML, like Gecko) Chrome/133.0.0.0 Safari/537.36"
161.248.188.39 - - [18/Jul/2026:22:41:18 +0000] "POST /wp-login.php HTTP/2" 200 2057 "https://saudahmadco.com.keeloil.com/wp-login.php" "Mozilla/5.0 (Windows NT 10.0; Win64; x64) AppleWebKit/537.36 (KHTML, like Gecko) Chrome/133.0.0.0 Safari/537.36"
72.60.40.175 - - [18/Jul/2026:22:42:02 +0000] "GET /shop/ HTTP/2" 404 41713 "-" "Mozilla/5.0 (Windows NT 10.0; Win64; x64) AppleWebKit/537.36"
194.39.149.53 - - [18/Jul/2026:22:48:01 +0000] "POST /wp-cron.php?doing_wp_cron=1784414881.3258209228515625000000 HTTP/1.1" 200 0 "-" "WordPress/7.0.2; https://saudahmadco.com"
66.249.79.193 - - [18/Jul/2026:22:48:00 +0000] "GET /shop/sitemap-12.xml HTTP/1.1" 404 9497 "-" "Mozilla/5.0 (compatible; Googlebot/2.1; +http://www.google.com/bot.html)"
45.141.148.148 - - [18/Jul/2026:22:48:15 +0000] "GET / HTTP/1.1" 301 0 "-" "Mozilla/5.0 (Macintosh; Intel Mac OS X 10_10_1) AppleWebKit/537.36 (KHTML, like Gecko) Chrome/44.0.2403.155 Safari/537.36"
194.39.149.53 - - [18/Jul/2026:22:48:17 +0000] "POST /wp-cron.php?doing_wp_cron=1784414897.8574090003967285156250 HTTP/1.1" 200 0 "-" "WordPress/7.0.2; https://saudahmadco.com"
45.141.148.148 - - [18/Jul/2026:22:48:16 +0000] "GET / HTTP/1.1" 200 99268 "-" "Mozilla/5.0 (Macintosh; Intel Mac OS X 10_10_1) AppleWebKit/537.36 (KHTML, like Gecko) Chrome/44.0.2403.155 Safari/537.36"
45.141.148.148 - - [18/Jul/2026:22:48:19 +0000] "GET /services/ HTTP/1.1" 200 77942 "-" "Mozilla/5.0 (Macintosh; Intel Mac OS X 10_10_1) AppleWebKit/537.36 (KHTML, like Gecko) Chrome/44.0.2403.155 Safari/537.36"
45.141.148.148 - - [18/Jul/2026:22:48:21 +0000] "GET /ceo-message/ HTTP/1.1" 200 49712 "-" "Mozilla/5.0 (Macintosh; Intel Mac OS X 10_10_1) AppleWebKit/537.36 (KHTML, like Gecko) Chrome/44.0.2403.155 Safari/537.36"
45.141.148.148 - - [18/Jul/2026:22:48:23 +0000] "GET /contact/ HTTP/1.1" 200 69222 "-" "Mozilla/5.0 (Macintosh; Intel Mac OS X 10_10_1) AppleWebKit/537.36 (KHTML, like Gecko) Chrome/44.0.2403.155 Safari/537.36"
45.141.148.148 - - [18/Jul/2026:22:48:25 +0000] "GET / HTTP/1.1" 200 99269 "-" "Mozilla/5.0 (Macintosh; Intel Mac OS X 10_10_1) AppleWebKit/537.36 (KHTML, like Gecko) Chrome/44.0.2403.155 Safari/537.36"
45.141.148.148 - - [18/Jul/2026:22:48:27 +0000] "GET /projects/ HTTP/1.1" 200 130394 "-" "Mozilla/5.0 (Macintosh; Intel Mac OS X 10_10_1) AppleWebKit/537.36 (KHTML, like Gecko) Chrome/44.0.2403.155 Safari/537.36"
45.141.148.148 - - [18/Jul/2026:22:48:28 +0000] "GET /it-projects/ HTTP/1.1" 200 49359 "-" "Mozilla/5.0 (Macintosh; Intel Mac OS X 10_10_1) AppleWebKit/537.36 (KHTML, like Gecko) Chrome/44.0.2403.155 Safari/537.36"
45.141.148.148 - - [18/Jul/2026:22:48:30 +0000] "GET /about/ HTTP/1.1" 200 78125 "-" "Mozilla/5.0 (Macintosh; Intel Mac OS X 10_10_1) AppleWebKit/537.36 (KHTML, like Gecko) Chrome/44.0.2403.155 Safari/537.36"
45.141.148.148 - - [18/Jul/2026:22:48:32 +0000] "GET /our-certificate/ HTTP/1.1" 200 49392 "-" "Mozilla/5.0 (Macintosh; Intel Mac OS X 10_10_1) AppleWebKit/537.36 (KHTML, like Gecko) Chrome/44.0.2403.155 Safari/537.36"
45.141.148.148 - - [18/Jul/2026:22:48:33 +0000] "GET /img-20240715-wa0024/ HTTP/1.1" 301 0 "-" "Mozilla/5.0 (Macintosh; Intel Mac OS X 10_10_1) AppleWebKit/537.36 (KHTML, like Gecko) Chrome/44.0.2403.155 Safari/537.36"
45.141.148.148 - - [18/Jul/2026:22:48:35 +0000] "GET /wp-content/uploads/2024/07/IMG-20240715-WA0024.jpg HTTP/1.1" 200 169570 "-" "Mozilla/5.0 (Macintosh; Intel Mac OS X 10_10_1) AppleWebKit/537.36 (KHTML, like Gecko) Chrome/44.0.2403.155 Safari/537.36"
41.186.86.12 - - [18/Jul/2026:22:49:20 +0000] "POST /xmlrpc.php HTTP/2" 403 5137 "-" "Mozilla/5.0 (Windows NT 10.0; Win64; x64) AppleWebKit/537.36 (KHTML, like Gecko) Chrome/133.0.0.0 Safari/537.36"
194.39.149.53 - - [18/Jul/2026:22:51:16 +0000] "POST /wp-cron.php?doing_wp_cron=1784415076.4420170783996582031250 HTTP/1.1" 200 0 "-" "WordPress/7.0.2; https://saudahmadco.com"
52.5.242.243 - - [18/Jul/2026:22:51:15 +0000] "GET /?p=1220/ HTTP/1.1" 404 10641 "-" "Mozilla/5.0 AppleWebKit/537.36 (KHTML, like Gecko; compatible; Amazonbot/0.1; +https://developer.amazon.com/support/amazonbot) Chrome/119.0.6045.214 Safari/537.36"
194.39.149.53 - - [18/Jul/2026:22:52:34 +0000] "POST /wp-cron.php?doing_wp_cron=1784415154.6641569137573242187500 HTTP/1.1" 200 0 "-" "WordPress/7.0.2; https://saudahmadco.com"
72.60.40.175 - - [18/Jul/2026:22:52:34 +0000] "GET /shop/ HTTP/2" 404 41713 "-" "Mozilla/5.0 (Windows NT 10.0; Win64; x64) AppleWebKit/537.36"
194.39.149.53 - - [18/Jul/2026:23:00:23 +0000] "POST /wp-cron.php?doing_wp_cron=1784415622.9940299987792968750000 HTTP/1.1" 200 0 "-" "WordPress/7.0.2; https://saudahmadco.com"
182.77.62.24 - - [18/Jul/2026:23:00:22 +0000] "GET /wp-login.php HTTP/2" 200 1926 "-" "Mozilla/5.0 (Windows NT 10.0; Win64; x64) AppleWebKit/537.36 (KHTML, like Gecko) Chrome/133.0.0.0 Safari/537.36"
182.77.62.24 - - [18/Jul/2026:23:00:23 +0000] "POST /wp-login.php HTTP/2" 200 2054 "https://saudahmadco.com.keeloil.com/wp-login.php" "Mozilla/5.0 (Windows NT 10.0; Win64; x64) AppleWebKit/537.36 (KHTML, like Gecko) Chrome/133.0.0.0 Safari/537.36"
194.39.149.53 - - [18/Jul/2026:23:01:33 +0000] "POST /wp-cron.php?doing_wp_cron=1784415693.7950649261474609375000 HTTP/1.1" 200 0 "-" "WordPress/7.0.2; https://saudahmadco.com"
92.113.19.180 - - [18/Jul/2026:23:01:33 +0000] "GET /wp-login.php HTTP/2" 200 1926 "-" "Mozilla/5.0 (Windows NT 10.0; Win64; x64) AppleWebKit/537.36 (KHTML, like Gecko) Chrome/133.0.0.0 Safari/537.36"
92.113.19.180 - - [18/Jul/2026:23:01:34 +0000] "POST /wp-login.php HTTP/2" 200 2057 "https://saudahmadco.com/wp-login.php" "Mozilla/5.0 (Windows NT 10.0; Win64; x64) AppleWebKit/537.36 (KHTML, like Gecko) Chrome/133.0.0.0 Safari/537.36"
72.60.40.175 - - [18/Jul/2026:23:01:37 +0000] "GET /shop/ HTTP/2" 404 41713 "-" "Mozilla/5.0 (Windows NT 10.0; Win64; x64) AppleWebKit/537.36"
43.154.140.188 - - [18/Jul/2026:23:07:42 +0000] "GET / HTTP/1.1" 200 20210 "http://saudahmadco.com" "Mozilla/5.0 (iPhone; CPU iPhone OS 13_2_3 like Mac OS X) AppleWebKit/605.1.15 (KHTML, like Gecko) Version/13.0.3 Mobile/15E148 Safari/604.1"
194.39.149.53 - - [18/Jul/2026:23:11:12 +0000] "POST /wp-cron.php?doing_wp_cron=1784416272.4189569950103759765625 HTTP/1.1" 200 0 "-" "WordPress/7.0.2; https://saudahmadco.com"
103.133.214.160 - - [18/Jul/2026:23:11:11 +0000] "GET /wp-login.php HTTP/2" 200 1926 "-" "Mozilla/5.0 (Windows NT 10.0; Win64; x64) AppleWebKit/537.36 (KHTML, like Gecko) Chrome/133.0.0.0 Safari/537.36"
103.133.214.160 - - [18/Jul/2026:23:11:13 +0000] "POST /wp-login.php HTTP/2" 200 2057 "https://saudahmadco.com.keeloil.com/wp-login.php" "Mozilla/5.0 (Windows NT 10.0; Win64; x64) AppleWebKit/537.36 (KHTML, like Gecko) Chrome/133.0.0.0 Safari/537.36"
194.39.149.53 - - [18/Jul/2026:23:12:13 +0000] "POST /wp-cron.php?doing_wp_cron=1784416333.7801079750061035156250 HTTP/1.1" 200 0 "-" "WordPress/7.0.2; https://saudahmadco.com"
72.60.40.175 - - [18/Jul/2026:23:12:13 +0000] "GET /shop/ HTTP/2" 404 41713 "-" "Mozilla/5.0 (Windows NT 10.0; Win64; x64) AppleWebKit/537.36"
194.39.149.53 - - [18/Jul/2026:23:20:35 +0000] "POST /wp-cron.php?doing_wp_cron=1784416834.9370849132537841796875 HTTP/1.1" 200 0 "-" "WordPress/7.0.2; https://saudahmadco.com"
77.38.104.186 - - [18/Jul/2026:23:20:31 +0000] "POST /xmlrpc.php HTTP/1.1" 200 403 "-" "Mozilla/5.0 (Linux; Android 10; arm64) AppleWebKit/537.36 (KHTML, like Gecko) Firefox/87.0.0.0 Safari/537.36"
194.39.149.53 - - [18/Jul/2026:23:21:51 +0000] "POST /wp-cron.php?doing_wp_cron=1784416910.9327859878540039062500 HTTP/1.1" 200 0 "-" "WordPress/7.0.2; https://saudahmadco.com"
77.38.104.186 - - [18/Jul/2026:23:21:49 +0000] "GET /wp-json/wp/v2/users HTTP/1.1" 200 738 "-" "Mozilla/4.0 (compatible; Win32; WinHttp.WinHttpRequest.5)"
77.38.104.186 - - [18/Jul/2026:23:22:11 +0000] "POST /xmlrpc.php HTTP/1.1" 200 403 "-" "Mozilla/5.0 (Linux; Android 10; arm64) AppleWebKit/537.36 (KHTML, like Gecko) Chrome/100.0.0.0 Safari/537.36"
194.39.149.53 - - [18/Jul/2026:23:22:28 +0000] "POST /wp-cron.php?doing_wp_cron=1784416948.7299859523773193359375 HTTP/1.1" 200 0 "-" "WordPress/7.0.2; https://saudahmadco.com"
77.38.104.186 - - [18/Jul/2026:23:22:27 +0000] "POST /xmlrpc.php HTTP/1.1" 200 403 "-" "Mozilla/5.0 (Windows NT 6.3; x64) AppleWebKit/537.36 (KHTML, like Gecko) Chrome/92.0.0.0 Safari/537.36"
77.38.104.186 - - [18/Jul/2026:23:22:42 +0000] "POST /xmlrpc.php HTTP/1.1" 200 403 "-" "Mozilla/5.0 (Macintosh; Intel Mac OS X 10_15_7; x64) AppleWebKit/537.36 (KHTML, like Gecko) Firefox/83.0.0.0 Safari/537.36"
72.60.40.175 - - [18/Jul/2026:23:22:50 +0000] "GET /shop/ HTTP/2" 404 41713 "-" "Mozilla/5.0 (Windows NT 10.0; Win64; x64) AppleWebKit/537.36"
77.38.104.186 - - [18/Jul/2026:23:23:01 +0000] "POST /xmlrpc.php HTTP/1.1" 200 403 "-" "Mozilla/5.0 (Linux; Android 10; x64) AppleWebKit/537.36 (KHTML, like Gecko) Opera/76.0.0.0 Safari/537.36"
77.38.104.186 - - [18/Jul/2026:23:23:20 +0000] "POST /xmlrpc.php HTTP/1.1" 200 0 "-" "Mozilla/5.0 (Windows NT 6.3; x64) AppleWebKit/537.36 (KHTML, like Gecko) Firefox/92.0.0.0 Safari/537.36"
194.39.149.53 - - [18/Jul/2026:23:23:28 +0000] "POST /wp-cron.php?doing_wp_cron=1784417008.3925449848175048828125 HTTP/1.1" 200 0 "-" "WordPress/7.0.2; https://saudahmadco.com"
77.38.104.186 - - [18/Jul/2026:23:23:51 +0000] "POST /xmlrpc.php HTTP/1.1" 200 403 "-" "Mozilla/5.0 (Windows NT 10.0; arm64) AppleWebKit/537.36 (KHTML, like Gecko) Firefox/90.0.0.0 Safari/537.36"
77.38.104.186 - - [18/Jul/2026:23:24:12 +0000] "POST /xmlrpc.php HTTP/1.1" 200 403 "-" "Mozilla/5.0 (Windows NT 6.2; x64) AppleWebKit/537.36 (KHTML, like Gecko) Edge/80.0.0.0 Safari/537.36"
77.38.104.186 - - [18/Jul/2026:23:24:36 +0000] "POST /xmlrpc.php HTTP/1.1" 200 403 "-" "Mozilla/5.0 (Windows NT 10.0; x86) AppleWebKit/537.36 (KHTML, like Gecko) Safari/13.0.0.0 Safari/537.36"
194.39.149.53 - - [18/Jul/2026:23:24:38 +0000] "POST /wp-cron.php?doing_wp_cron=1784417078.7311670780181884765625 HTTP/1.1" 200 0 "-" "WordPress/7.0.2; https://saudahmadco.com"
194.39.149.53 - - [18/Jul/2026:23:25:36 +0000] "POST /wp-cron.php?doing_wp_cron=1784417136.1264560222625732421875 HTTP/1.1" 200 0 "-" "WordPress/7.0.2; https://saudahmadco.com"
77.38.104.186 - - [18/Jul/2026:23:25:33 +0000] "POST /xmlrpc.php HTTP/1.1" 200 403 "-" "Mozilla/5.0 (Windows NT 6.2; arm64) AppleWebKit/537.36 (KHTML, like Gecko) Edge/97.0.0.0 Safari/537.36"
77.38.104.186 - - [18/Jul/2026:23:25:57 +0000] "POST /xmlrpc.php HTTP/1.1" 200 403 "-" "Mozilla/5.0 (Macintosh; Intel Mac OS X 10_15_7; x64) AppleWebKit/537.36 (KHTML, like Gecko) Safari/13.0.0.0 Safari/537.36"
194.39.149.53 - - [18/Jul/2026:23:26:21 +0000] "POST /wp-cron.php?doing_wp_cron=1784417181.2368850708007812500000 HTTP/1.1" 200 0 "-" "WordPress/7.0.2; https://saudahmadco.com"
77.38.104.186 - - [18/Jul/2026:23:26:19 +0000] "POST /xmlrpc.php HTTP/1.1" 200 403 "-" "Mozilla/5.0 (Windows NT 10.0; arm64) AppleWebKit/537.36 (KHTML, like Gecko) Chrome/105.0.0.0 Safari/537.36"
141.98.11.34 - - [18/Jul/2026:23:26:42 +0000] "GET /plugins/editors/jce/jce.xml HTTP/1.1" 401 36 "-" "Mozilla/5.0 (Windows NT 10.0; Win64; x64) AppleWebKit/537.36 (KHTML, like Gecko) Chrome/120.0.0.0 Safari/537.36"
77.38.104.186 - - [18/Jul/2026:23:26:40 +0000] "POST /xmlrpc.php HTTP/1.1" 200 403 "-" "Mozilla/5.0 (Windows NT 10.0; x86) AppleWebKit/537.36 (KHTML, like Gecko) Safari/15.0.0.0 Safari/537.36"
141.98.11.34 - - [18/Jul/2026:23:26:42 +0000] "GET /administrator/components/com_jce/jce.xml HTTP/1.1" 401 36 "-" "Mozilla/5.0 (Windows NT 10.0; Win64; x64) AppleWebKit/537.36 (KHTML, like Gecko) Chrome/120.0.0.0 Safari/537.36"
194.39.149.53 - - [18/Jul/2026:23:27:27 +0000] "POST /wp-cron.php?doing_wp_cron=1784417247.0705978870391845703125 HTTP/1.1" 200 0 "-" "WordPress/7.0.2; https://saudahmadco.com"
77.38.104.186 - - [18/Jul/2026:23:27:26 +0000] "POST /xmlrpc.php HTTP/1.1" 200 403 "-" "Mozilla/5.0 (Windows NT 6.2; x86) AppleWebKit/537.36 (KHTML, like Gecko) Opera/64.0.0.0 Safari/537.36"
77.38.104.186 - - [18/Jul/2026:23:27:46 +0000] "POST /xmlrpc.php HTTP/1.1" 200 403 "-" "Mozilla/5.0 (Windows NT 10.0; x64) AppleWebKit/537.36 (KHTML, like Gecko) Chrome/115.0.0.0 Safari/537.36"
77.38.104.186 - - [18/Jul/2026:23:27:58 +0000] "POST /xmlrpc.php HTTP/1.1" 200 403 "-" "Mozilla/5.0 (X11; Ubuntu; Linux x86_64; x86) AppleWebKit/537.36 (KHTML, like Gecko) Firefox/91.0.0.0 Safari/537.36"
194.39.149.53 - - [18/Jul/2026:23:28:14 +0000] "POST /wp-cron.php?doing_wp_cron=1784417294.8351960182189941406250 HTTP/1.1" 200 0 "-" "WordPress/7.0.2; https://saudahmadco.com"
77.38.104.186 - - [18/Jul/2026:23:28:13 +0000] "POST /xmlrpc.php HTTP/1.1" 200 403 "-" "Mozilla/5.0 (X11; Ubuntu; Linux x86_64; arm64) AppleWebKit/537.36 (KHTML, like Gecko) Safari/14.0.0.0 Safari/537.36"
188.138.102.156 - - [18/Jul/2026:23:28:13 +0000] "GET /wp-login.php HTTP/2" 200 1926 "-" "Mozilla/5.0 (Windows NT 10.0; Win64; x64) AppleWebKit/537.36 (KHTML, like Gecko) Chrome/133.0.0.0 Safari/537.36"
188.138.102.156 - - [18/Jul/2026:23:28:15 +0000] "POST /wp-login.php HTTP/2" 200 2054 "https://saudahmadco.com.keeloil.com/wp-login.php" "Mozilla/5.0 (Windows NT 10.0; Win64; x64) AppleWebKit/537.36 (KHTML, like Gecko) Chrome/133.0.0.0 Safari/537.36"
77.38.104.186 - - [18/Jul/2026:23:28:38 +0000] "POST /xmlrpc.php HTTP/1.1" 200 403 "-" "Mozilla/5.0 (Macintosh; Intel Mac OS X 10_15_7; x86) AppleWebKit/537.36 (KHTML, like Gecko) Firefox/84.0.0.0 Safari/537.36"
77.38.104.186 - - [18/Jul/2026:23:28:51 +0000] "POST /xmlrpc.php HTTP/1.1" 200 403 "-" "Mozilla/5.0 (Linux; Android 10; arm64) AppleWebKit/537.36 (KHTML, like Gecko) Opera/69.0.0.0 Safari/537.36"
77.38.104.186 - - [18/Jul/2026:23:29:03 +0000] "POST /xmlrpc.php HTTP/1.1" 200 403 "-" "Mozilla/5.0 (Linux; Android 10; x64) AppleWebKit/537.36 (KHTML, like Gecko) Opera/67.0.0.0 Safari/537.36"
194.39.149.53 - - [18/Jul/2026:23:29:19 +0000] "POST /wp-cron.php?doing_wp_cron=1784417359.6648070812225341796875 HTTP/1.1" 200 0 "-" "WordPress/7.0.2; https://saudahmadco.com"
77.38.104.186 - - [18/Jul/2026:23:29:18 +0000] "POST /xmlrpc.php HTTP/1.1" 200 403 "-" "Mozilla/5.0 (Windows NT 6.3; x86) AppleWebKit/537.36 (KHTML, like Gecko) Opera/67.0.0.0 Safari/537.36"
77.38.104.186 - - [18/Jul/2026:23:29:29 +0000] "POST /xmlrpc.php HTTP/1.1" 200 403 "-" "Mozilla/5.0 (X11; Ubuntu; Linux x86_64; arm64) AppleWebKit/537.36 (KHTML, like Gecko) Safari/10.0.0.0 Safari/537.36"
77.38.104.186 - - [18/Jul/2026:23:29:43 +0000] "POST /xmlrpc.php HTTP/1.1" 200 403 "-" "Mozilla/5.0 (Windows NT 10.0; arm64) AppleWebKit/537.36 (KHTML, like Gecko) Firefox/90.0.0.0 Safari/537.36"
77.38.104.186 - - [18/Jul/2026:23:29:55 +0000] "POST /xmlrpc.php HTTP/1.1" 200 403 "-" "Mozilla/5.0 (X11; Ubuntu; Linux x86_64; arm64) AppleWebKit/537.36 (KHTML, like Gecko) Chrome/113.0.0.0 Safari/537.36"
77.38.104.186 - - [18/Jul/2026:23:30:07 +0000] "POST /xmlrpc.php HTTP/1.1" 200 403 "-" "Mozilla/5.0 (Linux; Android 10; x64) AppleWebKit/537.36 (KHTML, like Gecko) Chrome/102.0.0.0 Safari/537.36"
194.39.149.53 - - [18/Jul/2026:23:30:23 +0000] "POST /wp-cron.php?doing_wp_cron=1784417423.6457550525665283203125 HTTP/1.1" 200 0 "-" "WordPress/7.0.2; https://saudahmadco.com"
77.38.104.186 - - [18/Jul/2026:23:30:22 +0000] "POST /xmlrpc.php HTTP/1.1" 200 403 "-" "Mozilla/5.0 (X11; Ubuntu; Linux x86_64; arm64) AppleWebKit/537.36 (KHTML, like Gecko) Opera/67.0.0.0 Safari/537.36"
77.38.104.186 - - [18/Jul/2026:23:30:35 +0000] "POST /xmlrpc.php HTTP/1.1" 200 403 "-" "Mozilla/5.0 (X11; Ubuntu; Linux x86_64; x64) AppleWebKit/537.36 (KHTML, like Gecko) Edge/82.0.0.0 Safari/537.36"
77.38.104.186 - - [18/Jul/2026:23:30:46 +0000] "POST /xmlrpc.php HTTP/1.1" 200 403 "-" "Mozilla/5.0 (X11; Ubuntu; Linux x86_64; arm64) AppleWebKit/537.36 (KHTML, like Gecko) Safari/11.0.0.0 Safari/537.36"
77.38.104.186 - - [18/Jul/2026:23:30:59 +0000] "POST /xmlrpc.php HTTP/1.1" 200 403 "-" "Mozilla/5.0 (Windows NT 10.0; x86) AppleWebKit/537.36 (KHTML, like Gecko) Opera/76.0.0.0 Safari/537.36"
77.38.104.186 - - [18/Jul/2026:23:31:12 +0000] "POST /xmlrpc.php HTTP/1.1" 200 403 "-" "Mozilla/5.0 (Macintosh; Intel Mac OS X 10_15_7; x86) AppleWebKit/537.36 (KHTML, like Gecko) Safari/11.0.0.0 Safari/537.36"
194.39.149.53 - - [18/Jul/2026:23:31:24 +0000] "POST /wp-cron.php?doing_wp_cron=1784417484.7308149337768554687500 HTTP/1.1" 200 0 "-" "WordPress/7.0.2; https://saudahmadco.com"
77.38.104.186 - - [18/Jul/2026:23:31:23 +0000] "POST /xmlrpc.php HTTP/1.1" 200 403 "-" "Mozilla/5.0 (Windows NT 10.0; arm64) AppleWebKit/537.36 (KHTML, like Gecko) Chrome/82.0.0.0 Safari/537.36"
77.38.104.186 - - [18/Jul/2026:23:31:37 +0000] "POST /xmlrpc.php HTTP/1.1" 200 403 "-" "Mozilla/5.0 (Windows NT 6.2; arm64) AppleWebKit/537.36 (KHTML, like Gecko) Edge/80.0.0.0 Safari/537.36"
77.38.104.186 - - [18/Jul/2026:23:31:48 +0000] "POST /xmlrpc.php HTTP/1.1" 200 403 "-" "Mozilla/5.0 (Linux; Android 10; x64) AppleWebKit/537.36 (KHTML, like Gecko) Chrome/113.0.0.0 Safari/537.36"
77.38.104.186 - - [18/Jul/2026:23:32:00 +0000] "POST /xmlrpc.php HTTP/1.1" 200 403 "-" "Mozilla/5.0 (Windows NT 10.0; x64) AppleWebKit/537.36 (KHTML, like Gecko) Safari/10.0.0.0 Safari/537.36"
194.39.149.53 - - [18/Jul/2026:23:32:16 +0000] "POST /wp-cron.php?doing_wp_cron=1784417536.4647269248962402343750 HTTP/1.1" 200 0 "-" "WordPress/7.0.2; https://saudahmadco.com"
77.38.104.186 - - [18/Jul/2026:23:32:15 +0000] "POST /xmlrpc.php HTTP/1.1" 200 403 "-" "Mozilla/5.0 (Linux; Android 10; x86) AppleWebKit/537.36 (KHTML, like Gecko) Opera/62.0.0.0 Safari/537.36"
77.38.104.186 - - [18/Jul/2026:23:32:29 +0000] "POST /xmlrpc.php HTTP/1.1" 200 403 "-" "Mozilla/5.0 (Windows NT 10.0; arm64) AppleWebKit/537.36 (KHTML, like Gecko) Safari/13.0.0.0 Safari/537.36"
77.38.104.186 - - [18/Jul/2026:23:32:40 +0000] "POST /xmlrpc.php HTTP/1.1" 200 403 "-" "Mozilla/5.0 (X11; Ubuntu; Linux x86_64; x86) AppleWebKit/537.36 (KHTML, like Gecko) Safari/14.0.0.0 Safari/537.36"
77.38.104.186 - - [18/Jul/2026:23:32:51 +0000] "POST /xmlrpc.php HTTP/1.1" 200 403 "-" "Mozilla/5.0 (Linux; Android 10; x64) AppleWebKit/537.36 (KHTML, like Gecko) Safari/10.0.0.0 Safari/537.36"
77.38.104.186 - - [18/Jul/2026:23:33:07 +0000] "POST /xmlrpc.php HTTP/1.1" 200 403 "-" "Mozilla/5.0 (Linux; Android 10; x64) AppleWebKit/537.36 (KHTML, like Gecko) Safari/11.0.0.0 Safari/537.36"
194.39.149.53 - - [18/Jul/2026:23:33:20 +0000] "POST /wp-cron.php?doing_wp_cron=1784417600.6481590270996093750000 HTTP/1.1" 200 0 "-" "WordPress/7.0.2; https://saudahmadco.com"
77.38.104.186 - - [18/Jul/2026:23:33:18 +0000] "POST /xmlrpc.php HTTP/1.1" 200 403 "-" "Mozilla/5.0 (Macintosh; Intel Mac OS X 10_15_7; x64) AppleWebKit/537.36 (KHTML, like Gecko) Opera/61.0.0.0 Safari/537.36"
77.38.104.186 - - [18/Jul/2026:23:33:29 +0000] "POST /xmlrpc.php HTTP/1.1" 200 403 "-" "Mozilla/5.0 (Windows NT 6.3; x64) AppleWebKit/537.36 (KHTML, like Gecko) Opera/67.0.0.0 Safari/537.36"
77.38.104.186 - - [18/Jul/2026:23:33:39 +0000] "POST /xmlrpc.php HTTP/1.1" 200 403 "-" "Mozilla/5.0 (Linux; Android 10; x86) AppleWebKit/537.36 (KHTML, like Gecko) Firefox/80.0.0.0 Safari/537.36"
77.38.104.186 - - [18/Jul/2026:23:33:49 +0000] "POST /xmlrpc.php HTTP/1.1" 200 403 "-" "Mozilla/5.0 (X11; Ubuntu; Linux x86_64; x64) AppleWebKit/537.36 (KHTML, like Gecko) Safari/14.0.0.0 Safari/537.36"
77.38.104.186 - - [18/Jul/2026:23:34:00 +0000] "POST /xmlrpc.php HTTP/1.1" 200 403 "-" "Mozilla/5.0 (X11; Ubuntu; Linux x86_64; x64) AppleWebKit/537.36 (KHTML, like Gecko) Edge/92.0.0.0 Safari/537.36"
77.38.104.186 - - [18/Jul/2026:23:34:10 +0000] "POST /xmlrpc.php HTTP/1.1" 200 403 "-" "Mozilla/5.0 (Windows NT 10.0; x86) AppleWebKit/537.36 (KHTML, like Gecko) Opera/64.0.0.0 Safari/537.36"
194.39.149.53 - - [18/Jul/2026:23:34:20 +0000] "POST /wp-cron.php?doing_wp_cron=1784417660.6662290096282958984375 HTTP/1.1" 200 0 "-" "WordPress/7.0.2; https://saudahmadco.com"
72.60.40.175 - - [18/Jul/2026:23:34:18 +0000] "GET /shop/ HTTP/2" 404 41713 "-" "Mozilla/5.0 (Windows NT 10.0; Win64; x64) AppleWebKit/537.36"
77.38.104.186 - - [18/Jul/2026:23:34:21 +0000] "POST /xmlrpc.php HTTP/1.1" 200 403 "-" "Mozilla/5.0 (Windows NT 6.3; x64) AppleWebKit/537.36 (KHTML, like Gecko) Safari/14.0.0.0 Safari/537.36"
77.38.104.186 - - [18/Jul/2026:23:34:34 +0000] "POST /xmlrpc.php HTTP/1.1" 200 0 "-" "Mozilla/5.0 (Macintosh; Intel Mac OS X 10_15_7; x64) AppleWebKit/537.36 (KHTML, like Gecko) Safari/10.0.0.0 Safari/537.36"
77.38.104.186 - - [18/Jul/2026:23:34:46 +0000] "POST /xmlrpc.php HTTP/1.1" 200 403 "-" "Mozilla/5.0 (Macintosh; Intel Mac OS X 10_15_7; x86) AppleWebKit/537.36 (KHTML, like Gecko) Firefox/89.0.0.0 Safari/537.36"
77.38.104.186 - - [18/Jul/2026:23:35:03 +0000] "POST /xmlrpc.php HTTP/1.1" 200 403 "-" "Mozilla/5.0 (Windows NT 6.2; x64) AppleWebKit/537.36 (KHTML, like Gecko) Firefox/81.0.0.0 Safari/537.36"
77.38.104.186 - - [18/Jul/2026:23:35:17 +0000] "POST /xmlrpc.php HTTP/1.1" 200 0 "-" "Mozilla/5.0 (Linux; Android 10; x64) AppleWebKit/537.36 (KHTML, like Gecko) Safari/15.0.0.0 Safari/537.36"
194.39.149.53 - - [18/Jul/2026:23:35:22 +0000] "POST /wp-cron.php?doing_wp_cron=1784417722.7506039142608642578125 HTTP/1.1" 200 0 "-" "WordPress/7.0.2; https://saudahmadco.com"
77.38.104.186 - - [18/Jul/2026:23:35:31 +0000] "POST /xmlrpc.php HTTP/1.1" 200 403 "-" "Mozilla/5.0 (Macintosh; Intel Mac OS X 10_15_7; x86) AppleWebKit/537.36 (KHTML, like Gecko) Safari/12.0.0.0 Safari/537.36"
77.38.104.186 - - [18/Jul/2026:23:35:45 +0000] "POST /xmlrpc.php HTTP/1.1" 200 0 "-" "Mozilla/5.0 (Linux; Android 10; arm64) AppleWebKit/537.36 (KHTML, like Gecko) Chrome/110.0.0.0 Safari/537.36"
77.38.104.186 - - [18/Jul/2026:23:35:59 +0000] "POST /xmlrpc.php HTTP/1.1" 200 0 "-" "Mozilla/5.0 (Windows NT 6.2; x64) AppleWebKit/537.36 (KHTML, like Gecko) Opera/65.0.0.0 Safari/537.36"
77.38.104.186 - - [18/Jul/2026:23:36:16 +0000] "POST /xmlrpc.php HTTP/1.1" 200 0 "-" "Mozilla/5.0 (X11; Ubuntu; Linux x86_64; x64) AppleWebKit/537.36 (KHTML, like Gecko) Edge/94.0.0.0 Safari/537.36"
77.38.104.186 - - [18/Jul/2026:23:36:31 +0000] "POST /xmlrpc.php HTTP/1.1" 200 0 "-" "Mozilla/5.0 (Windows NT 10.0; arm64) AppleWebKit/537.36 (KHTML, like Gecko) Safari/14.0.0.0 Safari/537.36"
194.39.149.53 - - [18/Jul/2026:23:36:38 +0000] "POST /wp-cron.php?doing_wp_cron=1784417798.8432838916778564453125 HTTP/1.1" 200 0 "-" "WordPress/7.0.2; https://saudahmadco.com"
77.38.104.186 - - [18/Jul/2026:23:36:48 +0000] "POST /xmlrpc.php HTTP/1.1" 200 403 "-" "Mozilla/5.0 (Windows NT 6.2; x86) AppleWebKit/537.36 (KHTML, like Gecko) Chrome/110.0.0.0 Safari/537.36"
77.38.104.186 - - [18/Jul/2026:23:37:14 +0000] "POST /xmlrpc.php HTTP/1.1" 200 403 "-" "Mozilla/5.0 (Windows NT 10.0; arm64) AppleWebKit/537.36 (KHTML, like Gecko) Firefox/80.0.0.0 Safari/537.36"
194.39.149.53 - - [18/Jul/2026:23:37:17 +0000] "POST /wp-cron.php?doing_wp_cron=1784417837.3245279788970947265625 HTTP/1.1" 200 0 "-" "WordPress/7.0.2; https://saudahmadco.com"
77.38.104.186 - - [18/Jul/2026:23:37:26 +0000] "POST /xmlrpc.php HTTP/1.1" 200 403 "-" "Mozilla/5.0 (Macintosh; Intel Mac OS X 10_15_7; arm64) AppleWebKit/537.36 (KHTML, like Gecko) Firefox/96.0.0.0 Safari/537.36"
77.38.104.186 - - [18/Jul/2026:23:37:35 +0000] "POST /xmlrpc.php HTTP/1.1" 200 403 "-" "Mozilla/5.0 (X11; Ubuntu; Linux x86_64; arm64) AppleWebKit/537.36 (KHTML, like Gecko) Opera/60.0.0.0 Safari/537.36"
77.38.104.186 - - [18/Jul/2026:23:37:45 +0000] "POST /xmlrpc.php HTTP/1.1" 200 0 "-" "Mozilla/5.0 (Windows NT 6.3; arm64) AppleWebKit/537.36 (KHTML, like Gecko) Chrome/89.0.0.0 Safari/537.36"
194.39.149.53 - - [18/Jul/2026:23:37:50 +0000] "POST /wp-cron.php?doing_wp_cron=1784417870.6759819984436035156250 HTTP/1.1" 200 0 "-" "WordPress/7.0.2; https://saudahmadco.com"
77.38.104.186 - - [18/Jul/2026:23:37:56 +0000] "POST /xmlrpc.php HTTP/1.1" 200 403 "-" "Mozilla/5.0 (Windows NT 6.2; x86) AppleWebKit/537.36 (KHTML, like Gecko) Chrome/104.0.0.0 Safari/537.36"
77.38.104.186 - - [18/Jul/2026:23:38:07 +0000] "POST /xmlrpc.php HTTP/1.1" 200 0 "-" "Mozilla/5.0 (Windows NT 10.0; x86) AppleWebKit/537.36 (KHTML, like Gecko) Opera/61.0.0.0 Safari/537.36"
194.39.149.53 - - [18/Jul/2026:23:38:17 +0000] "POST /wp-cron.php?doing_wp_cron=1784417897.1365098953247070312500 HTTP/1.1" 200 0 "-" "WordPress/7.0.2; https://saudahmadco.com"
77.38.104.186 - - [18/Jul/2026:23:38:23 +0000] "POST /xmlrpc.php HTTP/1.1" 200 0 "-" "Mozilla/5.0 (Windows NT 6.3; x64) AppleWebKit/537.36 (KHTML, like Gecko) Firefox/81.0.0.0 Safari/537.36"
77.38.104.186 - - [18/Jul/2026:23:38:38 +0000] "POST /xmlrpc.php HTTP/1.1" 200 0 "-" "Mozilla/5.0 (Windows NT 6.2; x86) AppleWebKit/537.36 (KHTML, like Gecko) Chrome/92.0.0.0 Safari/537.36"
77.38.104.186 - - [18/Jul/2026:23:38:53 +0000] "POST /xmlrpc.php HTTP/1.1" 200 0 "-" "Mozilla/5.0 (X11; Ubuntu; Linux x86_64; arm64) AppleWebKit/537.36 (KHTML, like Gecko) Chrome/109.0.0.0 Safari/537.36"
77.38.104.186 - - [18/Jul/2026:23:39:04 +0000] "POST /xmlrpc.php HTTP/1.1" 200 403 "-" "Mozilla/5.0 (Windows NT 10.0; arm64) AppleWebKit/537.36 (KHTML, like Gecko) Chrome/102.0.0.0 Safari/537.36"
194.39.149.53 - - [18/Jul/2026:23:39:17 +0000] "POST /wp-cron.php?doing_wp_cron=1784417957.0618000030517578125000 HTTP/1.1" 200 0 "-" "WordPress/7.0.2; https://saudahmadco.com"
77.38.104.186 - - [18/Jul/2026:23:39:13 +0000] "POST /xmlrpc.php HTTP/1.1" 200 403 "-" "Mozilla/5.0 (X11; Ubuntu; Linux x86_64; x64) AppleWebKit/537.36 (KHTML, like Gecko) Edge/81.0.0.0 Safari/537.36"
77.38.104.186 - - [18/Jul/2026:23:39:23 +0000] "POST /xmlrpc.php HTTP/1.1" 200 403 "-" "Mozilla/5.0 (X11; Ubuntu; Linux x86_64; x64) AppleWebKit/537.36 (KHTML, like Gecko) Chrome/102.0.0.0 Safari/537.36"
66.249.79.192 - - [18/Jul/2026:23:39:38 +0000] "GET /shop/?video=%E0%B8%94%E0%B8%B2%E0%B8%A7%E0%B8%99%E0%B9%8C%E0%B9%82%E0%B8%AB%E0%B8%A5%E0%B8%94%E0%B9%80%E0%B8%81%E0%B8%A1%E0%B8%9F%E0%B8%A3%E0%B8%B5 HTTP/1.1" 404 9497 "-" "Mozilla/5.0 (compatible; Googlebot/2.1; +http://www.google.com/bot.html)"
77.38.104.186 - - [18/Jul/2026:23:39:35 +0000] "POST /xmlrpc.php HTTP/1.1" 200 0 "-" "Mozilla/5.0 (Windows NT 6.2; arm64) AppleWebKit/537.36 (KHTML, like Gecko) Firefox/75.0.0.0 Safari/537.36"
77.38.104.186 - - [18/Jul/2026:23:39:47 +0000] "POST /xmlrpc.php HTTP/1.1" 200 403 "-" "Mozilla/5.0 (Windows NT 10.0; x86) AppleWebKit/537.36 (KHTML, like Gecko) Opera/63.0.0.0 Safari/537.36"
77.38.104.186 - - [18/Jul/2026:23:39:58 +0000] "POST /xmlrpc.php HTTP/1.1" 200 403 "-" "Mozilla/5.0 (Windows NT 6.2; arm64) AppleWebKit/537.36 (KHTML, like Gecko) Chrome/88.0.0.0 Safari/537.36"
77.38.104.186 - - [18/Jul/2026:23:40:18 +0000] "POST /xmlrpc.php HTTP/1.1" 200 0 "-" "Mozilla/5.0 (Windows NT 6.3; x64) AppleWebKit/537.36 (KHTML, like Gecko) Safari/15.0.0.0 Safari/537.36"
77.38.104.186 - - [18/Jul/2026:23:40:29 +0000] "POST /xmlrpc.php HTTP/1.1" 200 0 "-" "Mozilla/5.0 (X11; Ubuntu; Linux x86_64; x86) AppleWebKit/537.36 (KHTML, like Gecko) Firefox/96.0.0.0 Safari/537.36"
77.38.104.186 - - [18/Jul/2026:23:40:40 +0000] "POST /xmlrpc.php HTTP/1.1" 200 0 "-" "Mozilla/5.0 (Windows NT 10.0; x64) AppleWebKit/537.36 (KHTML, like Gecko) Firefox/90.0.0.0 Safari/537.36"
77.38.104.186 - - [18/Jul/2026:23:40:53 +0000] "POST /xmlrpc.php HTTP/1.1" 200 0 "-" "Mozilla/5.0 (Windows NT 6.3; arm64) AppleWebKit/537.36 (KHTML, like Gecko) Safari/15.0.0.0 Safari/537.36"
77.38.104.186 - - [18/Jul/2026:23:41:04 +0000] "POST /xmlrpc.php HTTP/1.1" 200 0 "-" "Mozilla/5.0 (Windows NT 6.3; x64) AppleWebKit/537.36 (KHTML, like Gecko) Firefox/83.0.0.0 Safari/537.36"
194.39.149.53 - - [18/Jul/2026:23:41:16 +0000] "POST /wp-cron.php?doing_wp_cron=1784418076.7587430477142333984375 HTTP/1.1" 200 0 "-" "WordPress/7.0.2; https://saudahmadco.com"
77.38.104.186 - - [18/Jul/2026:23:41:16 +0000] "POST /xmlrpc.php HTTP/1.1" 200 0 "-" "Mozilla/5.0 (Linux; Android 10; x64) AppleWebKit/537.36 (KHTML, like Gecko) Firefox/94.0.0.0 Safari/537.36"
77.38.104.186 - - [18/Jul/2026:23:41:28 +0000] "POST /xmlrpc.php HTTP/1.1" 200 0 "-" "Mozilla/5.0 (Windows NT 10.0; x64) AppleWebKit/537.36 (KHTML, like Gecko) Opera/70.0.0.0 Safari/537.36"
77.38.104.186 - - [18/Jul/2026:23:41:39 +0000] "POST /xmlrpc.php HTTP/1.1" 200 0 "-" "Mozilla/5.0 (Windows NT 6.3; x86) AppleWebKit/537.36 (KHTML, like Gecko) Opera/65.0.0.0 Safari/537.36"
77.38.104.186 - - [18/Jul/2026:23:41:52 +0000] "POST /xmlrpc.php HTTP/1.1" 200 0 "-" "Mozilla/5.0 (X11; Ubuntu; Linux x86_64; x64) AppleWebKit/537.36 (KHTML, like Gecko) Chrome/113.0.0.0 Safari/537.36"
77.38.104.186 - - [18/Jul/2026:23:42:06 +0000] "POST /xmlrpc.php HTTP/1.1" 200 0 "-" "Mozilla/5.0 (X11; Ubuntu; Linux x86_64; x86) AppleWebKit/537.36 (KHTML, like Gecko) Firefox/94.0.0.0 Safari/537.36"
182.77.62.24 - - [18/Jul/2026:23:44:39 +0000] "POST /xmlrpc.php HTTP/2" 403 5137 "-" "Mozilla/5.0 (Windows NT 10.0; Win64; x64) AppleWebKit/537.36 (KHTML, like Gecko) Chrome/133.0.0.0 Safari/537.36"
54.90.8.255 - - [18/Jul/2026:23:44:50 +0000] "GET /?p=1209/ HTTP/1.1" 404 10635 "-" "Mozilla/5.0 AppleWebKit/537.36 (KHTML, like Gecko; compatible; Amazonbot/0.1; +https://developer.amazon.com/support/amazonbot) Chrome/119.0.6045.214 Safari/537.36"
3.225.9.97 - - [18/Jul/2026:23:44:53 +0000] "GET /wp-json/wp/v2/pages/1169 HTTP/1.1" 200 5166 "-" "Mozilla/5.0 AppleWebKit/537.36 (KHTML, like Gecko; compatible; Amazonbot/0.1; +https://developer.amazon.com/support/amazonbot) Chrome/119.0.6045.214 Safari/537.36"
49.51.72.76 - - [18/Jul/2026:23:48:28 +0000] "GET / HTTP/1.1" 200 20211 "http://www.saudahmadco.com" "Mozilla/5.0 (iPhone; CPU iPhone OS 13_2_3 like Mac OS X) AppleWebKit/605.1.15 (KHTML, like Gecko) Version/13.0.3 Mobile/15E148 Safari/604.1"
31.42.184.154 - - [19/Jul/2026:00:05:54 +0000] "GET /wp-login.php HTTP/2" 200 1926 "-" "Mozilla/5.0 (Windows NT 10.0; Win64; x64) AppleWebKit/537.36 (KHTML, like Gecko) Chrome/133.0.0.0 Safari/537.36"
194.39.149.53 - - [19/Jul/2026:00:05:58 +0000] "POST /wp-cron.php?doing_wp_cron=1784419558.5441420078277587890625 HTTP/1.1" 200 0 "-" "WordPress/7.0.2; https://saudahmadco.com"
31.42.184.154 - - [19/Jul/2026:00:05:59 +0000] "POST /wp-login.php HTTP/2" 200 2057 "https://saudahmadco.com.keeloil.com/wp-login.php" "Mozilla/5.0 (Windows NT 10.0; Win64; x64) AppleWebKit/537.36 (KHTML, like Gecko) Chrome/133.0.0.0 Safari/537.36"
72.60.40.175 - - [18/Jul/2026:23:52:29 +0000] "GET /shop/ HTTP/2" 404 41713 "-" "Mozilla/5.0 (Windows NT 10.0; Win64; x64) AppleWebKit/537.36"
194.39.149.53 - - [18/Jul/2026:23:52:32 +0000] "POST /wp-cron.php?doing_wp_cron=1784418752.3468389511108398437500 HTTP/1.1" 200 0 "-" "WordPress/7.0.2; https://saudahmadco.com"
194.39.149.53 - - [18/Jul/2026:23:56:32 +0000] "POST /wp-cron.php?doing_wp_cron=1784418992.2253129482269287109375 HTTP/1.1" 200 0 "-" "WordPress/7.0.2; https://saudahmadco.com"
45.150.79.142 - - [18/Jul/2026:23:56:30 +0000] "GET /wp-login.php HTTP/2" 200 1926 "-" "Mozilla/5.0 (Windows NT 10.0; Win64; x64) AppleWebKit/537.36 (KHTML, like Gecko) Chrome/133.0.0.0 Safari/537.36"
45.150.79.142 - - [18/Jul/2026:23:56:32 +0000] "POST /wp-login.php HTTP/2" 200 2057 "https://saudahmadco.com/wp-login.php" "Mozilla/5.0 (Windows NT 10.0; Win64; x64) AppleWebKit/537.36 (KHTML, like Gecko) Chrome/133.0.0.0 Safari/537.36"
194.39.149.53 - - [19/Jul/2026:00:02:52 +0000] "POST /wp-cron.php?doing_wp_cron=1784419372.4471659660339355468750 HTTP/1.1" 200 0 "-" "WordPress/7.0.2; https://saudahmadco.com"
