72.60.40.175 - - [19/Jul/2026:00:02:49 +0000] "GET /shop/ HTTP/2" 404 41713 "-" "Mozilla/5.0 (Windows NT 10.0; Win64; x64) AppleWebKit/537.36"
194.39.149.53 - - [19/Jul/2026:00:12:23 +0000] "POST /wp-cron.php?doing_wp_cron=1784419943.2403280735015869140625 HTTP/1.1" 200 0 "-" "WordPress/7.0.2; https://saudahmadco.com"
72.60.40.175 - - [19/Jul/2026:00:12:21 +0000] "GET /shop/ HTTP/2" 404 41713 "-" "Mozilla/5.0 (Windows NT 10.0; Win64; x64) AppleWebKit/537.36"
194.39.149.53 - - [19/Jul/2026:00:22:31 +0000] "POST /wp-cron.php?doing_wp_cron=1784420551.6788239479064941406250 HTTP/1.1" 200 0 "-" "WordPress/7.0.2; https://saudahmadco.com"
72.60.40.175 - - [19/Jul/2026:00:22:30 +0000] "GET /shop/ HTTP/2" 404 41713 "-" "Mozilla/5.0 (Windows NT 10.0; Win64; x64) AppleWebKit/537.36"
72.60.40.175 - - [19/Jul/2026:00:32:33 +0000] "GET /shop/ HTTP/2" 404 41713 "-" "Mozilla/5.0 (Windows NT 10.0; Win64; x64) AppleWebKit/537.36"
194.39.149.53 - - [19/Jul/2026:00:32:37 +0000] "POST /wp-cron.php?doing_wp_cron=1784421157.2691180706024169921875 HTTP/1.1" 200 0 "-" "WordPress/7.0.2; https://saudahmadco.com"
45.150.79.142 - - [19/Jul/2026:00:33:02 +0000] "GET /wp-login.php HTTP/2" 200 1926 "-" "Mozilla/5.0 (Windows NT 10.0; Win64; x64) AppleWebKit/537.36 (KHTML, like Gecko) Chrome/133.0.0.0 Safari/537.36"
45.150.79.142 - - [19/Jul/2026:00:33:05 +0000] "POST /wp-login.php HTTP/2" 200 2057 "https://saudahmadco.com.keeloil.com/wp-login.php" "Mozilla/5.0 (Windows NT 10.0; Win64; x64) AppleWebKit/537.36 (KHTML, like Gecko) Chrome/133.0.0.0 Safari/537.36"
194.39.149.53 - - [19/Jul/2026:00:33:26 +0000] "POST /wp-cron.php?doing_wp_cron=1784421206.4587569236755371093750 HTTP/1.1" 200 0 "-" "WordPress/7.0.2; https://saudahmadco.com"
103.75.185.95 - - [19/Jul/2026:00:33:25 +0000] "GET /wp-login.php HTTP/2" 200 1926 "-" "Mozilla/5.0 (Windows NT 10.0; Win64; x64) AppleWebKit/537.36 (KHTML, like Gecko) Chrome/133.0.0.0 Safari/537.36"
103.75.185.95 - - [19/Jul/2026:00:33:27 +0000] "POST /wp-login.php HTTP/2" 200 2054 "https://saudahmadco.com/wp-login.php" "Mozilla/5.0 (Windows NT 10.0; Win64; x64) AppleWebKit/537.36 (KHTML, like Gecko) Chrome/133.0.0.0 Safari/537.36"
62.60.130.223 - - [19/Jul/2026:00:39:44 +0000] "GET /.vscode/sftp.json HTTP/1.1" 404 3418 "-" "Mozilla/5.0 (Windows NT 10.0; Win64; x64) AppleWebKit/537.36 (KHTML, like Gecko) Chrome/114.0.0.0 Safari/537.36"
62.60.130.223 - - [19/Jul/2026:00:39:45 +0000] "GET /sftp-config.json HTTP/1.1" 404 3418 "-" "Mozilla/5.0 (Windows NT 10.0; Win64; x64) AppleWebKit/537.36 (KHTML, like Gecko) Chrome/114.0.0.0 Safari/537.36"
194.39.149.53 - - [19/Jul/2026:00:44:02 +0000] "POST /wp-cron.php?doing_wp_cron=1784421842.6657769680023193359375 HTTP/1.1" 200 0 "-" "WordPress/7.0.2; https://saudahmadco.com"
34.47.80.244 - - [19/Jul/2026:00:44:01 +0000] "GET / HTTP/2" 200 20211 "-" "Mozilla/5.0 (Windows NT 10.0; Win64; x64) AppleWebKit/537.36 (KHTML, like Gecko) Chrome/150.0.0.0 Safari/537.36 Vivaldi/7.2.3620.30"
34.47.80.244 - - [19/Jul/2026:00:44:03 +0000] "GET /.git/config HTTP/2" 403 1242 "-" "Mozilla/5.0 AppleWebKit/537.36 (KHTML, like Gecko); compatible; Claude-User/1.0; +mailto:support@anthropic.com"
34.47.80.244 - - [19/Jul/2026:00:44:03 +0000] "GET /.git/HEAD HTTP/2" 403 1242 "-" "Mozilla/5.0 (compatible; Amzn-SearchBot/1.0; +https://developer.amazon.com/support/amazonbot)"
34.47.80.244 - - [19/Jul/2026:00:44:03 +0000] "GET /.git-credentials HTTP/2" 403 1242 "-" "Mozilla/5.0 AppleWebKit/537.36 (KHTML, like Gecko); compatible; MistralAI-User/1.0"
34.47.80.244 - - [19/Jul/2026:00:44:03 +0000] "GET /.github/workflows/deploy.yml HTTP/2" 403 1242 "-" "Mozilla/5.0 (compatible; Applebot-Extended/0.1; +http://www.apple.com/go/applebot)"
34.47.80.244 - - [19/Jul/2026:00:44:03 +0000] "GET /.gitlab-ci.yml HTTP/2" 403 1242 "-" "Mozilla/5.0 (compatible; Diffbot/1.0; +https://diffbot.com)"
34.47.80.244 - - [19/Jul/2026:00:44:03 +0000] "GET /.gitconfig HTTP/2" 403 1242 "-" "meta-externalagent/1.1 (+https://developers.facebook.com/docs/sharing/webmasters/crawler)"
34.47.80.244 - - [19/Jul/2026:00:44:03 +0000] "GET /.aws/credentials HTTP/2" 403 5812 "-" "meta-externalagent/1.1 (+https://developers.facebook.com/docs/sharing/webmasters/crawler)"
34.47.80.244 - - [19/Jul/2026:00:44:03 +0000] "GET /.aws/config HTTP/2" 404 10641 "-" "Mozilla/5.0 (compatible; Amzn-SearchBot/1.0; +https://developer.amazon.com/support/amazonbot)"
34.47.80.244 - - [19/Jul/2026:00:44:03 +0000] "GET /wp-json HTTP/2" 200 21255 "-" "Mozilla/5.0 AppleWebKit/537.36 (KHTML, like Gecko); compatible; Claude-SearchBot/1.0; +mailto:support@anthropic.com"
34.47.80.244 - - [19/Jul/2026:00:44:03 +0000] "GET /z9x8c7v6b5-debug-trigger-saudahmadco.com HTTP/2" 404 10641 "-" "Mozilla/5.0 (compatible; Amazonbot/0.1; +https://developer.amazon.com/support/amazonbot)"
34.47.80.244 - - [19/Jul/2026:00:44:04 +0000] "GET /.env HTTP/2" 403 5812 "-" "anthropic-ai"
34.47.80.244 - - [19/Jul/2026:00:44:04 +0000] "GET /.env.local HTTP/2" 403 5812 "-" "Mozilla/5.0 (compatible; Applebot-Extended/0.1; +http://www.apple.com/go/applebot)"
34.47.80.244 - - [19/Jul/2026:00:44:03 +0000] "GET /webpack-stats.json HTTP/2" 404 10641 "-" "Mozilla/5.0 (Macintosh; Intel Mac OS X 10_15_7) AppleWebKit/605.1.15 (KHTML, like Gecko) Version/26.5 Safari/605.1.15"
34.47.80.244 - - [19/Jul/2026:00:44:04 +0000] "GET /.env.production HTTP/2" 403 5812 "-" "Mozilla/5.0 (compatible; cohere-ai/1.0; +https://cohere.com)"
34.47.80.244 - - [19/Jul/2026:00:44:04 +0000] "GET /.env.backup HTTP/2" 403 5812 "-" "Mozilla/5.0 (compatible; GoogleOther; +http://www.google.com/bot.html)"
34.47.80.244 - - [19/Jul/2026:00:44:04 +0000] "GET /.env.bak HTTP/2" 403 5812 "-" "Mozilla/5.0 AppleWebKit/537.36 (KHTML, like Gecko); compatible; Claude-SearchBot/1.0; +mailto:support@anthropic.com"
34.47.80.244 - - [19/Jul/2026:00:44:04 +0000] "GET /.env.example HTTP/2" 403 5812 "-" "Mozilla/5.0 AppleWebKit/537.36 (KHTML, like Gecko); compatible; PerplexityBot/1.0; +https://perplexity.ai/perplexitybot"
34.47.80.244 - - [19/Jul/2026:00:44:04 +0000] "GET /.env.old HTTP/2" 403 5806 "-" "Mozilla/5.0 AppleWebKit/537.36 (KHTML, like Gecko); compatible; OAI-SearchBot/1.0; +https://openai.com/searchbot"
34.47.80.244 - - [19/Jul/2026:00:44:03 +0000] "GET /rclone.conf HTTP/2" 404 10641 "-" "anthropic-ai"
34.47.80.244 - - [19/Jul/2026:00:44:04 +0000] "GET /api/.env HTTP/2" 403 5806 "-" "Mozilla/5.0 AppleWebKit/537.36 (KHTML, like Gecko); compatible; PerplexityBot/1.0; +https://perplexity.ai/perplexitybot"
34.47.80.244 - - [19/Jul/2026:00:44:04 +0000] "GET /admin/.env HTTP/2" 403 5812 "-" "Mozilla/5.0 AppleWebKit/537.36 (KHTML, like Gecko); compatible; Claude-SearchBot/1.0; +mailto:support@anthropic.com"
34.47.80.244 - - [19/Jul/2026:00:44:05 +0000] "GET /secrets.json HTTP/2" 404 10641 "-" "Mozilla/5.0 AppleWebKit/537.36 (KHTML, like Gecko); compatible; PerplexityBot/1.0; +https://perplexity.ai/perplexitybot"
34.47.80.244 - - [19/Jul/2026:00:44:05 +0000] "POST /graphql HTTP/2" 404 10641 "-" "Go-http-client/2.0"
34.47.80.244 - - [19/Jul/2026:00:44:06 +0000] "GET /.docker/config.json HTTP/2" 403 5812 "-" "Mozilla/5.0 AppleWebKit/537.36 (KHTML, like Gecko); compatible; OAI-SearchBot/1.0; +https://openai.com/searchbot"
34.47.80.244 - - [19/Jul/2026:00:44:08 +0000] "GET /.htpasswd HTTP/2" 403 1242 "-" "Mozilla/5.0 AppleWebKit/537.36 (KHTML, like Gecko); compatible; Claude-User/1.0; +mailto:support@anthropic.com"
34.47.80.244 - - [19/Jul/2026:00:44:06 +0000] "GET /firebase-adminsdk.json HTTP/2" 404 10641 "-" "Mozilla/5.0 (compatible; Applebot/0.1; +http://www.apple.com/go/applebot)"
34.47.80.244 - - [19/Jul/2026:00:44:06 +0000] "GET /credentials.json HTTP/2" 404 10641 "-" "meta-externalagent/1.1 (+https://developers.facebook.com/docs/sharing/webmasters/crawler)"
34.47.80.244 - - [19/Jul/2026:00:44:06 +0000] "GET /config/.env HTTP/2" 403 5812 "-" "Mozilla/5.0 AppleWebKit/537.36 (KHTML, like Gecko; compatible; GPTBot/1.3; +https://openai.com/gptbot)"
34.47.80.244 - - [19/Jul/2026:00:44:06 +0000] "GET /service-account.json HTTP/2" 404 10641 "-" "Mozilla/5.0 (compatible; Amzn-SearchBot/1.0; +https://developer.amazon.com/support/amazonbot)"
34.47.80.244 - - [19/Jul/2026:00:44:06 +0000] "GET /backend/.env HTTP/2" 403 5812 "-" "Mozilla/5.0 AppleWebKit/537.36 (KHTML, like Gecko); compatible; Claude-SearchBot/1.0; +mailto:support@anthropic.com"
34.47.80.244 - - [19/Jul/2026:00:44:09 +0000] "GET /.svn/entries HTTP/2" 403 1242 "-" "meta-externalagent/1.1 (+https://developers.facebook.com/docs/sharing/webmasters/crawler)"
34.47.80.244 - - [19/Jul/2026:00:44:06 +0000] "GET /serviceAccountKey.json HTTP/2" 404 10641 "-" "Mozilla/5.0 (compatible; Amzn-SearchBot/1.0; +https://developer.amazon.com/support/amazonbot)"
34.47.80.244 - - [19/Jul/2026:00:44:06 +0000] "GET /key.json HTTP/2" 404 10641 "-" "Mozilla/5.0 (compatible; cohere-ai/1.0; +https://cohere.com)"
34.47.80.244 - - [19/Jul/2026:00:44:06 +0000] "GET /secrets.yml HTTP/2" 404 10641 "-" "Mozilla/5.0 AppleWebKit/537.36 (KHTML, like Gecko); compatible; PerplexityBot/1.0; +https://perplexity.ai/perplexitybot"
34.47.80.244 - - [19/Jul/2026:00:44:06 +0000] "GET /.npmrc HTTP/2" 404 10641 "-" "Mozilla/5.0 (compatible; cohere-ai/1.0; +https://cohere.com)"
34.47.80.244 - - [19/Jul/2026:00:44:06 +0000] "GET /.s3cfg HTTP/2" 404 10641 "-" "Mozilla/5.0 AppleWebKit/537.36 (KHTML, like Gecko); compatible; OAI-SearchBot/1.0; +https://openai.com/searchbot"
34.47.80.244 - - [19/Jul/2026:00:44:08 +0000] "GET /.boto HTTP/2" 404 10641 "-" "Mozilla/5.0 (compatible; Bytespider; spider-feedback@bytedance.com)"
34.47.80.244 - - [19/Jul/2026:00:44:10 +0000] "GET /.ssh/id_dsa HTTP/2" 200 0 "-" "Mozilla/5.0 AppleWebKit/537.36 (KHTML, like Gecko); compatible; Perplexity-User/1.0; +https://perplexity.ai/perplexity-user"
34.47.80.244 - - [19/Jul/2026:00:44:10 +0000] "GET /.ssh/authorized_keys HTTP/2" 200 0 "-" "Mozilla/5.0 (compatible; Amazonbot/0.1; +https://developer.amazon.com/support/amazonbot)"
34.47.80.244 - - [19/Jul/2026:00:44:10 +0000] "GET /.ssh/config HTTP/2" 200 0 "-" "Mozilla/5.0 AppleWebKit/537.36 (KHTML, like Gecko); compatible; ChatGPT-User/1.0; +https://openai.com/bot"
34.47.80.244 - - [19/Jul/2026:00:44:11 +0000] "GET /.ssh/known_hosts HTTP/2" 200 0 "-" "Mozilla/5.0 (compatible; Googlebot/2.1; +http://www.google.com/bot.html)"
34.47.80.244 - - [19/Jul/2026:00:44:11 +0000] "GET /id_rsa HTTP/2" 200 0 "-" "Mozilla/5.0 (compatible; Diffbot/1.0; +https://diffbot.com)"
34.47.80.244 - - [19/Jul/2026:00:44:15 +0000] "GET /id_dsa HTTP/2" 200 0 "-" "CCBot/2.0 (https://commoncrawl.org/faq/)"
34.47.80.244 - - [19/Jul/2026:00:44:15 +0000] "GET /values.yaml HTTP/2" 200 0 "-" "anthropic-ai"
34.47.80.244 - - [19/Jul/2026:00:44:08 +0000] "POST /api/graphql HTTP/2" 404 10641 "-" "Go-http-client/2.0"
34.47.80.244 - - [19/Jul/2026:00:44:10 +0000] "GET /.ssh/id_ed25519 HTTP/2" 403 5812 "-" "Mozilla/5.0 (compatible; GoogleOther; +http://www.google.com/bot.html)"
34.47.80.244 - - [19/Jul/2026:00:44:15 +0000] "GET /app-config.json HTTP/2" 200 0 "-" "Mozilla/5.0 AppleWebKit/537.36 (KHTML, like Gecko); compatible; Perplexity-User/1.0; +https://perplexity.ai/perplexity-user"
34.47.80.244 - - [19/Jul/2026:00:44:15 +0000] "GET /health HTTP/2" 200 0 "-" "meta-externalagent/1.1 (+https://developers.facebook.com/docs/sharing/webmasters/crawler)"
34.47.80.244 - - [19/Jul/2026:00:44:15 +0000] "GET /__env.js HTTP/2" 200 0 "-" "Mozilla/5.0 AppleWebKit/537.36 (KHTML, like Gecko); compatible; OAI-SearchBot/1.0; +https://openai.com/searchbot"
34.47.80.244 - - [19/Jul/2026:00:44:15 +0000] "GET /swagger.json HTTP/2" 200 0 "-" "CCBot/2.0 (https://commoncrawl.org/faq/)"
34.47.80.244 - - [19/Jul/2026:00:44:09 +0000] "GET /terraform.tfstate HTTP/2" 200 0 "-" "Mozilla/5.0 AppleWebKit/537.36 (KHTML, like Gecko); compatible; ClaudeBot/1.0; +mailto:support@anthropic.com"
34.47.80.244 - - [19/Jul/2026:00:44:09 +0000] "GET /docker-compose.yaml HTTP/2" 200 0 "-" "Mozilla/5.0 AppleWebKit/537.36 (KHTML, like Gecko); compatible; PerplexityBot/1.0; +https://perplexity.ai/perplexitybot"
34.47.80.244 - - [19/Jul/2026:00:44:09 +0000] "GET /.vscode/launch.json HTTP/2" 200 0 "-" "Mozilla/5.0 AppleWebKit/537.36 (KHTML, like Gecko); compatible; Claude-User/1.0; +mailto:support@anthropic.com"
34.47.80.244 - - [19/Jul/2026:00:44:10 +0000] "GET /.ssh/id_rsa HTTP/2" 403 5802 "-" "Mozilla/5.0 AppleWebKit/537.36 (KHTML, like Gecko); compatible; Perplexity-User/1.0; +https://perplexity.ai/perplexity-user"
34.47.80.244 - - [19/Jul/2026:00:44:10 +0000] "GET /.ssh/id_ecdsa HTTP/2" 200 0 "-" "Mozilla/5.0 (compatible; Applebot-Extended/0.1; +http://www.apple.com/go/applebot)"
34.47.80.244 - - [19/Jul/2026:00:44:15 +0000] "GET /openapi.json HTTP/2" 200 0 "-" "Mozilla/5.0 AppleWebKit/537.36 (KHTML, like Gecko); compatible; Perplexity-User/1.0; +https://perplexity.ai/perplexity-user"
34.47.80.244 - - [19/Jul/2026:00:44:15 +0000] "GET /api/openapi.json HTTP/2" 200 0 "-" "Mozilla/5.0 AppleWebKit/537.36 (KHTML, like Gecko); compatible; Claude-User/1.0; +mailto:support@anthropic.com"
34.47.80.244 - - [19/Jul/2026:00:44:15 +0000] "GET /api/health HTTP/2" 200 0 "-" "Mozilla/5.0 AppleWebKit/537.36 (KHTML, like Gecko); compatible; Claude-SearchBot/1.0; +mailto:support@anthropic.com"
34.47.80.244 - - [19/Jul/2026:00:44:15 +0000] "GET /wp-includes/js/jquery/jquery.min.js?ver=3.7.1 HTTP/2" 200 30412 "-" "Mozilla/5.0 (Linux; Android 14; CPH2557) AppleWebKit/537.36 (KHTML, like Gecko) Chrome/149.0.0.0 Mobile Safari/537.36"
34.47.80.244 - - [19/Jul/2026:00:44:15 +0000] "GET /wp-content/plugins/elementor-pro/assets/js/preloaded-elements-handlers.min.js?ver=3.20.2 HTTP/2" 200 54524 "-" "Mozilla/5.0 (Macintosh; Intel Mac OS X 10_15_7) AppleWebKit/537.36 (KHTML, like Gecko) Chrome/150.0.0.0 Safari/537.36 Edg/150.0.0.0"
34.47.80.244 - - [19/Jul/2026:00:44:15 +0000] "GET /wp-content/plugins/masterlayer-addons-for-elementor/assets/js/chart.js?ver=1.0 HTTP/2" 200 52923 "-" "Mozilla/5.0 (Windows NT 10.0; Win64; x64) AppleWebKit/537.36 (KHTML, like Gecko) Chrome/149.0.0.0 Safari/537.36"
34.47.80.244 - - [19/Jul/2026:00:44:15 +0000] "GET /wp-includes/js/jquery/jquery-migrate.min.js?ver=3.4.1 HTTP/2" 200 4870 "-" "Mozilla/5.0 (X11; Linux x86_64; rv:152.0) Gecko/20100101 Firefox/152.0"
34.47.80.244 - - [19/Jul/2026:00:44:15 +0000] "GET /wp-content/plugins/masterlayer-addons-for-elementor/assets/js/alterClass.js?ver=1.0 HTTP/2" 200 560 "-" "Mozilla/5.0 (Macintosh; Intel Mac OS X 10_15_7) AppleWebKit/537.36 (KHTML, like Gecko) Chrome/150.0.0.0 Safari/537.36 OPR/118.0.0.0"
34.47.80.244 - - [19/Jul/2026:00:44:15 +0000] "GET /wp-content/plugins/masterlayer-addons-for-elementor/assets/js/slick.js?ver=1.0 HTTP/2" 200 13444 "-" "Mozilla/5.0 (Macintosh; Intel Mac OS X 10_15_7) AppleWebKit/605.1.15 (KHTML, like Gecko) Version/18.5 Safari/605.1.15"
34.47.80.244 - - [19/Jul/2026:00:44:15 +0000] "GET /wp-content/plugins/masterlayer-addons-for-elementor/assets/js/core.js?ver=1.0 HTTP/2" 200 3103 "-" "Mozilla/5.0 (Macintosh; Intel Mac OS X 10_15_7) AppleWebKit/537.36 (KHTML, like Gecko) Chrome/150.0.0.0 Safari/537.36 Edg/150.0.0.0"
194.39.149.53 - - [19/Jul/2026:00:44:16 +0000] "POST /wp-cron.php?doing_wp_cron=1784421856.0686540603637695312500 HTTP/1.1" 200 0 "-" "WordPress/7.0.2; https://saudahmadco.com"
34.47.80.244 - - [19/Jul/2026:00:44:16 +0000] "GET /services/ HTTP/2" 200 17020 "-" "Mozilla/5.0 (Windows NT 10.0; Win64; x64) AppleWebKit/537.36 (KHTML, like Gecko) Brave Chrome/150.0.0.0 Safari/537.36"
34.47.80.244 - - [19/Jul/2026:00:44:16 +0000] "POST /v1/graphql HTTP/2" 404 10641 "-" "Go-http-client/2.0"
34.47.80.244 - - [19/Jul/2026:00:44:20 +0000] "GET /projects/ HTTP/2" 200 17876 "-" "Mozilla/5.0 (Macintosh; Intel Mac OS X 10_15_7) AppleWebKit/537.36 (KHTML, like Gecko) Chrome/150.0.0.0 Safari/537.36 OPR/118.0.0.0"
34.47.80.244 - - [19/Jul/2026:00:44:25 +0000] "GET /it-projects/ HTTP/2" 200 12206 "-" "Mozilla/5.0 (Windows NT 10.0; Win64; x64) AppleWebKit/537.36 (KHTML, like Gecko) Chrome/148.0.0.0 Safari/537.36"
34.47.80.244 - - [19/Jul/2026:00:44:26 +0000] "GET /about/ HTTP/2" 200 17206 "-" "Mozilla/5.0 (Windows NT 10.0; Win64; x64) AppleWebKit/537.36 (KHTML, like Gecko) Chrome/150.0.0.0 Safari/537.36 OPR/118.0.0.0"
72.60.40.175 - - [19/Jul/2026:00:44:27 +0000] "GET /shop/ HTTP/2" 404 41713 "-" "Mozilla/5.0 (Windows NT 10.0; Win64; x64) AppleWebKit/537.36"
34.47.80.244 - - [19/Jul/2026:00:44:28 +0000] "GET /ceo-message/ HTTP/2" 200 12597 "-" "Mozilla/5.0 (Windows NT 10.0; Win64; x64) AppleWebKit/537.36 (KHTML, like Gecko) Chrome/149.0.0.0 Safari/537.36"
34.47.80.244 - - [19/Jul/2026:00:44:30 +0000] "GET /wp-content/plugins/masterlayer-addons-for-elementor/assets/js/magnific.popup.js?ver=1.0 HTTP/2" 200 7724 "-" "Mozilla/5.0 (X11; Linux x86_64) AppleWebKit/537.36 (KHTML, like Gecko) Chrome/149.0.0.0 Safari/537.36"
34.47.80.244 - - [19/Jul/2026:00:44:30 +0000] "GET /wp-content/plugins/elementor/assets/lib/e-gallery/js/e-gallery.min.js?ver=1.2.0 HTTP/2" 200 4605 "-" "Mozilla/5.0 (Linux; Android 14; SM-S921B) AppleWebKit/537.36 (KHTML, like Gecko) SamsungBrowser/27.0 Chrome/125.0.0.0 Mobile Safari/537.36"
34.47.80.244 - - [19/Jul/2026:00:44:32 +0000] "GET /console HTTP/2" 404 10635 "-" "Mozilla/5.0 (Macintosh; Intel Mac OS X 10_15_7) AppleWebKit/537.36 (KHTML, like Gecko) Chrome/149.0.0.0 Safari/537.36"
34.47.80.244 - - [19/Jul/2026:00:44:32 +0000] "GET /admin HTTP/2" 302 0 "-" "Mozilla/5.0 (Windows NT 10.0; Win64; x64) AppleWebKit/537.36 (KHTML, like Gecko) Chrome/150.0.0.0 Safari/537.36 Vivaldi/7.2.3620.30"
34.47.80.244 - - [19/Jul/2026:00:44:32 +0000] "GET /settings HTTP/2" 404 10641 "-" "Mozilla/5.0 (Windows NT 10.0; Win64; x64; rv:128.0) Gecko/20100101 Firefox/128.0"
34.47.80.244 - - [19/Jul/2026:00:44:32 +0000] "GET /dashboard HTTP/2" 302 0 "-" "Mozilla/5.0 (Windows NT 10.0; Win64; x64) AppleWebKit/537.36 (KHTML, like Gecko) Brave Chrome/150.0.0.0 Safari/537.36"
34.47.80.244 - - [19/Jul/2026:00:44:32 +0000] "GET /app HTTP/2" 404 10641 "-" "Mozilla/5.0 (Linux; Android 15; SM-S928B) AppleWebKit/537.36 (KHTML, like Gecko) Chrome/150.0.0.0 Mobile Safari/537.36"
34.47.80.244 - - [19/Jul/2026:00:44:32 +0000] "GET /login HTTP/2" 302 0 "-" "Mozilla/5.0 (X11; Linux x86_64) AppleWebKit/537.36 (KHTML, like Gecko) Chrome/149.0.0.0 Safari/537.36"
34.47.80.244 - - [19/Jul/2026:00:44:36 +0000] "GET /wp-admin/ HTTP/2" 302 0 "https://saudahmadco.com/dashboard" "Mozilla/5.0 (Windows NT 10.0; Win64; x64) AppleWebKit/537.36 (KHTML, like Gecko) Brave Chrome/150.0.0.0 Safari/537.36"
34.47.80.244 - - [19/Jul/2026:00:44:36 +0000] "GET /wp-admin/ HTTP/2" 302 0 "https://saudahmadco.com/admin" "Mozilla/5.0 (Windows NT 10.0; Win64; x64) AppleWebKit/537.36 (KHTML, like Gecko) Chrome/150.0.0.0 Safari/537.36 Vivaldi/7.2.3620.30"
34.47.80.244 - - [19/Jul/2026:00:44:37 +0000] "GET /wp-login.php HTTP/2" 200 2145 "https://saudahmadco.com/login" "Mozilla/5.0 (X11; Linux x86_64) AppleWebKit/537.36 (KHTML, like Gecko) Chrome/149.0.0.0 Safari/537.36"
34.47.80.244 - - [19/Jul/2026:00:44:40 +0000] "GET /wp-admin/js/user-profile.min.js?ver=7.0.2 HTTP/2" 200 3152 "-" "Mozilla/5.0 (Windows NT 10.0; Win64; x64) AppleWebKit/537.36 (KHTML, like Gecko) Chrome/148.0.0.0 Safari/537.36"
34.47.80.244 - - [19/Jul/2026:00:44:40 +0000] "GET /wp-includes/js/clipboard.min.js?ver=2.0.11 HTTP/2" 200 3141 "-" "Mozilla/5.0 (Windows NT 10.0; Win64; x64) AppleWebKit/537.36 (KHTML, like Gecko) Brave Chrome/150.0.0.0 Safari/537.36"
34.47.80.244 - - [19/Jul/2026:00:44:40 +0000] "GET /wp-includes/js/zxcvbn-async.min.js?ver=1.0 HTTP/2" 200 257 "-" "Mozilla/5.0 (Macintosh; Intel Mac OS X 10_15_7) AppleWebKit/537.36 (KHTML, like Gecko) Chrome/150.0.0.0 Safari/537.36"
34.47.80.244 - - [19/Jul/2026:00:44:40 +0000] "GET /wp-admin/js/password-strength-meter.min.js?ver=7.0.2 HTTP/2" 200 624 "-" "Mozilla/5.0 (Windows NT 10.0; Win64; x64) AppleWebKit/537.36 (KHTML, like Gecko) Chrome/149.0.0.0 Safari/537.36"
34.47.80.244 - - [19/Jul/2026:00:44:41 +0000] "GET /wp-includes/js/underscore.min.js?ver=1.13.8 HTTP/2" 200 7384 "-" "Mozilla/5.0 (Linux; Android 10; K) AppleWebKit/537.36 (KHTML, like Gecko) Chrome/150.0.0.0 Mobile Safari/537.36"
34.47.80.244 - - [19/Jul/2026:00:44:41 +0000] "GET /wp-includes/js/wp-util.min.js?ver=7.0.2 HTTP/2" 200 757 "-" "Mozilla/5.0 (Macintosh; Intel Mac OS X 10_15_7) AppleWebKit/605.1.15 (KHTML, like Gecko) Version/26.2 Safari/605.1.15"
34.47.80.244 - - [19/Jul/2026:00:44:41 +0000] "GET /wp-includes/js/dist/dom-ready.min.js?ver=a06281ae5cf5500e9317 HTTP/2" 200 472 "-" "Mozilla/5.0 (Windows NT 10.0; Win64; x64) AppleWebKit/537.36 (KHTML, like Gecko) Chrome/150.0.0.0 Safari/537.36"
34.47.80.244 - - [19/Jul/2026:00:44:41 +0000] "GET /wp-includes/js/dist/a11y.min.js?ver=af934e5259bc51b8718e HTTP/2" 200 1055 "-" "Mozilla/5.0 (Macintosh; Intel Mac OS X 10_15_7) AppleWebKit/605.1.15 (KHTML, like Gecko) Version/26.5 Safari/605.1.15"
34.47.80.244 - - [19/Jul/2026:00:44:40 +0000] "GET /wp-login.php?redirect_to=https%3A%2F%2Fsaudahmadco.com%2Fwp-admin%2F&reauth=1 HTTP/2" 200 2145 "https://saudahmadco.com/wp-admin/" "Mozilla/5.0 (Windows NT 10.0; Win64; x64) AppleWebKit/537.36 (KHTML, like Gecko) Brave Chrome/150.0.0.0 Safari/537.36"
34.47.80.244 - - [19/Jul/2026:00:44:40 +0000] "GET /wp-login.php?redirect_to=https%3A%2F%2Fsaudahmadco.com%2Fwp-admin%2F&reauth=1 HTTP/2" 200 2145 "https://saudahmadco.com/wp-admin/" "Mozilla/5.0 (Windows NT 10.0; Win64; x64) AppleWebKit/537.36 (KHTML, like Gecko) Chrome/150.0.0.0 Safari/537.36 Vivaldi/7.2.3620.30"
194.39.149.53 - - [19/Jul/2026:00:49:36 +0000] "POST /wp-cron.php?doing_wp_cron=1784422176.0718948841094970703125 HTTP/1.1" 200 0 "-" "WordPress/7.0.2; https://saudahmadco.com"
103.75.185.95 - - [19/Jul/2026:00:49:35 +0000] "GET /wp-login.php HTTP/2" 200 1926 "-" "Mozilla/5.0 (Windows NT 10.0; Win64; x64) AppleWebKit/537.36 (KHTML, like Gecko) Chrome/133.0.0.0 Safari/537.36"
103.75.185.95 - - [19/Jul/2026:00:49:36 +0000] "POST /wp-login.php HTTP/2" 200 2054 "https://saudahmadco.com.keeloil.com/wp-login.php" "Mozilla/5.0 (Windows NT 10.0; Win64; x64) AppleWebKit/537.36 (KHTML, like Gecko) Chrome/133.0.0.0 Safari/537.36"
194.39.149.53 - - [19/Jul/2026:00:52:51 +0000] "POST /wp-cron.php?doing_wp_cron=1784422371.5903959274291992187500 HTTP/1.1" 200 0 "-" "WordPress/7.0.2; https://saudahmadco.com"
72.60.40.175 - - [19/Jul/2026:00:52:50 +0000] "GET /shop/ HTTP/2" 404 41713 "-" "Mozilla/5.0 (Windows NT 10.0; Win64; x64) AppleWebKit/537.36"
89.42.136.2 - - [19/Jul/2026:00:54:51 +0000] "POST /xmlrpc.php HTTP/2" 403 5137 "-" "Mozilla/5.0 (Windows NT 10.0; Win64; x64) AppleWebKit/537.36 (KHTML, like Gecko) Chrome/133.0.0.0 Safari/537.36"
194.39.149.53 - - [19/Jul/2026:00:59:51 +0000] "POST /wp-cron.php?doing_wp_cron=1784422791.7826690673828125000000 HTTP/1.1" 200 0 "-" "WordPress/7.0.2; https://saudahmadco.com"
45.150.79.142 - - [19/Jul/2026:00:59:50 +0000] "GET /wp-login.php HTTP/2" 200 1926 "-" "Mozilla/5.0 (Windows NT 10.0; Win64; x64) AppleWebKit/537.36 (KHTML, like Gecko) Chrome/133.0.0.0 Safari/537.36"
45.150.79.142 - - [19/Jul/2026:00:59:52 +0000] "POST /wp-login.php HTTP/2" 200 2054 "https://saudahmadco.com/wp-login.php" "Mozilla/5.0 (Windows NT 10.0; Win64; x64) AppleWebKit/537.36 (KHTML, like Gecko) Chrome/133.0.0.0 Safari/537.36"
72.60.40.175 - - [19/Jul/2026:01:02:33 +0000] "GET /shop/ HTTP/2" 404 41713 "-" "Mozilla/5.0 (Windows NT 10.0; Win64; x64) AppleWebKit/537.36"
217.182.128.41 - - [19/Jul/2026:01:02:34 +0000] "GET /wp-login.php HTTP/2" 200 1926 "-" "Mozilla/5.0 (Windows NT 10.0; Win64; x64) AppleWebKit/537.36 (KHTML, like Gecko) Chrome/133.0.0.0 Safari/537.36"
194.39.149.53 - - [19/Jul/2026:01:02:38 +0000] "POST /wp-cron.php?doing_wp_cron=1784422958.4507770538330078125000 HTTP/1.1" 200 0 "-" "WordPress/7.0.2; https://saudahmadco.com"
217.182.128.41 - - [19/Jul/2026:01:02:39 +0000] "POST /wp-login.php HTTP/2" 200 2057 "https://saudahmadco.com/wp-login.php" "Mozilla/5.0 (Windows NT 10.0; Win64; x64) AppleWebKit/537.36 (KHTML, like Gecko) Chrome/133.0.0.0 Safari/537.36"
141.98.11.34 - - [19/Jul/2026:01:04:23 +0000] "GET /plugins/editors/jce/jce.xml HTTP/1.1" 404 5749 "-" "Mozilla/5.0 (Windows NT 10.0; Win64; x64) AppleWebKit/537.36 (KHTML, like Gecko) Chrome/120.0.0.0 Safari/537.36"
141.98.11.34 - - [19/Jul/2026:01:04:24 +0000] "GET /administrator/components/com_jce/jce.xml HTTP/1.1" 404 5749 "-" "Mozilla/5.0 (Windows NT 10.0; Win64; x64) AppleWebKit/537.36 (KHTML, like Gecko) Chrome/120.0.0.0 Safari/537.36"
41.186.86.12 - - [19/Jul/2026:01:07:12 +0000] "POST /xmlrpc.php HTTP/2" 403 5137 "-" "Mozilla/5.0 (Windows NT 10.0; Win64; x64) AppleWebKit/537.36 (KHTML, like Gecko) Chrome/133.0.0.0 Safari/537.36"
194.39.149.53 - - [19/Jul/2026:01:10:50 +0000] "POST /wp-cron.php?doing_wp_cron=1784423449.8917989730834960937500 HTTP/1.1" 200 0 "-" "WordPress/7.0.2; https://saudahmadco.com"
20.153.140.50 - - [19/Jul/2026:01:10:49 +0000] "GET /wp-login.php HTTP/2" 200 1926 "-" "Mozilla/5.0 (Windows NT 10.0; Win64; x64) AppleWebKit/537.36 (KHTML, like Gecko) Chrome/133.0.0.0 Safari/537.36"
20.153.140.50 - - [19/Jul/2026:01:10:50 +0000] "POST /wp-login.php HTTP/2" 200 2057 "https://saudahmadco.com.keeloil.com/wp-login.php" "Mozilla/5.0 (Windows NT 10.0; Win64; x64) AppleWebKit/537.36 (KHTML, like Gecko) Chrome/133.0.0.0 Safari/537.36"
194.39.149.53 - - [19/Jul/2026:01:12:56 +0000] "POST /wp-cron.php?doing_wp_cron=1784423576.2069299221038818359375 HTTP/1.1" 200 0 "-" "WordPress/7.0.2; https://saudahmadco.com"
72.60.40.175 - - [19/Jul/2026:01:12:55 +0000] "GET /shop/ HTTP/2" 404 41713 "-" "Mozilla/5.0 (Windows NT 10.0; Win64; x64) AppleWebKit/537.36"
94.154.43.186 - - [19/Jul/2026:01:14:46 +0000] "GET / HTTP/1.1" 401 36 "-" "Mozilla/5.0 (Windows NT 10.0; Win64; x64) AppleWebKit/537.36 (KHTML, like Gecko) Chrome/147.0.0.0 Safari/537.36"
94.154.43.178 - - [19/Jul/2026:01:14:46 +0000] "GET / HTTP/1.1" 200 40068 "-" "Mozilla/5.0 (Windows NT 10.0; Win64; x64) AppleWebKit/537.36 (KHTML, like Gecko) Chrome/147.0.0.0 Safari/537.36"
94.154.43.187 - - [19/Jul/2026:01:14:46 +0000] "GET / HTTP/1.1" 400 52 "-" "Mozilla/5.0 (Windows NT 10.0; Win64; x64) AppleWebKit/537.36 (KHTML, like Gecko) Chrome/147.0.0.0 Safari/537.36"
94.154.43.183 - - [19/Jul/2026:01:14:46 +0000] "GET / HTTP/1.1" 200 40080 "-" "Mozilla/5.0 (Windows NT 10.0; Win64; x64) AppleWebKit/537.36 (KHTML, like Gecko) Chrome/147.0.0.0 Safari/537.36"
94.154.43.229 - - [19/Jul/2026:01:14:46 +0000] "GET / HTTP/1.1" 401 36 "-" "Mozilla/5.0 (Windows NT 10.0; Win64; x64) AppleWebKit/537.36 (KHTML, like Gecko) Chrome/147.0.0.0 Safari/537.36"
94.154.43.179 - - [19/Jul/2026:01:14:46 +0000] "GET / HTTP/1.1" 401 36 "-" "Mozilla/5.0 (Windows NT 10.0; Win64; x64) AppleWebKit/537.36 (KHTML, like Gecko) Chrome/147.0.0.0 Safari/537.36"
194.39.149.53 - - [19/Jul/2026:01:14:47 +0000] "POST /wp-cron.php?doing_wp_cron=1784423687.2263379096984863281250 HTTP/1.1" 200 0 "-" "WordPress/7.0.2; https://saudahmadco.com"
94.154.43.229 - - [19/Jul/2026:01:14:46 +0000] "GET / HTTP/1.1" 301 0 "-" "Mozilla/5.0 (Windows NT 10.0; Win64; x64) AppleWebKit/537.36 (KHTML, like Gecko) Chrome/147.0.0.0 Safari/537.36"
94.154.43.179 - - [19/Jul/2026:01:14:46 +0000] "GET / HTTP/1.1" 200 99269 "-" "Mozilla/5.0 (Windows NT 10.0; Win64; x64) AppleWebKit/537.36 (KHTML, like Gecko) Chrome/147.0.0.0 Safari/537.36"
94.154.43.185 - - [19/Jul/2026:01:14:47 +0000] "GET / HTTP/1.1" 200 99267 "-" "Mozilla/5.0 (Windows NT 10.0; Win64; x64) AppleWebKit/537.36 (KHTML, like Gecko) Chrome/147.0.0.0 Safari/537.36"
20.127.125.129 - - [19/Jul/2026:01:16:40 +0000] "GET /autodiscover/autodiscover.xml HTTP/1.1" 400 52 "-" "-"
20.127.125.129 - - [19/Jul/2026:01:16:41 +0000] "GET /autodiscover/autodiscover.xml HTTP/1.1" 400 52 "-" "-"
20.127.125.129 - - [19/Jul/2026:01:16:42 +0000] "GET /autodiscover/autodiscover.xml HTTP/1.1" 400 52 "-" "-"
20.127.125.129 - - [19/Jul/2026:01:16:42 +0000] "GET /autodiscover/autodiscover.xml HTTP/1.1" 400 52 "-" "-"
20.127.125.129 - - [19/Jul/2026:01:16:42 +0000] "GET /autodiscover/autodiscover.xml HTTP/1.1" 400 52 "-" "-"
20.127.125.129 - - [19/Jul/2026:01:16:42 +0000] "GET /autodiscover/autodiscover.xml HTTP/1.1" 400 52 "-" "-"
20.127.125.129 - - [19/Jul/2026:01:16:43 +0000] "GET /autodiscover/autodiscover.xml HTTP/1.1" 400 52 "-" "-"
20.127.125.129 - - [19/Jul/2026:01:16:43 +0000] "GET /autodiscover/autodiscover.xml HTTP/1.1" 400 52 "-" "-"
20.127.125.129 - - [19/Jul/2026:01:16:43 +0000] "GET /autodiscover/autodiscover.xml HTTP/1.1" 400 52 "-" "-"
20.127.125.129 - - [19/Jul/2026:01:16:43 +0000] "GET /autodiscover/autodiscover.xml HTTP/1.1" 400 52 "-" "-"
20.127.125.129 - - [19/Jul/2026:01:16:44 +0000] "GET /autodiscover/autodiscover.xml HTTP/1.1" 400 52 "-" "-"
20.127.125.129 - - [19/Jul/2026:01:16:44 +0000] "GET /autodiscover/autodiscover.xml HTTP/1.1" 400 52 "-" "-"
20.127.125.129 - - [19/Jul/2026:01:16:44 +0000] "GET /autodiscover/autodiscover.xml HTTP/1.1" 400 52 "-" "-"
20.127.125.129 - - [19/Jul/2026:01:16:44 +0000] "GET /autodiscover/autodiscover.xml HTTP/1.1" 400 52 "-" "-"
20.127.125.129 - - [19/Jul/2026:01:16:45 +0000] "GET /autodiscover/autodiscover.xml HTTP/1.1" 400 52 "-" "-"
20.127.125.129 - - [19/Jul/2026:01:16:45 +0000] "GET /autodiscover/autodiscover.xml HTTP/1.1" 400 52 "-" "-"
20.127.125.129 - - [19/Jul/2026:01:16:45 +0000] "GET /autodiscover/autodiscover.xml HTTP/1.1" 400 52 "-" "-"
20.127.125.129 - - [19/Jul/2026:01:16:45 +0000] "GET /autodiscover/autodiscover.xml HTTP/1.1" 400 52 "-" "-"
20.127.125.129 - - [19/Jul/2026:01:16:46 +0000] "GET /autodiscover/autodiscover.xml HTTP/1.1" 400 52 "-" "-"
20.127.125.129 - - [19/Jul/2026:01:16:46 +0000] "GET /autodiscover/autodiscover.xml HTTP/1.1" 400 52 "-" "-"
20.127.125.129 - - [19/Jul/2026:01:16:46 +0000] "GET /autodiscover/autodiscover.xml HTTP/1.1" 400 52 "-" "-"
20.127.125.129 - - [19/Jul/2026:01:16:47 +0000] "GET /autodiscover/autodiscover.xml HTTP/1.1" 400 52 "-" "-"
20.127.125.129 - - [19/Jul/2026:01:16:47 +0000] "GET /autodiscover/autodiscover.xml HTTP/1.1" 400 52 "-" "-"
20.127.125.129 - - [19/Jul/2026:01:16:47 +0000] "GET /autodiscover/autodiscover.xml HTTP/1.1" 400 52 "-" "-"
20.127.125.129 - - [19/Jul/2026:01:16:47 +0000] "GET /autodiscover/autodiscover.xml HTTP/1.1" 400 52 "-" "-"
20.127.125.129 - - [19/Jul/2026:01:16:48 +0000] "GET /autodiscover/autodiscover.xml HTTP/1.1" 400 52 "-" "-"
20.127.125.129 - - [19/Jul/2026:01:16:48 +0000] "GET /autodiscover/autodiscover.xml HTTP/1.1" 400 52 "-" "-"
20.127.125.129 - - [19/Jul/2026:01:16:48 +0000] "GET /autodiscover/autodiscover.xml HTTP/1.1" 400 52 "-" "-"
20.127.125.129 - - [19/Jul/2026:01:16:48 +0000] "GET /autodiscover/autodiscover.xml HTTP/1.1" 400 52 "-" "-"
20.127.125.129 - - [19/Jul/2026:01:16:49 +0000] "GET /autodiscover/autodiscover.xml HTTP/1.1" 400 52 "-" "-"
20.127.125.129 - - [19/Jul/2026:01:16:49 +0000] "GET /autodiscover/autodiscover.xml HTTP/1.1" 400 52 "-" "-"
20.127.125.129 - - [19/Jul/2026:01:16:49 +0000] "GET /autodiscover/autodiscover.xml HTTP/1.1" 400 52 "-" "-"
20.127.125.129 - - [19/Jul/2026:01:16:49 +0000] "GET /autodiscover/autodiscover.xml HTTP/1.1" 400 52 "-" "-"
20.127.125.129 - - [19/Jul/2026:01:16:50 +0000] "GET /autodiscover/autodiscover.xml HTTP/1.1" 400 52 "-" "-"
20.127.125.129 - - [19/Jul/2026:01:16:50 +0000] "GET /autodiscover/autodiscover.xml HTTP/1.1" 400 52 "-" "-"
20.127.125.129 - - [19/Jul/2026:01:16:50 +0000] "GET /autodiscover/autodiscover.xml HTTP/1.1" 400 52 "-" "-"
20.127.125.129 - - [19/Jul/2026:01:16:51 +0000] "GET /autodiscover/autodiscover.xml HTTP/1.1" 400 52 "-" "-"
20.127.125.129 - - [19/Jul/2026:01:16:51 +0000] "GET /autodiscover/autodiscover.xml HTTP/1.1" 400 52 "-" "-"
20.127.125.129 - - [19/Jul/2026:01:16:51 +0000] "GET /autodiscover/autodiscover.xml HTTP/1.1" 400 52 "-" "-"
20.127.125.129 - - [19/Jul/2026:01:16:51 +0000] "GET /autodiscover/autodiscover.xml HTTP/1.1" 400 52 "-" "-"
20.127.125.129 - - [19/Jul/2026:01:16:52 +0000] "GET /autodiscover/autodiscover.xml HTTP/1.1" 400 52 "-" "-"
20.127.125.129 - - [19/Jul/2026:01:16:52 +0000] "GET /autodiscover/autodiscover.xml HTTP/1.1" 400 52 "-" "-"
20.127.125.129 - - [19/Jul/2026:01:16:52 +0000] "GET /autodiscover/autodiscover.xml HTTP/1.1" 400 52 "-" "-"
20.127.125.129 - - [19/Jul/2026:01:16:52 +0000] "GET /autodiscover/autodiscover.xml HTTP/1.1" 400 52 "-" "-"
20.127.125.129 - - [19/Jul/2026:01:16:53 +0000] "GET /autodiscover/autodiscover.xml HTTP/1.1" 400 52 "-" "-"
20.127.125.129 - - [19/Jul/2026:01:16:53 +0000] "GET /autodiscover/autodiscover.xml HTTP/1.1" 400 52 "-" "-"
20.127.125.129 - - [19/Jul/2026:01:16:53 +0000] "GET /autodiscover/autodiscover.xml HTTP/1.1" 400 52 "-" "-"
20.127.125.129 - - [19/Jul/2026:01:16:53 +0000] "GET /autodiscover/autodiscover.xml HTTP/1.1" 400 52 "-" "-"
20.127.125.129 - - [19/Jul/2026:01:16:54 +0000] "GET /autodiscover/autodiscover.xml HTTP/1.1" 400 52 "-" "-"
20.127.125.129 - - [19/Jul/2026:01:16:54 +0000] "GET /autodiscover/autodiscover.xml HTTP/1.1" 400 52 "-" "-"
20.127.125.129 - - [19/Jul/2026:01:16:54 +0000] "GET /autodiscover/autodiscover.xml HTTP/1.1" 400 52 "-" "-"
20.127.125.129 - - [19/Jul/2026:01:16:54 +0000] "GET /autodiscover/autodiscover.xml HTTP/1.1" 400 52 "-" "-"
20.127.125.129 - - [19/Jul/2026:01:16:55 +0000] "GET /autodiscover/autodiscover.xml HTTP/1.1" 400 52 "-" "-"
20.127.125.129 - - [19/Jul/2026:01:16:55 +0000] "GET /autodiscover/autodiscover.xml HTTP/1.1" 400 52 "-" "-"
20.127.125.129 - - [19/Jul/2026:01:16:55 +0000] "GET /autodiscover/autodiscover.xml HTTP/1.1" 400 52 "-" "-"
20.127.125.129 - - [19/Jul/2026:01:16:55 +0000] "GET /autodiscover/autodiscover.xml HTTP/1.1" 400 52 "-" "-"
20.127.125.129 - - [19/Jul/2026:01:16:56 +0000] "GET /autodiscover/autodiscover.xml HTTP/1.1" 400 52 "-" "-"
20.127.125.129 - - [19/Jul/2026:01:16:56 +0000] "GET /autodiscover/autodiscover.xml HTTP/1.1" 400 52 "-" "-"
20.127.125.129 - - [19/Jul/2026:01:16:56 +0000] "GET /autodiscover/autodiscover.xml HTTP/1.1" 400 52 "-" "-"
20.127.125.129 - - [19/Jul/2026:01:16:56 +0000] "GET /autodiscover/autodiscover.xml HTTP/1.1" 400 52 "-" "-"
20.127.125.129 - - [19/Jul/2026:01:16:57 +0000] "GET /autodiscover/autodiscover.xml HTTP/1.1" 400 52 "-" "-"
20.127.125.129 - - [19/Jul/2026:01:16:57 +0000] "GET /autodiscover/autodiscover.xml HTTP/1.1" 400 52 "-" "-"
20.127.125.129 - - [19/Jul/2026:01:16:57 +0000] "GET /autodiscover/autodiscover.xml HTTP/1.1" 400 52 "-" "-"
20.127.125.129 - - [19/Jul/2026:01:16:57 +0000] "GET /autodiscover/autodiscover.xml HTTP/1.1" 400 52 "-" "-"
20.127.125.129 - - [19/Jul/2026:01:16:58 +0000] "GET /autodiscover/autodiscover.xml HTTP/1.1" 400 52 "-" "-"
20.127.125.129 - - [19/Jul/2026:01:16:58 +0000] "GET /autodiscover/autodiscover.xml HTTP/1.1" 400 52 "-" "-"
20.127.125.129 - - [19/Jul/2026:01:16:58 +0000] "GET /autodiscover/autodiscover.xml HTTP/1.1" 400 52 "-" "-"
20.127.125.129 - - [19/Jul/2026:01:16:58 +0000] "GET /autodiscover/autodiscover.xml HTTP/1.1" 400 52 "-" "-"
20.127.125.129 - - [19/Jul/2026:01:16:59 +0000] "GET /autodiscover/autodiscover.xml HTTP/1.1" 400 52 "-" "-"
20.127.125.129 - - [19/Jul/2026:01:16:59 +0000] "GET /autodiscover/autodiscover.xml HTTP/1.1" 400 52 "-" "-"
20.127.125.129 - - [19/Jul/2026:01:16:59 +0000] "GET /autodiscover/autodiscover.xml HTTP/1.1" 400 52 "-" "-"
20.127.125.129 - - [19/Jul/2026:01:16:59 +0000] "GET /autodiscover/autodiscover.xml HTTP/1.1" 400 52 "-" "-"
20.127.125.129 - - [19/Jul/2026:01:17:00 +0000] "GET /autodiscover/autodiscover.xml HTTP/1.1" 400 52 "-" "-"
20.127.125.129 - - [19/Jul/2026:01:17:00 +0000] "GET /autodiscover/autodiscover.xml HTTP/1.1" 400 52 "-" "-"
20.127.125.129 - - [19/Jul/2026:01:17:00 +0000] "GET /autodiscover/autodiscover.xml HTTP/1.1" 400 52 "-" "-"
20.127.125.129 - - [19/Jul/2026:01:17:00 +0000] "GET /autodiscover/autodiscover.xml HTTP/1.1" 400 52 "-" "-"
20.127.125.129 - - [19/Jul/2026:01:17:01 +0000] "GET /autodiscover/autodiscover.xml HTTP/1.1" 400 52 "-" "-"
20.127.125.129 - - [19/Jul/2026:01:17:01 +0000] "GET /autodiscover/autodiscover.xml HTTP/1.1" 400 52 "-" "-"
20.127.125.129 - - [19/Jul/2026:01:17:01 +0000] "GET /autodiscover/autodiscover.xml HTTP/1.1" 400 52 "-" "-"
20.127.125.129 - - [19/Jul/2026:01:17:01 +0000] "GET /autodiscover/autodiscover.xml HTTP/1.1" 400 52 "-" "-"
20.127.125.129 - - [19/Jul/2026:01:17:02 +0000] "GET /autodiscover/autodiscover.xml HTTP/1.1" 400 52 "-" "-"
20.127.125.129 - - [19/Jul/2026:01:17:02 +0000] "GET /autodiscover/autodiscover.xml HTTP/1.1" 400 52 "-" "-"
20.127.125.129 - - [19/Jul/2026:01:17:02 +0000] "GET /autodiscover/autodiscover.xml HTTP/1.1" 400 52 "-" "-"
20.127.125.129 - - [19/Jul/2026:01:17:03 +0000] "GET /autodiscover/autodiscover.xml HTTP/1.1" 400 52 "-" "-"
20.127.125.129 - - [19/Jul/2026:01:17:03 +0000] "GET /autodiscover/autodiscover.xml HTTP/1.1" 400 52 "-" "-"
20.127.125.129 - - [19/Jul/2026:01:17:04 +0000] "GET /autodiscover/autodiscover.xml HTTP/1.1" 400 52 "-" "-"
20.127.125.129 - - [19/Jul/2026:01:17:04 +0000] "GET /autodiscover/autodiscover.xml HTTP/1.1" 400 52 "-" "-"
20.127.125.129 - - [19/Jul/2026:01:17:04 +0000] "GET /autodiscover/autodiscover.xml HTTP/1.1" 400 52 "-" "-"
20.127.125.129 - - [19/Jul/2026:01:17:04 +0000] "GET /autodiscover/autodiscover.xml HTTP/1.1" 400 52 "-" "-"
20.127.125.129 - - [19/Jul/2026:01:17:05 +0000] "GET /autodiscover/autodiscover.xml HTTP/1.1" 400 52 "-" "-"
20.127.125.129 - - [19/Jul/2026:01:17:05 +0000] "GET /autodiscover/autodiscover.xml HTTP/1.1" 400 52 "-" "-"
20.127.125.129 - - [19/Jul/2026:01:17:05 +0000] "GET /autodiscover/autodiscover.xml HTTP/1.1" 400 52 "-" "-"
20.127.125.129 - - [19/Jul/2026:01:17:06 +0000] "GET /autodiscover/autodiscover.xml HTTP/1.1" 400 52 "-" "-"
20.127.125.129 - - [19/Jul/2026:01:17:06 +0000] "GET /autodiscover/autodiscover.xml HTTP/1.1" 400 52 "-" "-"
20.127.125.129 - - [19/Jul/2026:01:17:06 +0000] "GET /autodiscover/autodiscover.xml HTTP/1.1" 400 52 "-" "-"
20.127.125.129 - - [19/Jul/2026:01:17:07 +0000] "GET /autodiscover/autodiscover.xml HTTP/1.1" 400 52 "-" "-"
20.127.125.129 - - [19/Jul/2026:01:17:07 +0000] "GET /autodiscover/autodiscover.xml HTTP/1.1" 400 52 "-" "-"
20.127.125.129 - - [19/Jul/2026:01:17:07 +0000] "GET /autodiscover/autodiscover.xml HTTP/1.1" 400 52 "-" "-"
20.127.125.129 - - [19/Jul/2026:01:17:07 +0000] "GET /autodiscover/autodiscover.xml HTTP/1.1" 400 52 "-" "-"
20.127.125.129 - - [19/Jul/2026:01:17:08 +0000] "GET /autodiscover/autodiscover.xml HTTP/1.1" 400 52 "-" "-"
20.127.125.129 - - [19/Jul/2026:01:17:08 +0000] "GET /autodiscover/autodiscover.xml HTTP/1.1" 400 52 "-" "-"
194.39.149.53 - - [19/Jul/2026:01:17:08 +0000] "POST /wp-cron.php?doing_wp_cron=1784423828.3130490779876708984375 HTTP/1.1" 200 0 "-" "WordPress/7.0.2; https://saudahmadco.com"
160.187.68.132 - - [19/Jul/2026:01:17:07 +0000] "GET /wp-login.php HTTP/2" 200 1926 "-" "Mozilla/5.0 (Windows NT 10.0; Win64; x64) AppleWebKit/537.36 (KHTML, like Gecko) Chrome/133.0.0.0 Safari/537.36"
20.127.125.129 - - [19/Jul/2026:01:17:08 +0000] "GET /autodiscover/autodiscover.xml HTTP/1.1" 400 52 "-" "-"
20.127.125.129 - - [19/Jul/2026:01:17:08 +0000] "GET /autodiscover/autodiscover.xml HTTP/1.1" 400 52 "-" "-"
20.127.125.129 - - [19/Jul/2026:01:17:09 +0000] "GET /autodiscover/autodiscover.xml HTTP/1.1" 400 52 "-" "-"
20.127.125.129 - - [19/Jul/2026:01:17:09 +0000] "GET /autodiscover/autodiscover.xml HTTP/1.1" 400 52 "-" "-"
20.127.125.129 - - [19/Jul/2026:01:17:09 +0000] "GET /autodiscover/autodiscover.xml HTTP/1.1" 400 52 "-" "-"
20.127.125.129 - - [19/Jul/2026:01:17:09 +0000] "GET /autodiscover/autodiscover.xml HTTP/1.1" 400 52 "-" "-"
20.127.125.129 - - [19/Jul/2026:01:17:10 +0000] "GET /autodiscover/autodiscover.xml HTTP/1.1" 400 52 "-" "-"
160.187.68.132 - - [19/Jul/2026:01:17:09 +0000] "POST /wp-login.php HTTP/2" 200 2054 "https://saudahmadco.com.keeloil.com/wp-login.php" "Mozilla/5.0 (Windows NT 10.0; Win64; x64) AppleWebKit/537.36 (KHTML, like Gecko) Chrome/133.0.0.0 Safari/537.36"
20.127.125.129 - - [19/Jul/2026:01:17:10 +0000] "GET /autodiscover/autodiscover.xml HTTP/1.1" 400 52 "-" "-"
20.127.125.129 - - [19/Jul/2026:01:17:10 +0000] "GET /autodiscover/autodiscover.xml HTTP/1.1" 400 52 "-" "-"
20.127.125.129 - - [19/Jul/2026:01:17:10 +0000] "GET /autodiscover/autodiscover.xml HTTP/1.1" 400 52 "-" "-"
20.127.125.129 - - [19/Jul/2026:01:17:11 +0000] "GET /autodiscover/autodiscover.xml HTTP/1.1" 400 52 "-" "-"
20.127.125.129 - - [19/Jul/2026:01:17:11 +0000] "GET /autodiscover/autodiscover.xml HTTP/1.1" 400 52 "-" "-"
20.127.125.129 - - [19/Jul/2026:01:17:11 +0000] "GET /autodiscover/autodiscover.xml HTTP/1.1" 400 52 "-" "-"
20.127.125.129 - - [19/Jul/2026:01:17:11 +0000] "GET /autodiscover/autodiscover.xml HTTP/1.1" 400 52 "-" "-"
20.127.125.129 - - [19/Jul/2026:01:17:12 +0000] "GET /autodiscover/autodiscover.xml HTTP/1.1" 400 52 "-" "-"
20.127.125.129 - - [19/Jul/2026:01:17:12 +0000] "GET /autodiscover/autodiscover.xml HTTP/1.1" 400 52 "-" "-"
20.127.125.129 - - [19/Jul/2026:01:17:12 +0000] "GET /autodiscover/autodiscover.xml HTTP/1.1" 400 52 "-" "-"
20.127.125.129 - - [19/Jul/2026:01:17:13 +0000] "GET /autodiscover/autodiscover.xml HTTP/1.1" 400 52 "-" "-"
20.127.125.129 - - [19/Jul/2026:01:17:13 +0000] "GET /autodiscover/autodiscover.xml HTTP/1.1" 400 52 "-" "-"
20.127.125.129 - - [19/Jul/2026:01:17:13 +0000] "GET /autodiscover/autodiscover.xml HTTP/1.1" 400 52 "-" "-"
20.127.125.129 - - [19/Jul/2026:01:17:13 +0000] "GET /autodiscover/autodiscover.xml HTTP/1.1" 400 52 "-" "-"
20.127.125.129 - - [19/Jul/2026:01:17:14 +0000] "GET /autodiscover/autodiscover.xml HTTP/1.1" 400 52 "-" "-"
20.127.125.129 - - [19/Jul/2026:01:17:14 +0000] "GET /autodiscover/autodiscover.xml HTTP/1.1" 400 52 "-" "-"
20.127.125.129 - - [19/Jul/2026:01:17:14 +0000] "GET /autodiscover/autodiscover.xml HTTP/1.1" 400 52 "-" "-"
20.127.125.129 - - [19/Jul/2026:01:17:15 +0000] "GET /autodiscover/autodiscover.xml HTTP/1.1" 400 52 "-" "-"
20.127.125.129 - - [19/Jul/2026:01:17:15 +0000] "GET /autodiscover/autodiscover.xml HTTP/1.1" 400 52 "-" "-"
20.127.125.129 - - [19/Jul/2026:01:17:15 +0000] "GET /autodiscover/autodiscover.xml HTTP/1.1" 400 52 "-" "-"
20.127.125.129 - - [19/Jul/2026:01:17:16 +0000] "GET /autodiscover/autodiscover.xml HTTP/1.1" 400 52 "-" "-"
20.127.125.129 - - [19/Jul/2026:01:17:16 +0000] "GET /autodiscover/autodiscover.xml HTTP/1.1" 400 52 "-" "-"
20.127.125.129 - - [19/Jul/2026:01:17:16 +0000] "GET /autodiscover/autodiscover.xml HTTP/1.1" 400 52 "-" "-"
20.127.125.129 - - [19/Jul/2026:01:17:16 +0000] "GET /autodiscover/autodiscover.xml HTTP/1.1" 400 52 "-" "-"
20.127.125.129 - - [19/Jul/2026:01:17:17 +0000] "GET /autodiscover/autodiscover.xml HTTP/1.1" 400 52 "-" "-"
20.127.125.129 - - [19/Jul/2026:01:17:17 +0000] "GET /autodiscover/autodiscover.xml HTTP/1.1" 400 52 "-" "-"
20.127.125.129 - - [19/Jul/2026:01:17:17 +0000] "GET /autodiscover/autodiscover.xml HTTP/1.1" 400 52 "-" "-"
20.127.125.129 - - [19/Jul/2026:01:17:18 +0000] "GET /autodiscover/autodiscover.xml HTTP/1.1" 400 52 "-" "-"
20.127.125.129 - - [19/Jul/2026:01:17:18 +0000] "GET /autodiscover/autodiscover.xml HTTP/1.1" 400 52 "-" "-"
217.113.60.80 - - [19/Jul/2026:01:22:01 +0000] "POST /xmlrpc.php HTTP/2" 403 5137 "-" "Mozilla/5.0 (Windows NT 10.0; Win64; x64) AppleWebKit/537.36 (KHTML, like Gecko) Chrome/133.0.0.0 Safari/537.36"
194.39.149.53 - - [19/Jul/2026:01:24:33 +0000] "POST /wp-cron.php?doing_wp_cron=1784424273.2892730236053466796875 HTTP/1.1" 200 0 "-" "WordPress/7.0.2; https://saudahmadco.com"
72.60.40.175 - - [19/Jul/2026:01:24:32 +0000] "GET /shop/ HTTP/2" 404 41713 "-" "Mozilla/5.0 (Windows NT 10.0; Win64; x64) AppleWebKit/537.36"
62.60.130.223 - - [19/Jul/2026:01:27:36 +0000] "GET /.vscode/sftp.json HTTP/1.1" 401 53 "-" "Mozilla/5.0 (Windows NT 10.0; Win64; x64) AppleWebKit/537.36 (KHTML, like Gecko) Chrome/114.0.0.0 Safari/537.36"
62.60.130.223 - - [19/Jul/2026:01:27:37 +0000] "GET /sftp-config.json HTTP/1.1" 401 53 "-" "Mozilla/5.0 (Windows NT 10.0; Win64; x64) AppleWebKit/537.36 (KHTML, like Gecko) Chrome/114.0.0.0 Safari/537.36"
194.39.149.53 - - [19/Jul/2026:01:32:44 +0000] "POST /wp-cron.php?doing_wp_cron=1784424764.4053859710693359375000 HTTP/1.1" 200 0 "-" "WordPress/7.0.2; https://saudahmadco.com"
72.60.40.175 - - [19/Jul/2026:01:32:43 +0000] "GET /shop/ HTTP/2" 404 41713 "-" "Mozilla/5.0 (Windows NT 10.0; Win64; x64) AppleWebKit/537.36"
117.0.21.154 - - [19/Jul/2026:01:34:20 +0000] "POST /xmlrpc.php HTTP/2" 403 5135 "-" "Mozilla/5.0 (Windows NT 10.0; Win64; x64) AppleWebKit/537.36 (KHTML, like Gecko) Chrome/133.0.0.0 Safari/537.36"
194.39.149.53 - - [19/Jul/2026:01:44:21 +0000] "POST /wp-cron.php?doing_wp_cron=1784425461.8178009986877441406250 HTTP/1.1" 200 0 "-" "WordPress/7.0.2; https://saudahmadco.com"
8.217.108.67 - - [19/Jul/2026:01:44:20 +0000] "GET /wp-login.php HTTP/2" 200 1926 "-" "Mozilla/5.0 (Windows NT 10.0; Win64; x64) AppleWebKit/537.36 (KHTML, like Gecko) Chrome/133.0.0.0 Safari/537.36"
194.39.149.53 - - [19/Jul/2026:01:46:30 +0000] "POST /wp-cron.php?doing_wp_cron=1784425590.8243460655212402343750 HTTP/1.1" 200 0 "-" "WordPress/7.0.2; https://saudahmadco.com"
72.60.40.175 - - [19/Jul/2026:01:46:29 +0000] "GET /shop/ HTTP/2" 404 41713 "-" "Mozilla/5.0 (Windows NT 10.0; Win64; x64) AppleWebKit/537.36"
31.42.184.154 - - [19/Jul/2026:01:49:34 +0000] "POST /xmlrpc.php HTTP/2" 403 5137 "-" "Mozilla/5.0 (Windows NT 10.0; Win64; x64) AppleWebKit/537.36 (KHTML, like Gecko) Chrome/133.0.0.0 Safari/537.36"
194.39.149.53 - - [19/Jul/2026:01:54:02 +0000] "POST /wp-cron.php?doing_wp_cron=1784426042.3927719593048095703125 HTTP/1.1" 200 0 "-" "WordPress/7.0.2; https://saudahmadco.com"
72.60.40.175 - - [19/Jul/2026:01:54:00 +0000] "GET /shop/ HTTP/2" 404 41713 "-" "Mozilla/5.0 (Windows NT 10.0; Win64; x64) AppleWebKit/537.36"
194.39.149.53 - - [19/Jul/2026:01:54:58 +0000] "POST /wp-cron.php?doing_wp_cron=1784426098.7572259902954101562500 HTTP/1.1" 200 0 "-" "WordPress/7.0.2; https://saudahmadco.com"
41.76.213.235 - - [19/Jul/2026:01:54:58 +0000] "GET /wp-login.php HTTP/2" 200 1926 "-" "Mozilla/5.0 (Windows NT 10.0; Win64; x64) AppleWebKit/537.36 (KHTML, like Gecko) Chrome/133.0.0.0 Safari/537.36"
41.76.213.235 - - [19/Jul/2026:01:54:59 +0000] "POST /wp-login.php HTTP/2" 200 2054 "https://saudahmadco.com/wp-login.php" "Mozilla/5.0 (Windows NT 10.0; Win64; x64) AppleWebKit/537.36 (KHTML, like Gecko) Chrome/133.0.0.0 Safari/537.36"
194.39.149.53 - - [19/Jul/2026:01:57:43 +0000] "POST /wp-cron.php?doing_wp_cron=1784426263.0916719436645507812500 HTTP/1.1" 200 0 "-" "WordPress/7.0.2; https://saudahmadco.com"
31.42.184.154 - - [19/Jul/2026:01:57:42 +0000] "GET /wp-login.php HTTP/2" 200 1926 "-" "Mozilla/5.0 (Windows NT 10.0; Win64; x64) AppleWebKit/537.36 (KHTML, like Gecko) Chrome/133.0.0.0 Safari/537.36"
31.42.184.154 - - [19/Jul/2026:01:57:43 +0000] "POST /wp-login.php HTTP/2" 200 2057 "https://saudahmadco.com/wp-login.php" "Mozilla/5.0 (Windows NT 10.0; Win64; x64) AppleWebKit/537.36 (KHTML, like Gecko) Chrome/133.0.0.0 Safari/537.36"
31.42.184.154 - - [19/Jul/2026:02:00:59 +0000] "POST /xmlrpc.php HTTP/2" 403 5137 "-" "Mozilla/5.0 (Windows NT 10.0; Win64; x64) AppleWebKit/537.36 (KHTML, like Gecko) Chrome/133.0.0.0 Safari/537.36"
194.39.149.53 - - [19/Jul/2026:02:05:23 +0000] "POST /wp-cron.php?doing_wp_cron=1784426723.3008320331573486328125 HTTP/1.1" 200 0 "-" "WordPress/7.0.2; https://saudahmadco.com"
199.189.225.167 - - [19/Jul/2026:02:05:22 +0000] "GET /wp-login.php HTTP/2" 200 1926 "-" "Mozilla/5.0 (Windows NT 10.0; Win64; x64) AppleWebKit/537.36 (KHTML, like Gecko) Chrome/133.0.0.0 Safari/537.36"
199.189.225.167 - - [19/Jul/2026:02:05:23 +0000] "POST /wp-login.php HTTP/2" 200 2057 "https://saudahmadco.com.keeloil.com/wp-login.php" "Mozilla/5.0 (Windows NT 10.0; Win64; x64) AppleWebKit/537.36 (KHTML, like Gecko) Chrome/133.0.0.0 Safari/537.36"
72.60.40.175 - - [19/Jul/2026:02:05:38 +0000] "GET /shop/ HTTP/2" 404 41713 "-" "Mozilla/5.0 (Windows NT 10.0; Win64; x64) AppleWebKit/537.36"
194.39.149.53 - - [19/Jul/2026:02:11:27 +0000] "POST /wp-cron.php?doing_wp_cron=1784427087.7128269672393798828125 HTTP/1.1" 200 0 "-" "WordPress/7.0.2; https://saudahmadco.com"
41.186.86.12 - - [19/Jul/2026:02:11:26 +0000] "GET /wp-login.php HTTP/2" 200 1926 "-" "Mozilla/5.0 (Windows NT 10.0; Win64; x64) AppleWebKit/537.36 (KHTML, like Gecko) Chrome/133.0.0.0 Safari/537.36"
41.186.86.12 - - [19/Jul/2026:02:11:28 +0000] "POST /wp-login.php HTTP/2" 200 2054 "https://saudahmadco.com.keeloil.com/wp-login.php" "Mozilla/5.0 (Windows NT 10.0; Win64; x64) AppleWebKit/537.36 (KHTML, like Gecko) Chrome/133.0.0.0 Safari/537.36"
31.42.184.154 - - [19/Jul/2026:02:16:14 +0000] "POST /xmlrpc.php HTTP/2" 403 5137 "-" "Mozilla/5.0 (Windows NT 10.0; Win64; x64) AppleWebKit/537.36 (KHTML, like Gecko) Chrome/133.0.0.0 Safari/537.36"
194.39.149.53 - - [19/Jul/2026:02:22:00 +0000] "POST /wp-cron.php?doing_wp_cron=1784427720.5557339191436767578125 HTTP/1.1" 200 0 "-" "WordPress/7.0.2; https://saudahmadco.com"
31.42.184.154 - - [19/Jul/2026:02:21:59 +0000] "GET /wp-login.php HTTP/2" 200 1926 "-" "Mozilla/5.0 (Windows NT 10.0; Win64; x64) AppleWebKit/537.36 (KHTML, like Gecko) Chrome/133.0.0.0 Safari/537.36"
31.42.184.154 - - [19/Jul/2026:02:22:01 +0000] "POST /wp-login.php HTTP/2" 200 2054 "https://saudahmadco.com/wp-login.php" "Mozilla/5.0 (Windows NT 10.0; Win64; x64) AppleWebKit/537.36 (KHTML, like Gecko) Chrome/133.0.0.0 Safari/537.36"
194.39.149.53 - - [19/Jul/2026:02:22:51 +0000] "POST /wp-cron.php?doing_wp_cron=1784427771.4406130313873291015625 HTTP/1.1" 200 0 "-" "WordPress/7.0.2; https://saudahmadco.com"
72.60.40.175 - - [19/Jul/2026:02:22:50 +0000] "GET /shop/ HTTP/2" 404 41713 "-" "Mozilla/5.0 (Windows NT 10.0; Win64; x64) AppleWebKit/537.36"
20.226.26.5 - - [19/Jul/2026:02:24:31 +0000] "GET /wp-content/plugins/hellopress/wp_filemanager.php HTTP/1.1" 401 36 "-" "-"
20.226.26.5 - - [19/Jul/2026:02:24:31 +0000] "GET /this_is_a_new_hello_world.php HTTP/1.1" 401 36 "-" "-"
20.226.26.5 - - [19/Jul/2026:02:24:31 +0000] "GET /sql.php HTTP/1.1" 401 36 "-" "-"
