20.230.87.222 - - [18/Jul/2026:19:57:06 +0000] "GET /wp-content/themes/wp-pridmag/lock.php HTTP/1.1" 401 36 "-" "-"
20.230.87.222 - - [18/Jul/2026:19:57:06 +0000] "GET /wp-admin/js/about.php HTTP/1.1" 401 36 "-" "-"
20.151.225.23 - - [18/Jul/2026:19:57:06 +0000] "GET /wp-config-sample.php HTTP/1.1" 500 928 "-" "Mozilla/5.0 (Windows NT 10.0; Win64; x64) AppleWebKit/537.36 (KHTML, like Gecko) Chrome/120.0.0.0 Safari/537.36"
20.230.87.222 - - [18/Jul/2026:19:57:06 +0000] "GET /admin/uploads/media.php HTTP/1.1" 401 36 "-" "-"
20.230.87.222 - - [18/Jul/2026:19:57:06 +0000] "GET /wp-admin/images/index.php HTTP/1.1" 401 36 "-" "-"
20.230.87.222 - - [18/Jul/2026:19:57:06 +0000] "GET /wp-admin/css/colors/coffee/about.php HTTP/1.1" 401 36 "-" "-"
20.230.87.222 - - [18/Jul/2026:19:57:06 +0000] "GET /browse.php HTTP/1.1" 401 36 "-" "-"
20.230.87.222 - - [18/Jul/2026:19:57:06 +0000] "GET /shell20211028.php HTTP/1.1" 401 36 "-" "-"
20.230.87.222 - - [18/Jul/2026:19:57:07 +0000] "GET /wp-content/themes/twenty/twenty.php HTTP/1.1" 401 36 "-" "-"
20.230.87.222 - - [18/Jul/2026:19:57:07 +0000] "GET /wp-content/themes/twentytwentytwo/alfa-rex.php HTTP/1.1" 401 36 "-" "-"
20.230.87.222 - - [18/Jul/2026:19:57:07 +0000] "GET /index/lock.php HTTP/1.1" 401 36 "-" "-"
20.230.87.222 - - [18/Jul/2026:19:57:07 +0000] "GET /wp-includes/style-engine/about.php HTTP/1.1" 401 36 "-" "-"
20.230.87.222 - - [18/Jul/2026:19:57:07 +0000] "GET /wp-includes/theme-compat/chosen.php HTTP/1.1" 401 36 "-" "-"
20.230.87.222 - - [18/Jul/2026:19:57:07 +0000] "GET /wp-content/config.php HTTP/1.1" 401 36 "-" "-"
20.230.87.222 - - [18/Jul/2026:19:57:07 +0000] "GET /moon.php HTTP/1.1" 401 36 "-" "-"
20.230.87.222 - - [18/Jul/2026:19:57:07 +0000] "GET /wp-includes/ID3/index.php HTTP/1.1" 401 36 "-" "-"
20.230.87.222 - - [18/Jul/2026:19:57:07 +0000] "GET /wp-admin/css/wp-conflg.php HTTP/1.1" 401 36 "-" "-"
20.230.87.222 - - [18/Jul/2026:19:57:07 +0000] "GET /wp-admin/css/colors/index.php HTTP/1.1" 401 36 "-" "-"
20.151.225.23 - - [18/Jul/2026:19:57:06 +0000] "GET /.well-known/acme-challenge/index.php HTTP/1.1" 301 0 "-" "Mozilla/5.0 (Windows NT 10.0; Win64; x64) AppleWebKit/537.36 (KHTML, like Gecko) Chrome/120.0.0.0 Safari/537.36"
20.230.87.222 - - [18/Jul/2026:19:57:08 +0000] "GET /css/chosen.php HTTP/1.1" 401 36 "-" "-"
20.230.87.222 - - [18/Jul/2026:19:57:08 +0000] "GET /wp-includes/Requests/Utility/cc.php HTTP/1.1" 401 36 "-" "-"
20.230.87.222 - - [18/Jul/2026:19:57:08 +0000] "GET /wp-includes/Text/index.php HTTP/1.1" 401 36 "-" "-"
20.230.87.222 - - [18/Jul/2026:19:57:08 +0000] "GET /packed.php HTTP/1.1" 401 36 "-" "-"
20.230.87.222 - - [18/Jul/2026:19:57:08 +0000] "GET /wp-admin/update.php HTTP/1.1" 401 36 "-" "-"
20.151.225.23 - - [18/Jul/2026:19:57:08 +0000] "GET /wp-includes/blocks/shortcode/index.php HTTP/1.1" 301 0 "-" "Mozilla/5.0 (Windows NT 10.0; Win64; x64) AppleWebKit/537.36 (KHTML, like Gecko) Chrome/120.0.0.0 Safari/537.36"
20.230.87.222 - - [18/Jul/2026:19:57:08 +0000] "GET /wp-content/themes/astra/inc/fm.php HTTP/1.1" 401 36 "-" "-"
20.151.225.23 - - [18/Jul/2026:19:57:08 +0000] "GET /wp-includes/images/smilies/ HTTP/1.1" 404 1251 "-" "Mozilla/5.0 (Windows NT 10.0; Win64; x64) AppleWebKit/537.36 (KHTML, like Gecko) Chrome/120.0.0.0 Safari/537.36"
20.230.87.222 - - [18/Jul/2026:19:57:08 +0000] "GET /link.php HTTP/1.1" 401 36 "-" "-"
20.151.225.23 - - [18/Jul/2026:19:57:08 +0000] "GET /cgi-bin/index.php HTTP/1.1" 404 1251 "-" "Mozilla/5.0 (Windows NT 10.0; Win64; x64) AppleWebKit/537.36 (KHTML, like Gecko) Chrome/120.0.0.0 Safari/537.36"
20.230.87.222 - - [18/Jul/2026:19:57:08 +0000] "GET /wp-content/mu-plugins/gecko.php HTTP/1.1" 401 36 "-" "-"
20.230.87.222 - - [18/Jul/2026:19:57:08 +0000] "GET /footer.php HTTP/1.1" 401 36 "-" "-"
20.230.87.222 - - [18/Jul/2026:19:57:09 +0000] "GET /wp-includes/js/codemirror/index.php HTTP/1.1" 401 36 "-" "-"
20.230.87.222 - - [18/Jul/2026:19:57:09 +0000] "GET /config.php HTTP/1.1" 401 36 "-" "-"
20.230.87.222 - - [18/Jul/2026:19:57:09 +0000] "GET /fw.php HTTP/1.1" 401 36 "-" "-"
20.230.87.222 - - [18/Jul/2026:19:57:09 +0000] "GET /post.php HTTP/1.1" 401 36 "-" "-"
20.151.225.23 - - [18/Jul/2026:19:57:08 +0000] "GET /an.php HTTP/1.1" 404 9497 "-" "Mozilla/5.0 (Windows NT 10.0; Win64; x64) AppleWebKit/537.36 (KHTML, like Gecko) Chrome/120.0.0.0 Safari/537.36"
20.151.225.23 - - [18/Jul/2026:19:57:09 +0000] "GET /wp-admin/images/ HTTP/1.1" 404 1251 "-" "Mozilla/5.0 (Windows NT 10.0; Win64; x64) AppleWebKit/537.36 (KHTML, like Gecko) Chrome/120.0.0.0 Safari/537.36"
20.230.87.222 - - [18/Jul/2026:19:57:09 +0000] "GET /ALFA_DATA/index.php HTTP/1.1" 401 36 "-" "-"
20.230.87.222 - - [18/Jul/2026:19:57:09 +0000] "GET /wp-admin/css/colors/blue/moon.php HTTP/1.1" 401 36 "-" "-"
20.230.87.222 - - [18/Jul/2026:19:57:09 +0000] "GET /wp-content/themes/wp-pridmag/up.php HTTP/1.1" 401 36 "-" "-"
20.230.87.222 - - [18/Jul/2026:19:57:09 +0000] "GET /wp-includes/html-api/alfa-rex.php HTTP/1.1" 401 36 "-" "-"
20.230.87.222 - - [18/Jul/2026:19:57:09 +0000] "GET /wp-content/upgrade-temp-backup/about.php HTTP/1.1" 401 36 "-" "-"
20.230.87.222 - - [18/Jul/2026:19:57:10 +0000] "GET /wp-admin/includes/m.php HTTP/1.1" 401 36 "-" "-"
20.230.87.222 - - [18/Jul/2026:19:57:10 +0000] "GET /images/admin.php HTTP/1.1" 401 36 "-" "-"
20.230.87.222 - - [18/Jul/2026:19:57:10 +0000] "GET /admin/fckeditor/editor/filemanager/alfanew.php HTTP/1.1" 401 36 "-" "-"
20.230.87.222 - - [18/Jul/2026:19:57:10 +0000] "GET /wp-admin/user/admin.php HTTP/1.1" 401 36 "-" "-"
20.230.87.222 - - [18/Jul/2026:19:57:10 +0000] "GET /wp-includes/IXR/shell.php HTTP/1.1" 401 36 "-" "-"
20.230.87.222 - - [18/Jul/2026:19:57:10 +0000] "GET /wp-trackback.php HTTP/1.1" 401 36 "-" "-"
20.230.87.222 - - [18/Jul/2026:19:57:10 +0000] "GET /wp-content/content.php HTTP/1.1" 401 36 "-" "-"
20.230.87.222 - - [18/Jul/2026:19:57:10 +0000] "GET /wp-admin/wp-conflg.php HTTP/1.1" 401 36 "-" "-"
20.230.87.222 - - [18/Jul/2026:19:57:10 +0000] "GET /wp-includes/Requests/Utility/alfa-rex.php HTTP/1.1" 401 36 "-" "-"
20.230.87.222 - - [18/Jul/2026:19:57:11 +0000] "GET /wp-content/upgrade-temp-backup/ty.php HTTP/1.1" 401 36 "-" "-"
20.230.87.222 - - [18/Jul/2026:19:57:11 +0000] "GET /.well-known/content.php HTTP/1.1" 401 36 "-" "-"
20.230.87.222 - - [18/Jul/2026:19:57:11 +0000] "GET /index/index.php HTTP/1.1" 401 36 "-" "-"
20.230.87.222 - - [18/Jul/2026:19:57:11 +0000] "GET /wp-includes/autoload_classmap.php HTTP/1.1" 401 36 "-" "-"
20.230.87.222 - - [18/Jul/2026:19:57:11 +0000] "GET /include/wp-configs.php HTTP/1.1" 401 36 "-" "-"
20.230.87.222 - - [18/Jul/2026:19:57:11 +0000] "GET /wp-admin/js/chosen.php HTTP/1.1" 401 36 "-" "-"
20.230.87.222 - - [18/Jul/2026:19:57:11 +0000] "GET /wp-admin/maint/about.php HTTP/1.1" 401 36 "-" "-"
20.230.87.222 - - [18/Jul/2026:19:57:11 +0000] "GET /wp-includes/sodium_compat/alfa-rex.php HTTP/1.1" 401 36 "-" "-"
20.230.87.222 - - [18/Jul/2026:19:57:11 +0000] "GET /bg/xmrlpc.php HTTP/1.1" 401 36 "-" "-"
20.230.87.222 - - [18/Jul/2026:19:57:11 +0000] "GET /wp-content/plugins/core-plugin/file-manager.php HTTP/1.1" 401 36 "-" "-"
20.230.87.222 - - [18/Jul/2026:19:57:12 +0000] "GET /wp-content/uploads/423_index.php HTTP/1.1" 401 36 "-" "-"
20.230.87.222 - - [18/Jul/2026:19:57:12 +0000] "GET /wp-admin/network/wp-conflg.php HTTP/1.1" 401 36 "-" "-"
20.230.87.222 - - [18/Jul/2026:19:57:12 +0000] "GET /wp-admin/css/colors/blue/atomlib.php HTTP/1.1" 401 36 "-" "-"
20.230.87.222 - - [18/Jul/2026:19:57:12 +0000] "GET /wp-admin/byp.php HTTP/1.1" 401 36 "-" "-"
20.230.87.222 - - [18/Jul/2026:19:57:12 +0000] "GET /wp-includes/theme-compat/index.php HTTP/1.1" 401 36 "-" "-"
20.230.87.222 - - [18/Jul/2026:19:57:12 +0000] "GET /wp-content/wp-login.php HTTP/1.1" 401 36 "-" "-"
20.230.87.222 - - [18/Jul/2026:19:57:12 +0000] "GET /admin/editor/engine.php HTTP/1.1" 401 36 "-" "-"
20.230.87.222 - - [18/Jul/2026:19:57:12 +0000] "GET /chosen.php HTTP/1.1" 401 36 "-" "-"
20.230.87.222 - - [18/Jul/2026:19:57:12 +0000] "GET /wp-includes/images/smilies/index.php HTTP/1.1" 401 36 "-" "-"
20.230.87.222 - - [18/Jul/2026:19:57:13 +0000] "GET /wp-content/themes/aahana/json.php HTTP/1.1" 401 36 "-" "-"
20.230.87.222 - - [18/Jul/2026:19:57:13 +0000] "GET /wp-includes/html-api/about.php HTTP/1.1" 401 36 "-" "-"
20.230.87.222 - - [18/Jul/2026:19:57:13 +0000] "GET /wp-content/uploads/index.php HTTP/1.1" 401 36 "-" "-"
20.230.87.222 - - [18/Jul/2026:19:57:13 +0000] "GET /wp-includes/images/smilies/about.php HTTP/1.1" 401 36 "-" "-"
20.230.87.222 - - [18/Jul/2026:19:57:13 +0000] "GET /assets/plugins/jquery-file-upload/server/php/include.php HTTP/1.1" 401 36 "-" "-"
20.230.87.222 - - [18/Jul/2026:19:57:13 +0000] "GET /images/lmfi2.php HTTP/1.1" 401 36 "-" "-"
20.230.87.222 - - [18/Jul/2026:19:57:13 +0000] "GET /wp-admin/function.php HTTP/1.1" 401 36 "-" "-"
20.230.87.222 - - [18/Jul/2026:19:57:13 +0000] "GET /wp-includes/Text/Diff/alfa-rex.php HTTP/1.1" 401 36 "-" "-"
20.230.87.222 - - [18/Jul/2026:19:57:13 +0000] "GET /images/chosen.php HTTP/1.1" 401 36 "-" "-"
20.230.87.222 - - [18/Jul/2026:19:57:14 +0000] "GET /mah.php HTTP/1.1" 401 36 "-" "-"
20.230.87.222 - - [18/Jul/2026:19:57:14 +0000] "GET /wp-content/json.php HTTP/1.1" 401 36 "-" "-"
20.230.87.222 - - [18/Jul/2026:19:57:14 +0000] "GET /wp-includes/fonts/index.php HTTP/1.1" 401 36 "-" "-"
20.230.87.222 - - [18/Jul/2026:19:57:14 +0000] "GET /wp-includes/Requests/file.php HTTP/1.1" 401 36 "-" "-"
20.151.225.23 - - [18/Jul/2026:19:57:09 +0000] "GET /404.php HTTP/1.1" 404 9497 "-" "Mozilla/5.0 (Windows NT 10.0; Win64; x64) AppleWebKit/537.36 (KHTML, like Gecko) Chrome/120.0.0.0 Safari/537.36"
20.230.87.222 - - [18/Jul/2026:19:57:14 +0000] "GET /wp-content/themes/seotheme/classwithtostring.php HTTP/1.1" 401 36 "-" "-"
20.230.87.222 - - [18/Jul/2026:19:57:14 +0000] "GET /wp-includes/widgets/parx.php HTTP/1.1" 401 36 "-" "-"
20.230.87.222 - - [18/Jul/2026:19:57:14 +0000] "GET /wp-content/plugins/Cache/footer.php HTTP/1.1" 401 36 "-" "-"
20.230.87.222 - - [18/Jul/2026:19:57:14 +0000] "GET /content.php HTTP/1.1" 401 36 "-" "-"
20.230.87.222 - - [18/Jul/2026:19:57:15 +0000] "GET /wp-includes/css/wp-conflg.php HTTP/1.1" 401 36 "-" "-"
20.230.87.222 - - [18/Jul/2026:19:57:15 +0000] "GET /wp-admin/admin-post.php HTTP/1.1" 401 36 "-" "-"
20.230.87.222 - - [18/Jul/2026:19:57:15 +0000] "GET /wp-includes/html-api/chosen.php HTTP/1.1" 401 36 "-" "-"
20.230.87.222 - - [18/Jul/2026:19:57:15 +0000] "GET /wp-admin/includes/cong.php HTTP/1.1" 401 36 "-" "-"
20.230.87.222 - - [18/Jul/2026:19:57:15 +0000] "GET /wp-admin/network/shell.php HTTP/1.1" 401 36 "-" "-"
20.230.87.222 - - [18/Jul/2026:19:57:15 +0000] "GET /cgi-bin/upfile.php HTTP/1.1" 401 36 "-" "-"
20.230.87.222 - - [18/Jul/2026:19:57:15 +0000] "GET /wp-includes/images/smilies/wp-login.php HTTP/1.1" 401 36 "-" "-"
20.230.87.222 - - [18/Jul/2026:19:57:15 +0000] "GET /cong.php HTTP/1.1" 401 36 "-" "-"
20.230.87.222 - - [18/Jul/2026:19:57:15 +0000] "GET /wp-login.php HTTP/1.1" 401 36 "-" "-"
20.230.87.222 - - [18/Jul/2026:19:57:16 +0000] "GET /makeasmtp.php HTTP/1.1" 401 36 "-" "-"
20.230.87.222 - - [18/Jul/2026:19:57:16 +0000] "GET /wp-admin/css/colors/blue/lock.php HTTP/1.1" 401 36 "-" "-"
20.230.87.222 - - [18/Jul/2026:19:57:16 +0000] "GET /wp-content/plugins/pwnd/classwithtostring.php HTTP/1.1" 401 36 "-" "-"
20.230.87.222 - - [18/Jul/2026:19:57:16 +0000] "GET /wp-includes/Text/Diff/Renderer/about.php HTTP/1.1" 401 36 "-" "-"
20.230.87.222 - - [18/Jul/2026:19:57:16 +0000] "GET /13.php HTTP/1.1" 401 36 "-" "-"
20.230.87.222 - - [18/Jul/2026:19:57:16 +0000] "GET /wp-includes/sodium_compat/index.php HTTP/1.1" 401 36 "-" "-"
20.230.87.222 - - [18/Jul/2026:19:57:16 +0000] "GET /.well-known/cache-compat.php HTTP/1.1" 401 36 "-" "-"
20.230.87.222 - - [18/Jul/2026:19:57:16 +0000] "GET /wp-mail.php/wp-includes/ID3/rnEPv9.php HTTP/1.1" 401 36 "-" "-"
20.230.87.222 - - [18/Jul/2026:19:57:16 +0000] "GET /wp-includes/php-compat/content.php HTTP/1.1" 401 36 "-" "-"
20.230.87.222 - - [18/Jul/2026:19:57:16 +0000] "GET /admin/function.php HTTP/1.1" 401 36 "-" "-"
20.230.87.222 - - [18/Jul/2026:19:57:17 +0000] "GET /wp-includes/fonts/admin.php HTTP/1.1" 401 36 "-" "-"
20.230.87.222 - - [18/Jul/2026:19:57:17 +0000] "GET /doc.php HTTP/1.1" 401 36 "-" "-"
20.230.87.222 - - [18/Jul/2026:19:57:17 +0000] "GET /wp-includes/block-patterns/autoload_classmap.php HTTP/1.1" 401 36 "-" "-"
20.230.87.222 - - [18/Jul/2026:19:57:17 +0000] "GET /wp-includes/images/autoload_classmap.php HTTP/1.1" 401 36 "-" "-"
20.230.87.222 - - [18/Jul/2026:19:57:17 +0000] "GET /wp-includes/certificates/index.php HTTP/1.1" 401 36 "-" "-"
20.230.87.222 - - [18/Jul/2026:19:57:17 +0000] "GET /css/install.php HTTP/1.1" 401 36 "-" "-"
20.230.87.222 - - [18/Jul/2026:19:57:17 +0000] "GET /wp-includes/theme-compat/wp-conflg.php/wp-content/plugins/google-seo-rank/index.php HTTP/1.1" 401 36 "-" "-"
20.230.87.222 - - [18/Jul/2026:19:57:17 +0000] "GET /xmrlpc.php HTTP/1.1" 401 36 "-" "-"
20.230.87.222 - - [18/Jul/2026:19:57:18 +0000] "GET /wp-admin/css/colors/classwithtostring.php HTTP/1.1" 401 36 "-" "-"
20.230.87.222 - - [18/Jul/2026:19:57:18 +0000] "GET /wp-includes/index.php HTTP/1.1" 401 36 "-" "-"
20.230.87.222 - - [18/Jul/2026:19:57:18 +0000] "GET /wp-includes/fonts/install.php HTTP/1.1" 401 36 "-" "-"
20.230.87.222 - - [18/Jul/2026:19:57:18 +0000] "GET /assets/edit.php HTTP/1.1" 401 36 "-" "-"
20.230.87.222 - - [18/Jul/2026:19:57:18 +0000] "GET /file.php HTTP/1.1" 401 36 "-" "-"
20.230.87.222 - - [18/Jul/2026:19:57:18 +0000] "GET /wp-admin/index.php HTTP/1.1" 401 36 "-" "-"
20.230.87.222 - - [18/Jul/2026:19:57:18 +0000] "GET /wp-includes/Text/Diff/Engine/wp-login.php HTTP/1.1" 401 36 "-" "-"
20.230.87.222 - - [18/Jul/2026:19:57:18 +0000] "GET /wp-admin/user/chosen.php HTTP/1.1" 401 36 "-" "-"
20.230.87.222 - - [18/Jul/2026:19:57:19 +0000] "GET /wp-content/uploads/wp-conflg.php HTTP/1.1" 401 36 "-" "-"
20.230.87.222 - - [18/Jul/2026:19:57:19 +0000] "GET /ok.php HTTP/1.1" 401 36 "-" "-"
20.230.87.222 - - [18/Jul/2026:19:57:19 +0000] "GET /wp-includes/IXR/alfa-rex.php HTTP/1.1" 401 36 "-" "-"
20.230.87.222 - - [18/Jul/2026:19:57:19 +0000] "GET /wp-admin/autoload_classmap.php HTTP/1.1" 401 36 "-" "-"
20.230.87.222 - - [18/Jul/2026:19:57:19 +0000] "GET /wp-includes/sodium_compat/src/index.php HTTP/1.1" 401 36 "-" "-"
20.230.87.222 - - [18/Jul/2026:19:57:19 +0000] "GET /wp-includes/block-patterns/about.php HTTP/1.1" 401 36 "-" "-"
20.230.87.222 - - [18/Jul/2026:19:57:19 +0000] "GET /wp-includes/css/alfa-rex.php HTTP/1.1" 401 36 "-" "-"
20.230.87.222 - - [18/Jul/2026:19:57:19 +0000] "GET /images/stories/admin-post.php HTTP/1.1" 401 36 "-" "-"
194.39.149.53 - - [18/Jul/2026:19:57:20 +0000] "POST /wp-cron.php?doing_wp_cron=1784404640.3949790000915527343750 HTTP/1.1" 200 0 "-" "WordPress/7.0.2; https://saudahmadco.com"
20.151.225.23 - - [18/Jul/2026:19:57:14 +0000] "GET /wp-login.php HTTP/1.1" 200 1926 "-" "Mozilla/5.0 (Windows NT 10.0; Win64; x64) AppleWebKit/537.36 (KHTML, like Gecko) Chrome/120.0.0.0 Safari/537.36"
20.151.225.23 - - [18/Jul/2026:19:57:20 +0000] "GET /wp-content/uploads/goods.php HTTP/1.1" 200 0 "-" "Mozilla/5.0 (Windows NT 10.0; Win64; x64) AppleWebKit/537.36 (KHTML, like Gecko) Chrome/120.0.0.0 Safari/537.36"
20.151.225.23 - - [18/Jul/2026:19:57:20 +0000] "GET /wp-includes/ID3/ HTTP/1.1" 404 1251 "-" "Mozilla/5.0 (Windows NT 10.0; Win64; x64) AppleWebKit/537.36 (KHTML, like Gecko) Chrome/120.0.0.0 Safari/537.36"
20.151.225.23 - - [18/Jul/2026:19:57:20 +0000] "GET /.well-known/ HTTP/1.1" 404 1251 "-" "Mozilla/5.0 (Windows NT 10.0; Win64; x64) AppleWebKit/537.36 (KHTML, like Gecko) Chrome/120.0.0.0 Safari/537.36"
20.151.225.23 - - [18/Jul/2026:19:57:20 +0000] "GET /wso.php HTTP/1.1" 403 5137 "-" "Mozilla/5.0 (Windows NT 10.0; Win64; x64) AppleWebKit/537.36 (KHTML, like Gecko) Chrome/120.0.0.0 Safari/537.36"
20.151.225.23 - - [18/Jul/2026:19:57:21 +0000] "GET /sf.php HTTP/1.1" 404 9497 "-" "Mozilla/5.0 (Windows NT 10.0; Win64; x64) AppleWebKit/537.36 (KHTML, like Gecko) Chrome/120.0.0.0 Safari/537.36"
20.151.225.23 - - [18/Jul/2026:19:57:21 +0000] "GET /index/function.php HTTP/1.1" 404 9497 "-" "Mozilla/5.0 (Windows NT 10.0; Win64; x64) AppleWebKit/537.36 (KHTML, like Gecko) Chrome/120.0.0.0 Safari/537.36"
20.151.225.23 - - [18/Jul/2026:19:57:22 +0000] "GET /edit.php HTTP/1.1" 404 9497 "-" "Mozilla/5.0 (Windows NT 10.0; Win64; x64) AppleWebKit/537.36 (KHTML, like Gecko) Chrome/120.0.0.0 Safari/537.36"
20.151.225.23 - - [18/Jul/2026:19:57:23 +0000] "GET /wp-includes/rest-api/ HTTP/1.1" 404 1251 "-" "Mozilla/5.0 (Windows NT 10.0; Win64; x64) AppleWebKit/537.36 (KHTML, like Gecko) Chrome/120.0.0.0 Safari/537.36"
20.151.225.23 - - [18/Jul/2026:19:57:23 +0000] "GET /wp-content/themes/twentytwenty/404.php HTTP/1.1" 200 0 "-" "Mozilla/5.0 (Windows NT 10.0; Win64; x64) AppleWebKit/537.36 (KHTML, like Gecko) Chrome/120.0.0.0 Safari/537.36"
20.151.225.23 - - [18/Jul/2026:19:57:23 +0000] "GET /wp-good.php HTTP/1.1" 404 9497 "-" "Mozilla/5.0 (Windows NT 10.0; Win64; x64) AppleWebKit/537.36 (KHTML, like Gecko) Chrome/120.0.0.0 Safari/537.36"
20.151.225.23 - - [18/Jul/2026:19:57:24 +0000] "GET /wp-admin/js/widgets/ HTTP/1.1" 404 1251 "-" "Mozilla/5.0 (Windows NT 10.0; Win64; x64) AppleWebKit/537.36 (KHTML, like Gecko) Chrome/120.0.0.0 Safari/537.36"
20.151.225.23 - - [18/Jul/2026:19:57:24 +0000] "GET /wp-admin/css/colors/midnight/ HTTP/1.1" 404 1251 "-" "Mozilla/5.0 (Windows NT 10.0; Win64; x64) AppleWebKit/537.36 (KHTML, like Gecko) Chrome/120.0.0.0 Safari/537.36"
20.151.225.23 - - [18/Jul/2026:19:57:24 +0000] "GET /tes.php HTTP/1.1" 404 9497 "-" "Mozilla/5.0 (Windows NT 10.0; Win64; x64) AppleWebKit/537.36 (KHTML, like Gecko) Chrome/120.0.0.0 Safari/537.36"
20.151.225.23 - - [18/Jul/2026:19:57:25 +0000] "GET /files/index.php HTTP/1.1" 301 0 "-" "Mozilla/5.0 (Windows NT 10.0; Win64; x64) AppleWebKit/537.36 (KHTML, like Gecko) Chrome/120.0.0.0 Safari/537.36"
20.151.225.23 - - [18/Jul/2026:19:57:28 +0000] "GET /wp-content/uploads/index.php HTTP/1.1" 200 0 "-" "Mozilla/5.0 (Windows NT 10.0; Win64; x64) AppleWebKit/537.36 (KHTML, like Gecko) Chrome/120.0.0.0 Safari/537.36"
20.151.225.23 - - [18/Jul/2026:19:57:28 +0000] "GET /images/images/about.php HTTP/1.1" 404 9497 "-" "Mozilla/5.0 (Windows NT 10.0; Win64; x64) AppleWebKit/537.36 (KHTML, like Gecko) Chrome/120.0.0.0 Safari/537.36"
20.151.225.23 - - [18/Jul/2026:19:57:30 +0000] "GET /ms-edit.php HTTP/1.1" 404 9497 "-" "Mozilla/5.0 (Windows NT 10.0; Win64; x64) AppleWebKit/537.36 (KHTML, like Gecko) Chrome/120.0.0.0 Safari/537.36"
20.151.225.23 - - [18/Jul/2026:19:57:30 +0000] "GET /rip.php HTTP/1.1" 404 9497 "-" "Mozilla/5.0 (Windows NT 10.0; Win64; x64) AppleWebKit/537.36 (KHTML, like Gecko) Chrome/120.0.0.0 Safari/537.36"
20.151.225.23 - - [18/Jul/2026:19:57:31 +0000] "GET /wp-content/uploads/ HTTP/1.1" 404 1251 "-" "Mozilla/5.0 (Windows NT 10.0; Win64; x64) AppleWebKit/537.36 (KHTML, like Gecko) Chrome/120.0.0.0 Safari/537.36"
20.151.225.23 - - [18/Jul/2026:19:57:31 +0000] "GET /xmlrpc.php HTTP/1.1" 405 46 "-" "Mozilla/5.0 (Windows NT 10.0; Win64; x64) AppleWebKit/537.36 (KHTML, like Gecko) Chrome/120.0.0.0 Safari/537.36"
20.151.225.23 - - [18/Jul/2026:19:57:32 +0000] "GET /moon.php HTTP/1.1" 403 5135 "-" "Mozilla/5.0 (Windows NT 10.0; Win64; x64) AppleWebKit/537.36 (KHTML, like Gecko) Chrome/120.0.0.0 Safari/537.36"
20.151.225.23 - - [18/Jul/2026:19:57:32 +0000] "GET /cache.php HTTP/1.1" 404 9497 "-" "Mozilla/5.0 (Windows NT 10.0; Win64; x64) AppleWebKit/537.36 (KHTML, like Gecko) Chrome/120.0.0.0 Safari/537.36"
20.151.225.23 - - [18/Jul/2026:19:57:32 +0000] "GET /wp-includes/block-bindings/ HTTP/1.1" 404 1251 "-" "Mozilla/5.0 (Windows NT 10.0; Win64; x64) AppleWebKit/537.36 (KHTML, like Gecko) Chrome/120.0.0.0 Safari/537.36"
20.151.225.23 - - [18/Jul/2026:19:57:32 +0000] "GET /vendor/ HTTP/1.1" 404 9497 "-" "Mozilla/5.0 (Windows NT 10.0; Win64; x64) AppleWebKit/537.36 (KHTML, like Gecko) Chrome/120.0.0.0 Safari/537.36"
20.151.225.23 - - [18/Jul/2026:19:57:33 +0000] "GET /wp-content/themes/ HTTP/1.1" 200 0 "-" "Mozilla/5.0 (Windows NT 10.0; Win64; x64) AppleWebKit/537.36 (KHTML, like Gecko) Chrome/120.0.0.0 Safari/537.36"
20.151.225.23 - - [18/Jul/2026:19:57:33 +0000] "GET /wp-includes/images/smilies/about.php HTTP/1.1" 404 9497 "-" "Mozilla/5.0 (Windows NT 10.0; Win64; x64) AppleWebKit/537.36 (KHTML, like Gecko) Chrome/120.0.0.0 Safari/537.36"
20.151.225.23 - - [18/Jul/2026:19:57:33 +0000] "GET /wp-includes/js/crop/ HTTP/1.1" 404 1251 "-" "Mozilla/5.0 (Windows NT 10.0; Win64; x64) AppleWebKit/537.36 (KHTML, like Gecko) Chrome/120.0.0.0 Safari/537.36"
20.151.225.23 - - [18/Jul/2026:19:57:33 +0000] "GET /wp-mail.php HTTP/1.1" 403 970 "-" "Mozilla/5.0 (Windows NT 10.0; Win64; x64) AppleWebKit/537.36 (KHTML, like Gecko) Chrome/120.0.0.0 Safari/537.36"
20.151.225.23 - - [18/Jul/2026:19:57:34 +0000] "GET /o.php HTTP/1.1" 404 9497 "-" "Mozilla/5.0 (Windows NT 10.0; Win64; x64) AppleWebKit/537.36 (KHTML, like Gecko) Chrome/120.0.0.0 Safari/537.36"
20.151.225.23 - - [18/Jul/2026:19:57:35 +0000] "GET /bb.php HTTP/1.1" 404 9497 "-" "Mozilla/5.0 (Windows NT 10.0; Win64; x64) AppleWebKit/537.36 (KHTML, like Gecko) Chrome/120.0.0.0 Safari/537.36"
20.151.225.23 - - [18/Jul/2026:19:57:35 +0000] "GET /wp-admin/maint/admin.php HTTP/1.1" 302 0 "-" "Mozilla/5.0 (Windows NT 10.0; Win64; x64) AppleWebKit/537.36 (KHTML, like Gecko) Chrome/120.0.0.0 Safari/537.36"
20.151.225.23 - - [18/Jul/2026:19:57:36 +0000] "GET /wp-admin/network/ HTTP/1.1" 302 0 "-" "Mozilla/5.0 (Windows NT 10.0; Win64; x64) AppleWebKit/537.36 (KHTML, like Gecko) Chrome/120.0.0.0 Safari/537.36"
20.151.225.23 - - [18/Jul/2026:19:57:36 +0000] "GET /wp-includes/IXR/index.php HTTP/1.1" 301 0 "-" "Mozilla/5.0 (Windows NT 10.0; Win64; x64) AppleWebKit/537.36 (KHTML, like Gecko) Chrome/120.0.0.0 Safari/537.36"
20.151.225.23 - - [18/Jul/2026:19:57:37 +0000] "GET /xmrlpc.php HTTP/1.1" 404 9497 "-" "Mozilla/5.0 (Windows NT 10.0; Win64; x64) AppleWebKit/537.36 (KHTML, like Gecko) Chrome/120.0.0.0 Safari/537.36"
20.151.225.23 - - [18/Jul/2026:19:57:37 +0000] "GET /file.php HTTP/1.1" 404 9497 "-" "Mozilla/5.0 (Windows NT 10.0; Win64; x64) AppleWebKit/537.36 (KHTML, like Gecko) Chrome/120.0.0.0 Safari/537.36"
20.151.225.23 - - [18/Jul/2026:19:57:38 +0000] "GET /epinyins.php HTTP/1.1" 404 9497 "-" "Mozilla/5.0 (Windows NT 10.0; Win64; x64) AppleWebKit/537.36 (KHTML, like Gecko) Chrome/120.0.0.0 Safari/537.36"
20.151.225.23 - - [18/Jul/2026:19:57:38 +0000] "GET /wp-admin/css/index.php HTTP/1.1" 302 0 "-" "Mozilla/5.0 (Windows NT 10.0; Win64; x64) AppleWebKit/537.36 (KHTML, like Gecko) Chrome/120.0.0.0 Safari/537.36"
20.151.225.23 - - [18/Jul/2026:19:57:39 +0000] "GET /wp-includes/php-compat/ HTTP/1.1" 404 1251 "-" "Mozilla/5.0 (Windows NT 10.0; Win64; x64) AppleWebKit/537.36 (KHTML, like Gecko) Chrome/120.0.0.0 Safari/537.36"
20.151.225.23 - - [18/Jul/2026:19:57:39 +0000] "GET /wp-includes/style-engine/index.php HTTP/1.1" 301 0 "-" "Mozilla/5.0 (Windows NT 10.0; Win64; x64) AppleWebKit/537.36 (KHTML, like Gecko) Chrome/120.0.0.0 Safari/537.36"
20.151.225.23 - - [18/Jul/2026:19:57:39 +0000] "GET /wp-admin/css/colors/coffee/index.php HTTP/1.1" 302 0 "-" "Mozilla/5.0 (Windows NT 10.0; Win64; x64) AppleWebKit/537.36 (KHTML, like Gecko) Chrome/120.0.0.0 Safari/537.36"
20.151.225.23 - - [18/Jul/2026:19:57:40 +0000] "GET /wp.php HTTP/1.1" 404 9497 "-" "Mozilla/5.0 (Windows NT 10.0; Win64; x64) AppleWebKit/537.36 (KHTML, like Gecko) Chrome/120.0.0.0 Safari/537.36"
20.151.225.23 - - [18/Jul/2026:19:57:40 +0000] "GET /function/function.php HTTP/1.1" 404 9497 "-" "Mozilla/5.0 (Windows NT 10.0; Win64; x64) AppleWebKit/537.36 (KHTML, like Gecko) Chrome/120.0.0.0 Safari/537.36"
20.151.225.23 - - [18/Jul/2026:19:57:41 +0000] "GET /wp-includes/style-engine/autoload_classmap.php HTTP/1.1" 403 5137 "-" "Mozilla/5.0 (Windows NT 10.0; Win64; x64) AppleWebKit/537.36 (KHTML, like Gecko) Chrome/120.0.0.0 Safari/537.36"
20.151.225.23 - - [18/Jul/2026:19:57:41 +0000] "GET /wp-includes/SimplePie/admin.php HTTP/1.1" 404 9497 "-" "Mozilla/5.0 (Windows NT 10.0; Win64; x64) AppleWebKit/537.36 (KHTML, like Gecko) Chrome/120.0.0.0 Safari/537.36"
20.151.225.23 - - [18/Jul/2026:19:57:42 +0000] "GET /ok.php HTTP/1.1" 404 9497 "-" "Mozilla/5.0 (Windows NT 10.0; Win64; x64) AppleWebKit/537.36 (KHTML, like Gecko) Chrome/120.0.0.0 Safari/537.36"
20.151.225.23 - - [18/Jul/2026:19:57:43 +0000] "GET /item.php HTTP/1.1" 404 9497 "-" "Mozilla/5.0 (Windows NT 10.0; Win64; x64) AppleWebKit/537.36 (KHTML, like Gecko) Chrome/120.0.0.0 Safari/537.36"
194.39.149.53 - - [18/Jul/2026:19:58:33 +0000] "POST /wp-cron.php?doing_wp_cron=1784404713.2674729824066162109375 HTTP/1.1" 200 0 "-" "WordPress/7.0.2; https://saudahmadco.com"
66.249.79.192 - - [18/Jul/2026:19:58:32 +0000] "GET /shop/sitemap-28.xml HTTP/1.1" 404 9497 "-" "Mozilla/5.0 (compatible; Googlebot/2.1; +http://www.google.com/bot.html)"
66.249.79.206 - - [18/Jul/2026:19:58:38 +0000] "GET /shop/sitemap-31.xml HTTP/1.1" 404 9497 "-" "Mozilla/5.0 (compatible; Googlebot/2.1; +http://www.google.com/bot.html)"
66.249.79.206 - - [18/Jul/2026:19:58:51 +0000] "GET /shop/sitemap-3.xml HTTP/1.1" 404 9497 "-" "Mozilla/5.0 (compatible; Googlebot/2.1; +http://www.google.com/bot.html)"
152.53.111.131 - - [18/Jul/2026:20:01:06 +0000] "POST /xmlrpc.php HTTP/2" 403 5137 "-" "Mozilla/5.0 (Windows NT 10.0; Win64; x64) AppleWebKit/537.36 (KHTML, like Gecko) Chrome/133.0.0.0 Safari/537.36"
194.39.149.53 - - [18/Jul/2026:20:03:28 +0000] "POST /wp-cron.php?doing_wp_cron=1784405008.2940199375152587890625 HTTP/1.1" 200 0 "-" "WordPress/7.0.2; https://saudahmadco.com"
72.60.40.175 - - [18/Jul/2026:20:03:27 +0000] "GET /shop/ HTTP/2" 404 41713 "-" "Mozilla/5.0 (Windows NT 10.0; Win64; x64) AppleWebKit/537.36"
194.39.149.53 - - [18/Jul/2026:20:09:41 +0000] "POST /wp-cron.php?doing_wp_cron=1784405381.6889200210571289062500 HTTP/1.1" 200 0 "-" "WordPress/7.0.2; https://saudahmadco.com"
113.160.142.119 - - [18/Jul/2026:20:09:41 +0000] "GET /wp-login.php HTTP/2" 200 1926 "-" "Mozilla/5.0 (Windows NT 10.0; Win64; x64) AppleWebKit/537.36 (KHTML, like Gecko) Chrome/133.0.0.0 Safari/537.36"
113.160.142.119 - - [18/Jul/2026:20:09:42 +0000] "POST /wp-login.php HTTP/2" 200 2057 "https://saudahmadco.com/wp-login.php" "Mozilla/5.0 (Windows NT 10.0; Win64; x64) AppleWebKit/537.36 (KHTML, like Gecko) Chrome/133.0.0.0 Safari/537.36"
194.39.149.53 - - [18/Jul/2026:20:10:42 +0000] "POST /wp-cron.php?doing_wp_cron=1784405442.1895139217376708984375 HTTP/1.1" 200 0 "-" "WordPress/7.0.2; https://saudahmadco.com"
83.217.70.140 - - [18/Jul/2026:20:10:41 +0000] "GET /wp-login.php HTTP/2" 200 1926 "-" "Mozilla/5.0 (Windows NT 10.0; Win64; x64) AppleWebKit/537.36 (KHTML, like Gecko) Chrome/133.0.0.0 Safari/537.36"
83.217.70.140 - - [18/Jul/2026:20:10:42 +0000] "POST /wp-login.php HTTP/2" 200 2054 "https://saudahmadco.com.keeloil.com/wp-login.php" "Mozilla/5.0 (Windows NT 10.0; Win64; x64) AppleWebKit/537.36 (KHTML, like Gecko) Chrome/133.0.0.0 Safari/537.36"
194.39.149.53 - - [18/Jul/2026:20:12:18 +0000] "POST /wp-cron.php?doing_wp_cron=1784405538.2465579509735107421875 HTTP/1.1" 200 0 "-" "WordPress/7.0.2; https://saudahmadco.com"
66.249.79.206 - - [18/Jul/2026:20:12:17 +0000] "GET /shop/sitemap-26.xml HTTP/1.1" 404 9497 "-" "Mozilla/5.0 (compatible; Googlebot/2.1; +http://www.google.com/bot.html)"
194.39.149.53 - - [18/Jul/2026:20:13:55 +0000] "POST /wp-cron.php?doing_wp_cron=1784405635.8212430477142333984375 HTTP/1.1" 200 0 "-" "WordPress/7.0.2; https://saudahmadco.com"
72.60.40.175 - - [18/Jul/2026:20:13:54 +0000] "GET /shop/ HTTP/2" 404 41713 "-" "Mozilla/5.0 (Windows NT 10.0; Win64; x64) AppleWebKit/537.36"
194.39.149.53 - - [18/Jul/2026:20:16:05 +0000] "POST /wp-cron.php?doing_wp_cron=1784405764.8560230731964111328125 HTTP/1.1" 200 0 "-" "WordPress/7.0.2; https://saudahmadco.com"
66.249.79.206 - - [18/Jul/2026:20:16:02 +0000] "GET /shop/sitemap-16.xml HTTP/1.1" 404 9497 "-" "Mozilla/5.0 (compatible; Googlebot/2.1; +http://www.google.com/bot.html)"
194.39.149.53 - - [18/Jul/2026:20:16:40 +0000] "POST /wp-cron.php?doing_wp_cron=1784405799.9582390785217285156250 HTTP/1.1" 200 0 "-" "WordPress/7.0.2; https://saudahmadco.com"
66.249.79.206 - - [18/Jul/2026:20:16:39 +0000] "GET /shop/sitemap-21.xml HTTP/1.1" 404 9497 "-" "Mozilla/5.0 (compatible; Googlebot/2.1; +http://www.google.com/bot.html)"
194.39.149.53 - - [18/Jul/2026:20:19:34 +0000] "POST /wp-cron.php?doing_wp_cron=1784405974.7951769828796386718750 HTTP/1.1" 200 0 "-" "WordPress/7.0.2; https://saudahmadco.com"
72.167.132.114 - - [18/Jul/2026:20:19:33 +0000] "GET /wp-login.php HTTP/2" 200 1926 "-" "Mozilla/5.0 (Windows NT 10.0; Win64; x64) AppleWebKit/537.36 (KHTML, like Gecko) Chrome/133.0.0.0 Safari/537.36"
72.167.132.114 - - [18/Jul/2026:20:19:35 +0000] "POST /wp-login.php HTTP/2" 200 2054 "https://saudahmadco.com/wp-login.php" "Mozilla/5.0 (Windows NT 10.0; Win64; x64) AppleWebKit/537.36 (KHTML, like Gecko) Chrome/133.0.0.0 Safari/537.36"
31.42.184.154 - - [18/Jul/2026:20:21:44 +0000] "POST /xmlrpc.php HTTP/2" 403 5137 "-" "Mozilla/5.0 (Windows NT 10.0; Win64; x64) AppleWebKit/537.36 (KHTML, like Gecko) Chrome/133.0.0.0 Safari/537.36"
43.135.115.233 - - [18/Jul/2026:20:22:00 +0000] "GET / HTTP/1.1" 200 20209 "http://www.saudahmadco.com" "Mozilla/5.0 (iPhone; CPU iPhone OS 13_2_3 like Mac OS X) AppleWebKit/605.1.15 (KHTML, like Gecko) Version/13.0.3 Mobile/15E148 Safari/604.1"
194.39.149.53 - - [18/Jul/2026:20:22:39 +0000] "POST /wp-cron.php?doing_wp_cron=1784406158.8653678894042968750000 HTTP/1.1" 200 0 "-" "WordPress/7.0.2; https://saudahmadco.com"
72.60.40.175 - - [18/Jul/2026:20:22:38 +0000] "GET /shop/ HTTP/2" 404 41713 "-" "Mozilla/5.0 (Windows NT 10.0; Win64; x64) AppleWebKit/537.36"
194.39.149.53 - - [18/Jul/2026:20:31:27 +0000] "POST /wp-cron.php?doing_wp_cron=1784406687.0674679279327392578125 HTTP/1.1" 200 0 "-" "WordPress/7.0.2; https://saudahmadco.com"
184.73.167.217 - - [18/Jul/2026:20:31:26 +0000] "GET /?p=1215/ HTTP/1.1" 404 10641 "-" "Mozilla/5.0 AppleWebKit/537.36 (KHTML, like Gecko; compatible; Amazonbot/0.1; +https://developer.amazon.com/support/amazonbot) Chrome/119.0.6045.214 Safari/537.36"
194.39.149.53 - - [18/Jul/2026:20:32:40 +0000] "POST /wp-cron.php?doing_wp_cron=1784406760.7240788936614990234375 HTTP/1.1" 200 0 "-" "WordPress/7.0.2; https://saudahmadco.com"
66.249.79.192 - - [18/Jul/2026:20:32:40 +0000] "GET /shop/sitemap-15.xml HTTP/1.1" 404 9497 "-" "Mozilla/5.0 (compatible; Googlebot/2.1; +http://www.google.com/bot.html)"
194.39.149.53 - - [18/Jul/2026:20:35:15 +0000] "POST /wp-cron.php?doing_wp_cron=1784406915.0511770248413085937500 HTTP/1.1" 200 0 "-" "WordPress/7.0.2; https://saudahmadco.com"
72.60.40.175 - - [18/Jul/2026:20:35:14 +0000] "GET /shop/ HTTP/2" 404 41713 "-" "Mozilla/5.0 (Windows NT 10.0; Win64; x64) AppleWebKit/537.36"
194.39.149.53 - - [18/Jul/2026:20:38:39 +0000] "POST /wp-cron.php?doing_wp_cron=1784407119.5557971000671386718750 HTTP/1.1" 200 0 "-" "WordPress/7.0.2; https://saudahmadco.com"
66.249.79.193 - - [18/Jul/2026:20:38:38 +0000] "GET /shop/sitemap-9.xml HTTP/1.1" 404 9497 "-" "Mozilla/5.0 (compatible; Googlebot/2.1; +http://www.google.com/bot.html)"
152.42.137.70 - - [18/Jul/2026:20:38:40 +0000] "GET /wp-login.php HTTP/2" 200 1926 "-" "Mozilla/5.0 (Windows NT 10.0; Win64; x64) AppleWebKit/537.36 (KHTML, like Gecko) Chrome/133.0.0.0 Safari/537.36"
152.42.137.70 - - [18/Jul/2026:20:38:41 +0000] "POST /wp-login.php HTTP/2" 200 2057 "https://saudahmadco.com/wp-login.php" "Mozilla/5.0 (Windows NT 10.0; Win64; x64) AppleWebKit/537.36 (KHTML, like Gecko) Chrome/133.0.0.0 Safari/537.36"
194.39.149.53 - - [18/Jul/2026:20:39:16 +0000] "POST /wp-cron.php?doing_wp_cron=1784407156.3368930816650390625000 HTTP/1.1" 200 0 "-" "WordPress/7.0.2; https://saudahmadco.com"
188.138.102.156 - - [18/Jul/2026:20:39:15 +0000] "GET /wp-login.php HTTP/2" 200 1926 "-" "Mozilla/5.0 (Windows NT 10.0; Win64; x64) AppleWebKit/537.36 (KHTML, like Gecko) Chrome/133.0.0.0 Safari/537.36"
188.138.102.156 - - [18/Jul/2026:20:39:16 +0000] "POST /wp-login.php HTTP/2" 200 2054 "https://saudahmadco.com.keeloil.com/wp-login.php" "Mozilla/5.0 (Windows NT 10.0; Win64; x64) AppleWebKit/537.36 (KHTML, like Gecko) Chrome/133.0.0.0 Safari/537.36"
155.212.173.98 - - [18/Jul/2026:20:41:03 +0000] "GET / HTTP/2" 200 17559 "http://SAUDAHMADCO.COM" "Mozilla/5.0 (Windows NT 10.0; Win64; x64) AppleWebKit/537.36 (KHTML, like Gecko) Chrome/120.0.0.0 Safari/537.36"
194.39.149.53 - - [18/Jul/2026:20:45:15 +0000] "POST /wp-cron.php?doing_wp_cron=1784407515.7367548942565917968750 HTTP/1.1" 200 0 "-" "WordPress/7.0.2; https://saudahmadco.com"
72.60.40.175 - - [18/Jul/2026:20:45:07 +0000] "GET /shop/ HTTP/2" 404 41713 "-" "Mozilla/5.0 (Windows NT 10.0; Win64; x64) AppleWebKit/537.36"
194.39.149.53 - - [18/Jul/2026:20:48:55 +0000] "POST /wp-cron.php?doing_wp_cron=1784407735.6567819118499755859375 HTTP/1.1" 200 0 "-" "WordPress/7.0.2; https://saudahmadco.com"
199.189.225.167 - - [18/Jul/2026:20:48:52 +0000] "GET /wp-login.php HTTP/2" 200 1926 "-" "Mozilla/5.0 (Windows NT 10.0; Win64; x64) AppleWebKit/537.36 (KHTML, like Gecko) Chrome/133.0.0.0 Safari/537.36"
199.189.225.167 - - [18/Jul/2026:20:48:56 +0000] "POST /wp-login.php HTTP/2" 200 2054 "https://saudahmadco.com/wp-login.php" "Mozilla/5.0 (Windows NT 10.0; Win64; x64) AppleWebKit/537.36 (KHTML, like Gecko) Chrome/133.0.0.0 Safari/537.36"
194.39.149.53 - - [18/Jul/2026:20:50:15 +0000] "POST /wp-cron.php?doing_wp_cron=1784407815.1276938915252685546875 HTTP/1.1" 200 0 "-" "WordPress/7.0.2; https://saudahmadco.com"
188.138.102.156 - - [18/Jul/2026:20:50:12 +0000] "GET /wp-login.php HTTP/2" 200 1926 "-" "Mozilla/5.0 (Windows NT 10.0; Win64; x64) AppleWebKit/537.36 (KHTML, like Gecko) Chrome/133.0.0.0 Safari/537.36"
188.138.102.156 - - [18/Jul/2026:20:50:15 +0000] "POST /wp-login.php HTTP/2" 200 2057 "https://saudahmadco.com.keeloil.com/wp-login.php" "Mozilla/5.0 (Windows NT 10.0; Win64; x64) AppleWebKit/537.36 (KHTML, like Gecko) Chrome/133.0.0.0 Safari/537.36"
113.160.142.119 - - [18/Jul/2026:20:50:34 +0000] "POST /xmlrpc.php HTTP/2" 403 5137 "-" "Mozilla/5.0 (Windows NT 10.0; Win64; x64) AppleWebKit/537.36 (KHTML, like Gecko) Chrome/133.0.0.0 Safari/537.36"
194.39.149.53 - - [18/Jul/2026:20:53:53 +0000] "POST /wp-cron.php?doing_wp_cron=1784408033.8401041030883789062500 HTTP/1.1" 200 0 "-" "WordPress/7.0.2; https://saudahmadco.com"
72.60.40.175 - - [18/Jul/2026:20:53:53 +0000] "GET /shop/ HTTP/2" 404 41713 "-" "Mozilla/5.0 (Windows NT 10.0; Win64; x64) AppleWebKit/537.36"
194.39.149.53 - - [18/Jul/2026:20:56:21 +0000] "POST /wp-cron.php?doing_wp_cron=1784408181.7274858951568603515625 HTTP/1.1" 200 0 "-" "WordPress/7.0.2; https://saudahmadco.com"
54.36.108.162 - - [18/Jul/2026:20:56:20 +0000] "GET / HTTP/2" 200 17561 "-" "\"Mozilla/5.0 (Macintosh; Intel Mac OS X 10_15_7) AppleWebKit/537.36 (KHTML, like Gecko) Chrome/142.0.0.0 Safari/537.36\""
54.36.108.162 - - [18/Jul/2026:20:56:24 +0000] "GET /wp-content/plugins/masterlayer-addons-for-elementor/assets/js/alterClass.js?ver=1.0 HTTP/2" 200 500 "https://saudahmadco.com/" "\"Mozilla/5.0 (Macintosh; Intel Mac OS X 10_15_7) AppleWebKit/537.36 (KHTML, like Gecko) Chrome/142.0.0.0 Safari/537.36\""
54.36.108.162 - - [18/Jul/2026:20:56:24 +0000] "GET /wp-includes/js/jquery/jquery.min.js?ver=3.7.1 HTTP/2" 200 29744 "https://saudahmadco.com/" "\"Mozilla/5.0 (Macintosh; Intel Mac OS X 10_15_7) AppleWebKit/537.36 (KHTML, like Gecko) Chrome/142.0.0.0 Safari/537.36\""
54.36.108.162 - - [18/Jul/2026:20:56:24 +0000] "GET /wp-includes/js/jquery/jquery-migrate.min.js?ver=3.4.1 HTTP/2" 200 4678 "https://saudahmadco.com/" "\"Mozilla/5.0 (Macintosh; Intel Mac OS X 10_15_7) AppleWebKit/537.36 (KHTML, like Gecko) Chrome/142.0.0.0 Safari/537.36\""
54.36.108.162 - - [18/Jul/2026:20:56:24 +0000] "GET /wp-content/plugins/masterlayer-addons-for-elementor/assets/js/slick.js?ver=1.0 HTTP/2" 200 13288 "https://saudahmadco.com/" "\"Mozilla/5.0 (Macintosh; Intel Mac OS X 10_15_7) AppleWebKit/537.36 (KHTML, like Gecko) Chrome/142.0.0.0 Safari/537.36\""
54.36.108.162 - - [18/Jul/2026:20:56:24 +0000] "GET /wp-content/plugins/masterlayer-addons-for-elementor/assets/js/chart.js?ver=1.0 HTTP/2" 200 51159 "https://saudahmadco.com/" "\"Mozilla/5.0 (Macintosh; Intel Mac OS X 10_15_7) AppleWebKit/537.36 (KHTML, like Gecko) Chrome/142.0.0.0 Safari/537.36\""
54.36.108.162 - - [18/Jul/2026:20:56:26 +0000] "GET /wp-content/plugins/masterlayer-addons-for-elementor/assets/js/core.js?ver=1.0 HTTP/2" 200 2895 "https://saudahmadco.com/" "\"Mozilla/5.0 (Macintosh; Intel Mac OS X 10_15_7) AppleWebKit/537.36 (KHTML, like Gecko) Chrome/142.0.0.0 Safari/537.36\""
54.36.108.162 - - [18/Jul/2026:20:56:28 +0000] "GET /wp-content/plugins/masterlayer-addons-for-elementor/assets/js/init.js?ver=1.0 HTTP/2" 200 1312 "https://saudahmadco.com/" "\"Mozilla/5.0 (Macintosh; Intel Mac OS X 10_15_7) AppleWebKit/537.36 (KHTML, like Gecko) Chrome/142.0.0.0 Safari/537.36\""
54.36.108.162 - - [18/Jul/2026:20:56:28 +0000] "GET /wp-includes/js/dist/hooks.min.js?ver=7496969728ca0f95732d HTTP/2" 200 1734 "https://saudahmadco.com/" "\"Mozilla/5.0 (Macintosh; Intel Mac OS X 10_15_7) AppleWebKit/537.36 (KHTML, like Gecko) Chrome/142.0.0.0 Safari/537.36\""
54.36.108.162 - - [18/Jul/2026:20:56:28 +0000] "GET /wp-includes/js/dist/i18n.min.js?ver=781d11515ad3d91786ec HTTP/2" 200 2354 "https://saudahmadco.com/" "\"Mozilla/5.0 (Macintosh; Intel Mac OS X 10_15_7) AppleWebKit/537.36 (KHTML, like Gecko) Chrome/142.0.0.0 Safari/537.36\""
54.36.108.162 - - [18/Jul/2026:20:56:29 +0000] "GET /wp-content/plugins/contact-form-7/includes/swv/js/index.js?ver=6.0 HTTP/2" 200 3369 "https://saudahmadco.com/" "\"Mozilla/5.0 (Macintosh; Intel Mac OS X 10_15_7) AppleWebKit/537.36 (KHTML, like Gecko) Chrome/142.0.0.0 Safari/537.36\""
54.36.108.162 - - [18/Jul/2026:20:56:29 +0000] "GET /wp-content/plugins/contact-form-7/includes/js/index.js?ver=6.0 HTTP/2" 200 4008 "https://saudahmadco.com/" "\"Mozilla/5.0 (Macintosh; Intel Mac OS X 10_15_7) AppleWebKit/537.36 (KHTML, like Gecko) Chrome/142.0.0.0 Safari/537.36\""
54.36.108.162 - - [18/Jul/2026:20:56:29 +0000] "GET /wp-content/themes/byron/assets/js/html5shiv.js?ver=3.7.3 HTTP/2" 200 1201 "https://saudahmadco.com/" "\"Mozilla/5.0 (Macintosh; Intel Mac OS X 10_15_7) AppleWebKit/537.36 (KHTML, like Gecko) Chrome/142.0.0.0 Safari/537.36\""
54.36.108.162 - - [18/Jul/2026:20:56:29 +0000] "GET /wp-content/themes/byron/assets/js/respond.js?ver=1.3.0 HTTP/2" 200 1545 "https://saudahmadco.com/" "\"Mozilla/5.0 (Macintosh; Intel Mac OS X 10_15_7) AppleWebKit/537.36 (KHTML, like Gecko) Chrome/142.0.0.0 Safari/537.36\""
54.36.108.162 - - [18/Jul/2026:20:56:30 +0000] "GET /wp-content/themes/byron/assets/js/matchmedia.js?ver=1.0.0 HTTP/2" 200 405 "https://saudahmadco.com/" "\"Mozilla/5.0 (Macintosh; Intel Mac OS X 10_15_7) AppleWebKit/537.36 (KHTML, like Gecko) Chrome/142.0.0.0 Safari/537.36\""
54.36.108.162 - - [18/Jul/2026:20:56:30 +0000] "GET /wp-content/themes/byron/assets/js/easing.js?ver=1.3.0 HTTP/2" 200 821 "https://saudahmadco.com/" "\"Mozilla/5.0 (Macintosh; Intel Mac OS X 10_15_7) AppleWebKit/537.36 (KHTML, like Gecko) Chrome/142.0.0.0 Safari/537.36\""
54.36.108.162 - - [18/Jul/2026:20:56:31 +0000] "GET /wp-content/themes/byron/assets/js/fitvids.js?ver=1.1.0 HTTP/2" 200 734 "https://saudahmadco.com/" "\"Mozilla/5.0 (Macintosh; Intel Mac OS X 10_15_7) AppleWebKit/537.36 (KHTML, like Gecko) Chrome/142.0.0.0 Safari/537.36\""
54.36.108.162 - - [18/Jul/2026:20:56:32 +0000] "GET /wp-content/themes/byron/assets/js/animsition.js?ver=4.0.1 HTTP/2" 200 1845 "https://saudahmadco.com/" "\"Mozilla/5.0 (Macintosh; Intel Mac OS X 10_15_7) AppleWebKit/537.36 (KHTML, like Gecko) Chrome/142.0.0.0 Safari/537.36\""
54.36.108.162 - - [18/Jul/2026:20:56:32 +0000] "GET /wp-content/themes/byron/assets/js/main.js?ver=1.0.0 HTTP/2" 200 3349 "https://saudahmadco.com/" "\"Mozilla/5.0 (Macintosh; Intel Mac OS X 10_15_7) AppleWebKit/537.36 (KHTML, like Gecko) Chrome/142.0.0.0 Safari/537.36\""
54.36.108.162 - - [18/Jul/2026:20:56:32 +0000] "GET /wp-includes/js/imagesloaded.min.js?ver=5.0.0 HTTP/2" 200 1687 "https://saudahmadco.com/" "\"Mozilla/5.0 (Macintosh; Intel Mac OS X 10_15_7) AppleWebKit/537.36 (KHTML, like Gecko) Chrome/142.0.0.0 Safari/537.36\""
54.36.108.162 - - [18/Jul/2026:20:56:33 +0000] "GET /wp-content/plugins/elementor/assets/js/webpack.runtime.min.js?ver=3.23.3 HTTP/2" 200 2069 "https://saudahmadco.com/" "\"Mozilla/5.0 (Macintosh; Intel Mac OS X 10_15_7) AppleWebKit/537.36 (KHTML, like Gecko) Chrome/142.0.0.0 Safari/537.36\""
54.36.108.162 - - [18/Jul/2026:20:56:33 +0000] "GET /wp-content/plugins/elementor/assets/lib/waypoints/waypoints.min.js?ver=4.0.2 HTTP/2" 200 2867 "https://saudahmadco.com/" "\"Mozilla/5.0 (Macintosh; Intel Mac OS X 10_15_7) AppleWebKit/537.36 (KHTML, like Gecko) Chrome/142.0.0.0 Safari/537.36\""
54.36.108.162 - - [18/Jul/2026:20:56:33 +0000] "GET /wp-content/plugins/elementor/assets/js/frontend-modules.min.js?ver=3.23.3 HTTP/2" 200 19134 "https://saudahmadco.com/" "\"Mozilla/5.0 (Macintosh; Intel Mac OS X 10_15_7) AppleWebKit/537.36 (KHTML, like Gecko) Chrome/142.0.0.0 Safari/537.36\""
54.36.108.162 - - [18/Jul/2026:20:56:34 +0000] "GET /wp-includes/js/jquery/ui/core.min.js?ver=1.13.3 HTTP/2" 200 6812 "https://saudahmadco.com/" "\"Mozilla/5.0 (Macintosh; Intel Mac OS X 10_15_7) AppleWebKit/537.36 (KHTML, like Gecko) Chrome/142.0.0.0 Safari/537.36\""
54.36.108.162 - - [18/Jul/2026:20:56:34 +0000] "GET /wp-content/plugins/elementor/assets/js/frontend.min.js?ver=3.23.3 HTTP/2" 200 11884 "https://saudahmadco.com/" "\"Mozilla/5.0 (Macintosh; Intel Mac OS X 10_15_7) AppleWebKit/537.36 (KHTML, like Gecko) Chrome/142.0.0.0 Safari/537.36\""
54.36.108.162 - - [18/Jul/2026:20:56:34 +0000] "GET /wp-content/plugins/news-ticker-for-elementor//assets/js/breaking-news-ticker.min.js?ver=1.0.0 HTTP/2" 200 2995 "https://saudahmadco.com/" "\"Mozilla/5.0 (Macintosh; Intel Mac OS X 10_15_7) AppleWebKit/537.36 (KHTML, like Gecko) Chrome/142.0.0.0 Safari/537.36\""
54.36.108.162 - - [18/Jul/2026:20:56:34 +0000] "GET /wp-content/plugins/news-ticker-for-elementor//assets/js/main.js?ver=1.0.0 HTTP/2" 200 192 "https://saudahmadco.com/" "\"Mozilla/5.0 (Macintosh; Intel Mac OS X 10_15_7) AppleWebKit/537.36 (KHTML, like Gecko) Chrome/142.0.0.0 Safari/537.36\""
54.36.108.162 - - [18/Jul/2026:20:56:35 +0000] "GET /wp-content/plugins/masterlayer-addons-for-elementor/assets/js/parallax-scroll.js?ver=1.0 HTTP/2" 200 1840 "https://saudahmadco.com/" "\"Mozilla/5.0 (Macintosh; Intel Mac OS X 10_15_7) AppleWebKit/537.36 (KHTML, like Gecko) Chrome/142.0.0.0 Safari/537.36\""
54.36.108.162 - - [18/Jul/2026:20:56:35 +0000] "GET /wp-content/plugins/masterlayer-addons-for-elementor/assets/js/waitforimages.js?ver=1.0 HTTP/2" 200 870 "https://saudahmadco.com/" "\"Mozilla/5.0 (Macintosh; Intel Mac OS X 10_15_7) AppleWebKit/537.36 (KHTML, like Gecko) Chrome/142.0.0.0 Safari/537.36\""
54.36.108.162 - - [18/Jul/2026:20:56:35 +0000] "GET /wp-content/plugins/masterlayer-addons-for-elementor/assets/js/flickity.js?ver=1.0 HTTP/2" 200 15835 "https://saudahmadco.com/" "\"Mozilla/5.0 (Macintosh; Intel Mac OS X 10_15_7) AppleWebKit/537.36 (KHTML, like Gecko) Chrome/142.0.0.0 Safari/537.36\""
54.36.108.162 - - [18/Jul/2026:20:56:35 +0000] "GET /wp-content/plugins/masterlayer-addons-for-elementor/assets/js/appear.js?ver=1.0 HTTP/2" 200 704 "https://saudahmadco.com/" "\"Mozilla/5.0 (Macintosh; Intel Mac OS X 10_15_7) AppleWebKit/537.36 (KHTML, like Gecko) Chrome/142.0.0.0 Safari/537.36\""
54.36.108.162 - - [18/Jul/2026:20:56:35 +0000] "GET /wp-content/plugins/masterlayer-addons-for-elementor/assets/js/countto.js?ver=1.0 HTTP/2" 200 819 "https://saudahmadco.com/" "\"Mozilla/5.0 (Macintosh; Intel Mac OS X 10_15_7) AppleWebKit/537.36 (KHTML, like Gecko) Chrome/142.0.0.0 Safari/537.36\""
54.36.108.162 - - [18/Jul/2026:20:56:36 +0000] "GET /wp-content/plugins/elementor-pro/assets/js/webpack-pro.runtime.min.js?ver=3.20.2 HTTP/2" 200 2468 "https://saudahmadco.com/" "\"Mozilla/5.0 (Macintosh; Intel Mac OS X 10_15_7) AppleWebKit/537.36 (KHTML, like Gecko) Chrome/142.0.0.0 Safari/537.36\""
54.36.108.162 - - [18/Jul/2026:20:56:36 +0000] "GET /wp-content/plugins/elementor-pro/assets/js/frontend.min.js?ver=3.20.2 HTTP/2" 200 6470 "https://saudahmadco.com/" "\"Mozilla/5.0 (Macintosh; Intel Mac OS X 10_15_7) AppleWebKit/537.36 (KHTML, like Gecko) Chrome/142.0.0.0 Safari/537.36\""
54.36.108.162 - - [18/Jul/2026:20:56:36 +0000] "GET /wp-content/plugins/elementor-pro/assets/js/preloaded-elements-handlers.min.js?ver=3.20.2 HTTP/2" 200 52333 "https://saudahmadco.com/" "\"Mozilla/5.0 (Macintosh; Intel Mac OS X 10_15_7) AppleWebKit/537.36 (KHTML, like Gecko) Chrome/142.0.0.0 Safari/537.36\""
54.36.108.162 - - [18/Jul/2026:20:56:37 +0000] "GET /wp-content/plugins/elementor/assets/lib/swiper/v8/swiper.min.js?ver=8.4.5 HTTP/2" 200 38152 "https://saudahmadco.com/" "\"Mozilla/5.0 (Macintosh; Intel Mac OS X 10_15_7) AppleWebKit/537.36 (KHTML, like Gecko) Chrome/142.0.0.0 Safari/537.36\""
54.36.108.162 - - [18/Jul/2026:20:56:37 +0000] "GET /wp-content/plugins/elementor/assets/js/image-carousel.4455c6362492d9067512.bundle.min.js HTTP/2" 200 248 "https://saudahmadco.com/" "\"Mozilla/5.0 (Macintosh; Intel Mac OS X 10_15_7) AppleWebKit/537.36 (KHTML, like Gecko) Chrome/142.0.0.0 Safari/537.36\""
54.36.108.162 - - [18/Jul/2026:20:56:37 +0000] "GET /wp-includes/js/wp-emoji-release.min.js?ver=7.0.2 HTTP/2" 200 4974 "https://saudahmadco.com/" "\"Mozilla/5.0 (Macintosh; Intel Mac OS X 10_15_7) AppleWebKit/537.36 (KHTML, like Gecko) Chrome/142.0.0.0 Safari/537.36\""
54.36.108.162 - - [18/Jul/2026:20:56:38 +0000] "GET /contact/ HTTP/2" 200 13897 "-" "\"Mozilla/5.0 (Macintosh; Intel Mac OS X 10_15_7) AppleWebKit/537.36 (KHTML, like Gecko) Chrome/142.0.0.0 Safari/537.36\""
54.36.108.162 - - [18/Jul/2026:20:56:39 +0000] "GET /wp-content/plugins/masterlayer-addons-for-elementor/assets/js/magnific.popup.js?ver=1.0 HTTP/2" 200 7370 "https://saudahmadco.com/contact/" "\"Mozilla/5.0 (Macintosh; Intel Mac OS X 10_15_7) AppleWebKit/537.36 (KHTML, like Gecko) Chrome/142.0.0.0 Safari/537.36\""
54.36.108.162 - - [18/Jul/2026:20:56:40 +0000] "GET /wp-content/plugins/elementor/assets/js/text-editor.2c35aafbe5bf0e127950.bundle.min.js HTTP/2" 200 601 "https://saudahmadco.com/contact/" "\"Mozilla/5.0 (Macintosh; Intel Mac OS X 10_15_7) AppleWebKit/537.36 (KHTML, like Gecko) Chrome/142.0.0.0 Safari/537.36\""
54.36.108.162 - - [18/Jul/2026:20:56:40 +0000] "GET /wp-json/contact-form-7/v1/contact-forms/586/feedback/schema HTTP/2" 200 250 "https://saudahmadco.com/contact/" "\"Mozilla/5.0 (Macintosh; Intel Mac OS X 10_15_7) AppleWebKit/537.36 (KHTML, like Gecko) Chrome/142.0.0.0 Safari/537.36\""
54.36.108.162 - - [18/Jul/2026:20:56:43 +0000] "GET /ceo-message/ HTTP/2" 200 11390 "-" "\"Mozilla/5.0 (Macintosh; Intel Mac OS X 10_15_7) AppleWebKit/537.36 (KHTML, like Gecko) Chrome/142.0.0.0 Safari/537.36\""
54.36.108.162 - - [18/Jul/2026:20:56:48 +0000] "GET /our-certificate/ HTTP/2" 200 11308 "-" "\"Mozilla/5.0 (Macintosh; Intel Mac OS X 10_15_7) AppleWebKit/537.36 (KHTML, like Gecko) Chrome/142.0.0.0 Safari/537.36\""
54.36.108.162 - - [18/Jul/2026:20:56:53 +0000] "GET / HTTP/2" 200 17546 "-" "\"Mozilla/5.0 (Macintosh; Intel Mac OS X 10_15_7) AppleWebKit/537.36 (KHTML, like Gecko) Chrome/142.0.0.0 Safari/537.36\""
54.36.108.162 - - [18/Jul/2026:20:56:58 +0000] "GET /contact/ HTTP/2" 200 13895 "-" "\"Mozilla/5.0 (Macintosh; Intel Mac OS X 10_15_7) AppleWebKit/537.36 (KHTML, like Gecko) Chrome/142.0.0.0 Safari/537.36\""
54.36.108.162 - - [18/Jul/2026:20:57:00 +0000] "GET /wp-json/contact-form-7/v1/contact-forms/586/feedback/schema HTTP/2" 200 250 "https://saudahmadco.com/contact/" "\"Mozilla/5.0 (Macintosh; Intel Mac OS X 10_15_7) AppleWebKit/537.36 (KHTML, like Gecko) Chrome/142.0.0.0 Safari/537.36\""
54.36.108.162 - - [18/Jul/2026:20:57:03 +0000] "GET /img-20240715-wa0024/ HTTP/2" 301 0 "-" "\"Mozilla/5.0 (Macintosh; Intel Mac OS X 10_15_7) AppleWebKit/537.36 (KHTML, like Gecko) Chrome/142.0.0.0 Safari/537.36\""
54.36.108.162 - - [18/Jul/2026:20:57:04 +0000] "GET /wp-content/uploads/2024/07/IMG-20240715-WA0024.jpg HTTP/2" 200 169570 "-" "\"Mozilla/5.0 (Macintosh; Intel Mac OS X 10_15_7) AppleWebKit/537.36 (KHTML, like Gecko) Chrome/142.0.0.0 Safari/537.36\""
54.36.108.162 - - [18/Jul/2026:20:57:08 +0000] "GET /img-20240715-wa0054/ HTTP/2" 301 0 "-" "\"Mozilla/5.0 (Macintosh; Intel Mac OS X 10_15_7) AppleWebKit/537.36 (KHTML, like Gecko) Chrome/142.0.0.0 Safari/537.36\""
54.36.108.162 - - [18/Jul/2026:20:57:09 +0000] "GET /wp-content/uploads/2024/07/IMG-20240715-WA0054.jpg HTTP/2" 200 120084 "-" "\"Mozilla/5.0 (Macintosh; Intel Mac OS X 10_15_7) AppleWebKit/537.36 (KHTML, like Gecko) Chrome/142.0.0.0 Safari/537.36\""
54.36.108.162 - - [18/Jul/2026:20:57:13 +0000] "GET /services/ HTTP/2" 200 15224 "-" "\"Mozilla/5.0 (Macintosh; Intel Mac OS X 10_15_7) AppleWebKit/537.36 (KHTML, like Gecko) Chrome/142.0.0.0 Safari/537.36\""
194.39.149.53 - - [18/Jul/2026:20:57:20 +0000] "POST /wp-cron.php?doing_wp_cron=1784408240.2892010211944580078125 HTTP/1.1" 200 0 "-" "WordPress/7.0.2; https://saudahmadco.com"
185.220.101.6 - - [18/Jul/2026:20:57:19 +0000] "GET /ceo-message/ HTTP/2" 200 11390 "-" "\"Mozilla/5.0 (Macintosh; Intel Mac OS X 10_15_7) AppleWebKit/537.36 (KHTML, like Gecko) Chrome/142.0.0.0 Safari/537.36\""
185.220.101.6 - - [18/Jul/2026:20:57:23 +0000] "GET /img-20240715-wa0083-2/ HTTP/2" 301 0 "-" "\"Mozilla/5.0 (Macintosh; Intel Mac OS X 10_15_7) AppleWebKit/537.36 (KHTML, like Gecko) Chrome/142.0.0.0 Safari/537.36\""
185.220.101.6 - - [18/Jul/2026:20:57:24 +0000] "GET /wp-content/uploads/2024/07/IMG-20240715-WA0083-1.jpg HTTP/2" 200 285313 "-" "\"Mozilla/5.0 (Macintosh; Intel Mac OS X 10_15_7) AppleWebKit/537.36 (KHTML, like Gecko) Chrome/142.0.0.0 Safari/537.36\""
