20.226.26.5 - - [19/Jul/2026:15:02:19 +0000] "GET /autodiscover/autodiscover.xml HTTP/1.1" 400 52 "-" "-"
20.226.26.5 - - [19/Jul/2026:15:02:19 +0000] "GET /autodiscover/autodiscover.xml HTTP/1.1" 400 52 "-" "-"
20.226.26.5 - - [19/Jul/2026:15:02:20 +0000] "GET /autodiscover/autodiscover.xml HTTP/1.1" 400 52 "-" "-"
20.226.26.5 - - [19/Jul/2026:15:02:20 +0000] "GET /autodiscover/autodiscover.xml HTTP/1.1" 400 52 "-" "-"
20.226.26.5 - - [19/Jul/2026:15:02:21 +0000] "GET /autodiscover/autodiscover.xml HTTP/1.1" 400 52 "-" "-"
20.226.26.5 - - [19/Jul/2026:15:02:21 +0000] "GET /autodiscover/autodiscover.xml HTTP/1.1" 400 52 "-" "-"
20.226.26.5 - - [19/Jul/2026:15:02:22 +0000] "GET /autodiscover/autodiscover.xml HTTP/1.1" 400 52 "-" "-"
20.226.26.5 - - [19/Jul/2026:15:02:22 +0000] "GET /autodiscover/autodiscover.xml HTTP/1.1" 400 52 "-" "-"
20.226.26.5 - - [19/Jul/2026:15:02:23 +0000] "GET /autodiscover/autodiscover.xml HTTP/1.1" 400 52 "-" "-"
20.226.26.5 - - [19/Jul/2026:15:02:23 +0000] "GET /autodiscover/autodiscover.xml HTTP/1.1" 400 52 "-" "-"
20.226.26.5 - - [19/Jul/2026:15:02:24 +0000] "GET /autodiscover/autodiscover.xml HTTP/1.1" 400 52 "-" "-"
20.226.26.5 - - [19/Jul/2026:15:02:24 +0000] "GET /autodiscover/autodiscover.xml HTTP/1.1" 400 52 "-" "-"
20.226.26.5 - - [19/Jul/2026:15:02:25 +0000] "GET /autodiscover/autodiscover.xml HTTP/1.1" 400 52 "-" "-"
20.226.26.5 - - [19/Jul/2026:15:02:25 +0000] "GET /autodiscover/autodiscover.xml HTTP/1.1" 400 52 "-" "-"
20.226.26.5 - - [19/Jul/2026:15:02:26 +0000] "GET /autodiscover/autodiscover.xml HTTP/1.1" 400 52 "-" "-"
20.226.26.5 - - [19/Jul/2026:15:02:26 +0000] "GET /autodiscover/autodiscover.xml HTTP/1.1" 400 52 "-" "-"
20.226.26.5 - - [19/Jul/2026:15:02:27 +0000] "GET /autodiscover/autodiscover.xml HTTP/1.1" 400 52 "-" "-"
20.226.26.5 - - [19/Jul/2026:15:02:28 +0000] "GET /autodiscover/autodiscover.xml HTTP/1.1" 400 52 "-" "-"
20.226.26.5 - - [19/Jul/2026:15:02:29 +0000] "GET /autodiscover/autodiscover.xml HTTP/1.1" 400 52 "-" "-"
20.226.26.5 - - [19/Jul/2026:15:02:29 +0000] "GET /autodiscover/autodiscover.xml HTTP/1.1" 400 52 "-" "-"
20.226.26.5 - - [19/Jul/2026:15:02:30 +0000] "GET /autodiscover/autodiscover.xml HTTP/1.1" 400 52 "-" "-"
20.226.26.5 - - [19/Jul/2026:15:02:31 +0000] "GET /autodiscover/autodiscover.xml HTTP/1.1" 400 52 "-" "-"
20.226.26.5 - - [19/Jul/2026:15:02:31 +0000] "GET /autodiscover/autodiscover.xml HTTP/1.1" 400 52 "-" "-"
20.226.26.5 - - [19/Jul/2026:15:02:32 +0000] "GET /autodiscover/autodiscover.xml HTTP/1.1" 400 52 "-" "-"
20.226.26.5 - - [19/Jul/2026:15:02:32 +0000] "GET /autodiscover/autodiscover.xml HTTP/1.1" 400 52 "-" "-"
20.226.26.5 - - [19/Jul/2026:15:02:33 +0000] "GET /autodiscover/autodiscover.xml HTTP/1.1" 400 52 "-" "-"
20.226.26.5 - - [19/Jul/2026:15:02:33 +0000] "GET /autodiscover/autodiscover.xml HTTP/1.1" 400 52 "-" "-"
20.226.26.5 - - [19/Jul/2026:15:02:34 +0000] "GET /autodiscover/autodiscover.xml HTTP/1.1" 400 52 "-" "-"
20.226.26.5 - - [19/Jul/2026:15:02:34 +0000] "GET /autodiscover/autodiscover.xml HTTP/1.1" 400 52 "-" "-"
20.226.26.5 - - [19/Jul/2026:15:02:35 +0000] "GET /autodiscover/autodiscover.xml HTTP/1.1" 400 52 "-" "-"
20.226.26.5 - - [19/Jul/2026:15:02:35 +0000] "GET /autodiscover/autodiscover.xml HTTP/1.1" 400 52 "-" "-"
20.226.26.5 - - [19/Jul/2026:15:02:36 +0000] "GET /autodiscover/autodiscover.xml HTTP/1.1" 400 52 "-" "-"
20.226.26.5 - - [19/Jul/2026:15:02:36 +0000] "GET /autodiscover/autodiscover.xml HTTP/1.1" 400 52 "-" "-"
20.226.26.5 - - [19/Jul/2026:15:02:37 +0000] "GET /autodiscover/autodiscover.xml HTTP/1.1" 400 52 "-" "-"
20.226.26.5 - - [19/Jul/2026:15:02:37 +0000] "GET /autodiscover/autodiscover.xml HTTP/1.1" 400 52 "-" "-"
20.226.26.5 - - [19/Jul/2026:15:02:38 +0000] "GET /autodiscover/autodiscover.xml HTTP/1.1" 400 52 "-" "-"
20.226.26.5 - - [19/Jul/2026:15:02:38 +0000] "GET /autodiscover/autodiscover.xml HTTP/1.1" 400 52 "-" "-"
20.226.26.5 - - [19/Jul/2026:15:02:39 +0000] "GET /autodiscover/autodiscover.xml HTTP/1.1" 400 52 "-" "-"
20.226.26.5 - - [19/Jul/2026:15:02:39 +0000] "GET /autodiscover/autodiscover.xml HTTP/1.1" 400 52 "-" "-"
20.226.26.5 - - [19/Jul/2026:15:02:40 +0000] "GET /autodiscover/autodiscover.xml HTTP/1.1" 400 52 "-" "-"
20.226.26.5 - - [19/Jul/2026:15:02:40 +0000] "GET /autodiscover/autodiscover.xml HTTP/1.1" 400 52 "-" "-"
20.226.26.5 - - [19/Jul/2026:15:02:41 +0000] "GET /autodiscover/autodiscover.xml HTTP/1.1" 400 52 "-" "-"
20.226.26.5 - - [19/Jul/2026:15:02:41 +0000] "GET /autodiscover/autodiscover.xml HTTP/1.1" 400 52 "-" "-"
20.226.26.5 - - [19/Jul/2026:15:02:42 +0000] "GET /autodiscover/autodiscover.xml HTTP/1.1" 400 52 "-" "-"
20.226.26.5 - - [19/Jul/2026:15:02:42 +0000] "GET /autodiscover/autodiscover.xml HTTP/1.1" 400 52 "-" "-"
20.226.26.5 - - [19/Jul/2026:15:02:43 +0000] "GET /autodiscover/autodiscover.xml HTTP/1.1" 400 52 "-" "-"
20.226.26.5 - - [19/Jul/2026:15:02:43 +0000] "GET /autodiscover/autodiscover.xml HTTP/1.1" 400 52 "-" "-"
20.226.26.5 - - [19/Jul/2026:15:02:44 +0000] "GET /autodiscover/autodiscover.xml HTTP/1.1" 400 52 "-" "-"
20.226.26.5 - - [19/Jul/2026:15:02:44 +0000] "GET /autodiscover/autodiscover.xml HTTP/1.1" 400 52 "-" "-"
20.226.26.5 - - [19/Jul/2026:15:02:45 +0000] "GET /autodiscover/autodiscover.xml HTTP/1.1" 400 52 "-" "-"
20.226.26.5 - - [19/Jul/2026:15:02:45 +0000] "GET /autodiscover/autodiscover.xml HTTP/1.1" 400 52 "-" "-"
20.226.26.5 - - [19/Jul/2026:15:02:46 +0000] "GET /autodiscover/autodiscover.xml HTTP/1.1" 400 52 "-" "-"
20.226.26.5 - - [19/Jul/2026:15:02:46 +0000] "GET /autodiscover/autodiscover.xml HTTP/1.1" 400 52 "-" "-"
20.226.26.5 - - [19/Jul/2026:15:02:47 +0000] "GET /autodiscover/autodiscover.xml HTTP/1.1" 400 52 "-" "-"
20.226.26.5 - - [19/Jul/2026:15:02:47 +0000] "GET /autodiscover/autodiscover.xml HTTP/1.1" 400 52 "-" "-"
20.226.26.5 - - [19/Jul/2026:15:02:48 +0000] "GET /autodiscover/autodiscover.xml HTTP/1.1" 400 52 "-" "-"
20.226.26.5 - - [19/Jul/2026:15:02:48 +0000] "GET /autodiscover/autodiscover.xml HTTP/1.1" 400 52 "-" "-"
20.226.26.5 - - [19/Jul/2026:15:02:49 +0000] "GET /autodiscover/autodiscover.xml HTTP/1.1" 400 52 "-" "-"
20.226.26.5 - - [19/Jul/2026:15:02:49 +0000] "GET /autodiscover/autodiscover.xml HTTP/1.1" 400 52 "-" "-"
20.226.26.5 - - [19/Jul/2026:15:02:50 +0000] "GET /autodiscover/autodiscover.xml HTTP/1.1" 400 52 "-" "-"
20.226.26.5 - - [19/Jul/2026:15:02:50 +0000] "GET /autodiscover/autodiscover.xml HTTP/1.1" 400 52 "-" "-"
20.226.26.5 - - [19/Jul/2026:15:02:51 +0000] "GET /autodiscover/autodiscover.xml HTTP/1.1" 400 52 "-" "-"
20.226.26.5 - - [19/Jul/2026:15:02:51 +0000] "GET /autodiscover/autodiscover.xml HTTP/1.1" 400 52 "-" "-"
20.226.26.5 - - [19/Jul/2026:15:02:52 +0000] "GET /autodiscover/autodiscover.xml HTTP/1.1" 400 52 "-" "-"
20.226.26.5 - - [19/Jul/2026:15:02:52 +0000] "GET /autodiscover/autodiscover.xml HTTP/1.1" 400 52 "-" "-"
20.226.26.5 - - [19/Jul/2026:15:02:53 +0000] "GET /autodiscover/autodiscover.xml HTTP/1.1" 400 52 "-" "-"
20.226.26.5 - - [19/Jul/2026:15:02:53 +0000] "GET /autodiscover/autodiscover.xml HTTP/1.1" 400 52 "-" "-"
20.226.26.5 - - [19/Jul/2026:15:02:54 +0000] "GET /autodiscover/autodiscover.xml HTTP/1.1" 400 52 "-" "-"
20.226.26.5 - - [19/Jul/2026:15:02:54 +0000] "GET /autodiscover/autodiscover.xml HTTP/1.1" 400 52 "-" "-"
20.226.26.5 - - [19/Jul/2026:15:02:55 +0000] "GET /autodiscover/autodiscover.xml HTTP/1.1" 400 52 "-" "-"
20.226.26.5 - - [19/Jul/2026:15:02:55 +0000] "GET /autodiscover/autodiscover.xml HTTP/1.1" 400 52 "-" "-"
20.226.26.5 - - [19/Jul/2026:15:02:56 +0000] "GET /autodiscover/autodiscover.xml HTTP/1.1" 400 52 "-" "-"
20.226.26.5 - - [19/Jul/2026:15:02:56 +0000] "GET /autodiscover/autodiscover.xml HTTP/1.1" 400 52 "-" "-"
20.226.26.5 - - [19/Jul/2026:15:02:57 +0000] "GET /autodiscover/autodiscover.xml HTTP/1.1" 400 52 "-" "-"
20.226.26.5 - - [19/Jul/2026:15:02:57 +0000] "GET /autodiscover/autodiscover.xml HTTP/1.1" 400 52 "-" "-"
20.226.26.5 - - [19/Jul/2026:15:02:58 +0000] "GET /autodiscover/autodiscover.xml HTTP/1.1" 400 52 "-" "-"
20.226.26.5 - - [19/Jul/2026:15:02:58 +0000] "GET /autodiscover/autodiscover.xml HTTP/1.1" 400 52 "-" "-"
20.226.26.5 - - [19/Jul/2026:15:02:59 +0000] "GET /autodiscover/autodiscover.xml HTTP/1.1" 400 52 "-" "-"
20.226.26.5 - - [19/Jul/2026:15:02:59 +0000] "GET /autodiscover/autodiscover.xml HTTP/1.1" 400 52 "-" "-"
20.226.26.5 - - [19/Jul/2026:15:03:00 +0000] "GET /autodiscover/autodiscover.xml HTTP/1.1" 400 52 "-" "-"
20.226.26.5 - - [19/Jul/2026:15:03:00 +0000] "GET /autodiscover/autodiscover.xml HTTP/1.1" 400 52 "-" "-"
20.226.26.5 - - [19/Jul/2026:15:03:01 +0000] "GET /autodiscover/autodiscover.xml HTTP/1.1" 400 52 "-" "-"
20.226.26.5 - - [19/Jul/2026:15:03:01 +0000] "GET /autodiscover/autodiscover.xml HTTP/1.1" 400 52 "-" "-"
20.226.26.5 - - [19/Jul/2026:15:03:01 +0000] "GET /autodiscover/autodiscover.xml HTTP/1.1" 400 52 "-" "-"
20.226.26.5 - - [19/Jul/2026:15:03:02 +0000] "GET /autodiscover/autodiscover.xml HTTP/1.1" 400 52 "-" "-"
20.226.26.5 - - [19/Jul/2026:15:03:03 +0000] "GET /autodiscover/autodiscover.xml HTTP/1.1" 400 52 "-" "-"
20.226.26.5 - - [19/Jul/2026:15:03:03 +0000] "GET /autodiscover/autodiscover.xml HTTP/1.1" 400 52 "-" "-"
20.226.26.5 - - [19/Jul/2026:15:03:04 +0000] "GET /autodiscover/autodiscover.xml HTTP/1.1" 400 52 "-" "-"
20.226.26.5 - - [19/Jul/2026:15:03:04 +0000] "GET /autodiscover/autodiscover.xml HTTP/1.1" 400 52 "-" "-"
20.226.26.5 - - [19/Jul/2026:15:03:05 +0000] "GET /autodiscover/autodiscover.xml HTTP/1.1" 400 52 "-" "-"
20.226.26.5 - - [19/Jul/2026:15:03:06 +0000] "GET /autodiscover/autodiscover.xml HTTP/1.1" 400 52 "-" "-"
20.226.26.5 - - [19/Jul/2026:15:03:06 +0000] "GET /autodiscover/autodiscover.xml HTTP/1.1" 400 52 "-" "-"
20.226.26.5 - - [19/Jul/2026:15:03:07 +0000] "GET /autodiscover/autodiscover.xml HTTP/1.1" 400 52 "-" "-"
20.226.26.5 - - [19/Jul/2026:15:03:07 +0000] "GET /autodiscover/autodiscover.xml HTTP/1.1" 400 52 "-" "-"
20.226.26.5 - - [19/Jul/2026:15:03:08 +0000] "GET /autodiscover/autodiscover.xml HTTP/1.1" 400 52 "-" "-"
20.226.26.5 - - [19/Jul/2026:15:03:08 +0000] "GET /autodiscover/autodiscover.xml HTTP/1.1" 400 52 "-" "-"
20.226.26.5 - - [19/Jul/2026:15:03:09 +0000] "GET /autodiscover/autodiscover.xml HTTP/1.1" 400 52 "-" "-"
20.226.26.5 - - [19/Jul/2026:15:03:09 +0000] "GET /autodiscover/autodiscover.xml HTTP/1.1" 400 52 "-" "-"
20.226.26.5 - - [19/Jul/2026:15:03:10 +0000] "GET /autodiscover/autodiscover.xml HTTP/1.1" 400 52 "-" "-"
20.226.26.5 - - [19/Jul/2026:15:03:10 +0000] "GET /autodiscover/autodiscover.xml HTTP/1.1" 400 52 "-" "-"
20.226.26.5 - - [19/Jul/2026:15:03:11 +0000] "GET /autodiscover/autodiscover.xml HTTP/1.1" 400 52 "-" "-"
20.226.26.5 - - [19/Jul/2026:15:03:11 +0000] "GET /autodiscover/autodiscover.xml HTTP/1.1" 400 52 "-" "-"
20.226.26.5 - - [19/Jul/2026:15:03:12 +0000] "GET /autodiscover/autodiscover.xml HTTP/1.1" 400 52 "-" "-"
20.226.26.5 - - [19/Jul/2026:15:03:12 +0000] "GET /autodiscover/autodiscover.xml HTTP/1.1" 400 52 "-" "-"
20.226.26.5 - - [19/Jul/2026:15:03:13 +0000] "GET /autodiscover/autodiscover.xml HTTP/1.1" 400 52 "-" "-"
20.226.26.5 - - [19/Jul/2026:15:03:13 +0000] "GET /autodiscover/autodiscover.xml HTTP/1.1" 400 52 "-" "-"
20.226.26.5 - - [19/Jul/2026:15:03:14 +0000] "GET /autodiscover/autodiscover.xml HTTP/1.1" 400 52 "-" "-"
20.226.26.5 - - [19/Jul/2026:15:03:14 +0000] "GET /autodiscover/autodiscover.xml HTTP/1.1" 400 52 "-" "-"
20.226.26.5 - - [19/Jul/2026:15:03:15 +0000] "GET /autodiscover/autodiscover.xml HTTP/1.1" 400 52 "-" "-"
20.226.26.5 - - [19/Jul/2026:15:03:15 +0000] "GET /autodiscover/autodiscover.xml HTTP/1.1" 400 52 "-" "-"
20.226.26.5 - - [19/Jul/2026:15:03:16 +0000] "GET /autodiscover/autodiscover.xml HTTP/1.1" 400 52 "-" "-"
20.226.26.5 - - [19/Jul/2026:15:03:16 +0000] "GET /autodiscover/autodiscover.xml HTTP/1.1" 400 52 "-" "-"
20.226.26.5 - - [19/Jul/2026:15:03:16 +0000] "GET /autodiscover/autodiscover.xml HTTP/1.1" 400 52 "-" "-"
20.226.26.5 - - [19/Jul/2026:15:03:17 +0000] "GET /autodiscover/autodiscover.xml HTTP/1.1" 400 52 "-" "-"
20.226.26.5 - - [19/Jul/2026:15:03:17 +0000] "GET /autodiscover/autodiscover.xml HTTP/1.1" 400 52 "-" "-"
20.226.26.5 - - [19/Jul/2026:15:03:18 +0000] "GET /autodiscover/autodiscover.xml HTTP/1.1" 400 52 "-" "-"
20.226.26.5 - - [19/Jul/2026:15:03:18 +0000] "GET /autodiscover/autodiscover.xml HTTP/1.1" 400 52 "-" "-"
20.226.26.5 - - [19/Jul/2026:15:03:19 +0000] "GET /autodiscover/autodiscover.xml HTTP/1.1" 400 52 "-" "-"
194.39.149.53 - - [19/Jul/2026:15:05:40 +0000] "POST /wp-cron.php?doing_wp_cron=1784473540.0251240730285644531250 HTTP/1.1" 200 0 "-" "WordPress/7.0.2; https://keeloil.com"
97.74.93.24 - - [19/Jul/2026:15:05:36 +0000] "GET /wp-login.php HTTP/2" 200 1785 "-" "Mozilla/5.0 (Macintosh; Intel Mac OS X 14_6_0) AppleWebKit/537.36 (KHTML, like Gecko) Chrome/147.0.0.0 Safari/537.36"
97.74.93.24 - - [19/Jul/2026:15:05:40 +0000] "POST /wp-login.php HTTP/2" 200 1922 "https://keeloil.com/wp-login.php" "Mozilla/5.0 (Macintosh; Intel Mac OS X 14_6_0) AppleWebKit/537.36 (KHTML, like Gecko) Chrome/147.0.0.0 Safari/537.36"
194.39.149.53 - - [19/Jul/2026:15:06:22 +0000] "POST /wp-cron.php?doing_wp_cron=1784473582.0065269470214843750000 HTTP/1.1" 200 0 "-" "WordPress/7.0.2; https://keeloil.com"
217.113.60.80 - - [19/Jul/2026:15:06:18 +0000] "GET /wp-includes/wp-login.php HTTP/2" 404 13180 "-" "Mozilla/5.0 (Windows NT 10.0; Win64; x64) AppleWebKit/537.36 (KHTML, like Gecko) Chrome/147.0.0.0 Safari/537.36"
160.187.68.132 - - [19/Jul/2026:15:06:19 +0000] "POST /wp-includes/xmlrpc.php HTTP/2" 404 13180 "-" "Mozilla/5.0 (X11; CrOS x86_64 14541.0.0) AppleWebKit/537.36 (KHTML, like Gecko) Chrome/150.0.0.0 Safari/537.36"
160.187.68.132 - - [19/Jul/2026:15:06:26 +0000] "POST /wp-includes/xmlrpc.php HTTP/2" 403 5137 "-" "Mozilla/5.0 (X11; CrOS x86_64 14541.0.0) AppleWebKit/537.36 (KHTML, like Gecko) Chrome/150.0.0.0 Safari/537.36"
194.39.149.53 - - [19/Jul/2026:15:07:03 +0000] "POST /wp-cron.php?doing_wp_cron=1784473622.9542829990386962890625 HTTP/1.1" 200 0 "-" "WordPress/7.0.2; https://keeloil.com"
188.138.102.156 - - [19/Jul/2026:15:07:01 +0000] "GET /wp-login.php HTTP/2" 200 1785 "-" "Mozilla/5.0 (Windows NT 10.0; Win64; x64) AppleWebKit/537.36 (KHTML, like Gecko) Chrome/147.0.0.0 Safari/537.36"
188.138.102.156 - - [19/Jul/2026:15:07:03 +0000] "POST /wp-login.php HTTP/2" 200 1919 "https://keeloil.com/wp-login.php" "Mozilla/5.0 (Windows NT 10.0; Win64; x64) AppleWebKit/537.36 (KHTML, like Gecko) Chrome/147.0.0.0 Safari/537.36"
194.39.149.53 - - [19/Jul/2026:15:08:01 +0000] "POST /wp-cron.php?doing_wp_cron=1784473681.4179871082305908203125 HTTP/1.1" 200 0 "-" "WordPress/7.0.2; https://keeloil.com"
45.195.172.39 - - [19/Jul/2026:15:07:49 +0000] "GET / HTTP/2" 200 19303 "https://keeloil.com/" "Mozilla/5.0 (Windows NT 10.0; Win64; x64) AppleWebKit/537.36 (KHTML, like Gecko) Chrome/120.0.0.0 Safari/537.36"
95.8.5.19 - - [19/Jul/2026:15:08:46 +0000] "GET /home/page/11/?_wpnonce=5219e2653c&add_to_wishlist=92 HTTP/1.1" 200 24523 "-" "Mozilla/5.0 (Windows NT 6.1; Win64; x64) AppleWebKit/537.36 (KHTML, like Gecko) Chrome/92.0.4515.131 Safari/537.36"
194.39.149.53 - - [19/Jul/2026:15:10:03 +0000] "POST /wp-cron.php?doing_wp_cron=1784473803.7204620838165283203125 HTTP/1.1" 200 0 "-" "WordPress/7.0.2; https://keeloil.com"
23.94.155.45 - - [19/Jul/2026:15:10:01 +0000] "POST /wp-login.php HTTP/1.1" 200 2142 "-" "Mozilla/5.0 (Windows NT 10.0; Win64; x64) AppleWebKit/537.36 Chrome/129.0.0.0 Safari/537.36"
178.121.25.188 - - [19/Jul/2026:15:10:53 +0000] "GET /home/page/11/?_wpnonce=e673070648&add_to_wishlist=92 HTTP/1.1" 200 24523 "-" "Mozilla/5.0 (Windows NT 10.0; Win64; x64) AppleWebKit/537.36 (KHTML, like Gecko) Chrome/108.0.0.0 Safari/537.36"
194.39.149.53 - - [19/Jul/2026:15:14:11 +0000] "POST /wp-cron.php?doing_wp_cron=1784474051.6180660724639892578125 HTTP/1.1" 200 0 "-" "WordPress/7.0.2; https://keeloil.com"
114.119.154.13 - - [19/Jul/2026:15:14:07 +0000] "GET /2024/07 HTTP/1.1" 301 0 "https://keeloil.com/product-category/uncategorized" "Mozilla/5.0 (Linux; Android 7.0;) AppleWebKit/537.36 (HTML, like Gecko) Mobile Safari/537.36 (compatible; PetalBot;+https://webmaster.petalsearch.com/site/petalbot)"
114.119.154.13 - - [19/Jul/2026:15:14:12 +0000] "GET /2024/07/ HTTP/1.1" 200 13724 "https://keeloil.com/product-category/uncategorized" "Mozilla/5.0 (Linux; Android 7.0;) AppleWebKit/537.36 (HTML, like Gecko) Mobile Safari/537.36 (compatible; PetalBot;+https://webmaster.petalsearch.com/site/petalbot)"
189.203.28.40 - - [19/Jul/2026:15:14:23 +0000] "GET /2025/11/28/ HTTP/1.1" 200 15210 "-" "Mozilla/5.0 (Windows NT 10.0; WOW64) AppleWebKit/537.36 (KHTML, like Gecko) Chrome/75.0.3770.100 ADG/11.0.2470 AOLBUILD/11.0.2470 Safari/537.36"
65.110.40.182 - - [19/Jul/2026:15:15:25 +0000] "GET / HTTP/1.1" 200 12488 "-" "Mozilla/5.0 (X11; Linux x86_64) AppleWebKit/537.36 (KHTML, like Gecko) Chrome/146.0.0.0 Safari/537.36"
65.110.40.182 - - [19/Jul/2026:15:15:25 +0000] "GET / HTTP/1.1" 200 12488 "-" "Mozilla/5.0 (Macintosh; Intel Mac OS X 10_15_7) AppleWebKit/605.1.15 (KHTML, like Gecko) Version/18.4 Safari/605.1.15"
65.110.40.182 - - [19/Jul/2026:15:15:25 +0000] "GET / HTTP/1.1" 200 12487 "-" "Mozilla/5.0 (Windows NT 10.0; Win64; x64) AppleWebKit/537.36 (KHTML, like Gecko) Chrome/147.0.0.0 Safari/537.36"
194.39.149.53 - - [19/Jul/2026:15:16:02 +0000] "POST /wp-cron.php?doing_wp_cron=1784474162.4176089763641357421875 HTTP/1.1" 200 0 "-" "WordPress/7.0.2; https://keeloil.com"
216.73.163.123 - - [19/Jul/2026:15:15:56 +0000] "POST /wp-login.php HTTP/1.1" 200 2146 "-" "Mozilla/5.0 (Windows NT 10.0; Win64; x64) AppleWebKit/537.36 Chrome/129.0.0.0 Safari/537.36"
43.135.134.127 - - [19/Jul/2026:15:16:37 +0000] "GET / HTTP/1.1" 200 21831 "http://www.keeloil.com" "Mozilla/5.0 (iPhone; CPU iPhone OS 13_2_3 like Mac OS X) AppleWebKit/605.1.15 (KHTML, like Gecko) Version/13.0.3 Mobile/15E148 Safari/604.1"
194.39.149.53 - - [19/Jul/2026:15:18:41 +0000] "POST /wp-cron.php?doing_wp_cron=1784474321.4278340339660644531250 HTTP/1.1" 200 0 "-" "WordPress/7.0.2; https://keeloil.com"
216.24.210.47 - - [19/Jul/2026:15:18:35 +0000] "POST /wp-login.php HTTP/1.1" 200 2142 "-" "Mozilla/5.0 (Windows NT 10.0; Win64; x64) AppleWebKit/537.36 (KHTML, like Gecko) Chrome/109.0.0.0 Safari/537.36 [ip:93.40.227.182]"
194.39.149.53 - - [19/Jul/2026:15:19:42 +0000] "POST /wp-cron.php?doing_wp_cron=1784474382.2231729030609130859375 HTTP/1.1" 200 0 "-" "WordPress/7.0.2; https://keeloil.com"
102.78.241.8 - - [19/Jul/2026:15:19:31 +0000] "GET /2023/07/03/ HTTP/1.1" 200 15288 "-" "Mozilla/5.0 (Windows NT 6.1; Win64; x64) AppleWebKit/537.36 (KHTML, like Gecko) Chrome/68.0.3440.75 Safari/537.36"
179.189.43.164 - - [19/Jul/2026:15:19:44 +0000] "GET /2023/07/03/ HTTP/1.1" 200 15288 "-" "Mozilla/5.0 (Macintosh; Intel Mac OS X 10_13_6) AppleWebKit/537.36 (KHTML, like Gecko) Chrome/101.0.4951.54 Safari/537.36"
192.164.245.50 - - [19/Jul/2026:15:19:53 +0000] "GET /home/page/13/?_wpnonce=3898754069&add_to_wishlist=92 HTTP/1.1" 200 24666 "-" "Mozilla/5.0 (Macintosh; Intel Mac OS X 10_12_6) AppleWebKit/537.36 (KHTML, like Gecko) Chrome/88.0.4324.192 Safari/537.36"
194.39.149.53 - - [19/Jul/2026:15:24:42 +0000] "POST /wp-cron.php?doing_wp_cron=1784474682.4805591106414794921875 HTTP/1.1" 200 0 "-" "WordPress/7.0.2; https://keeloil.com"
37.140.223.23 - - [19/Jul/2026:15:24:24 +0000] "POST /wp-login.php HTTP/1.1" 200 2142 "-" "Mozilla/5.0 (Windows NT 10.0; Win64; x64) AppleWebKit/537.36 Chrome/129.0.0.0 Safari/537.36"
194.39.149.53 - - [19/Jul/2026:15:26:29 +0000] "POST /wp-cron.php?doing_wp_cron=1784474789.7603080272674560546875 HTTP/1.1" 200 0 "-" "WordPress/7.0.2; https://keeloil.com"
195.251.38.34 - - [19/Jul/2026:15:26:27 +0000] "GET /wp-login.php HTTP/2" 200 1785 "-" "Mozilla/5.0 (iPhone; CPU iPhone OS 18_6_1 like Mac OS X) AppleWebKit/605.1.15 (KHTML, like Gecko) CriOS/147.0.7871.34 Mobile/15E148 Safari/604.1"
195.251.38.34 - - [19/Jul/2026:15:26:30 +0000] "POST /wp-login.php HTTP/2" 200 1922 "https://keeloil.com/wp-login.php" "Mozilla/5.0 (iPhone; CPU iPhone OS 18_6_1 like Mac OS X) AppleWebKit/605.1.15 (KHTML, like Gecko) CriOS/147.0.7871.34 Mobile/15E148 Safari/604.1"
194.39.149.53 - - [19/Jul/2026:15:27:33 +0000] "POST /wp-cron.php?doing_wp_cron=1784474852.9247369766235351562500 HTTP/1.1" 200 0 "-" "WordPress/7.0.2; https://keeloil.com"
216.73.217.36 - - [19/Jul/2026:15:27:31 +0000] "GET /robots.txt HTTP/2" 200 96 "-" "Mozilla/5.0 AppleWebKit/537.36 (KHTML, like Gecko; compatible; ClaudeBot/1.0; +claudebot@anthropic.com)"
216.73.217.36 - - [19/Jul/2026:15:27:33 +0000] "GET /wp-sitemap.xml HTTP/2" 200 205 "-" "Mozilla/5.0 AppleWebKit/537.36 (KHTML, like Gecko; compatible; ClaudeBot/1.0; +claudebot@anthropic.com)"
161.153.27.144 - - [19/Jul/2026:15:28:00 +0000] "GET /2025/12/23/win-unique-casino-ameliore-t-il-son-interface-utilisateur-chaque-annee HTTP/1.1" 301 0 "-" "Scrapy/2.16.0 (+https://scrapy.org)"
161.153.27.144 - - [19/Jul/2026:15:28:46 +0000] "GET /2025/12/23/win-unique-casino-ameliore-t-il-son-interface-utilisateur-chaque-annee/ HTTP/1.1" 200 21662 "https://keeloil.com/2025/12/23/win-unique-casino-ameliore-t-il-son-interface-utilisateur-chaque-annee" "Scrapy/2.16.0 (+https://scrapy.org)"
194.39.149.53 - - [19/Jul/2026:15:29:09 +0000] "POST /wp-cron.php?doing_wp_cron=1784474949.6717140674591064453125 HTTP/1.1" 200 0 "-" "WordPress/7.0.2; https://keeloil.com"
68.178.160.25 - - [19/Jul/2026:15:29:08 +0000] "GET /wp-login.php HTTP/2" 200 1785 "-" "Mozilla/5.0 (Windows NT 10.0; Win64; x64) AppleWebKit/537.36 (KHTML, like Gecko) Chrome/147.0.0.0 Safari/537.36"
68.178.160.25 - - [19/Jul/2026:15:29:10 +0000] "POST /wp-login.php HTTP/2" 200 1925 "https://keeloil.com/wp-login.php" "Mozilla/5.0 (Windows NT 10.0; Win64; x64) AppleWebKit/537.36 (KHTML, like Gecko) Chrome/147.0.0.0 Safari/537.36"
4.205.168.44 - - [19/Jul/2026:15:31:29 +0000] "POST /xmlrpc.php HTTP/2" 403 1242 "-" "Mozilla/5.0 (Macintosh; Intel Mac OS X 14_6_0) AppleWebKit/537.36 (KHTML, like Gecko) Chrome/147.0.0.0 Safari/537.36"
194.39.149.53 - - [19/Jul/2026:15:31:41 +0000] "POST /wp-cron.php?doing_wp_cron=1784475101.6080529689788818359375 HTTP/1.1" 200 0 "-" "WordPress/7.0.2; https://keeloil.com"
49.150.199.27 - - [19/Jul/2026:15:31:38 +0000] "GET /wp-json/batch/v1 HTTP/1.1" 404 119 "-" "Mozilla/5.0 (Windows NT 10.0; Win64; x64) AppleWebKit/537.36"
49.150.199.27 - - [19/Jul/2026:15:31:44 +0000] "POST /?rest_route=/batch/v1 HTTP/1.1" 207 36 "-" "Mozilla/5.0 (Windows NT 10.0; Win64; x64) AppleWebKit/537.36"
49.150.199.27 - - [19/Jul/2026:15:31:52 +0000] "POST /?rest_route=/batch/v1 HTTP/1.1" 403 5812 "-" "Mozilla/5.0 (Windows NT 10.0; Win64; x64) AppleWebKit/537.36"
194.39.149.53 - - [19/Jul/2026:15:32:18 +0000] "POST /wp-cron.php?doing_wp_cron=1784475137.8228600025177001953125 HTTP/1.1" 200 0 "-" "WordPress/7.0.2; https://keeloil.com"
216.73.163.158 - - [19/Jul/2026:15:32:14 +0000] "POST /wp-login.php HTTP/1.1" 200 2146 "-" "Mozilla/5.0 (Windows NT 10.0; Win64; x64) AppleWebKit/537.36 Chrome/129.0.0.0 Safari/537.36"
194.39.149.53 - - [19/Jul/2026:15:34:35 +0000] "POST /wp-cron.php?doing_wp_cron=1784475275.6228590011596679687500 HTTP/1.1" 200 0 "-" "WordPress/7.0.2; https://keeloil.com"
87.250.224.252 - - [19/Jul/2026:15:34:32 +0000] "GET /robots.txt HTTP/1.1" 200 112 "-" "Mozilla/5.0 (compatible; YandexBot/3.0; +http://yandex.com/bots)"
188.113.228.249 - - [19/Jul/2026:15:34:31 +0000] "GET /home/page/12/?_wpnonce=130a03ca18&add_to_wishlist=92 HTTP/1.1" 200 24532 "-" "Mozilla/5.0 (Macintosh; Intel Mac OS X 11_1_0) AppleWebKit/537.36 (KHTML, like Gecko) Chrome/88.0.4324.96 Safari/537.36"
95.108.213.145 - - [19/Jul/2026:15:34:36 +0000] "GET /wp-sitemap.xml HTTP/2" 200 241 "-" "Mozilla/5.0 (compatible; YandexBot/3.0; +http://yandex.com/bots)"
194.39.149.53 - - [19/Jul/2026:15:36:27 +0000] "POST /wp-cron.php?doing_wp_cron=1784475387.4365069866180419921875 HTTP/1.1" 200 0 "-" "WordPress/7.0.2; https://keeloil.com"
79.177.137.131 - - [19/Jul/2026:15:36:26 +0000] "GET /home/page/6/?_wpnonce=def1ca43c3&add_to_wishlist=92 HTTP/1.1" 200 24595 "-" "Mozilla/5.0 (Macintosh; Intel Mac OS X 10_15_7) AppleWebKit/537.36 (KHTML, like Gecko) Chrome/86.0.4240.198 Safari/537.36"
194.39.149.53 - - [19/Jul/2026:15:37:51 +0000] "POST /wp-cron.php?doing_wp_cron=1784475471.7042191028594970703125 HTTP/1.1" 200 0 "-" "WordPress/7.0.2; https://keeloil.com"
57.141.0.68 - - [19/Jul/2026:15:37:48 +0000] "GET /2024/05/20/buy-best-designer-furnish-on-best-affordable-price/ HTTP/2" 200 75518 "-" "Mozilla/5.0 (Windows NT 10.0; Win64; x64) AppleWebKit/537.36 (KHTML, like Gecko) Chrome/145.0.0.0 Safari/537.36 (compatible; meta-externalagent/1.1 (+https://developers.facebook.com/docs/sharing/webmasters/crawler))"
194.39.149.53 - - [19/Jul/2026:15:38:02 +0000] "POST /wp-cron.php?doing_wp_cron=1784475482.5291900634765625000000 HTTP/1.1" 200 0 "-" "WordPress/7.0.2; https://keeloil.com"
23.94.155.64 - - [19/Jul/2026:15:38:01 +0000] "POST /wp-login.php HTTP/1.1" 200 2142 "-" "Mozilla/5.0 (Windows NT 10.0; Win64; rv:143.0) Gecko/20100101 Firefox/143.0"
190.89.30.204 - - [19/Jul/2026:15:38:22 +0000] "GET /product/certificate-quality-assurance/?_wpnonce=def1ca43c3&add_to_wishlist=92 HTTP/1.1" 200 18590 "-" "Mozilla/5.0 (Macintosh; Intel Mac OS X 10_14_6) AppleWebKit/537.36 (KHTML, like Gecko) Chrome/93.0.4577.82 Safari/537.36"
194.39.149.53 - - [19/Jul/2026:15:41:27 +0000] "POST /wp-cron.php?doing_wp_cron=1784475687.7136681079864501953125 HTTP/1.1" 200 0 "-" "WordPress/7.0.2; https://keeloil.com"
216.24.210.70 - - [19/Jul/2026:15:41:18 +0000] "POST /wp-login.php HTTP/1.1" 200 2142 "-" "Mozilla/5.0 (Linux; Android 11; SM-G975U1) AppleWebKit/537.36 (KHTML, like Gecko) Chrome/95.0.4638.50 Mobile Safari/537.36"
113.212.110.24 - - [19/Jul/2026:15:41:35 +0000] "GET /home/page/12/?_wpnonce=be212aad00&add_to_wishlist=92 HTTP/1.1" 200 24531 "-" "Mozilla/5.0 (Windows NT 5.1) AppleWebKit/537.36 (KHTML, like Gecko) Chrome/35.0.3319.102 Safari/537.36"
185.223.152.70 - - [19/Jul/2026:15:41:43 +0000] "GET /wp-login.php HTTP/1.1" 200 2007 "-" "Mozilla/5.0 (Windows NT 10.0; Win64; rv:143.0) Gecko/20100101 Firefox/143.0"
194.39.149.53 - - [19/Jul/2026:15:42:10 +0000] "POST /wp-cron.php?doing_wp_cron=1784475730.7100489139556884765625 HTTP/1.1" 200 0 "-" "WordPress/7.0.2; https://keeloil.com"
185.223.152.70 - - [19/Jul/2026:15:42:12 +0000] "GET /?author=1 HTTP/1.1" 301 0 "-" "Mozilla/5.0 (Macintosh; Intel Mac OS X 10_15_7) AppleWebKit/605.1.15 Version/17.0 Safari/605.1.15"
188.138.102.156 - - [19/Jul/2026:15:42:31 +0000] "POST /xmlrpc.php HTTP/2" 403 1242 "-" "Mozilla/5.0 (Windows NT 6.1; Win64; x64) AppleWebKit/537.36 (KHTML, like Gecko) Chrome/147.0.0.0 Safari/537.36"
185.223.152.70 - - [19/Jul/2026:15:42:27 +0000] "GET /?rest_route=/wp/v2/users HTTP/1.1" 200 701 "-" "Mozilla/5.0 (Windows NT 10.0; Win64; x64) AppleWebKit/537.36 Chrome/129.0.0.0 Safari/537.36"
194.39.149.53 - - [19/Jul/2026:15:42:59 +0000] "POST /wp-cron.php?doing_wp_cron=1784475779.4232270717620849609375 HTTP/1.1" 200 0 "-" "WordPress/7.0.2; https://keeloil.com"
66.249.79.73 - - [19/Jul/2026:15:43:35 +0000] "GET /Angel-Wings-Fancy-Dress-Accessory-For-Parties-Nativity-263977/ HTTP/1.1" 404 13180 "-" "Mozilla/5.0 (Linux; Android 6.0.1; Nexus 5X Build/MMB29P) AppleWebKit/537.36 (KHTML, like Gecko) Chrome/150.0.7871.124 Mobile Safari/537.36 (compatible; Googlebot/2.1; +http://www.google.com/bot.html)"
194.39.149.53 - - [19/Jul/2026:15:45:26 +0000] "POST /wp-cron.php?doing_wp_cron=1784475926.5294189453125000000000 HTTP/1.1" 200 0 "-" "WordPress/7.0.2; https://keeloil.com"
201.7.216.131 - - [19/Jul/2026:15:45:19 +0000] "GET /shop/?_wpnonce=bc76fcdc80&add_to_wishlist=92 HTTP/1.1" 200 17928 "-" "Mozilla/5.0 (Macintosh; Intel Mac OS X 10_15_6) AppleWebKit/537.36 (KHTML, like Gecko) Chrome/88.0.4324.150 Safari/537.36"
194.39.149.53 - - [19/Jul/2026:15:47:00 +0000] "POST /wp-cron.php?doing_wp_cron=1784476019.8137619495391845703125 HTTP/1.1" 200 0 "-" "WordPress/7.0.2; https://keeloil.com"
114.119.135.171 - - [19/Jul/2026:15:46:56 +0000] "GET /home/page/11/ HTTP/1.1" 200 21820 "https://keeloil.com/home/page/13/" "Mozilla/5.0 (Linux; Android 7.0;) AppleWebKit/537.36 (HTML, like Gecko) Mobile Safari/537.36 (compatible; PetalBot;+https://webmaster.petalsearch.com/site/petalbot)"
188.166.72.63 - - [19/Jul/2026:15:47:28 +0000] "GET /wp-login.php HTTP/2" 403 5137 "-" "Mozilla/5.0 (Windows NT 10.0; Win64; x64) AppleWebKit/537.36 (KHTML, like Gecko) Chrome/147.0.0.0 Safari/537.36"
188.166.72.63 - - [19/Jul/2026:15:47:28 +0000] "POST /wp-login.php HTTP/2" 403 5137 "https://keeloil.com/wp-login.php" "Mozilla/5.0 (Windows NT 10.0; Win64; x64) AppleWebKit/537.36 (KHTML, like Gecko) Chrome/147.0.0.0 Safari/537.36"
57.141.0.34 - - [19/Jul/2026:15:47:38 +0000] "GET /wp-sitemap-posts-product-1.xml HTTP/2" 200 311 "-" "Mozilla/5.0 (Macintosh; Intel Mac OS X 10_15_7) AppleWebKit/537.36 (KHTML, like Gecko) Chrome/145.0.0.0 Safari/537.36 (compatible; meta-externalagent/1.1 (+https://developers.facebook.com/docs/sharing/webmasters/crawler))"
114.119.152.77 - - [19/Jul/2026:15:48:16 +0000] "GET /2026/05/17/pinco-casino-nun-marketinq-strategiyasi-incsnt-v-elmi-arasdirmaq/ HTTP/1.1" 200 16569 "https://keeloil.com/2026/05/17/pinco-casino-nun-marketinq-strategiyasi-incsnt-v-elmi-arasdirmaq/" "Mozilla/5.0 (Linux; Android 7.0;) AppleWebKit/537.36 (HTML, like Gecko) Mobile Safari/537.36 (compatible; PetalBot;+https://webmaster.petalsearch.com/site/petalbot)"
194.39.149.53 - - [19/Jul/2026:15:48:19 +0000] "POST /wp-cron.php?doing_wp_cron=1784476099.2045879364013671875000 HTTP/1.1" 200 0 "-" "WordPress/7.0.2; https://keeloil.com"
194.39.149.53 - - [19/Jul/2026:15:49:01 +0000] "POST /wp-cron.php?doing_wp_cron=1784476141.6240549087524414062500 HTTP/1.1" 200 0 "-" "WordPress/7.0.2; https://keeloil.com"
45.146.54.139 - - [19/Jul/2026:15:48:35 +0000] "POST /wp-login.php HTTP/1.1" 200 2146 "-" "Mozilla/5.0 (Windows NT 10.0; Win64; rv:143.0) Gecko/20100101 Firefox/143.0"
20.12.214.177 - - [19/Jul/2026:15:49:05 +0000] "GET /inputs.php HTTP/1.1" 404 13180 "-" "Mozilla/5.0 (Windows NT 10.0; Win64; x64) AppleWebKit/537.36 (KHTML, like Gecko) Chrome/120.0.0.0 Safari/537.36"
20.12.214.177 - - [19/Jul/2026:15:49:08 +0000] "GET /admin.php HTTP/1.1" 404 13180 "-" "Mozilla/5.0 (Windows NT 10.0; Win64; x64) AppleWebKit/537.36 (KHTML, like Gecko) Chrome/120.0.0.0 Safari/537.36"
20.12.214.177 - - [19/Jul/2026:15:49:13 +0000] "GET /goods.php HTTP/1.1" 404 13180 "-" "Mozilla/5.0 (Windows NT 10.0; Win64; x64) AppleWebKit/537.36 (KHTML, like Gecko) Chrome/120.0.0.0 Safari/537.36"
194.39.149.53 - - [19/Jul/2026:15:49:27 +0000] "POST /wp-cron.php?doing_wp_cron=1784476167.0042920112609863281250 HTTP/1.1" 200 0 "-" "WordPress/7.0.2; https://keeloil.com"
20.12.214.177 - - [19/Jul/2026:15:49:22 +0000] "GET /file.php HTTP/1.1" 404 13180 "-" "Mozilla/5.0 (Windows NT 10.0; Win64; x64) AppleWebKit/537.36 (KHTML, like Gecko) Chrome/120.0.0.0 Safari/537.36"
20.12.214.177 - - [19/Jul/2026:15:49:28 +0000] "GET /adminfuns.php HTTP/1.1" 404 13180 "-" "Mozilla/5.0 (Windows NT 10.0; Win64; x64) AppleWebKit/537.36 (KHTML, like Gecko) Chrome/120.0.0.0 Safari/537.36"
20.12.214.177 - - [19/Jul/2026:15:49:31 +0000] "GET /404.php HTTP/1.1" 404 13180 "-" "Mozilla/5.0 (Windows NT 10.0; Win64; x64) AppleWebKit/537.36 (KHTML, like Gecko) Chrome/120.0.0.0 Safari/537.36"
194.39.149.53 - - [19/Jul/2026:15:49:36 +0000] "POST /wp-cron.php?doing_wp_cron=1784476175.9260280132293701171875 HTTP/1.1" 200 0 "-" "WordPress/7.0.2; https://keeloil.com"
20.12.214.177 - - [19/Jul/2026:15:49:37 +0000] "GET /wk/index.php HTTP/1.1" 301 0 "-" "Mozilla/5.0 (Windows NT 10.0; Win64; x64) AppleWebKit/537.36 (KHTML, like Gecko) Chrome/120.0.0.0 Safari/537.36"
114.119.154.13 - - [19/Jul/2026:15:49:38 +0000] "GET /2025/12/10/mad-casino-meilleurs-jeux-de-table-avec-bonus-en-2026/ HTTP/1.1" 200 19041 "https://keeloil.com/home/page/12/" "Mozilla/5.0 (Linux; Android 7.0;) AppleWebKit/537.36 (HTML, like Gecko) Mobile Safari/537.36 (compatible; PetalBot;+https://webmaster.petalsearch.com/site/petalbot)"
20.12.214.177 - - [19/Jul/2026:15:49:44 +0000] "GET /about.php HTTP/1.1" 404 13180 "-" "Mozilla/5.0 (Windows NT 10.0; Win64; x64) AppleWebKit/537.36 (KHTML, like Gecko) Chrome/120.0.0.0 Safari/537.36"
20.12.214.177 - - [19/Jul/2026:15:49:51 +0000] "GET /term.php HTTP/1.1" 404 13180 "-" "Mozilla/5.0 (Windows NT 10.0; Win64; x64) AppleWebKit/537.36 (KHTML, like Gecko) Chrome/120.0.0.0 Safari/537.36"
20.12.214.177 - - [19/Jul/2026:15:49:53 +0000] "GET /ioxi-o.php HTTP/1.1" 404 13180 "-" "Mozilla/5.0 (Windows NT 10.0; Win64; x64) AppleWebKit/537.36 (KHTML, like Gecko) Chrome/120.0.0.0 Safari/537.36"
20.12.214.177 - - [19/Jul/2026:15:49:55 +0000] "GET /1.php HTTP/1.1" 404 13180 "-" "Mozilla/5.0 (Windows NT 10.0; Win64; x64) AppleWebKit/537.36 (KHTML, like Gecko) Chrome/120.0.0.0 Safari/537.36"
20.12.214.177 - - [19/Jul/2026:15:49:57 +0000] "GET /alfa.php HTTP/1.1" 403 5137 "-" "Mozilla/5.0 (Windows NT 10.0; Win64; x64) AppleWebKit/537.36 (KHTML, like Gecko) Chrome/120.0.0.0 Safari/537.36"
194.39.149.53 - - [19/Jul/2026:15:50:00 +0000] "POST /wp-cron.php?doing_wp_cron=1784476200.0996980667114257812500 HTTP/1.1" 200 0 "-" "WordPress/7.0.2; https://keeloil.com"
20.12.214.177 - - [19/Jul/2026:15:49:57 +0000] "GET /edit.php HTTP/1.1" 404 13180 "-" "Mozilla/5.0 (Windows NT 10.0; Win64; x64) AppleWebKit/537.36 (KHTML, like Gecko) Chrome/120.0.0.0 Safari/537.36"
20.12.214.177 - - [19/Jul/2026:15:50:00 +0000] "GET /elp.php HTTP/1.1" 404 13180 "-" "Mozilla/5.0 (Windows NT 10.0; Win64; x64) AppleWebKit/537.36 (KHTML, like Gecko) Chrome/120.0.0.0 Safari/537.36"
20.12.214.177 - - [19/Jul/2026:15:50:03 +0000] "GET /classwithtostring.php HTTP/1.1" 404 13180 "-" "Mozilla/5.0 (Windows NT 10.0; Win64; x64) AppleWebKit/537.36 (KHTML, like Gecko) Chrome/120.0.0.0 Safari/537.36"
20.12.214.177 - - [19/Jul/2026:15:50:05 +0000] "GET /666.php HTTP/1.1" 404 13180 "-" "Mozilla/5.0 (Windows NT 10.0; Win64; x64) AppleWebKit/537.36 (KHTML, like Gecko) Chrome/120.0.0.0 Safari/537.36"
20.12.214.177 - - [19/Jul/2026:15:50:06 +0000] "GET /wp-admin/ HTTP/1.1" 302 0 "-" "Mozilla/5.0 (Windows NT 10.0; Win64; x64) AppleWebKit/537.36 (KHTML, like Gecko) Chrome/120.0.0.0 Safari/537.36"
20.12.214.177 - - [19/Jul/2026:15:50:08 +0000] "GET /ws54.php HTTP/1.1" 404 13180 "-" "Mozilla/5.0 (Windows NT 10.0; Win64; x64) AppleWebKit/537.36 (KHTML, like Gecko) Chrome/120.0.0.0 Safari/537.36"
20.12.214.177 - - [19/Jul/2026:15:50:11 +0000] "GET /deepseek_d.php HTTP/1.1" 404 13180 "-" "Mozilla/5.0 (Windows NT 10.0; Win64; x64) AppleWebKit/537.36 (KHTML, like Gecko) Chrome/120.0.0.0 Safari/537.36"
20.12.214.177 - - [19/Jul/2026:15:50:16 +0000] "GET /function/function.php HTTP/1.1" 200 0 "-" "Mozilla/5.0 (Windows NT 10.0; Win64; x64) AppleWebKit/537.36 (KHTML, like Gecko) Chrome/120.0.0.0 Safari/537.36"
194.39.149.53 - - [19/Jul/2026:15:51:19 +0000] "POST /wp-cron.php?doing_wp_cron=1784476278.9050810337066650390625 HTTP/1.1" 200 0 "-" "WordPress/7.0.2; https://keeloil.com"
188.133.71.51 - - [19/Jul/2026:15:51:11 +0000] "GET /home/page/15/?_wpnonce=e6559cb22c&add_to_wishlist=92 HTTP/1.1" 200 24605 "-" "Mozilla/5.0 (Windows NT 6.3; Win64; x64) AppleWebKit/537.36 (KHTML, like Gecko) Chrome/74.0.3729.169 Safari/537.36"
194.39.149.53 - - [19/Jul/2026:15:52:01 +0000] "POST /wp-cron.php?doing_wp_cron=1784476320.9491379261016845703125 HTTP/1.1" 200 0 "-" "WordPress/7.0.2; https://keeloil.com"
23.94.155.69 - - [19/Jul/2026:15:52:00 +0000] "POST /wp-login.php HTTP/1.1" 200 2142 "-" "Mozilla/5.0 (Windows NT 10.0; Win64; rv:143.0) Gecko/20100101 Firefox/143.0"
45.135.3.159 - - [19/Jul/2026:15:54:50 +0000] "HEAD / HTTP/1.1" 200 0 "-" "curl/8.6.0"
194.39.149.53 - - [19/Jul/2026:15:54:53 +0000] "POST /wp-cron.php?doing_wp_cron=1784476493.3268260955810546875000 HTTP/1.1" 200 0 "-" "WordPress/7.0.2; https://keeloil.com"
122.8.92.251 - - [19/Jul/2026:15:55:06 +0000] "GET /wp-login.php HTTP/1.1" 200 2007 "http://keeloil.com/wp-login.php" "curl/8.6.0"
147.78.180.85 - - [19/Jul/2026:15:55:06 +0000] "GET /wp-login.php HTTP/1.1" 200 2007 "http://keeloil.com/wp-login.php" "curl/8.6.0"
213.108.0.19 - - [19/Jul/2026:15:55:07 +0000] "GET /wp-login.php HTTP/1.1" 200 2007 "http://keeloil.com/wp-login.php" "curl/7.88.1"
213.108.0.19 - - [19/Jul/2026:15:55:16 +0000] "POST /wp-login.php HTTP/1.1" 302 0 "https://keeloil.com/wp-login.php" "Wget/1.21.4"
122.8.92.251 - - [19/Jul/2026:15:55:14 +0000] "POST /wp-login.php HTTP/1.1" 200 2142 "https://keeloil.com/wp-login.php" "curl/8.6.0"
147.78.180.85 - - [19/Jul/2026:15:55:15 +0000] "POST /wp-login.php HTTP/1.1" 200 2142 "https://keeloil.com/wp-login.php" "Wget/1.21.4"
194.39.149.53 - - [19/Jul/2026:15:55:23 +0000] "POST /wp-cron.php?doing_wp_cron=1784476523.2119009494781494140625 HTTP/1.1" 200 0 "-" "WordPress/7.0.2; https://keeloil.com"
193.36.225.134 - - [19/Jul/2026:15:55:22 +0000] "POST /wp-login.php HTTP/1.1" 200 2142 "-" "Mozilla/5.0 (Windows NT 10.0; Win64; x64) AppleWebKit/537.36 Chrome/129.0.0.0 Safari/537.36"
213.108.0.19 - - [19/Jul/2026:15:55:24 +0000] "GET /wp-admin/profile.php HTTP/1.1" 302 0 "https://keeloil.com/wp-login.php" "Wget/1.21.4"
154.56.38.241 - - [19/Jul/2026:15:55:30 +0000] "GET /home/page/15/?_wpnonce=a17a17d541&add_to_wishlist=92 HTTP/1.1" 200 24605 "-" "Mozilla/5.0 (Macintosh; Intel Mac OS X 10_15_6) AppleWebKit/537.36 (KHTML, like Gecko) Brave Chrome/84.0.4147.125 Safari/537.36"
146.19.44.43 - - [19/Jul/2026:15:55:36 +0000] "GET /wp-login.php HTTP/1.1" 200 2007 "http://keeloil.com/wp-login.php" "curl/7.88.1"
213.108.0.19 - - [19/Jul/2026:15:55:36 +0000] "GET /my-account/ HTTP/1.1" 200 15602 "https://keeloil.com/wp-login.php" "Wget/1.21.4"
122.8.44.150 - - [19/Jul/2026:15:55:36 +0000] "GET /wp-login.php HTTP/1.1" 200 2007 "http://keeloil.com/wp-login.php" "curl/7.88.1"
146.19.44.43 - - [19/Jul/2026:15:55:45 +0000] "POST /wp-login.php HTTP/1.1" 302 0 "https://keeloil.com/wp-login.php" "Wget/1.21.4"
213.108.0.19 - - [19/Jul/2026:15:55:45 +0000] "GET /wp-admin/plugins.php HTTP/1.1" 403 1147 "-" "curl/8.6.0"
122.8.44.150 - - [19/Jul/2026:15:55:45 +0000] "POST /wp-login.php HTTP/1.1" 302 0 "https://keeloil.com/wp-login.php" "curl/8.6.0"
213.108.0.19 - - [19/Jul/2026:15:55:51 +0000] "GET /wp-admin/post-new.php HTTP/1.1" 403 1147 "-" "curl/7.88.1"
213.108.0.19 - - [19/Jul/2026:15:55:51 +0000] "GET /wp-admin/admin.php?page=wc-orders HTTP/1.1" 302 0 "-" "curl/7.88.1"
146.19.44.43 - - [19/Jul/2026:15:55:50 +0000] "GET /wp-admin/ HTTP/1.1" 200 39376 "https://keeloil.com/wp-login.php" "Wget/1.21.4"
122.8.44.150 - - [19/Jul/2026:15:55:53 +0000] "GET /wp-admin/profile.php HTTP/1.1" 302 0 "https://keeloil.com/wp-login.php" "curl/8.6.0"
213.108.0.19 - - [19/Jul/2026:15:55:57 +0000] "GET /wp-admin/admin.php?page=wc-reports HTTP/1.1" 403 1147 "-" "curl/7.88.1"
194.39.149.53 - - [19/Jul/2026:15:56:00 +0000] "POST /wp-cron.php?doing_wp_cron=1784476560.3998980522155761718750 HTTP/1.1" 200 0 "-" "WordPress/7.0.2; https://keeloil.com"
213.108.0.19 - - [19/Jul/2026:15:55:57 +0000] "GET /wp-admin/edit.php?post_type=shop_order HTTP/1.1" 302 0 "-" "Wget/1.21.4"
146.19.44.43 - - [19/Jul/2026:15:55:57 +0000] "GET /wp-admin/plugins.php HTTP/1.1" 403 1147 "-" "Wget/1.21.4"
122.8.44.150 - - [19/Jul/2026:15:56:02 +0000] "GET /my-account/ HTTP/1.1" 200 15605 "https://keeloil.com/wp-login.php" "curl/8.6.0"
213.108.0.19 - - [19/Jul/2026:15:56:03 +0000] "GET /my-account/ HTTP/1.1" 200 15602 "https://keeloil.com/wp-admin/edit.php?post_type=shop_order" "Wget/1.21.4"
213.108.0.19 - - [19/Jul/2026:15:56:02 +0000] "GET /my-account/ HTTP/1.1" 200 15602 "https://keeloil.com/wp-admin/admin.php?page=wc-orders" "curl/7.88.1"
146.19.44.43 - - [19/Jul/2026:15:56:03 +0000] "GET /wp-admin/edit.php?post_type=shop_order HTTP/1.1" 301 0 "-" "curl/8.6.0"
122.8.44.150 - - [19/Jul/2026:15:56:08 +0000] "GET /wp-admin/plugins.php HTTP/1.1" 403 1147 "-" "Wget/1.21.4"
146.19.44.43 - - [19/Jul/2026:15:56:03 +0000] "GET /wp-admin/post-new.php HTTP/1.1" 200 188342 "-" "curl/8.6.0"
146.19.44.43 - - [19/Jul/2026:15:56:10 +0000] "GET /wp-admin/admin.php?page=wc-orders HTTP/1.1" 200 80068 "-" "curl/8.6.0"
122.8.44.150 - - [19/Jul/2026:15:56:13 +0000] "GET /wp-admin/admin.php?page=wc-orders HTTP/1.1" 500 1118 "-" "Wget/1.21.4"
122.8.44.150 - - [19/Jul/2026:15:56:13 +0000] "GET /wp-admin/admin.php?page=wc-reports HTTP/1.1" 403 1147 "-" "Wget/1.21.4"
146.19.44.43 - - [19/Jul/2026:15:56:13 +0000] "GET /wp-admin/admin.php?page=wc-reports HTTP/1.1" 403 1147 "-" "curl/8.6.0"
146.19.44.43 - - [19/Jul/2026:15:56:17 +0000] "HEAD /wp-admin/ HTTP/1.1" 302 0 "-" "curl/8.6.0"
122.8.44.150 - - [19/Jul/2026:15:56:18 +0000] "GET /wp-admin/edit.php?post_type=shop_order HTTP/1.1" 403 1147 "-" "curl/7.88.1"
122.8.44.150 - - [19/Jul/2026:15:56:19 +0000] "GET /wp-admin/post-new.php HTTP/1.1" 403 1147 "-" "Wget/1.21.4"
146.19.44.43 - - [19/Jul/2026:15:56:22 +0000] "HEAD /wp-login.php?redirect_to=https%3A%2F%2Fkeeloil.com%2Fwp-admin%2F&reauth=1 HTTP/1.1" 200 0 "https://keeloil.com/wp-admin/" "curl/8.6.0"
146.19.44.43 - - [19/Jul/2026:15:56:27 +0000] "GET /wp-admin/edit.php?post_type=shop_order HTTP/1.1" 301 0 "-" "curl/8.6.0"
146.19.44.43 - - [19/Jul/2026:15:56:27 +0000] "GET /wp-admin/admin.php?page=wc-orders HTTP/1.1" 200 79900 "-" "Wget/1.21.4"
146.19.44.43 - - [19/Jul/2026:15:56:32 +0000] "GET /wp-admin/admin.php?page=wc-orders HTTP/1.1" 200 80084 "https://keeloil.com/wp-admin/edit.php?post_type=shop_order" "curl/8.6.0"
194.39.149.53 - - [19/Jul/2026:15:57:25 +0000] "POST /wp-cron.php?doing_wp_cron=1784476645.5272688865661621093750 HTTP/1.1" 200 0 "-" "WordPress/7.0.2; https://keeloil.com"
189.239.223.187 - - [19/Jul/2026:15:57:20 +0000] "GET /home/page/16/?_wpnonce=1b493bd8d9&add_to_wishlist=92 HTTP/1.1" 200 23892 "-" "Mozilla/5.0 (Macintosh; Intel Mac OS X 10_15_6) AppleWebKit/537.36 (KHTML, like Gecko) Chrome/88.0.4324.150 Safari/537.36"
89.46.89.129 - - [19/Jul/2026:15:59:30 +0000] "POST /xmlrpc.php HTTP/2" 403 1242 "-" "Mozilla/5.0 (Windows NT 6.1; Win64; x64) AppleWebKit/537.36 (KHTML, like Gecko) Chrome/147.0.0.0 Safari/537.36"
168.205.69.31 - - [19/Jul/2026:16:02:03 +0000] "GET /home/?_wpnonce=994190954a&add_to_wishlist=92 HTTP/1.1" 200 0 "-" "Mozilla/5.0 (Macintosh; Intel Mac OS X 10_15_7) AppleWebKit/537.36 (KHTML, like Gecko) Chrome/103.0.0.0 Safari/537.36"
113.176.72.162 - - [19/Jul/2026:16:02:16 +0000] "GET /home/?_wpnonce=994190954a&add_to_wishlist=92 HTTP/1.1" 200 24653 "-" "Mozilla/5.0 (Windows NT 10.0; WOW64; x64) AppleWebKit/537.36 (KHTML, like Gecko) Chrome/105.0.5118.205 Safari/537.36"
194.39.149.53 - - [19/Jul/2026:16:02:22 +0000] "POST /wp-cron.php?doing_wp_cron=1784476941.9677081108093261718750 HTTP/1.1" 200 0 "-" "WordPress/7.0.2; https://keeloil.com"
194.39.149.53 - - [19/Jul/2026:16:04:21 +0000] "POST /wp-cron.php?doing_wp_cron=1784477061.2039260864257812500000 HTTP/1.1" 200 0 "-" "WordPress/7.0.2; https://keeloil.com"
216.24.210.91 - - [19/Jul/2026:16:04:18 +0000] "POST /wp-login.php HTTP/1.1" 200 2142 "-" "Mozilla/5.0 (Macintosh; U; Intel Mac OS X; en) AppleWebKit/522.11 (KHTML, like Gecko) Version/3.0.2 Safari/522.12"
114.119.154.13 - - [19/Jul/2026:16:04:37 +0000] "GET /2025/12/14/incognito-casino-comment-modifier-les-informations-de-votre-profil/ HTTP/1.1" 200 19187 "https://keeloil.com/home/page/12/" "Mozilla/5.0 (Linux; Android 7.0;) AppleWebKit/537.36 (HTML, like Gecko) Mobile Safari/537.36 (compatible; PetalBot;+https://webmaster.petalsearch.com/site/petalbot)"
202.29.224.10 - - [19/Jul/2026:16:04:38 +0000] "GET /wp-login.php HTTP/2" 200 1785 "-" "Mozilla/5.0 (Windows NT 10.0; Win64; x64) AppleWebKit/537.36 (KHTML, like Gecko) Chrome/147.0.0.0 Safari/537.36"
202.29.224.10 - - [19/Jul/2026:16:04:41 +0000] "POST /wp-login.php HTTP/2" 200 1925 "https://keeloil.com/wp-login.php" "Mozilla/5.0 (Windows NT 10.0; Win64; x64) AppleWebKit/537.36 (KHTML, like Gecko) Chrome/147.0.0.0 Safari/537.36"
216.73.163.149 - - [19/Jul/2026:16:04:56 +0000] "POST /wp-login.php HTTP/1.1" 200 2146 "-" "Mozilla/5.0 (Windows NT 10.0; Win64; x64) AppleWebKit/537.36 Chrome/129.0.0.0 Safari/537.36"
194.39.149.53 - - [19/Jul/2026:16:05:02 +0000] "POST /wp-cron.php?doing_wp_cron=1784477102.0171930789947509765625 HTTP/1.1" 200 0 "-" "WordPress/7.0.2; https://keeloil.com"
40.77.167.116 - - [19/Jul/2026:16:05:05 +0000] "GET /FC-Freezer-Mug-Keep-Your-Drink-Cold-With-Team-Pride-253373/ HTTP/2" 404 13180 "-" "Mozilla/5.0 AppleWebKit/537.36 (KHTML, like Gecko; compatible; bingbot/2.0; +http://www.bing.com/bingbot.htm) Chrome/116.0.1938.76 Safari/537.36"
194.39.149.53 - - [19/Jul/2026:16:06:09 +0000] "POST /wp-cron.php?doing_wp_cron=1784477169.2053699493408203125000 HTTP/1.1" 200 0 "-" "WordPress/7.0.2; https://keeloil.com"
23.94.155.68 - - [19/Jul/2026:16:06:04 +0000] "POST /wp-login.php HTTP/1.1" 200 2142 "-" "Mozilla/5.0 (Windows NT 10.0; Win64; rv:143.0) Gecko/20100101 Firefox/143.0"
128.1.171.24 - - [19/Jul/2026:16:06:11 +0000] "POST /wp-login.php HTTP/1.1" 200 5964 "-" "Mozilla/5.0"
68.178.160.25 - - [19/Jul/2026:16:11:09 +0000] "POST /xmlrpc.php HTTP/2" 403 1242 "-" "Mozilla/5.0 (iPad; CPU OS 18_0 like Mac OS X) AppleWebKit/605.1.15 (KHTML, like Gecko) CriOS/147.0.7871.34 Mobile/15E148 Safari/604.1"
194.39.149.53 - - [19/Jul/2026:16:11:31 +0000] "POST /wp-cron.php?doing_wp_cron=1784477491.1003189086914062500000 HTTP/1.1" 200 0 "-" "WordPress/7.0.2; https://keeloil.com"
57.141.0.31 - - [19/Jul/2026:16:11:23 +0000] "GET /home/page/3/?add_to_wishlist=92&_wpnonce=130a03ca18 HTTP/2" 200 124772 "-" "Mozilla/5.0 (X11; Linux x86_64) AppleWebKit/537.36 (KHTML, like Gecko) Chrome/145.0.0.0 Safari/537.36 (compatible; meta-externalagent/1.1 (+https://developers.facebook.com/docs/sharing/webmasters/crawler))"
57.141.0.43 - - [19/Jul/2026:16:11:50 +0000] "GET /home/page/16/?add_to_wishlist=92&_wpnonce=130a03ca18 HTTP/2" 200 111615 "-" "Mozilla/5.0 (Macintosh; Intel Mac OS X 10_15_7) AppleWebKit/537.36 (KHTML, like Gecko) Chrome/145.0.0.0 Safari/537.36 (compatible; meta-externalagent/1.1 (+https://developers.facebook.com/docs/sharing/webmasters/crawler))"
194.39.149.53 - - [19/Jul/2026:16:12:00 +0000] "POST /wp-cron.php?doing_wp_cron=1784477520.5112180709838867187500 HTTP/1.1" 200 0 "-" "WordPress/7.0.2; https://keeloil.com"
117.0.21.154 - - [19/Jul/2026:16:11:56 +0000] "GET /wp-login.php HTTP/2" 200 1785 "-" "Mozilla/5.0 (Macintosh; Intel Mac OS X 14_6_0) AppleWebKit/537.36 (KHTML, like Gecko) Chrome/147.0.0.0 Safari/537.36"
117.0.21.154 - - [19/Jul/2026:16:12:01 +0000] "POST /wp-login.php HTTP/2" 200 1922 "https://keeloil.com/wp-login.php" "Mozilla/5.0 (Macintosh; Intel Mac OS X 14_6_0) AppleWebKit/537.36 (KHTML, like Gecko) Chrome/147.0.0.0 Safari/537.36"
57.141.0.13 - - [19/Jul/2026:16:14:30 +0000] "GET /2026/06/28/czy-wiesz-jakie-bonusy-oferuje-mostbet-w-polsce/ HTTP/2" 200 79482 "-" "Mozilla/5.0 (Windows NT 10.0; Win64; x64) AppleWebKit/537.36 (KHTML, like Gecko) Chrome/145.0.0.0 Safari/537.36 (compatible; meta-externalagent/1.1 (+https://developers.facebook.com/docs/sharing/webmasters/crawler))"
194.39.149.53 - - [19/Jul/2026:16:14:51 +0000] "POST /wp-cron.php?doing_wp_cron=1784477691.1427268981933593750000 HTTP/1.1" 200 0 "-" "WordPress/7.0.2; https://keeloil.com"
182.77.62.24 - - [19/Jul/2026:16:14:49 +0000] "GET /wp-includes/wp-login.php HTTP/2" 404 13180 "-" "Mozilla/5.0 (Windows NT 10.0; Win64; x64) AppleWebKit/537.36 (KHTML, like Gecko) Chrome/147.0.0.0 Safari/537.36"
8.217.108.67 - - [19/Jul/2026:16:15:20 +0000] "GET /wp-login.php HTTP/2" 200 1785 "-" "Mozilla/5.0 (Windows NT 10.0; Win64; x64) AppleWebKit/537.36 (KHTML, like Gecko) Chrome/147.0.0.0 Safari/537.36"
8.217.108.67 - - [19/Jul/2026:16:15:35 +0000] "POST /wp-login.php HTTP/2" 200 1919 "https://keeloil.com/wp-login.php" "Mozilla/5.0 (Windows NT 10.0; Win64; x64) AppleWebKit/537.36 (KHTML, like Gecko) Chrome/147.0.0.0 Safari/537.36"
66.249.79.74 - - [19/Jul/2026:16:15:54 +0000] "GET /Flavour-150mm-Rawhide-Pack-Of-50-For-Medium-Large-Dogs-697127/ HTTP/1.1" 404 13180 "-" "Mozilla/5.0 (Linux; Android 6.0.1; Nexus 5X Build/MMB29P) AppleWebKit/537.36 (KHTML, like Gecko) Chrome/150.0.7871.124 Mobile Safari/537.36 (compatible; Googlebot/2.1; +http://www.google.com/bot.html)"
194.39.149.53 - - [19/Jul/2026:16:16:03 +0000] "POST /wp-cron.php?doing_wp_cron=1784477763.1061670780181884765625 HTTP/1.1" 200 0 "-" "WordPress/7.0.2; https://keeloil.com"
185.223.152.65 - - [19/Jul/2026:16:16:47 +0000] "POST /wp-login.php HTTP/1.1" 200 2142 "-" "Mozilla/5.0 (Windows NT 10.0; Win64; x64) AppleWebKit/537.36 Chrome/129.0.0.0 Safari/537.36"
194.39.149.53 - - [19/Jul/2026:16:17:07 +0000] "POST /wp-cron.php?doing_wp_cron=1784477827.1144781112670898437500 HTTP/1.1" 200 0 "-" "WordPress/7.0.2; https://keeloil.com"
194.39.149.53 - - [19/Jul/2026:16:19:29 +0000] "POST /wp-cron.php?doing_wp_cron=1784477969.7204720973968505859375 HTTP/1.1" 200 0 "-" "WordPress/7.0.2; https://keeloil.com"
40.77.167.28 - - [19/Jul/2026:16:19:16 +0000] "GET /c/credit-center HTTP/2" 404 13180 "-" "Mozilla/5.0 AppleWebKit/537.36 (KHTML, like Gecko; compatible; bingbot/2.0; +http://www.bing.com/bingbot.htm) Chrome/116.0.1938.76 Safari/537.36"
194.39.149.53 - - [19/Jul/2026:16:20:00 +0000] "POST /wp-cron.php?doing_wp_cron=1784477999.8189449310302734375000 HTTP/1.1" 200 0 "-" "WordPress/7.0.2; https://keeloil.com"
103.15.247.11 - - [19/Jul/2026:16:19:54 +0000] "GET /home/page/10/?_wpnonce=0685fff78c&add_to_wishlist=92 HTTP/1.1" 200 24506 "-" "Mozilla/5.0 (Macintosh; Intel Mac OS X 10_14_6) AppleWebKit/537.36 (KHTML, like Gecko) Chrome/88.0.4324.96 Safari/537.36"
23.94.155.59 - - [19/Jul/2026:16:20:09 +0000] "POST /wp-login.php HTTP/1.1" 200 2142 "-" "Mozilla/5.0 (Windows NT 10.0; Win64; rv:143.0) Gecko/20100101 Firefox/143.0"
