194.39.149.53 - - [20/Jul/2026:05:16:38 +0000] "POST /wp-cron.php?doing_wp_cron=1784524598.8304638862609863281250 HTTP/1.1" 200 0 "-" "WordPress/7.0.2; https://keeloil.com"
57.141.0.4 - - [20/Jul/2026:05:16:38 +0000] "GET /shop/?add_to_wishlist=92&_wpnonce=e6559cb22c HTTP/2" 200 70157 "-" "Mozilla/5.0 (Macintosh; Intel Mac OS X 10_15_7) AppleWebKit/537.36 (KHTML, like Gecko) Chrome/145.0.0.0 Safari/537.36 (compatible; meta-externalagent/1.1 (+https://developers.facebook.com/docs/sharing/webmasters/crawler))"
134.122.59.145 - - [20/Jul/2026:05:16:48 +0000] "POST /wp-login.php HTTP/1.1" 200 5964 "-" "Mozilla/5.0"
194.39.149.53 - - [20/Jul/2026:05:17:30 +0000] "POST /wp-cron.php?doing_wp_cron=1784524650.1856150627136230468750 HTTP/1.1" 200 0 "-" "WordPress/7.0.2; https://keeloil.com"
91.193.232.141 - - [20/Jul/2026:05:17:29 +0000] "POST /wp-login.php HTTP/1.1" 200 2141 "-" "Mozilla/5.0 (Windows NT 10.0; Win64; rv:143.0) Gecko/20100101 Firefox/143.0"
38.51.28.36 - - [20/Jul/2026:05:17:38 +0000] "GET /home/page/12/?_wpnonce=bc76fcdc80&add_to_wishlist=92 HTTP/1.1" 200 24528 "-" "Mozilla/5.0 (Macintosh; Intel Mac OS X 10_15_7) AppleWebKit/537.36 (KHTML, like Gecko) Chrome/100.0.4896.147 Safari/537.36"
4.193.178.28 - - [20/Jul/2026:05:17:50 +0000] "GET /nine2code.php HTTP/1.1" 404 13179 "-" "Mozilla/5.0 (Windows NT 10.0; Win64; x64) AppleWebKit/537.36 (KHTML, like Gecko) Chrome/120.0.0.0 Safari/537.36"
4.193.178.28 - - [20/Jul/2026:05:17:52 +0000] "GET /num.php HTTP/1.1" 404 13179 "-" "Mozilla/5.0 (Windows NT 10.0; Win64; x64) AppleWebKit/537.36 (KHTML, like Gecko) Chrome/120.0.0.0 Safari/537.36"
4.193.178.28 - - [20/Jul/2026:05:17:53 +0000] "GET /odf7udtspqtpxzyxmw2rccdefault.php HTTP/1.1" 404 13179 "-" "Mozilla/5.0 (Windows NT 10.0; Win64; x64) AppleWebKit/537.36 (KHTML, like Gecko) Chrome/120.0.0.0 Safari/537.36"
4.193.178.28 - - [20/Jul/2026:05:17:55 +0000] "GET /option.php HTTP/1.1" 404 13179 "-" "Mozilla/5.0 (Windows NT 10.0; Win64; x64) AppleWebKit/537.36 (KHTML, like Gecko) Chrome/120.0.0.0 Safari/537.36"
4.193.178.28 - - [20/Jul/2026:05:17:56 +0000] "GET /p.php HTTP/1.1" 404 13179 "-" "Mozilla/5.0 (Windows NT 10.0; Win64; x64) AppleWebKit/537.36 (KHTML, like Gecko) Chrome/120.0.0.0 Safari/537.36"
194.39.149.53 - - [20/Jul/2026:05:17:59 +0000] "POST /wp-cron.php?doing_wp_cron=1784524678.9308080673217773437500 HTTP/1.1" 200 0 "-" "WordPress/7.0.2; https://keeloil.com"
4.193.178.28 - - [20/Jul/2026:05:17:58 +0000] "GET /past.php HTTP/1.1" 404 13179 "-" "Mozilla/5.0 (Windows NT 10.0; Win64; x64) AppleWebKit/537.36 (KHTML, like Gecko) Chrome/120.0.0.0 Safari/537.36"
4.193.178.28 - - [20/Jul/2026:05:17:59 +0000] "GET /php.php HTTP/1.1" 404 13179 "-" "Mozilla/5.0 (Windows NT 10.0; Win64; x64) AppleWebKit/537.36 (KHTML, like Gecko) Chrome/120.0.0.0 Safari/537.36"
4.193.178.28 - - [20/Jul/2026:05:18:00 +0000] "GET /php8.php HTTP/1.1" 404 13179 "-" "Mozilla/5.0 (Windows NT 10.0; Win64; x64) AppleWebKit/537.36 (KHTML, like Gecko) Chrome/120.0.0.0 Safari/537.36"
4.193.178.28 - - [20/Jul/2026:05:18:01 +0000] "GET /phpinfo.php HTTP/1.1" 404 13179 "-" "Mozilla/5.0 (Windows NT 10.0; Win64; x64) AppleWebKit/537.36 (KHTML, like Gecko) Chrome/120.0.0.0 Safari/537.36"
114.119.131.180 - - [20/Jul/2026:05:18:06 +0000] "GET /category/uncategorized/page/12/ HTTP/1.1" 200 15491 "https://keeloil.com/category/uncategorized/page/13/" "Mozilla/5.0 (Linux; Android 7.0;) AppleWebKit/537.36 (HTML, like Gecko) Mobile Safari/537.36 (compatible; PetalBot;+https://webmaster.petalsearch.com/site/petalbot)"
4.193.178.28 - - [20/Jul/2026:05:18:08 +0000] "GET /plugins/ HTTP/1.1" 404 13179 "-" "Mozilla/5.0 (Windows NT 10.0; Win64; x64) AppleWebKit/537.36 (KHTML, like Gecko) Chrome/120.0.0.0 Safari/537.36"
4.193.178.28 - - [20/Jul/2026:05:18:14 +0000] "GET /post.php HTTP/1.1" 404 13179 "-" "Mozilla/5.0 (Windows NT 10.0; Win64; x64) AppleWebKit/537.36 (KHTML, like Gecko) Chrome/120.0.0.0 Safari/537.36"
4.193.178.28 - - [20/Jul/2026:05:18:17 +0000] "GET /public/assets/design_1/css/parts/course_cards/grid_card_1.min.php HTTP/1.1" 404 13179 "-" "Mozilla/5.0 (Windows NT 10.0; Win64; x64) AppleWebKit/537.36 (KHTML, like Gecko) Chrome/120.0.0.0 Safari/537.36"
4.193.178.28 - - [20/Jul/2026:05:18:20 +0000] "GET /public/css.php HTTP/1.1" 404 13179 "-" "Mozilla/5.0 (Windows NT 10.0; Win64; x64) AppleWebKit/537.36 (KHTML, like Gecko) Chrome/120.0.0.0 Safari/537.36"
4.193.178.28 - - [20/Jul/2026:05:18:22 +0000] "GET /r.php HTTP/1.1" 404 13179 "-" "Mozilla/5.0 (Windows NT 10.0; Win64; x64) AppleWebKit/537.36 (KHTML, like Gecko) Chrome/120.0.0.0 Safari/537.36"
4.193.178.28 - - [20/Jul/2026:05:18:23 +0000] "GET /radio.php HTTP/1.1" 404 13179 "-" "Mozilla/5.0 (Windows NT 10.0; Win64; x64) AppleWebKit/537.36 (KHTML, like Gecko) Chrome/120.0.0.0 Safari/537.36"
4.193.178.28 - - [20/Jul/2026:05:18:25 +0000] "GET /randkeyword.php7 HTTP/1.1" 404 13179 "-" "Mozilla/5.0 (Windows NT 10.0; Win64; x64) AppleWebKit/537.36 (KHTML, like Gecko) Chrome/120.0.0.0 Safari/537.36"
4.193.178.28 - - [20/Jul/2026:05:18:26 +0000] "GET /readme.php HTTP/1.1" 404 13179 "-" "Mozilla/5.0 (Windows NT 10.0; Win64; x64) AppleWebKit/537.36 (KHTML, like Gecko) Chrome/120.0.0.0 Safari/537.36"
4.193.178.28 - - [20/Jul/2026:05:18:27 +0000] "GET /reze.php HTTP/1.1" 404 13179 "-" "Mozilla/5.0 (Windows NT 10.0; Win64; x64) AppleWebKit/537.36 (KHTML, like Gecko) Chrome/120.0.0.0 Safari/537.36"
4.193.178.28 - - [20/Jul/2026:05:18:29 +0000] "GET /rh.php HTTP/1.1" 404 13179 "-" "Mozilla/5.0 (Windows NT 10.0; Win64; x64) AppleWebKit/537.36 (KHTML, like Gecko) Chrome/120.0.0.0 Safari/537.36"
4.193.178.28 - - [20/Jul/2026:05:18:30 +0000] "GET /rip.php HTTP/1.1" 404 13179 "-" "Mozilla/5.0 (Windows NT 10.0; Win64; x64) AppleWebKit/537.36 (KHTML, like Gecko) Chrome/120.0.0.0 Safari/537.36"
4.193.178.28 - - [20/Jul/2026:05:18:31 +0000] "GET /root.php HTTP/1.1" 404 13179 "-" "Mozilla/5.0 (Windows NT 10.0; Win64; x64) AppleWebKit/537.36 (KHTML, like Gecko) Chrome/120.0.0.0 Safari/537.36"
4.193.178.28 - - [20/Jul/2026:05:18:33 +0000] "GET /s.php HTTP/1.1" 404 13179 "-" "Mozilla/5.0 (Windows NT 10.0; Win64; x64) AppleWebKit/537.36 (KHTML, like Gecko) Chrome/120.0.0.0 Safari/537.36"
4.193.178.28 - - [20/Jul/2026:05:18:34 +0000] "GET /sang.php HTTP/1.1" 404 13179 "-" "Mozilla/5.0 (Windows NT 10.0; Win64; x64) AppleWebKit/537.36 (KHTML, like Gecko) Chrome/120.0.0.0 Safari/537.36"
4.193.178.28 - - [20/Jul/2026:05:18:35 +0000] "GET /scxy.php HTTP/1.1" 404 13179 "-" "Mozilla/5.0 (Windows NT 10.0; Win64; x64) AppleWebKit/537.36 (KHTML, like Gecko) Chrome/120.0.0.0 Safari/537.36"
4.193.178.28 - - [20/Jul/2026:05:18:36 +0000] "GET /sd.php HTTP/1.1" 404 13179 "-" "Mozilla/5.0 (Windows NT 10.0; Win64; x64) AppleWebKit/537.36 (KHTML, like Gecko) Chrome/120.0.0.0 Safari/537.36"
4.193.178.28 - - [20/Jul/2026:05:18:38 +0000] "GET /sf.php HTTP/1.1" 404 13179 "-" "Mozilla/5.0 (Windows NT 10.0; Win64; x64) AppleWebKit/537.36 (KHTML, like Gecko) Chrome/120.0.0.0 Safari/537.36"
4.193.178.28 - - [20/Jul/2026:05:18:39 +0000] "GET /shell.php HTTP/1.1" 403 5137 "-" "Mozilla/5.0 (Windows NT 10.0; Win64; x64) AppleWebKit/537.36 (KHTML, like Gecko) Chrome/120.0.0.0 Safari/537.36"
4.193.178.28 - - [20/Jul/2026:05:18:39 +0000] "GET /shop/ HTTP/1.1" 200 15932 "-" "Mozilla/5.0 (Windows NT 10.0; Win64; x64) AppleWebKit/537.36 (KHTML, like Gecko) Chrome/120.0.0.0 Safari/537.36"
4.193.178.28 - - [20/Jul/2026:05:18:40 +0000] "GET /sid3.php HTTP/1.1" 404 13179 "-" "Mozilla/5.0 (Windows NT 10.0; Win64; x64) AppleWebKit/537.36 (KHTML, like Gecko) Chrome/120.0.0.0 Safari/537.36"
4.193.178.28 - - [20/Jul/2026:05:18:42 +0000] "GET /simple.php HTTP/1.1" 404 13179 "-" "Mozilla/5.0 (Windows NT 10.0; Win64; x64) AppleWebKit/537.36 (KHTML, like Gecko) Chrome/120.0.0.0 Safari/537.36"
4.193.178.28 - - [20/Jul/2026:05:18:43 +0000] "GET /sitemap.php HTTP/1.1" 404 13179 "-" "Mozilla/5.0 (Windows NT 10.0; Win64; x64) AppleWebKit/537.36 (KHTML, like Gecko) Chrome/120.0.0.0 Safari/537.36"
4.193.178.28 - - [20/Jul/2026:05:18:45 +0000] "GET /size.php HTTP/1.1" 404 13179 "-" "Mozilla/5.0 (Windows NT 10.0; Win64; x64) AppleWebKit/537.36 (KHTML, like Gecko) Chrome/120.0.0.0 Safari/537.36"
4.193.178.28 - - [20/Jul/2026:05:18:46 +0000] "GET /sm.php HTTP/1.1" 404 13179 "-" "Mozilla/5.0 (Windows NT 10.0; Win64; x64) AppleWebKit/537.36 (KHTML, like Gecko) Chrome/120.0.0.0 Safari/537.36"
4.193.178.28 - - [20/Jul/2026:05:18:47 +0000] "GET /sql.php HTTP/1.1" 404 13179 "-" "Mozilla/5.0 (Windows NT 10.0; Win64; x64) AppleWebKit/537.36 (KHTML, like Gecko) Chrome/120.0.0.0 Safari/537.36"
4.193.178.28 - - [20/Jul/2026:05:18:49 +0000] "GET /ss.php HTTP/1.1" 404 13179 "-" "Mozilla/5.0 (Windows NT 10.0; Win64; x64) AppleWebKit/537.36 (KHTML, like Gecko) Chrome/120.0.0.0 Safari/537.36"
4.193.178.28 - - [20/Jul/2026:05:18:50 +0000] "GET /stats.php HTTP/1.1" 404 13179 "-" "Mozilla/5.0 (Windows NT 10.0; Win64; x64) AppleWebKit/537.36 (KHTML, like Gecko) Chrome/120.0.0.0 Safari/537.36"
4.193.178.28 - - [20/Jul/2026:05:18:52 +0000] "GET /sump1.php HTTP/1.1" 404 13179 "-" "Mozilla/5.0 (Windows NT 10.0; Win64; x64) AppleWebKit/537.36 (KHTML, like Gecko) Chrome/120.0.0.0 Safari/537.36"
4.193.178.28 - - [20/Jul/2026:05:18:53 +0000] "GET /system.php HTTP/1.1" 404 13179 "-" "Mozilla/5.0 (Windows NT 10.0; Win64; x64) AppleWebKit/537.36 (KHTML, like Gecko) Chrome/120.0.0.0 Safari/537.36"
4.193.178.28 - - [20/Jul/2026:05:18:54 +0000] "GET /system/03n1hob7p03r2npdefault.php HTTP/1.1" 404 13179 "-" "Mozilla/5.0 (Windows NT 10.0; Win64; x64) AppleWebKit/537.36 (KHTML, like Gecko) Chrome/120.0.0.0 Safari/537.36"
4.193.178.28 - - [20/Jul/2026:05:18:55 +0000] "GET /system/cj5ha2rah8lyiqqdefault.php HTTP/1.1" 404 13179 "-" "Mozilla/5.0 (Windows NT 10.0; Win64; x64) AppleWebKit/537.36 (KHTML, like Gecko) Chrome/120.0.0.0 Safari/537.36"
194.39.149.53 - - [20/Jul/2026:05:18:58 +0000] "POST /wp-cron.php?doing_wp_cron=1784524738.0526928901672363281250 HTTP/1.1" 200 0 "-" "WordPress/7.0.2; https://keeloil.com"
194.39.149.53 - - [20/Jul/2026:05:24:34 +0000] "POST /wp-cron.php?doing_wp_cron=1784525074.3050179481506347656250 HTTP/1.1" 200 0 "-" "WordPress/7.0.2; https://keeloil.com"
52.167.144.170 - - [20/Jul/2026:05:24:32 +0000] "GET / HTTP/2" 200 19304 "-" "Mozilla/5.0 AppleWebKit/537.36 (KHTML, like Gecko; compatible; bingbot/2.0; +http://www.bing.com/bingbot.htm) Chrome/116.0.1938.76 Safari/537.36"
194.39.149.53 - - [20/Jul/2026:05:25:01 +0000] "POST /wp-cron.php?doing_wp_cron=1784525101.5315959453582763671875 HTTP/1.1" 200 0 "-" "WordPress/7.0.2; https://keeloil.com"
57.141.0.31 - - [20/Jul/2026:05:24:59 +0000] "GET /2026/06/29/maximizing-rewards-at-the-best-online-casino-in-canada-real-money/ HTTP/2" 200 80351 "-" "Mozilla/5.0 (Windows NT 10.0; Win64; x64) AppleWebKit/537.36 (KHTML, like Gecko) Chrome/145.0.0.0 Safari/537.36 (compatible; meta-externalagent/1.1 (+https://developers.facebook.com/docs/sharing/webmasters/crawler))"
52.167.144.170 - - [20/Jul/2026:05:25:02 +0000] "GET /wp-content/plugins/bosa-elementor-for-woocommerce/assets/style.css?ver=7.0.2 HTTP/2" 200 2660 "https://keeloil.com/" "Mozilla/5.0 AppleWebKit/537.36 (KHTML, like Gecko; compatible; bingbot/2.0; +http://www.bing.com/bingbot.htm) Chrome/136.0.0.0 Safari/537.36 AppleWebKit/537.36 (KHTML, like Gecko; compatible; bingbot/2.0; +http://www.bing.com/bingbot.htm) Chrome/116.0.1938.76 Safari/537.36"
52.167.144.170 - - [20/Jul/2026:05:25:02 +0000] "GET /wp-content/plugins/bosa-elementor-for-woocommerce/assets/js/owl.carousel.min.js?ver=7.0.2 HTTP/2" 200 11143 "https://keeloil.com/" "Mozilla/5.0 AppleWebKit/537.36 (KHTML, like Gecko; compatible; bingbot/2.0; +http://www.bing.com/bingbot.htm) Chrome/136.0.0.0 Safari/537.36 AppleWebKit/537.36 (KHTML, like Gecko; compatible; bingbot/2.0; +http://www.bing.com/bingbot.htm) Chrome/116.0.1938.76 Safari/537.36"
52.167.144.170 - - [20/Jul/2026:05:25:02 +0000] "GET /wp-includes/js/wp-emoji-release.min.js?ver=7.0.2 HTTP/2" 200 4974 "https://keeloil.com/" "Mozilla/5.0 AppleWebKit/537.36 (KHTML, like Gecko; compatible; bingbot/2.0; +http://www.bing.com/bingbot.htm) Chrome/136.0.0.0 Safari/537.36 AppleWebKit/537.36 (KHTML, like Gecko; compatible; bingbot/2.0; +http://www.bing.com/bingbot.htm) Chrome/116.0.1938.76 Safari/537.36"
40.77.167.241 - - [20/Jul/2026:05:25:05 +0000] "GET /wp-content/plugins/bosa-elementor-for-woocommerce/assets/css/owl-carousel-min.css?ver=7.0.2 HTTP/2" 200 911 "https://keeloil.com/" "Mozilla/5.0 AppleWebKit/537.36 (KHTML, like Gecko; compatible; bingbot/2.0; +http://www.bing.com/bingbot.htm) Chrome/136.0.0.0 Safari/537.36 AppleWebKit/537.36 (KHTML, like Gecko; compatible; bingbot/2.0; +http://www.bing.com/bingbot.htm) Chrome/116.0.1938.76 Safari/537.36"
157.55.39.53 - - [20/Jul/2026:05:25:06 +0000] "GET /wp-content/plugins/bosa-elementor-for-woocommerce/assets/js/bew-admin-script.js?ver=7.0.2 HTTP/2" 200 771 "https://keeloil.com/" "Mozilla/5.0 AppleWebKit/537.36 (KHTML, like Gecko; compatible; bingbot/2.0; +http://www.bing.com/bingbot.htm) Chrome/136.0.0.0 Safari/537.36 AppleWebKit/537.36 (KHTML, like Gecko; compatible; bingbot/2.0; +http://www.bing.com/bingbot.htm) Chrome/116.0.1938.76 Safari/537.36"
114.119.152.77 - - [20/Jul/2026:05:25:03 +0000] "GET /2026/01/09/les-conditions-de-retrait-total-casino-detaillees-guide-complet-pour-les-joueurs/ HTTP/1.1" 200 18891 "https://keeloil.com/home/page/10/" "Mozilla/5.0 (Linux; Android 7.0;) AppleWebKit/537.36 (HTML, like Gecko) Mobile Safari/537.36 (compatible; PetalBot;+https://webmaster.petalsearch.com/site/petalbot)"
40.77.167.241 - - [20/Jul/2026:05:25:15 +0000] "GET /wp-content/plugins/bosa-elementor-for-woocommerce/assets/css/owl.theme.default.min.css?ver=7.0.2 HTTP/2" 200 376 "https://keeloil.com/" "Mozilla/5.0 AppleWebKit/537.36 (KHTML, like Gecko; compatible; bingbot/2.0; +http://www.bing.com/bingbot.htm) Chrome/136.0.0.0 Safari/537.36 AppleWebKit/537.36 (KHTML, like Gecko; compatible; bingbot/2.0; +http://www.bing.com/bingbot.htm) Chrome/116.0.1938.76 Safari/537.36"
4.193.178.28 - - [20/Jul/2026:05:18:57 +0000] "GET /system_log.php HTTP/1.1" 404 13179 "-" "Mozilla/5.0 (Windows NT 10.0; Win64; x64) AppleWebKit/537.36 (KHTML, like Gecko) Chrome/120.0.0.0 Safari/537.36"
4.193.178.28 - - [20/Jul/2026:05:18:58 +0000] "GET /t.php HTTP/1.1" 404 13179 "-" "Mozilla/5.0 (Windows NT 10.0; Win64; x64) AppleWebKit/537.36 (KHTML, like Gecko) Chrome/120.0.0.0 Safari/537.36"
4.193.178.28 - - [20/Jul/2026:05:19:01 +0000] "GET /term.php HTTP/1.1" 404 13179 "-" "Mozilla/5.0 (Windows NT 10.0; Win64; x64) AppleWebKit/537.36 (KHTML, like Gecko) Chrome/120.0.0.0 Safari/537.36"
4.193.178.28 - - [20/Jul/2026:05:19:03 +0000] "GET /test.php HTTP/1.1" 404 13178 "-" "Mozilla/5.0 (Windows NT 10.0; Win64; x64) AppleWebKit/537.36 (KHTML, like Gecko) Chrome/120.0.0.0 Safari/537.36"
4.193.178.28 - - [20/Jul/2026:05:19:05 +0000] "GET /test1.php HTTP/1.1" 404 13179 "-" "Mozilla/5.0 (Windows NT 10.0; Win64; x64) AppleWebKit/537.36 (KHTML, like Gecko) Chrome/120.0.0.0 Safari/537.36"
4.193.178.28 - - [20/Jul/2026:05:19:07 +0000] "GET /tfm.php HTTP/1.1" 404 13179 "-" "Mozilla/5.0 (Windows NT 10.0; Win64; x64) AppleWebKit/537.36 (KHTML, like Gecko) Chrome/120.0.0.0 Safari/537.36"
4.193.178.28 - - [20/Jul/2026:05:19:09 +0000] "GET /thebe.php HTTP/1.1" 404 13179 "-" "Mozilla/5.0 (Windows NT 10.0; Win64; x64) AppleWebKit/537.36 (KHTML, like Gecko) Chrome/120.0.0.0 Safari/537.36"
4.193.178.28 - - [20/Jul/2026:05:19:10 +0000] "GET /themes.php HTTP/1.1" 404 13179 "-" "Mozilla/5.0 (Windows NT 10.0; Win64; x64) AppleWebKit/537.36 (KHTML, like Gecko) Chrome/120.0.0.0 Safari/537.36"
4.193.178.28 - - [20/Jul/2026:05:19:12 +0000] "GET /tiny.php HTTP/1.1" 404 13179 "-" "Mozilla/5.0 (Windows NT 10.0; Win64; x64) AppleWebKit/537.36 (KHTML, like Gecko) Chrome/120.0.0.0 Safari/537.36"
4.193.178.28 - - [20/Jul/2026:05:19:13 +0000] "GET /tmp/byp.php HTTP/1.1" 404 13179 "-" "Mozilla/5.0 (Windows NT 10.0; Win64; x64) AppleWebKit/537.36 (KHTML, like Gecko) Chrome/120.0.0.0 Safari/537.36"
114.119.152.77 - - [20/Jul/2026:05:19:30 +0000] "GET /2026/07/15/pin-up-mrclrd-bankroll-idarsi-risklri-azaltma-yollari/ HTTP/1.1" 200 18366 "https://keeloil.com/2025/12/19/quels-sont-les-retours-des-joueurs-sur-la-rapidite-des-paiements-viggoslots/" "Mozilla/5.0 (Linux; Android 7.0;) AppleWebKit/537.36 (HTML, like Gecko) Mobile Safari/537.36 (compatible; PetalBot;+https://webmaster.petalsearch.com/site/petalbot)"
194.39.149.53 - - [20/Jul/2026:05:19:58 +0000] "POST /wp-cron.php?doing_wp_cron=1784524798.7273240089416503906250 HTTP/1.1" 200 0 "-" "WordPress/7.0.2; https://keeloil.com"
57.141.0.20 - - [20/Jul/2026:05:19:57 +0000] "GET /2026/02/05/en-quoi-la-politique-de-confidentialite-de-crazy-time-casino-protege-les-joueurs/ HTTP/2" 200 80624 "-" "Mozilla/5.0 (Macintosh; Intel Mac OS X 10_15_7) AppleWebKit/537.36 (KHTML, like Gecko) Chrome/145.0.0.0 Safari/537.36 (compatible; meta-externalagent/1.1 (+https://developers.facebook.com/docs/sharing/webmasters/crawler))"
194.39.149.53 - - [20/Jul/2026:05:22:18 +0000] "POST /wp-cron.php?doing_wp_cron=1784524938.3979001045227050781250 HTTP/1.1" 200 0 "-" "WordPress/7.0.2; https://keeloil.com"
114.119.152.77 - - [20/Jul/2026:05:22:17 +0000] "GET /home/page/14/ HTTP/1.1" 200 22111 "https://keeloil.com/home/page/11/" "Mozilla/5.0 (Linux; Android 7.0;) AppleWebKit/537.36 (HTML, like Gecko) Mobile Safari/537.36 (compatible; PetalBot;+https://webmaster.petalsearch.com/site/petalbot)"
194.39.149.53 - - [20/Jul/2026:05:23:42 +0000] "POST /wp-cron.php?doing_wp_cron=1784525022.3362360000610351562500 HTTP/1.1" 200 0 "-" "WordPress/7.0.2; https://keeloil.com"
114.119.152.77 - - [20/Jul/2026:05:23:41 +0000] "GET /2026/01/14/ HTTP/1.1" 200 13448 "https://keeloil.com/home/page/10/" "Mozilla/5.0 (Linux; Android 7.0;) AppleWebKit/537.36 (HTML, like Gecko) Mobile Safari/537.36 (compatible; PetalBot;+https://webmaster.petalsearch.com/site/petalbot)"
57.141.0.37 - - [20/Jul/2026:05:25:45 +0000] "GET /2023/06/29/vavada-zerkalo-vse-chto-nuzhno-znat-segodnia/ HTTP/2" 200 81514 "-" "Mozilla/5.0 (Windows NT 10.0; Win64; x64) AppleWebKit/537.36 (KHTML, like Gecko) Chrome/145.0.0.0 Safari/537.36 (compatible; meta-externalagent/1.1 (+https://developers.facebook.com/docs/sharing/webmasters/crawler))"
195.26.244.42 - - [20/Jul/2026:05:25:52 +0000] "GET /wp-login.php HTTP/2" 200 1784 "-" "Mozilla/5.0 (Windows NT 10.0; Win64; x64) AppleWebKit/537.36 (KHTML, like Gecko) Chrome/147.0.0.0 Safari/537.36"
194.39.149.53 - - [20/Jul/2026:05:26:15 +0000] "POST /wp-cron.php?doing_wp_cron=1784525175.6617040634155273437500 HTTP/1.1" 200 0 "-" "WordPress/7.0.2; https://keeloil.com"
91.193.232.160 - - [20/Jul/2026:05:26:14 +0000] "POST /wp-login.php HTTP/1.1" 200 2141 "-" "Mozilla/5.0 (Windows NT 10.0; Win64; x64) AppleWebKit/537.36 Chrome/129.0.0.0 Safari/537.36"
195.26.244.42 - - [20/Jul/2026:05:26:15 +0000] "POST /wp-login.php HTTP/2" 200 1924 "https://keeloil.com/wp-login.php" "Mozilla/5.0 (Windows NT 10.0; Win64; x64) AppleWebKit/537.36 (KHTML, like Gecko) Chrome/147.0.0.0 Safari/537.36"
114.119.136.8 - - [20/Jul/2026:05:26:27 +0000] "GET /wp-content/uploads/woocommerce-placeholder-300x300.png HTTP/1.1" 200 10546 "https://keeloil.com/home/page/11/" "Mozilla/5.0 (Linux; Android 7.0;) AppleWebKit/537.36 (HTML, like Gecko) Mobile Safari/537.36 (compatible; PetalBot;+https://webmaster.petalsearch.com/site/petalbot)"
194.39.149.53 - - [20/Jul/2026:05:27:24 +0000] "POST /wp-cron.php?doing_wp_cron=1784525244.4805300235748291015625 HTTP/1.1" 200 0 "-" "WordPress/7.0.2; https://keeloil.com"
57.141.0.26 - - [20/Jul/2026:05:27:23 +0000] "GET /2026/01/21/win-unique-casino-quelles-nouveautes-bonus-pour-cette-saison/ HTTP/2" 200 80596 "-" "Mozilla/5.0 (Windows NT 10.0; Win64; x64) AppleWebKit/537.36 (KHTML, like Gecko) Chrome/145.0.0.0 Safari/537.36 (compatible; meta-externalagent/1.1 (+https://developers.facebook.com/docs/sharing/webmasters/crawler))"
134.122.59.145 - - [20/Jul/2026:05:27:35 +0000] "POST /wp-login.php HTTP/1.1" 200 5964 "-" "Mozilla/5.0"
57.141.0.38 - - [20/Jul/2026:05:27:45 +0000] "GET /2026/05/16/obzor-funktsionalnogo-saita-pinap-dlia-igry-na-realnye-dengi-onlain/ HTTP/2" 200 83157 "-" "Mozilla/5.0 (Windows NT 10.0; Win64; x64) AppleWebKit/537.36 (KHTML, like Gecko) Chrome/145.0.0.0 Safari/537.36 (compatible; meta-externalagent/1.1 (+https://developers.facebook.com/docs/sharing/webmasters/crawler))"
114.119.131.180 - - [20/Jul/2026:05:27:51 +0000] "GET /2025/12/01/ HTTP/1.1" 200 13504 "https://keeloil.com/home/page/12/" "Mozilla/5.0 (Linux; Android 7.0;) AppleWebKit/537.36 (HTML, like Gecko) Mobile Safari/537.36 (compatible; PetalBot;+https://webmaster.petalsearch.com/site/petalbot)"
141.98.11.34 - - [20/Jul/2026:05:27:51 +0000] "POST /index.php?option=com_sppagebuilder&task=asset.uploadCustomIcon HTTP/1.1" 200 21831 "-" "Mozilla/5.0 (X11; Linux x86_64) sppb-rce-poc"
141.98.11.34 - - [20/Jul/2026:05:27:51 +0000] "POST /index.php?option=com_sppagebuilder&task=asset.uploadCustomIcon HTTP/1.1" 200 21831 "-" "Mozilla/5.0 (X11; Linux x86_64) sppb-rce-poc"
194.39.149.53 - - [20/Jul/2026:05:28:33 +0000] "POST /wp-cron.php?doing_wp_cron=1784525313.7229208946228027343750 HTTP/1.1" 200 0 "-" "WordPress/7.0.2; https://keeloil.com"
181.199.148.161 - - [20/Jul/2026:05:28:32 +0000] "GET /home/page/4/?_wpnonce=82221a8ac4&add_to_wishlist=92 HTTP/1.1" 200 24425 "-" "Mozilla/5.0 (Windows NT 6.1) AppleWebKit/537.36 (KHTML, like Gecko) Brave Chrome/88.0.4324.152 Safari/537.36"
51.68.247.210 - - [20/Jul/2026:05:28:44 +0000] "GET /robots.txt HTTP/2" 200 96 "-" "Mozilla/5.0 (compatible; AhrefsBot/7.0; +http://ahrefs.com/robot/)"
167.114.139.106 - - [20/Jul/2026:05:28:47 +0000] "GET /home/ HTTP/2" 200 21946 "-" "Mozilla/5.0 (compatible; AhrefsBot/7.0; +http://ahrefs.com/robot/)"
194.39.149.53 - - [20/Jul/2026:05:29:17 +0000] "POST /wp-cron.php?doing_wp_cron=1784525357.0081861019134521484375 HTTP/1.1" 200 0 "-" "WordPress/7.0.2; https://keeloil.com"
114.119.146.36 - - [20/Jul/2026:05:29:15 +0000] "GET /2023/06/29/ HTTP/1.1" 200 13734 "https://keeloil.com/home/page/16/" "Mozilla/5.0 (Linux; Android 7.0;) AppleWebKit/537.36 (HTML, like Gecko) Mobile Safari/537.36 (compatible; PetalBot;+https://webmaster.petalsearch.com/site/petalbot)"
188.95.113.76 - - [20/Jul/2026:05:32:55 +0000] "POST /xmlrpc.php HTTP/2" 403 1242 "-" "Mozilla/5.0 (iPhone; CPU iPhone OS 18_5_0 like Mac OS X) AppleWebKit/605.1.15 (KHTML, like Gecko) CriOS/147.0.7871.34 Mobile/15E148 Safari/604.1"
23.102.123.231 - - [20/Jul/2026:05:33:03 +0000] "GET /wp-content/plugins/hellopress/wp_filemanager.php HTTP/1.1" 404 5750 "-" "-"
23.102.123.231 - - [20/Jul/2026:05:33:04 +0000] "GET /this_is_a_new_hello_world.php HTTP/1.1" 404 5750 "-" "-"
23.102.123.231 - - [20/Jul/2026:05:33:04 +0000] "GET /ops.php HTTP/1.1" 404 5750 "-" "-"
23.102.123.231 - - [20/Jul/2026:05:33:04 +0000] "GET /sump.php HTTP/1.1" 404 5750 "-" "-"
23.102.123.231 - - [20/Jul/2026:05:33:04 +0000] "GET /echkm.php HTTP/1.1" 404 5750 "-" "-"
23.102.123.231 - - [20/Jul/2026:05:33:04 +0000] "GET /pbck.php HTTP/1.1" 404 5750 "-" "-"
23.102.123.231 - - [20/Jul/2026:05:33:04 +0000] "GET /xyn.php HTTP/1.1" 404 5750 "-" "-"
23.102.123.231 - - [20/Jul/2026:05:33:04 +0000] "GET /byp8.php HTTP/1.1" 404 5750 "-" "-"
23.102.123.231 - - [20/Jul/2026:05:33:04 +0000] "GET /red.php HTTP/1.1" 404 5750 "-" "-"
23.102.123.231 - - [20/Jul/2026:05:33:04 +0000] "GET /ah25.php HTTP/1.1" 404 5750 "-" "-"
23.102.123.231 - - [20/Jul/2026:05:33:04 +0000] "GET /mac.php HTTP/1.1" 404 5750 "-" "-"
23.102.123.231 - - [20/Jul/2026:05:33:04 +0000] "GET /min.php HTTP/1.1" 404 5750 "-" "-"
23.102.123.231 - - [20/Jul/2026:05:33:05 +0000] "GET /term.php HTTP/1.1" 404 5750 "-" "-"
23.102.123.231 - - [20/Jul/2026:05:33:05 +0000] "GET /dragonshell.php HTTP/1.1" 404 5750 "-" "-"
23.102.123.231 - - [20/Jul/2026:05:33:05 +0000] "GET /8.php HTTP/1.1" 404 5750 "-" "-"
23.102.123.231 - - [20/Jul/2026:05:33:05 +0000] "GET /x.php HTTP/1.1" 404 5750 "-" "-"
23.102.123.231 - - [20/Jul/2026:05:33:05 +0000] "GET /yup.php HTTP/1.1" 404 5750 "-" "-"
23.102.123.231 - - [20/Jul/2026:05:33:05 +0000] "GET /abcd.php HTTP/1.1" 404 5750 "-" "-"
23.102.123.231 - - [20/Jul/2026:05:33:05 +0000] "GET /samll.php HTTP/1.1" 404 5750 "-" "-"
23.102.123.231 - - [20/Jul/2026:05:33:05 +0000] "GET /155.php HTTP/1.1" 404 5750 "-" "-"
23.102.123.231 - - [20/Jul/2026:05:33:05 +0000] "GET /jj.php HTTP/1.1" 404 5750 "-" "-"
23.102.123.231 - - [20/Jul/2026:05:33:05 +0000] "GET /fffm.php HTTP/1.1" 404 5750 "-" "-"
23.102.123.231 - - [20/Jul/2026:05:33:06 +0000] "GET /user.php HTTP/1.1" 404 5750 "-" "-"
23.102.123.231 - - [20/Jul/2026:05:33:06 +0000] "GET /genco.php HTTP/1.1" 404 5750 "-" "-"
23.102.123.231 - - [20/Jul/2026:05:33:06 +0000] "GET /xl9.php HTTP/1.1" 404 5750 "-" "-"
23.102.123.231 - - [20/Jul/2026:05:33:06 +0000] "GET /ftde.php HTTP/1.1" 404 5750 "-" "-"
54.39.203.25 - - [20/Jul/2026:05:33:23 +0000] "GET /wp-content/uploads/elementor/css/post-62.css?ver=1768349037 HTTP/2" 200 4075 "-" "Mozilla/5.0 (compatible; AhrefsBot/7.0; +http://ahrefs.com/robot/)"
194.39.149.53 - - [20/Jul/2026:05:33:35 +0000] "POST /wp-cron.php?doing_wp_cron=1784525615.4412460327148437500000 HTTP/1.1" 200 0 "-" "WordPress/7.0.2; https://keeloil.com"
204.157.182.28 - - [20/Jul/2026:05:33:33 +0000] "GET /home/page/6/?_wpnonce=31c8fa7905&add_to_wishlist=92 HTTP/1.1" 200 24591 "-" "Mozilla/5.0 (Windows NT 10.0; Win64; x64) AppleWebKit/537.36 (KHTML, like Gecko) Brave Chrome/80.0.3987.162 Safari/537.36"
194.39.149.53 - - [20/Jul/2026:05:34:30 +0000] "POST /wp-cron.php?doing_wp_cron=1784525670.6163520812988281250000 HTTP/1.1" 200 0 "-" "WordPress/7.0.2; https://keeloil.com"
173.212.252.15 - - [20/Jul/2026:05:34:29 +0000] "GET /wp-login.php HTTP/2" 200 1784 "-" "Mozilla/5.0 (X11; Fedora; Linux x86_64) AppleWebKit/537.36 (KHTML, like Gecko) Chrome/147.0.0.0 Safari/537.36"
173.212.252.15 - - [20/Jul/2026:05:34:31 +0000] "POST /wp-login.php HTTP/2" 200 1921 "https://keeloil.com/wp-login.php" "Mozilla/5.0 (X11; Fedora; Linux x86_64) AppleWebKit/537.36 (KHTML, like Gecko) Chrome/147.0.0.0 Safari/537.36"
91.193.232.153 - - [20/Jul/2026:05:34:51 +0000] "POST /wp-login.php HTTP/1.1" 200 2141 "-" "Mozilla/5.0 (Windows NT 10.0; Win64; x64) AppleWebKit/537.36 Chrome/129.0.0.0 Safari/537.36"
194.39.149.53 - - [20/Jul/2026:05:35:10 +0000] "POST /wp-cron.php?doing_wp_cron=1784525710.8063719272613525390625 HTTP/1.1" 200 0 "-" "WordPress/7.0.2; https://keeloil.com"
102.134.101.35 - - [20/Jul/2026:05:35:08 +0000] "GET /wp-includes/wp-login.php HTTP/2" 404 13179 "-" "Mozilla/5.0 (Windows NT 10.0; Win64; x64) AppleWebKit/537.36 (KHTML, like Gecko) Chrome/147.0.0.0 Safari/537.36"
84.247.172.23 - - [20/Jul/2026:05:35:38 +0000] "GET /wp-login.php HTTP/2" 200 1784 "-" "Mozilla/5.0 (Windows NT 10.0; Win64; x64) AppleWebKit/537.36 (KHTML, like Gecko) Chrome/147.0.0.0 Safari/537.36"
84.247.172.23 - - [20/Jul/2026:05:35:39 +0000] "POST /wp-login.php HTTP/2" 200 1918 "https://keeloil.com/wp-login.php" "Mozilla/5.0 (Windows NT 10.0; Win64; x64) AppleWebKit/537.36 (KHTML, like Gecko) Chrome/147.0.0.0 Safari/537.36"
194.39.149.53 - - [20/Jul/2026:05:36:36 +0000] "POST /wp-cron.php?doing_wp_cron=1784525796.1405839920043945312500 HTTP/1.1" 200 0 "-" "WordPress/7.0.2; https://keeloil.com"
66.249.79.73 - - [20/Jul/2026:05:36:25 +0000] "GET /ZENO-Artificial-Ivy-Vines-12-Pack-84-Ft-Total-Realistic-959618/ HTTP/1.1" 404 13179 "-" "Mozilla/5.0 (Linux; Android 6.0.1; Nexus 5X Build/MMB29P) AppleWebKit/537.36 (KHTML, like Gecko) Chrome/150.0.7871.124 Mobile Safari/537.36 (compatible; Googlebot/2.1; +http://www.google.com/bot.html)"
194.39.149.53 - - [20/Jul/2026:05:37:08 +0000] "POST /wp-cron.php?doing_wp_cron=1784525828.4458510875701904296875 HTTP/1.1" 200 0 "-" "WordPress/7.0.2; https://keeloil.com"
40.77.167.30 - - [20/Jul/2026:05:37:07 +0000] "GET /Caps-Pack-Of-10-No-Soldering-Needed-For-Copper-Pipework-124044/ HTTP/2" 301 0 "-" "Mozilla/5.0 AppleWebKit/537.36 (KHTML, like Gecko; compatible; bingbot/2.0; +http://www.bing.com/bingbot.htm) Chrome/116.0.1938.76 Safari/537.36"
186.148.85.108 - - [20/Jul/2026:05:37:42 +0000] "GET /home/page/6/?_wpnonce=dd1abcbce9&add_to_wishlist=92 HTTP/1.1" 200 24590 "-" "Mozilla/5.0 (Macintosh; Intel Mac OS X 10_11_6) AppleWebKit/537.36 (KHTML, like Gecko) Chrome/71.0.3578.98 Safari/537.36"
134.122.59.145 - - [20/Jul/2026:05:38:22 +0000] "POST /wp-login.php HTTP/1.1" 200 5964 "-" "Mozilla/5.0"
194.39.149.53 - - [20/Jul/2026:05:38:24 +0000] "POST /wp-cron.php?doing_wp_cron=1784525903.9040060043334960937500 HTTP/1.1" 200 0 "-" "WordPress/7.0.2; https://keeloil.com"
194.39.149.53 - - [20/Jul/2026:05:39:23 +0000] "POST /wp-cron.php?doing_wp_cron=1784525963.8032150268554687500000 HTTP/1.1" 200 0 "-" "WordPress/7.0.2; https://keeloil.com"
201.180.88.111 - - [20/Jul/2026:05:39:22 +0000] "GET /home/page/13/?_wpnonce=a17a17d541&add_to_wishlist=92 HTTP/1.1" 200 24658 "-" "Mozilla/5.0 (Windows NT 10.0; Win64; x64) AppleWebKit/537.36 (KHTML, like Gecko) Chrome/101.0.0.0 Safari/537.36"
91.212.174.124 - - [20/Jul/2026:05:39:34 +0000] "POST /xmlrpc.php HTTP/2" 403 1242 "-" "Mozilla/5.0 (Windows NT 10.0; Win64; x64) AppleWebKit/537.36 (KHTML, like Gecko) Chrome/147.0.0.0 Safari/537.36"
194.39.149.53 - - [20/Jul/2026:05:40:36 +0000] "POST /wp-cron.php?doing_wp_cron=1784526036.5011780261993408203125 HTTP/1.1" 200 0 "-" "WordPress/7.0.2; https://keeloil.com"
103.247.23.132 - - [20/Jul/2026:05:40:34 +0000] "GET /home/page/15/?_wpnonce=bc76fcdc80&add_to_wishlist=92 HTTP/1.1" 200 24599 "-" "Mozilla/5.0 (Windows NT 6.2; Win64; x64) AppleWebKit/537.36 (KHTML, like Gecko) Chrome/107.0.0.0 Safari/537.36"
194.39.149.53 - - [20/Jul/2026:05:41:24 +0000] "POST /wp-cron.php?doing_wp_cron=1784526084.5502510070800781250000 HTTP/1.1" 200 0 "-" "WordPress/7.0.2; https://keeloil.com"
114.119.154.13 - - [20/Jul/2026:05:41:21 +0000] "GET /2025/11/28/ruby-slots-casino-pourquoi-le-suivi-des-promotions-est-essentiel-pour-un-joueur-averti/ HTTP/1.1" 200 18925 "https://keeloil.com/home/page/12/" "Mozilla/5.0 (Linux; Android 7.0;) AppleWebKit/537.36 (HTML, like Gecko) Mobile Safari/537.36 (compatible; PetalBot;+https://webmaster.petalsearch.com/site/petalbot)"
194.39.149.53 - - [20/Jul/2026:05:42:46 +0000] "POST /wp-cron.php?doing_wp_cron=1784526166.0613029003143310546875 HTTP/1.1" 200 0 "-" "WordPress/7.0.2; https://keeloil.com"
114.119.130.210 - - [20/Jul/2026:05:42:45 +0000] "GET /2024/07/24/testing-post-2 HTTP/1.1" 301 0 "https://keeloil.com/category/uncategorized" "Mozilla/5.0 (Linux; Android 7.0;) AppleWebKit/537.36 (HTML, like Gecko) Mobile Safari/537.36 (compatible; PetalBot;+https://webmaster.petalsearch.com/site/petalbot)"
114.119.130.210 - - [20/Jul/2026:05:42:46 +0000] "GET /2024/07/24/testing-post-2/ HTTP/1.1" 200 16703 "https://keeloil.com/category/uncategorized" "Mozilla/5.0 (Linux; Android 7.0;) AppleWebKit/537.36 (HTML, like Gecko) Mobile Safari/537.36 (compatible; PetalBot;+https://webmaster.petalsearch.com/site/petalbot)"
194.39.149.53 - - [20/Jul/2026:05:43:35 +0000] "POST /wp-cron.php?doing_wp_cron=1784526215.2633481025695800781250 HTTP/1.1" 200 0 "-" "WordPress/7.0.2; https://keeloil.com"
91.193.232.19 - - [20/Jul/2026:05:43:33 +0000] "POST /wp-login.php HTTP/1.1" 200 2141 "-" "Mozilla/5.0 (Windows NT 10.0; Win64; x64) AppleWebKit/537.36 Chrome/129.0.0.0 Safari/537.36"
194.39.149.53 - - [20/Jul/2026:05:44:05 +0000] "POST /wp-cron.php?doing_wp_cron=1784526245.0689620971679687500000 HTTP/1.1" 200 0 "-" "WordPress/7.0.2; https://keeloil.com"
45.239.197.11 - - [20/Jul/2026:05:44:03 +0000] "GET /home/page/3/?_wpnonce=2401d8df7f&add_to_wishlist=92 HTTP/1.1" 200 24671 "-" "Mozilla/5.0 (Macintosh; Intel Mac OS X 10_15_4) AppleWebKit/537.36 (KHTML, like Gecko) Brave Chrome/87.0.4280.101 Safari/537.36"
38.56.250.138 - - [20/Jul/2026:05:44:45 +0000] "GET /home/page/4/?_wpnonce=ea96a519e1&add_to_wishlist=92 HTTP/1.1" 200 24425 "-" "Mozilla/5.0 (Macintosh; Intel Mac OS X 10_13_6) AppleWebKit/537.36 (KHTML, like Gecko) Chrome/68.0.3440.84 Safari/537.36"
20.206.107.78 - - [20/Jul/2026:05:48:44 +0000] "GET /adminfuns.php HTTP/1.1" 401 53 "-" "Mozilla/5.0 (Windows NT 10.0; Win64; x64) AppleWebKit/537.36 (KHTML, like Gecko) Chrome/120.0.0.0 Safari/537.36"
20.206.107.78 - - [20/Jul/2026:05:48:45 +0000] "GET /file.php HTTP/1.1" 401 53 "-" "Mozilla/5.0 (Windows NT 10.0; Win64; x64) AppleWebKit/537.36 (KHTML, like Gecko) Chrome/120.0.0.0 Safari/537.36"
20.206.107.78 - - [20/Jul/2026:05:48:45 +0000] "GET /admin.php HTTP/1.1" 401 53 "-" "Mozilla/5.0 (Windows NT 10.0; Win64; x64) AppleWebKit/537.36 (KHTML, like Gecko) Chrome/120.0.0.0 Safari/537.36"
20.206.107.78 - - [20/Jul/2026:05:48:45 +0000] "GET /wp-admin/css/colors/ocean/ HTTP/1.1" 401 53 "-" "Mozilla/5.0 (Windows NT 10.0; Win64; x64) AppleWebKit/537.36 (KHTML, like Gecko) Chrome/120.0.0.0 Safari/537.36"
20.206.107.78 - - [20/Jul/2026:05:48:45 +0000] "GET /wk/index.php HTTP/1.1" 401 53 "-" "Mozilla/5.0 (Windows NT 10.0; Win64; x64) AppleWebKit/537.36 (KHTML, like Gecko) Chrome/120.0.0.0 Safari/537.36"
20.206.107.78 - - [20/Jul/2026:05:48:45 +0000] "GET /wp-includes/block-bindings/ HTTP/1.1" 401 53 "-" "Mozilla/5.0 (Windows NT 10.0; Win64; x64) AppleWebKit/537.36 (KHTML, like Gecko) Chrome/120.0.0.0 Safari/537.36"
20.206.107.78 - - [20/Jul/2026:05:48:45 +0000] "GET /inputs.php HTTP/1.1" 401 53 "-" "Mozilla/5.0 (Windows NT 10.0; Win64; x64) AppleWebKit/537.36 (KHTML, like Gecko) Chrome/120.0.0.0 Safari/537.36"
20.206.107.78 - - [20/Jul/2026:05:48:46 +0000] "GET /wp-admin/network/index.php HTTP/1.1" 401 53 "-" "Mozilla/5.0 (Windows NT 10.0; Win64; x64) AppleWebKit/537.36 (KHTML, like Gecko) Chrome/120.0.0.0 Safari/537.36"
20.206.107.78 - - [20/Jul/2026:05:48:46 +0000] "GET /classwithtostring.php HTTP/1.1" 401 53 "-" "Mozilla/5.0 (Windows NT 10.0; Win64; x64) AppleWebKit/537.36 (KHTML, like Gecko) Chrome/120.0.0.0 Safari/537.36"
20.206.107.78 - - [20/Jul/2026:05:48:46 +0000] "GET /about.php HTTP/1.1" 401 53 "-" "Mozilla/5.0 (Windows NT 10.0; Win64; x64) AppleWebKit/537.36 (KHTML, like Gecko) Chrome/120.0.0.0 Safari/537.36"
20.206.107.78 - - [20/Jul/2026:05:48:46 +0000] "GET /wso.php HTTP/1.1" 401 53 "-" "Mozilla/5.0 (Windows NT 10.0; Win64; x64) AppleWebKit/537.36 (KHTML, like Gecko) Chrome/120.0.0.0 Safari/537.36"
20.206.107.78 - - [20/Jul/2026:05:48:46 +0000] "GET /wp-content/uploads/admin.php HTTP/1.1" 401 53 "-" "Mozilla/5.0 (Windows NT 10.0; Win64; x64) AppleWebKit/537.36 (KHTML, like Gecko) Chrome/120.0.0.0 Safari/537.36"
20.206.107.78 - - [20/Jul/2026:05:48:47 +0000] "GET /wp-file.php HTTP/1.1" 401 53 "-" "Mozilla/5.0 (Windows NT 10.0; Win64; x64) AppleWebKit/537.36 (KHTML, like Gecko) Chrome/120.0.0.0 Safari/537.36"
20.206.107.78 - - [20/Jul/2026:05:48:47 +0000] "GET /wp-content/index.php HTTP/1.1" 401 53 "-" "Mozilla/5.0 (Windows NT 10.0; Win64; x64) AppleWebKit/537.36 (KHTML, like Gecko) Chrome/120.0.0.0 Safari/537.36"
20.206.107.78 - - [20/Jul/2026:05:48:47 +0000] "GET /wp-admin/js/ HTTP/1.1" 401 53 "-" "Mozilla/5.0 (Windows NT 10.0; Win64; x64) AppleWebKit/537.36 (KHTML, like Gecko) Chrome/120.0.0.0 Safari/537.36"
20.206.107.78 - - [20/Jul/2026:05:48:47 +0000] "GET /wp-content/themes/admin.php HTTP/1.1" 401 53 "-" "Mozilla/5.0 (Windows NT 10.0; Win64; x64) AppleWebKit/537.36 (KHTML, like Gecko) Chrome/120.0.0.0 Safari/537.36"
20.206.107.78 - - [20/Jul/2026:05:48:47 +0000] "GET /asd.php HTTP/1.1" 401 53 "-" "Mozilla/5.0 (Windows NT 10.0; Win64; x64) AppleWebKit/537.36 (KHTML, like Gecko) Chrome/120.0.0.0 Safari/537.36"
20.206.107.78 - - [20/Jul/2026:05:48:47 +0000] "GET /1.php HTTP/1.1" 401 53 "-" "Mozilla/5.0 (Windows NT 10.0; Win64; x64) AppleWebKit/537.36 (KHTML, like Gecko) Chrome/120.0.0.0 Safari/537.36"
20.206.107.78 - - [20/Jul/2026:05:48:48 +0000] "GET /wp-content/uploads/ HTTP/1.1" 401 53 "-" "Mozilla/5.0 (Windows NT 10.0; Win64; x64) AppleWebKit/537.36 (KHTML, like Gecko) Chrome/120.0.0.0 Safari/537.36"
20.206.107.78 - - [20/Jul/2026:05:48:48 +0000] "GET /wp-includes/block-supports/ HTTP/1.1" 401 53 "-" "Mozilla/5.0 (Windows NT 10.0; Win64; x64) AppleWebKit/537.36 (KHTML, like Gecko) Chrome/120.0.0.0 Safari/537.36"
20.206.107.78 - - [20/Jul/2026:05:48:48 +0000] "GET /wp-includes/js/index.php HTTP/1.1" 401 53 "-" "Mozilla/5.0 (Windows NT 10.0; Win64; x64) AppleWebKit/537.36 (KHTML, like Gecko) Chrome/120.0.0.0 Safari/537.36"
20.206.107.78 - - [20/Jul/2026:05:48:48 +0000] "GET /test1.php HTTP/1.1" 401 53 "-" "Mozilla/5.0 (Windows NT 10.0; Win64; x64) AppleWebKit/537.36 (KHTML, like Gecko) Chrome/120.0.0.0 Safari/537.36"
20.206.107.78 - - [20/Jul/2026:05:48:48 +0000] "GET /wp-content/languages/index.php HTTP/1.1" 401 53 "-" "Mozilla/5.0 (Windows NT 10.0; Win64; x64) AppleWebKit/537.36 (KHTML, like Gecko) Chrome/120.0.0.0 Safari/537.36"
20.206.107.78 - - [20/Jul/2026:05:48:48 +0000] "GET /wp-content/plugins/index.php HTTP/1.1" 401 53 "-" "Mozilla/5.0 (Windows NT 10.0; Win64; x64) AppleWebKit/537.36 (KHTML, like Gecko) Chrome/120.0.0.0 Safari/537.36"
20.206.107.78 - - [20/Jul/2026:05:48:49 +0000] "GET /mini.php HTTP/1.1" 401 53 "-" "Mozilla/5.0 (Windows NT 10.0; Win64; x64) AppleWebKit/537.36 (KHTML, like Gecko) Chrome/120.0.0.0 Safari/537.36"
20.206.107.78 - - [20/Jul/2026:05:48:49 +0000] "GET /wp-admin/css/colors/modern/ HTTP/1.1" 401 53 "-" "Mozilla/5.0 (Windows NT 10.0; Win64; x64) AppleWebKit/537.36 (KHTML, like Gecko) Chrome/120.0.0.0 Safari/537.36"
20.206.107.78 - - [20/Jul/2026:05:48:49 +0000] "GET /wp-includes/PHPMailer/ HTTP/1.1" 401 53 "-" "Mozilla/5.0 (Windows NT 10.0; Win64; x64) AppleWebKit/537.36 (KHTML, like Gecko) Chrome/120.0.0.0 Safari/537.36"
20.206.107.78 - - [20/Jul/2026:05:48:49 +0000] "GET /wp-admin/css/colors/ectoplasm/ HTTP/1.1" 401 53 "-" "Mozilla/5.0 (Windows NT 10.0; Win64; x64) AppleWebKit/537.36 (KHTML, like Gecko) Chrome/120.0.0.0 Safari/537.36"
20.206.107.78 - - [20/Jul/2026:05:48:49 +0000] "GET /wp-includes/index.php HTTP/1.1" 401 53 "-" "Mozilla/5.0 (Windows NT 10.0; Win64; x64) AppleWebKit/537.36 (KHTML, like Gecko) Chrome/120.0.0.0 Safari/537.36"
20.206.107.78 - - [20/Jul/2026:05:48:50 +0000] "GET /222.php HTTP/1.1" 401 53 "-" "Mozilla/5.0 (Windows NT 10.0; Win64; x64) AppleWebKit/537.36 (KHTML, like Gecko) Chrome/120.0.0.0 Safari/537.36"
20.206.107.78 - - [20/Jul/2026:05:48:50 +0000] "GET /wp-includes/customize/index.php HTTP/1.1" 401 53 "-" "Mozilla/5.0 (Windows NT 10.0; Win64; x64) AppleWebKit/537.36 (KHTML, like Gecko) Chrome/120.0.0.0 Safari/537.36"
20.206.107.78 - - [20/Jul/2026:05:48:50 +0000] "GET /css/index.php HTTP/1.1" 401 53 "-" "Mozilla/5.0 (Windows NT 10.0; Win64; x64) AppleWebKit/537.36 (KHTML, like Gecko) Chrome/120.0.0.0 Safari/537.36"
20.206.107.78 - - [20/Jul/2026:05:48:50 +0000] "GET /plugins.php HTTP/1.1" 401 53 "-" "Mozilla/5.0 (Windows NT 10.0; Win64; x64) AppleWebKit/537.36 (KHTML, like Gecko) Chrome/120.0.0.0 Safari/537.36"
20.206.107.78 - - [20/Jul/2026:05:48:50 +0000] "GET /wp-includes/rest-api/fields/ HTTP/1.1" 401 53 "-" "Mozilla/5.0 (Windows NT 10.0; Win64; x64) AppleWebKit/537.36 (KHTML, like Gecko) Chrome/120.0.0.0 Safari/537.36"
20.206.107.78 - - [20/Jul/2026:05:48:50 +0000] "GET /images/index.php HTTP/1.1" 401 53 "-" "Mozilla/5.0 (Windows NT 10.0; Win64; x64) AppleWebKit/537.36 (KHTML, like Gecko) Chrome/120.0.0.0 Safari/537.36"
20.206.107.78 - - [20/Jul/2026:05:48:51 +0000] "GET /atomlib.php HTTP/1.1" 401 53 "-" "Mozilla/5.0 (Windows NT 10.0; Win64; x64) AppleWebKit/537.36 (KHTML, like Gecko) Chrome/120.0.0.0 Safari/537.36"
20.206.107.78 - - [20/Jul/2026:05:48:51 +0000] "GET /wp-includes/Requests/library/ HTTP/1.1" 401 53 "-" "Mozilla/5.0 (Windows NT 10.0; Win64; x64) AppleWebKit/537.36 (KHTML, like Gecko) Chrome/120.0.0.0 Safari/537.36"
20.206.107.78 - - [20/Jul/2026:05:48:51 +0000] "GET /wp-content/admin.php HTTP/1.1" 401 53 "-" "Mozilla/5.0 (Windows NT 10.0; Win64; x64) AppleWebKit/537.36 (KHTML, like Gecko) Chrome/120.0.0.0 Safari/537.36"
20.206.107.78 - - [20/Jul/2026:05:48:51 +0000] "GET /wp-content/et-cache/ HTTP/1.1" 401 53 "-" "Mozilla/5.0 (Windows NT 10.0; Win64; x64) AppleWebKit/537.36 (KHTML, like Gecko) Chrome/120.0.0.0 Safari/537.36"
20.206.107.78 - - [20/Jul/2026:05:48:51 +0000] "GET /wp-admin/js/widgets/ HTTP/1.1" 401 53 "-" "Mozilla/5.0 (Windows NT 10.0; Win64; x64) AppleWebKit/537.36 (KHTML, like Gecko) Chrome/120.0.0.0 Safari/537.36"
20.206.107.78 - - [20/Jul/2026:05:48:51 +0000] "GET /wp-admin/js/widgets/index.php HTTP/1.1" 401 53 "-" "Mozilla/5.0 (Windows NT 10.0; Win64; x64) AppleWebKit/537.36 (KHTML, like Gecko) Chrome/120.0.0.0 Safari/537.36"
20.206.107.78 - - [20/Jul/2026:05:48:52 +0000] "GET /wp-admin.php HTTP/1.1" 401 53 "-" "Mozilla/5.0 (Windows NT 10.0; Win64; x64) AppleWebKit/537.36 (KHTML, like Gecko) Chrome/120.0.0.0 Safari/537.36"
20.206.107.78 - - [20/Jul/2026:05:48:52 +0000] "GET /wp-admin/css/wp-login.php HTTP/1.1" 401 53 "-" "Mozilla/5.0 (Windows NT 10.0; Win64; x64) AppleWebKit/537.36 (KHTML, like Gecko) Chrome/120.0.0.0 Safari/537.36"
20.206.107.78 - - [20/Jul/2026:05:48:52 +0000] "GET /wp-includes/html-api/ HTTP/1.1" 401 53 "-" "Mozilla/5.0 (Windows NT 10.0; Win64; x64) AppleWebKit/537.36 (KHTML, like Gecko) Chrome/120.0.0.0 Safari/537.36"
20.206.107.78 - - [20/Jul/2026:05:48:52 +0000] "GET /edit.php HTTP/1.1" 401 53 "-" "Mozilla/5.0 (Windows NT 10.0; Win64; x64) AppleWebKit/537.36 (KHTML, like Gecko) Chrome/120.0.0.0 Safari/537.36"
20.206.107.78 - - [20/Jul/2026:05:48:52 +0000] "GET /wp-includes/SimplePie/about.php HTTP/1.1" 401 53 "-" "Mozilla/5.0 (Windows NT 10.0; Win64; x64) AppleWebKit/537.36 (KHTML, like Gecko) Chrome/120.0.0.0 Safari/537.36"
20.206.107.78 - - [20/Jul/2026:05:48:52 +0000] "GET /404.php HTTP/1.1" 401 53 "-" "Mozilla/5.0 (Windows NT 10.0; Win64; x64) AppleWebKit/537.36 (KHTML, like Gecko) Chrome/120.0.0.0 Safari/537.36"
20.206.107.78 - - [20/Jul/2026:05:48:53 +0000] "GET /wp-includes/rest-api/ HTTP/1.1" 401 53 "-" "Mozilla/5.0 (Windows NT 10.0; Win64; x64) AppleWebKit/537.36 (KHTML, like Gecko) Chrome/120.0.0.0 Safari/537.36"
20.206.107.78 - - [20/Jul/2026:05:48:53 +0000] "GET /sf.php HTTP/1.1" 401 53 "-" "Mozilla/5.0 (Windows NT 10.0; Win64; x64) AppleWebKit/537.36 (KHTML, like Gecko) Chrome/120.0.0.0 Safari/537.36"
20.206.107.78 - - [20/Jul/2026:05:48:53 +0000] "GET /ioxi-o.php HTTP/1.1" 401 53 "-" "Mozilla/5.0 (Windows NT 10.0; Win64; x64) AppleWebKit/537.36 (KHTML, like Gecko) Chrome/120.0.0.0 Safari/537.36"
20.206.107.78 - - [20/Jul/2026:05:48:53 +0000] "GET /wp-admin/css/index.php HTTP/1.1" 401 53 "-" "Mozilla/5.0 (Windows NT 10.0; Win64; x64) AppleWebKit/537.36 (KHTML, like Gecko) Chrome/120.0.0.0 Safari/537.36"
20.206.107.78 - - [20/Jul/2026:05:48:53 +0000] "GET /wp-admin/images/index.php HTTP/1.1" 401 53 "-" "Mozilla/5.0 (Windows NT 10.0; Win64; x64) AppleWebKit/537.36 (KHTML, like Gecko) Chrome/120.0.0.0 Safari/537.36"
20.206.107.78 - - [20/Jul/2026:05:48:53 +0000] "GET /w.php HTTP/1.1" 401 53 "-" "Mozilla/5.0 (Windows NT 10.0; Win64; x64) AppleWebKit/537.36 (KHTML, like Gecko) Chrome/120.0.0.0 Safari/537.36"
20.206.107.78 - - [20/Jul/2026:05:48:54 +0000] "GET /wp-admin/images/ HTTP/1.1" 401 53 "-" "Mozilla/5.0 (Windows NT 10.0; Win64; x64) AppleWebKit/537.36 (KHTML, like Gecko) Chrome/120.0.0.0 Safari/537.36"
20.206.107.78 - - [20/Jul/2026:05:48:54 +0000] "GET /as.php HTTP/1.1" 401 53 "-" "Mozilla/5.0 (Windows NT 10.0; Win64; x64) AppleWebKit/537.36 (KHTML, like Gecko) Chrome/120.0.0.0 Safari/537.36"
20.206.107.78 - - [20/Jul/2026:05:48:54 +0000] "GET /wp-includes/css/ HTTP/1.1" 401 53 "-" "Mozilla/5.0 (Windows NT 10.0; Win64; x64) AppleWebKit/537.36 (KHTML, like Gecko) Chrome/120.0.0.0 Safari/537.36"
20.206.107.78 - - [20/Jul/2026:05:48:54 +0000] "GET /php.php HTTP/1.1" 401 53 "-" "Mozilla/5.0 (Windows NT 10.0; Win64; x64) AppleWebKit/537.36 (KHTML, like Gecko) Chrome/120.0.0.0 Safari/537.36"
20.206.107.78 - - [20/Jul/2026:05:48:54 +0000] "GET /403.php HTTP/1.1" 401 53 "-" "Mozilla/5.0 (Windows NT 10.0; Win64; x64) AppleWebKit/537.36 (KHTML, like Gecko) Chrome/120.0.0.0 Safari/537.36"
20.206.107.78 - - [20/Jul/2026:05:48:55 +0000] "GET /wp-content/edit.php HTTP/1.1" 401 53 "-" "Mozilla/5.0 (Windows NT 10.0; Win64; x64) AppleWebKit/537.36 (KHTML, like Gecko) Chrome/120.0.0.0 Safari/537.36"
20.206.107.78 - - [20/Jul/2026:05:48:55 +0000] "GET /wp-admin/file.php HTTP/1.1" 401 53 "-" "Mozilla/5.0 (Windows NT 10.0; Win64; x64) AppleWebKit/537.36 (KHTML, like Gecko) Chrome/120.0.0.0 Safari/537.36"
20.206.107.78 - - [20/Jul/2026:05:48:55 +0000] "GET /2.php HTTP/1.1" 401 53 "-" "Mozilla/5.0 (Windows NT 10.0; Win64; x64) AppleWebKit/537.36 (KHTML, like Gecko) Chrome/120.0.0.0 Safari/537.36"
20.206.107.78 - - [20/Jul/2026:05:48:55 +0000] "GET /wp-configs.php HTTP/1.1" 401 53 "-" "Mozilla/5.0 (Windows NT 10.0; Win64; x64) AppleWebKit/537.36 (KHTML, like Gecko) Chrome/120.0.0.0 Safari/537.36"
20.206.107.78 - - [20/Jul/2026:05:48:55 +0000] "GET /wp-includes/images/crystal/ HTTP/1.1" 401 53 "-" "Mozilla/5.0 (Windows NT 10.0; Win64; x64) AppleWebKit/537.36 (KHTML, like Gecko) Chrome/120.0.0.0 Safari/537.36"
20.206.107.78 - - [20/Jul/2026:05:48:55 +0000] "GET /wp-content/plugins/admin.php HTTP/1.1" 401 53 "-" "Mozilla/5.0 (Windows NT 10.0; Win64; x64) AppleWebKit/537.36 (KHTML, like Gecko) Chrome/120.0.0.0 Safari/537.36"
20.206.107.78 - - [20/Jul/2026:05:48:56 +0000] "GET /wp-content/themes/index.php HTTP/1.1" 401 53 "-" "Mozilla/5.0 (Windows NT 10.0; Win64; x64) AppleWebKit/537.36 (KHTML, like Gecko) Chrome/120.0.0.0 Safari/537.36"
20.206.107.78 - - [20/Jul/2026:05:48:56 +0000] "GET /wp.php HTTP/1.1" 401 53 "-" "Mozilla/5.0 (Windows NT 10.0; Win64; x64) AppleWebKit/537.36 (KHTML, like Gecko) Chrome/120.0.0.0 Safari/537.36"
20.206.107.78 - - [20/Jul/2026:05:48:56 +0000] "GET /init.php HTTP/1.1" 401 53 "-" "Mozilla/5.0 (Windows NT 10.0; Win64; x64) AppleWebKit/537.36 (KHTML, like Gecko) Chrome/120.0.0.0 Safari/537.36"
20.206.107.78 - - [20/Jul/2026:05:48:56 +0000] "GET /wp-includes/js/crop/ HTTP/1.1" 401 53 "-" "Mozilla/5.0 (Windows NT 10.0; Win64; x64) AppleWebKit/537.36 (KHTML, like Gecko) Chrome/120.0.0.0 Safari/537.36"
20.206.107.78 - - [20/Jul/2026:05:48:56 +0000] "GET /wp-content/1.php HTTP/1.1" 401 53 "-" "Mozilla/5.0 (Windows NT 10.0; Win64; x64) AppleWebKit/537.36 (KHTML, like Gecko) Chrome/120.0.0.0 Safari/537.36"
20.206.107.78 - - [20/Jul/2026:05:48:56 +0000] "GET /send.php HTTP/1.1" 401 53 "-" "Mozilla/5.0 (Windows NT 10.0; Win64; x64) AppleWebKit/537.36 (KHTML, like Gecko) Chrome/120.0.0.0 Safari/537.36"
20.206.107.78 - - [20/Jul/2026:05:48:57 +0000] "GET /size.php HTTP/1.1" 401 53 "-" "Mozilla/5.0 (Windows NT 10.0; Win64; x64) AppleWebKit/537.36 (KHTML, like Gecko) Chrome/120.0.0.0 Safari/537.36"
20.206.107.78 - - [20/Jul/2026:05:48:57 +0000] "GET /sid3.php HTTP/1.1" 401 53 "-" "Mozilla/5.0 (Windows NT 10.0; Win64; x64) AppleWebKit/537.36 (KHTML, like Gecko) Chrome/120.0.0.0 Safari/537.36"
20.206.107.78 - - [20/Jul/2026:05:48:57 +0000] "GET /wp-admin/css/colors/blue/ HTTP/1.1" 401 53 "-" "Mozilla/5.0 (Windows NT 10.0; Win64; x64) AppleWebKit/537.36 (KHTML, like Gecko) Chrome/120.0.0.0 Safari/537.36"
20.206.107.78 - - [20/Jul/2026:05:48:57 +0000] "GET /file56.php HTTP/1.1" 401 53 "-" "Mozilla/5.0 (Windows NT 10.0; Win64; x64) AppleWebKit/537.36 (KHTML, like Gecko) Chrome/120.0.0.0 Safari/537.36"
20.206.107.78 - - [20/Jul/2026:05:48:57 +0000] "GET /wp-cron.php HTTP/1.1" 401 53 "-" "Mozilla/5.0 (Windows NT 10.0; Win64; x64) AppleWebKit/537.36 (KHTML, like Gecko) Chrome/120.0.0.0 Safari/537.36"
20.206.107.78 - - [20/Jul/2026:05:48:57 +0000] "GET /file5.php HTTP/1.1" 401 53 "-" "Mozilla/5.0 (Windows NT 10.0; Win64; x64) AppleWebKit/537.36 (KHTML, like Gecko) Chrome/120.0.0.0 Safari/537.36"
20.206.107.78 - - [20/Jul/2026:05:48:58 +0000] "GET /gg.php HTTP/1.1" 401 53 "-" "Mozilla/5.0 (Windows NT 10.0; Win64; x64) AppleWebKit/537.36 (KHTML, like Gecko) Chrome/120.0.0.0 Safari/537.36"
20.206.107.78 - - [20/Jul/2026:05:48:58 +0000] "GET /wp-admin/maint/index.php HTTP/1.1" 401 53 "-" "Mozilla/5.0 (Windows NT 10.0; Win64; x64) AppleWebKit/537.36 (KHTML, like Gecko) Chrome/120.0.0.0 Safari/537.36"
20.206.107.78 - - [20/Jul/2026:05:48:58 +0000] "GET /wp-includes/IXR/chosen.php HTTP/1.1" 401 53 "-" "Mozilla/5.0 (Windows NT 10.0; Win64; x64) AppleWebKit/537.36 (KHTML, like Gecko) Chrome/120.0.0.0 Safari/537.36"
20.206.107.78 - - [20/Jul/2026:05:48:58 +0000] "GET /m.php HTTP/1.1" 401 53 "-" "Mozilla/5.0 (Windows NT 10.0; Win64; x64) AppleWebKit/537.36 (KHTML, like Gecko) Chrome/120.0.0.0 Safari/537.36"
20.206.107.78 - - [20/Jul/2026:05:48:58 +0000] "GET /wp-includes/Text/about.php HTTP/1.1" 401 53 "-" "Mozilla/5.0 (Windows NT 10.0; Win64; x64) AppleWebKit/537.36 (KHTML, like Gecko) Chrome/120.0.0.0 Safari/537.36"
20.206.107.78 - - [20/Jul/2026:05:48:58 +0000] "GET /wp-includes/blocks/block/ HTTP/1.1" 401 53 "-" "Mozilla/5.0 (Windows NT 10.0; Win64; x64) AppleWebKit/537.36 (KHTML, like Gecko) Chrome/120.0.0.0 Safari/537.36"
20.206.107.78 - - [20/Jul/2026:05:48:59 +0000] "GET /num.php HTTP/1.1" 401 53 "-" "Mozilla/5.0 (Windows NT 10.0; Win64; x64) AppleWebKit/537.36 (KHTML, like Gecko) Chrome/120.0.0.0 Safari/537.36"
20.206.107.78 - - [20/Jul/2026:05:48:59 +0000] "GET /themes.php HTTP/1.1" 401 53 "-" "Mozilla/5.0 (Windows NT 10.0; Win64; x64) AppleWebKit/537.36 (KHTML, like Gecko) Chrome/120.0.0.0 Safari/537.36"
20.206.107.78 - - [20/Jul/2026:05:48:59 +0000] "GET /wp-content/upgrade/index.php HTTP/1.1" 401 53 "-" "Mozilla/5.0 (Windows NT 10.0; Win64; x64) AppleWebKit/537.36 (KHTML, like Gecko) Chrome/120.0.0.0 Safari/537.36"
20.206.107.78 - - [20/Jul/2026:05:48:59 +0000] "GET /wp-admin/css/colors/blue/admin.php HTTP/1.1" 401 53 "-" "Mozilla/5.0 (Windows NT 10.0; Win64; x64) AppleWebKit/537.36 (KHTML, like Gecko) Chrome/120.0.0.0 Safari/537.36"
20.206.107.78 - - [20/Jul/2026:05:48:59 +0000] "GET /wp-includes/js/codemirror/about.php HTTP/1.1" 401 53 "-" "Mozilla/5.0 (Windows NT 10.0; Win64; x64) AppleWebKit/537.36 (KHTML, like Gecko) Chrome/120.0.0.0 Safari/537.36"
