194.39.149.53 - - [19/Jul/2026:13:22:51 +0000] "POST /wp-cron.php?doing_wp_cron=1784467371.2046189308166503906250 HTTP/1.1" 200 0 "-" "WordPress/7.0.2; https://keeloil.com"
103.28.36.205 - - [19/Jul/2026:13:22:48 +0000] "GET /wp-login.php HTTP/2" 200 1785 "-" "Mozilla/5.0 (Windows NT 10.0; Win64; x64) AppleWebKit/537.36 (KHTML, like Gecko) Chrome/147.0.0.0 Safari/537.36"
103.28.36.205 - - [19/Jul/2026:13:22:51 +0000] "POST /wp-login.php HTTP/2" 200 1922 "https://keeloil.com/wp-login.php" "Mozilla/5.0 (Windows NT 10.0; Win64; x64) AppleWebKit/537.36 (KHTML, like Gecko) Chrome/147.0.0.0 Safari/537.36"
194.39.149.53 - - [19/Jul/2026:13:23:00 +0000] "POST /wp-cron.php?doing_wp_cron=1784467380.5156729221343994140625 HTTP/1.1" 200 0 "-" "WordPress/7.0.2; https://keeloil.com"
37.140.223.4 - - [19/Jul/2026:13:22:58 +0000] "POST /wp-login.php HTTP/1.1" 200 2142 "-" "Mozilla/5.0 (Windows NT 10.0; Win64; rv:143.0) Gecko/20100101 Firefox/143.0"
216.73.217.36 - - [19/Jul/2026:13:23:08 +0000] "GET /robots.txt HTTP/2" 200 96 "-" "Mozilla/5.0 AppleWebKit/537.36 (KHTML, like Gecko; compatible; ClaudeBot/1.0; +claudebot@anthropic.com)"
216.73.217.36 - - [19/Jul/2026:13:23:09 +0000] "GET /wp-sitemap.xml HTTP/2" 200 205 "-" "Mozilla/5.0 AppleWebKit/537.36 (KHTML, like Gecko; compatible; ClaudeBot/1.0; +claudebot@anthropic.com)"
216.73.163.134 - - [19/Jul/2026:13:23:33 +0000] "POST /wp-login.php HTTP/1.1" 200 2146 "-" "Mozilla/5.0 (Windows NT 10.0; Win64; x64) AppleWebKit/537.36 Chrome/129.0.0.0 Safari/537.36"
8.217.108.67 - - [19/Jul/2026:13:24:21 +0000] "POST /wp-includes/xmlrpc.php HTTP/2" 404 13180 "-" "Mozilla/5.0 (Windows NT 10.0; Win64; x64) AppleWebKit/537.36 (KHTML, like Gecko) Chrome/147.0.0.0 Safari/537.36"
194.39.149.53 - - [19/Jul/2026:13:24:30 +0000] "POST /wp-cron.php?doing_wp_cron=1784467470.2974638938903808593750 HTTP/1.1" 200 0 "-" "WordPress/7.0.2; https://keeloil.com"
8.217.108.67 - - [19/Jul/2026:13:24:31 +0000] "POST /wp-includes/xmlrpc.php HTTP/2" 403 5137 "-" "Mozilla/5.0 (Windows NT 10.0; Win64; x64) AppleWebKit/537.36 (KHTML, like Gecko) Chrome/147.0.0.0 Safari/537.36"
194.39.149.53 - - [19/Jul/2026:13:25:26 +0000] "POST /wp-cron.php?doing_wp_cron=1784467525.8355529308319091796875 HTTP/1.1" 200 0 "-" "WordPress/7.0.2; https://keeloil.com"
216.24.210.82 - - [19/Jul/2026:13:25:22 +0000] "POST /wp-login.php HTTP/1.1" 200 2142 "-" "firefox|Mozilla/5.0 (Windows NT 10.0;; en-US) Gecko/20100101 Firefox/59.0"
177.85.139.11 - - [19/Jul/2026:13:27:40 +0000] "GET /home/page/7/?_wpnonce=31c8fa7905&add_to_wishlist=92 HTTP/1.1" 200 0 "-" "Mozilla/5.0 (Macintosh; Intel Mac OS X 10_7_3) AppleWebKit/537.36 (KHTML, like Gecko, Mediapartners-Google) Chrome/83.0.4103.118 Safari/537.36"
153.67.68.244 - - [19/Jul/2026:13:28:00 +0000] "GET /home/page/7/?_wpnonce=31c8fa7905&add_to_wishlist=92 HTTP/1.1" 200 0 "-" "Mozilla/5.0 (Macintosh; Intel Mac OS X 10_15_1) AppleWebKit/537.36 (KHTML, like Gecko) Chrome/80.0.3987.122 Safari/537.36"
52.53.237.92 - - [19/Jul/2026:13:29:47 +0000] "GET /config/56930936.html HTTP/1.1" 200 5854 "-" "Mozilla/5.0 (Macintosh; Intel Mac OS X 10_10_5) AppleWebKit/537.36 (KHTML, like Gecko) Chrome/52.0.2743.116 Safari/537.36"
194.39.149.53 - - [19/Jul/2026:13:30:05 +0000] "POST /wp-cron.php?doing_wp_cron=1784467805.6297359466552734375000 HTTP/1.1" 200 0 "-" "WordPress/7.0.2; https://keeloil.com"
57.141.0.42 - - [19/Jul/2026:13:29:58 +0000] "GET /2026/02/19/nevadawin-casino-propose-t-il-une-version-demo-pour-tous-ses-jeux/ HTTP/2" 200 80479 "-" "Mozilla/5.0 (X11; Linux x86_64) AppleWebKit/537.36 (KHTML, like Gecko) Chrome/145.0.0.0 Safari/537.36 (compatible; meta-externalagent/1.1 (+https://developers.facebook.com/docs/sharing/webmasters/crawler))"
194.39.149.53 - - [19/Jul/2026:13:31:26 +0000] "POST /wp-cron.php?doing_wp_cron=1784467886.2383139133453369140625 HTTP/1.1" 200 0 "-" "WordPress/7.0.2; https://keeloil.com"
23.94.155.44 - - [19/Jul/2026:13:31:16 +0000] "POST /wp-login.php HTTP/1.1" 200 2142 "-" "Mozilla/5.0 (Windows NT 10.0; Win64; x64) AppleWebKit/537.36 Chrome/129.0.0.0 Safari/537.36"
57.141.0.9 - - [19/Jul/2026:13:33:36 +0000] "GET /2025/12/24/est-il-possible-de-jouer-sans-telechargement-sur-brutal-casino/ HTTP/2" 200 79265 "-" "Mozilla/5.0 (Windows NT 10.0; Win64; x64) AppleWebKit/537.36 (KHTML, like Gecko) Chrome/145.0.0.0 Safari/537.36 (compatible; meta-externalagent/1.1 (+https://developers.facebook.com/docs/sharing/webmasters/crawler))"
60.205.8.163 - - [19/Jul/2026:13:34:05 +0000] "POST /xmlrpc.php HTTP/2" 403 1242 "-" "Mozilla/5.0 (Windows NT 10.0; Win64; x64) AppleWebKit/537.36 (KHTML, like Gecko) Chrome/147.0.0.0 Safari/537.36"
54.39.89.164 - - [19/Jul/2026:13:34:04 +0000] "GET / HTTP/2" 200 19304 "-" "Mozilla/5.0 (compatible; AhrefsBot/7.0; +http://ahrefs.com/robot/)"
194.39.149.53 - - [19/Jul/2026:13:37:52 +0000] "POST /wp-cron.php?doing_wp_cron=1784468272.6220200061798095703125 HTTP/1.1" 200 0 "-" "WordPress/7.0.2; https://keeloil.com"
14.186.205.237 - - [19/Jul/2026:13:37:50 +0000] "GET /home/?_wpnonce=8c01fca9a7&add_to_wishlist=92 HTTP/1.1" 200 24653 "-" "Mozilla/5.0 (Windows NT 6.2; WOW64) AppleWebKit/537.36 (KHTML, like Gecko) Chrome/87.0.4280.88 Safari/537.36"
148.113.130.224 - - [19/Jul/2026:13:38:37 +0000] "GET /wp-content/plugins/bosa-elementor-for-woocommerce/assets/js/bew-admin-script.js?ver=7.0.2 HTTP/2" 200 771 "-" "Mozilla/5.0 (compatible; AhrefsBot/7.0; +http://ahrefs.com/robot/)"
15.235.98.77 - - [19/Jul/2026:13:38:38 +0000] "GET /wp-content/plugins/bosa-elementor-for-woocommerce/assets/style.css?ver=7.0.2 HTTP/2" 200 2660 "-" "Mozilla/5.0 (compatible; AhrefsBot/7.0; +http://ahrefs.com/robot/)"
51.161.37.121 - - [19/Jul/2026:13:38:39 +0000] "GET /wp-content/plugins/bosa-elementor-for-woocommerce/assets/css/owl-carousel-min.css?ver=7.0.2 HTTP/2" 200 911 "-" "Mozilla/5.0 (compatible; AhrefsBot/7.0; +http://ahrefs.com/robot/)"
142.44.220.6 - - [19/Jul/2026:13:38:40 +0000] "GET /wp-content/plugins/bosa-elementor-for-woocommerce/assets/js/owl.carousel.min.js?ver=7.0.2 HTTP/2" 200 11143 "-" "Mozilla/5.0 (compatible; AhrefsBot/7.0; +http://ahrefs.com/robot/)"
51.161.37.140 - - [19/Jul/2026:13:38:41 +0000] "GET /wp-content/plugins/bosa-elementor-for-woocommerce/assets/css/owl.theme.default.min.css?ver=7.0.2 HTTP/2" 200 376 "-" "Mozilla/5.0 (compatible; AhrefsBot/7.0; +http://ahrefs.com/robot/)"
194.39.149.53 - - [19/Jul/2026:13:39:26 +0000] "POST /wp-cron.php?doing_wp_cron=1784468366.2708480358123779296875 HTTP/1.1" 200 0 "-" "WordPress/7.0.2; https://keeloil.com"
57.141.0.24 - - [19/Jul/2026:13:39:24 +0000] "GET /category/review/ HTTP/2" 200 59704 "-" "Mozilla/5.0 (Windows NT 10.0; Win64; x64) AppleWebKit/537.36 (KHTML, like Gecko) Chrome/145.0.0.0 Safari/537.36 (compatible; meta-externalagent/1.1 (+https://developers.facebook.com/docs/sharing/webmasters/crawler))"
216.73.163.141 - - [19/Jul/2026:13:39:38 +0000] "POST /wp-login.php HTTP/1.1" 200 2146 "-" "Mozilla/5.0 (Windows NT 10.0; Win64; rv:143.0) Gecko/20100101 Firefox/143.0"
194.39.149.53 - - [19/Jul/2026:13:42:44 +0000] "POST /wp-cron.php?doing_wp_cron=1784468564.1226050853729248046875 HTTP/1.1" 200 0 "-" "WordPress/7.0.2; https://keeloil.com"
187.122.159.2 - - [19/Jul/2026:13:42:42 +0000] "GET /home/page/11/?_wpnonce=a70893ad16&add_to_wishlist=92 HTTP/1.1" 200 24522 "-" "Mozilla/5.0 (Macintosh; Intel Mac OS X 10_12_6) AppleWebKit/537.36 (KHTML, like Gecko) Chrome/101.0.4951.64 Safari/537.36"
194.39.149.53 - - [19/Jul/2026:13:44:21 +0000] "POST /wp-cron.php?doing_wp_cron=1784468661.5438649654388427734375 HTTP/1.1" 200 0 "-" "WordPress/7.0.2; https://keeloil.com"
57.141.0.26 - - [19/Jul/2026:13:44:19 +0000] "GET /home/page/9/?add_to_wishlist=92&_wpnonce=4f1bdfbacc HTTP/2" 200 125232 "-" "Mozilla/5.0 (Windows NT 10.0; Win64; x64) AppleWebKit/537.36 (KHTML, like Gecko) Chrome/145.0.0.0 Safari/537.36 (compatible; meta-externalagent/1.1 (+https://developers.facebook.com/docs/sharing/webmasters/crawler))"
74.235.96.117 - - [19/Jul/2026:13:44:27 +0000] "GET /wp-login.php HTTP/2" 200 1785 "-" "Mozilla/5.0 (Windows NT 10.0; Win64; x64) AppleWebKit/537.36 (KHTML, like Gecko) Chrome/147.0.0.0 Safari/537.36"
74.235.96.117 - - [19/Jul/2026:13:44:29 +0000] "POST /wp-login.php HTTP/2" 200 1922 "https://keeloil.com/wp-login.php" "Mozilla/5.0 (Windows NT 10.0; Win64; x64) AppleWebKit/537.36 (KHTML, like Gecko) Chrome/147.0.0.0 Safari/537.36"
194.39.149.53 - - [19/Jul/2026:13:45:40 +0000] "POST /wp-cron.php?doing_wp_cron=1784468740.1185998916625976562500 HTTP/1.1" 200 0 "-" "WordPress/7.0.2; https://keeloil.com"
23.94.155.63 - - [19/Jul/2026:13:45:27 +0000] "POST /wp-login.php HTTP/1.1" 200 2142 "-" "Mozilla/5.0 (Macintosh; Intel Mac OS X 10_15_7) AppleWebKit/605.1.15 Version/17.0 Safari/605.1.15"
194.39.149.53 - - [19/Jul/2026:13:47:57 +0000] "POST /wp-cron.php?doing_wp_cron=1784468877.1159360408782958984375 HTTP/1.1" 200 0 "-" "WordPress/7.0.2; https://keeloil.com"
216.24.210.92 - - [19/Jul/2026:13:47:55 +0000] "POST /wp-login.php HTTP/1.1" 200 2142 "-" "firefox|Mozilla/5.0 (Windows; U; Windows NT 10.5; x64; en-US) Gecko/20100101 Firefox/72.2"
194.39.149.53 - - [19/Jul/2026:13:49:02 +0000] "POST /wp-cron.php?doing_wp_cron=1784468942.5047070980072021484375 HTTP/1.1" 200 0 "-" "WordPress/7.0.2; https://keeloil.com"
154.125.224.58 - - [19/Jul/2026:13:49:01 +0000] "GET /shop/?_wpnonce=e273c593e8&add_to_wishlist=92 HTTP/1.1" 200 17928 "-" "Mozilla/5.0 (Macintosh; Intel Mac OS X 11_0_1) AppleWebKit/537.36 (KHTML, like Gecko) Brave Chrome/88.0.4324.96 Safari/537.36"
57.141.0.22 - - [19/Jul/2026:13:49:09 +0000] "GET /2023/11/23/recenzja-vavada-kasyna-oraz-strategie-gier/ HTTP/2" 200 81015 "-" "Mozilla/5.0 (Macintosh; Intel Mac OS X 10_15_7) AppleWebKit/537.36 (KHTML, like Gecko) Chrome/145.0.0.0 Safari/537.36 (compatible; meta-externalagent/1.1 (+https://developers.facebook.com/docs/sharing/webmasters/crawler))"
194.39.149.53 - - [19/Jul/2026:13:51:18 +0000] "POST /wp-cron.php?doing_wp_cron=1784469078.3089289665222167968750 HTTP/1.1" 200 0 "-" "WordPress/7.0.2; https://keeloil.com"
157.55.39.196 - - [19/Jul/2026:13:51:16 +0000] "GET /SCUBAPRO-Small-Mini-Reel-With-Double-Carabiner-Approx-342883/ HTTP/2" 301 0 "-" "Mozilla/5.0 AppleWebKit/537.36 (KHTML, like Gecko; compatible; bingbot/2.0; +http://www.bing.com/bingbot.htm) Chrome/116.0.1938.76 Safari/537.36"
14.186.236.252 - - [19/Jul/2026:13:51:23 +0000] "GET /home/page/4/?_wpnonce=d7b92a0bd1&add_to_wishlist=92 HTTP/1.1" 200 24432 "-" "Mozilla/5.0 (Macintosh; Intel Mac OS X 10_11_6) AppleWebKit/537.36 (KHTML, like Gecko) Chrome/101.0.4951.64 Safari/537.36"
57.141.0.14 - - [19/Jul/2026:13:51:26 +0000] "GET /home/page/11/?add_to_wishlist=92&_wpnonce=a17a17d541 HTTP/2" 200 125164 "-" "Mozilla/5.0 (Windows NT 10.0; Win64; x64) AppleWebKit/537.36 (KHTML, like Gecko) Chrome/145.0.0.0 Safari/537.36 (compatible; meta-externalagent/1.1 (+https://developers.facebook.com/docs/sharing/webmasters/crawler))"
194.39.149.53 - - [19/Jul/2026:13:53:25 +0000] "POST /wp-cron.php?doing_wp_cron=1784469205.6918170452117919921875 HTTP/1.1" 200 0 "-" "WordPress/7.0.2; https://keeloil.com"
136.144.33.209 - - [19/Jul/2026:13:53:24 +0000] "POST /wp-login.php HTTP/1.1" 200 2142 "-" "Mozilla/5.0 (Macintosh; Intel Mac OS X 10_15_7) AppleWebKit/605.1.15 Version/17.0 Safari/605.1.15"
194.39.149.53 - - [19/Jul/2026:13:55:41 +0000] "POST /wp-cron.php?doing_wp_cron=1784469341.2119259834289550781250 HTTP/1.1" 200 0 "-" "WordPress/7.0.2; https://keeloil.com"
57.141.0.11 - - [19/Jul/2026:13:55:40 +0000] "GET /2026/05/20/korzysci-z-wysokiej-predkosci-polaczenia-w-vox-casino-306-experience/ HTTP/2" 200 79385 "-" "Mozilla/5.0 (Windows NT 10.0; Win64; x64) AppleWebKit/537.36 (KHTML, like Gecko) Chrome/145.0.0.0 Safari/537.36 (compatible; meta-externalagent/1.1 (+https://developers.facebook.com/docs/sharing/webmasters/crawler))"
216.73.163.123 - - [19/Jul/2026:13:55:40 +0000] "POST /wp-login.php HTTP/1.1" 200 2146 "-" "Mozilla/5.0 (Windows NT 10.0; Win64; rv:143.0) Gecko/20100101 Firefox/143.0"
163.227.186.27 - - [19/Jul/2026:13:56:24 +0000] "POST /xmlrpc.php HTTP/2" 403 1242 "-" "Mozilla/5.0 (Windows NT 10.0; Win64; x64) AppleWebKit/537.36 (KHTML, like Gecko) Chrome/147.0.0.0 Safari/537.36"
164.92.211.134 - - [19/Jul/2026:13:57:23 +0000] "POST /xmlrpc.php HTTP/2" 403 1242 "-" "Mozilla/5.0 (Windows NT 10.0; Win64; x64) AppleWebKit/537.36 (KHTML, like Gecko) Chrome/147.0.0.0 Safari/537.36"
194.39.149.53 - - [19/Jul/2026:13:59:38 +0000] "POST /wp-cron.php?doing_wp_cron=1784469578.2165191173553466796875 HTTP/1.1" 200 0 "-" "WordPress/7.0.2; https://keeloil.com"
181.26.223.137 - - [19/Jul/2026:13:59:36 +0000] "GET /home/page/12/?_wpnonce=fb61395b05&add_to_wishlist=92 HTTP/1.1" 200 24533 "-" "Mozilla/5.0 (Macintosh; Intel Mac OS X 10_15_7) AppleWebKit/537.36 (KHTML, like Gecko) Chrome/100.0.4896.60 Safari/537.36"
23.94.155.50 - - [19/Jul/2026:13:59:39 +0000] "POST /wp-login.php HTTP/1.1" 200 2142 "-" "Mozilla/5.0 (Macintosh; Intel Mac OS X 10_15_7) AppleWebKit/605.1.15 Version/17.0 Safari/605.1.15"
57.141.0.27 - - [19/Jul/2026:13:59:49 +0000] "GET /2026/05/17/proc-zacnete-sazet-snadno-s-mostbet-registrace-na-vasem-uctu/ HTTP/2" 200 73996 "-" "Mozilla/5.0 (Windows NT 10.0; Win64; x64) AppleWebKit/537.36 (KHTML, like Gecko) Chrome/145.0.0.0 Safari/537.36 (compatible; meta-externalagent/1.1 (+https://developers.facebook.com/docs/sharing/webmasters/crawler))"
194.39.149.53 - - [19/Jul/2026:14:01:49 +0000] "POST /wp-cron.php?doing_wp_cron=1784469708.9214038848876953125000 HTTP/1.1" 200 0 "-" "WordPress/7.0.2; https://keeloil.com"
175.29.164.17 - - [19/Jul/2026:14:01:47 +0000] "GET /home/page/15/?_wpnonce=def1ca43c3&add_to_wishlist=92 HTTP/1.1" 200 24604 "-" "Mozilla/5.0 (Macintosh; Intel Mac OS X 10_11_6) AppleWebKit/537.36 (KHTML, like Gecko) Chrome/101.0.4951.64 Safari/537.36"
194.39.149.53 - - [19/Jul/2026:14:06:32 +0000] "POST /wp-cron.php?doing_wp_cron=1784469992.3077349662780761718750 HTTP/1.1" 200 0 "-" "WordPress/7.0.2; https://keeloil.com"
49.12.144.217 - - [19/Jul/2026:14:06:28 +0000] "GET /wp-login.php HTTP/2" 200 1785 "-" "Mozilla/5.0 (Windows NT 10.0; Win64; x64) AppleWebKit/537.36 (KHTML, like Gecko) Chrome/147.0.0.0 Safari/537.36"
49.12.144.217 - - [19/Jul/2026:14:06:32 +0000] "POST /wp-login.php HTTP/2" 200 1922 "https://keeloil.com/wp-login.php" "Mozilla/5.0 (Windows NT 10.0; Win64; x64) AppleWebKit/537.36 (KHTML, like Gecko) Chrome/147.0.0.0 Safari/537.36"
194.39.149.53 - - [19/Jul/2026:14:08:08 +0000] "POST /wp-cron.php?doing_wp_cron=1784470087.9265389442443847656250 HTTP/1.1" 200 0 "-" "WordPress/7.0.2; https://keeloil.com"
173.239.240.156 - - [19/Jul/2026:14:08:05 +0000] "GET /wp-login.php HTTP/1.1" 200 2007 "-" "Mozilla/5.0 (Macintosh; Intel Mac OS X 10_15_7) AppleWebKit/605.1.15 Version/17.0 Safari/605.1.15"
173.239.240.156 - - [19/Jul/2026:14:08:08 +0000] "GET /?author=1 HTTP/1.1" 301 0 "-" "Mozilla/5.0 (Windows NT 10.0; Win64; rv:143.0) Gecko/20100101 Firefox/143.0"
173.239.240.156 - - [19/Jul/2026:14:08:11 +0000] "GET /?rest_route=/wp/v2/users HTTP/1.1" 200 701 "-" "Mozilla/5.0 (Windows NT 10.0; Win64; x64) AppleWebKit/537.36 Chrome/129.0.0.0 Safari/537.36"
196.251.121.187 - - [19/Jul/2026:14:08:27 +0000] "GET / HTTP/1.1" 200 19302 "-" "Mozilla/5.0 (X11; Linux x86_64) AppleWebKit/537.36 (KHTML, like Gecko) Chrome/120.0.0.0 Safari/537.36"
196.251.121.187 - - [19/Jul/2026:14:08:31 +0000] "POST /?rest_route=/batch/v1 HTTP/1.1" 403 5137 "-" "Mozilla/5.0 (Windows NT 10.0; Win64; x64) AppleWebKit/537.36 (KHTML, like Gecko) Chrome/120.0.0.0 Safari/537.36"
194.39.149.53 - - [19/Jul/2026:14:10:47 +0000] "POST /wp-cron.php?doing_wp_cron=1784470246.9472699165344238281250 HTTP/1.1" 200 0 "-" "WordPress/7.0.2; https://keeloil.com"
173.239.218.6 - - [19/Jul/2026:14:10:34 +0000] "POST /wp-login.php HTTP/1.1" 200 2142 "-" "Mozilla/5.0 (X11; U; Linux i686; ja; rv:1.8.1.6) Gecko/20061201 Firefox/2.0.0.6 (Ubuntu-feisty)"
216.73.163.134 - - [19/Jul/2026:14:11:47 +0000] "POST /wp-login.php HTTP/1.1" 200 2146 "-" "Mozilla/5.0 (Windows NT 10.0; Win64; x64) AppleWebKit/537.36 Chrome/129.0.0.0 Safari/537.36"
194.39.149.53 - - [19/Jul/2026:14:14:00 +0000] "POST /wp-cron.php?doing_wp_cron=1784470440.1187009811401367187500 HTTP/1.1" 200 0 "-" "WordPress/7.0.2; https://keeloil.com"
23.94.155.61 - - [19/Jul/2026:14:13:57 +0000] "POST /wp-login.php HTTP/1.1" 200 2142 "-" "Mozilla/5.0 (Windows NT 10.0; Win64; x64) AppleWebKit/537.36 Chrome/129.0.0.0 Safari/537.36"
149.3.10.3 - - [19/Jul/2026:14:14:21 +0000] "GET /home/page/12/?_wpnonce=e673070648&add_to_wishlist=92 HTTP/1.1" 200 24533 "-" "Mozilla/5.0 (Macintosh; Intel Mac OS X 10_14_6) AppleWebKit/537.36 (KHTML, like Gecko) Chrome/81.0.4044.122 Safari/537.36"
194.39.149.53 - - [19/Jul/2026:14:15:37 +0000] "POST /wp-cron.php?doing_wp_cron=1784470537.5529921054840087890625 HTTP/1.1" 200 0 "-" "WordPress/7.0.2; https://keeloil.com"
201.133.248.212 - - [19/Jul/2026:14:15:35 +0000] "GET /home/page/4/?_wpnonce=e6559cb22c&add_to_wishlist=92 HTTP/1.1" 200 24432 "-" "Mozilla/5.0 (Windows NT 10.0) AppleWebKit/537.36 (KHTML, like Gecko) Brave Chrome/78.0.3904.108 Safari/537.36"
20.12.214.177 - - [19/Jul/2026:14:19:51 +0000] "GET /inputs.php HTTP/1.1" 404 3421 "-" "Mozilla/5.0 (Windows NT 10.0; Win64; x64) AppleWebKit/537.36 (KHTML, like Gecko) Chrome/120.0.0.0 Safari/537.36"
20.12.214.177 - - [19/Jul/2026:14:19:51 +0000] "GET /admin.php HTTP/1.1" 404 3421 "-" "Mozilla/5.0 (Windows NT 10.0; Win64; x64) AppleWebKit/537.36 (KHTML, like Gecko) Chrome/120.0.0.0 Safari/537.36"
20.12.214.177 - - [19/Jul/2026:14:19:51 +0000] "GET /goods.php HTTP/1.1" 404 3421 "-" "Mozilla/5.0 (Windows NT 10.0; Win64; x64) AppleWebKit/537.36 (KHTML, like Gecko) Chrome/120.0.0.0 Safari/537.36"
20.12.214.177 - - [19/Jul/2026:14:19:51 +0000] "GET /file.php HTTP/1.1" 404 3421 "-" "Mozilla/5.0 (Windows NT 10.0; Win64; x64) AppleWebKit/537.36 (KHTML, like Gecko) Chrome/120.0.0.0 Safari/537.36"
20.12.214.177 - - [19/Jul/2026:14:19:51 +0000] "GET /adminfuns.php HTTP/1.1" 404 3421 "-" "Mozilla/5.0 (Windows NT 10.0; Win64; x64) AppleWebKit/537.36 (KHTML, like Gecko) Chrome/120.0.0.0 Safari/537.36"
20.12.214.177 - - [19/Jul/2026:14:19:51 +0000] "GET /404.php HTTP/1.1" 404 3421 "-" "Mozilla/5.0 (Windows NT 10.0; Win64; x64) AppleWebKit/537.36 (KHTML, like Gecko) Chrome/120.0.0.0 Safari/537.36"
20.12.214.177 - - [19/Jul/2026:14:19:51 +0000] "GET /wk/index.php HTTP/1.1" 404 3421 "-" "Mozilla/5.0 (Windows NT 10.0; Win64; x64) AppleWebKit/537.36 (KHTML, like Gecko) Chrome/120.0.0.0 Safari/537.36"
20.12.214.177 - - [19/Jul/2026:14:19:51 +0000] "GET /about.php HTTP/1.1" 404 3421 "-" "Mozilla/5.0 (Windows NT 10.0; Win64; x64) AppleWebKit/537.36 (KHTML, like Gecko) Chrome/120.0.0.0 Safari/537.36"
20.12.214.177 - - [19/Jul/2026:14:19:51 +0000] "GET /term.php HTTP/1.1" 404 3421 "-" "Mozilla/5.0 (Windows NT 10.0; Win64; x64) AppleWebKit/537.36 (KHTML, like Gecko) Chrome/120.0.0.0 Safari/537.36"
20.12.214.177 - - [19/Jul/2026:14:19:51 +0000] "GET /ioxi-o.php HTTP/1.1" 404 3421 "-" "Mozilla/5.0 (Windows NT 10.0; Win64; x64) AppleWebKit/537.36 (KHTML, like Gecko) Chrome/120.0.0.0 Safari/537.36"
20.12.214.177 - - [19/Jul/2026:14:19:51 +0000] "GET /1.php HTTP/1.1" 404 3421 "-" "Mozilla/5.0 (Windows NT 10.0; Win64; x64) AppleWebKit/537.36 (KHTML, like Gecko) Chrome/120.0.0.0 Safari/537.36"
20.12.214.177 - - [19/Jul/2026:14:19:51 +0000] "GET /alfa.php HTTP/1.1" 404 3421 "-" "Mozilla/5.0 (Windows NT 10.0; Win64; x64) AppleWebKit/537.36 (KHTML, like Gecko) Chrome/120.0.0.0 Safari/537.36"
20.12.214.177 - - [19/Jul/2026:14:19:51 +0000] "GET /edit.php HTTP/1.1" 404 3421 "-" "Mozilla/5.0 (Windows NT 10.0; Win64; x64) AppleWebKit/537.36 (KHTML, like Gecko) Chrome/120.0.0.0 Safari/537.36"
20.12.214.177 - - [19/Jul/2026:14:19:51 +0000] "GET /elp.php HTTP/1.1" 404 3421 "-" "Mozilla/5.0 (Windows NT 10.0; Win64; x64) AppleWebKit/537.36 (KHTML, like Gecko) Chrome/120.0.0.0 Safari/537.36"
20.12.214.177 - - [19/Jul/2026:14:19:51 +0000] "GET /classwithtostring.php HTTP/1.1" 404 3421 "-" "Mozilla/5.0 (Windows NT 10.0; Win64; x64) AppleWebKit/537.36 (KHTML, like Gecko) Chrome/120.0.0.0 Safari/537.36"
20.12.214.177 - - [19/Jul/2026:14:19:51 +0000] "GET /666.php HTTP/1.1" 404 3421 "-" "Mozilla/5.0 (Windows NT 10.0; Win64; x64) AppleWebKit/537.36 (KHTML, like Gecko) Chrome/120.0.0.0 Safari/537.36"
20.12.214.177 - - [19/Jul/2026:14:19:51 +0000] "GET /wp-admin/ HTTP/1.1" 404 3421 "-" "Mozilla/5.0 (Windows NT 10.0; Win64; x64) AppleWebKit/537.36 (KHTML, like Gecko) Chrome/120.0.0.0 Safari/537.36"
20.12.214.177 - - [19/Jul/2026:14:19:51 +0000] "GET /ws54.php HTTP/1.1" 404 3421 "-" "Mozilla/5.0 (Windows NT 10.0; Win64; x64) AppleWebKit/537.36 (KHTML, like Gecko) Chrome/120.0.0.0 Safari/537.36"
20.12.214.177 - - [19/Jul/2026:14:19:51 +0000] "GET /deepseek_d.php HTTP/1.1" 404 3421 "-" "Mozilla/5.0 (Windows NT 10.0; Win64; x64) AppleWebKit/537.36 (KHTML, like Gecko) Chrome/120.0.0.0 Safari/537.36"
20.12.214.177 - - [19/Jul/2026:14:19:51 +0000] "GET /function/function.php HTTP/1.1" 404 3421 "-" "Mozilla/5.0 (Windows NT 10.0; Win64; x64) AppleWebKit/537.36 (KHTML, like Gecko) Chrome/120.0.0.0 Safari/537.36"
20.12.214.177 - - [19/Jul/2026:14:19:51 +0000] "GET /nw.php HTTP/1.1" 404 3421 "-" "Mozilla/5.0 (Windows NT 10.0; Win64; x64) AppleWebKit/537.36 (KHTML, like Gecko) Chrome/120.0.0.0 Safari/537.36"
20.12.214.177 - - [19/Jul/2026:14:19:51 +0000] "GET /xleet.php HTTP/1.1" 404 3421 "-" "Mozilla/5.0 (Windows NT 10.0; Win64; x64) AppleWebKit/537.36 (KHTML, like Gecko) Chrome/120.0.0.0 Safari/537.36"
20.12.214.177 - - [19/Jul/2026:14:19:51 +0000] "GET /wp.php HTTP/1.1" 404 3421 "-" "Mozilla/5.0 (Windows NT 10.0; Win64; x64) AppleWebKit/537.36 (KHTML, like Gecko) Chrome/120.0.0.0 Safari/537.36"
20.12.214.177 - - [19/Jul/2026:14:19:51 +0000] "GET /155.php HTTP/1.1" 404 3421 "-" "Mozilla/5.0 (Windows NT 10.0; Win64; x64) AppleWebKit/537.36 (KHTML, like Gecko) Chrome/120.0.0.0 Safari/537.36"
20.12.214.177 - - [19/Jul/2026:14:19:51 +0000] "GET /96i.php HTTP/1.1" 404 3421 "-" "Mozilla/5.0 (Windows NT 10.0; Win64; x64) AppleWebKit/537.36 (KHTML, like Gecko) Chrome/120.0.0.0 Safari/537.36"
20.12.214.177 - - [19/Jul/2026:14:19:51 +0000] "GET /as.php HTTP/1.1" 404 3421 "-" "Mozilla/5.0 (Windows NT 10.0; Win64; x64) AppleWebKit/537.36 (KHTML, like Gecko) Chrome/120.0.0.0 Safari/537.36"
20.12.214.177 - - [19/Jul/2026:14:19:51 +0000] "GET /min.php HTTP/1.1" 404 3421 "-" "Mozilla/5.0 (Windows NT 10.0; Win64; x64) AppleWebKit/537.36 (KHTML, like Gecko) Chrome/120.0.0.0 Safari/537.36"
20.12.214.177 - - [19/Jul/2026:14:19:51 +0000] "GET /.well-known/ HTTP/1.1" 404 3421 "-" "Mozilla/5.0 (Windows NT 10.0; Win64; x64) AppleWebKit/537.36 (KHTML, like Gecko) Chrome/120.0.0.0 Safari/537.36"
20.12.214.177 - - [19/Jul/2026:14:19:51 +0000] "GET /php8.php HTTP/1.1" 404 3421 "-" "Mozilla/5.0 (Windows NT 10.0; Win64; x64) AppleWebKit/537.36 (KHTML, like Gecko) Chrome/120.0.0.0 Safari/537.36"
20.12.214.177 - - [19/Jul/2026:14:19:52 +0000] "GET /wp-content/admin.php HTTP/1.1" 404 3421 "-" "Mozilla/5.0 (Windows NT 10.0; Win64; x64) AppleWebKit/537.36 (KHTML, like Gecko) Chrome/120.0.0.0 Safari/537.36"
20.12.214.177 - - [19/Jul/2026:14:19:52 +0000] "GET /222.php HTTP/1.1" 404 3421 "-" "Mozilla/5.0 (Windows NT 10.0; Win64; x64) AppleWebKit/537.36 (KHTML, like Gecko) Chrome/120.0.0.0 Safari/537.36"
20.12.214.177 - - [19/Jul/2026:14:19:52 +0000] "GET /wp-content/themes/pridmag/il.php HTTP/1.1" 404 3421 "-" "Mozilla/5.0 (Windows NT 10.0; Win64; x64) AppleWebKit/537.36 (KHTML, like Gecko) Chrome/120.0.0.0 Safari/537.36"
20.12.214.177 - - [19/Jul/2026:14:19:52 +0000] "GET /info.php HTTP/1.1" 404 3421 "-" "Mozilla/5.0 (Windows NT 10.0; Win64; x64) AppleWebKit/537.36 (KHTML, like Gecko) Chrome/120.0.0.0 Safari/537.36"
20.12.214.177 - - [19/Jul/2026:14:19:52 +0000] "GET /a.php HTTP/1.1" 404 3421 "-" "Mozilla/5.0 (Windows NT 10.0; Win64; x64) AppleWebKit/537.36 (KHTML, like Gecko) Chrome/120.0.0.0 Safari/537.36"
20.12.214.177 - - [19/Jul/2026:14:19:52 +0000] "GET /chosen.php HTTP/1.1" 404 3421 "-" "Mozilla/5.0 (Windows NT 10.0; Win64; x64) AppleWebKit/537.36 (KHTML, like Gecko) Chrome/120.0.0.0 Safari/537.36"
20.12.214.177 - - [19/Jul/2026:14:19:52 +0000] "GET /wp-content/index.php HTTP/1.1" 404 3421 "-" "Mozilla/5.0 (Windows NT 10.0; Win64; x64) AppleWebKit/537.36 (KHTML, like Gecko) Chrome/120.0.0.0 Safari/537.36"
20.12.214.177 - - [19/Jul/2026:14:19:52 +0000] "GET /vx.php HTTP/1.1" 404 3421 "-" "Mozilla/5.0 (Windows NT 10.0; Win64; x64) AppleWebKit/537.36 (KHTML, like Gecko) Chrome/120.0.0.0 Safari/537.36"
20.12.214.177 - - [19/Jul/2026:14:19:52 +0000] "GET /admin/controller/extension/ HTTP/1.1" 404 3421 "-" "Mozilla/5.0 (Windows NT 10.0; Win64; x64) AppleWebKit/537.36 (KHTML, like Gecko) Chrome/120.0.0.0 Safari/537.36"
20.12.214.177 - - [19/Jul/2026:14:19:52 +0000] "GET /wap.php HTTP/1.1" 404 3421 "-" "Mozilla/5.0 (Windows NT 10.0; Win64; x64) AppleWebKit/537.36 (KHTML, like Gecko) Chrome/120.0.0.0 Safari/537.36"
20.12.214.177 - - [19/Jul/2026:14:19:52 +0000] "GET /wp-admin/wp.php HTTP/1.1" 404 3421 "-" "Mozilla/5.0 (Windows NT 10.0; Win64; x64) AppleWebKit/537.36 (KHTML, like Gecko) Chrome/120.0.0.0 Safari/537.36"
20.12.214.177 - - [19/Jul/2026:14:19:52 +0000] "GET /bgymj.php HTTP/1.1" 404 3421 "-" "Mozilla/5.0 (Windows NT 10.0; Win64; x64) AppleWebKit/537.36 (KHTML, like Gecko) Chrome/120.0.0.0 Safari/537.36"
20.12.214.177 - - [19/Jul/2026:14:19:52 +0000] "GET /aa.php HTTP/1.1" 404 3421 "-" "Mozilla/5.0 (Windows NT 10.0; Win64; x64) AppleWebKit/537.36 (KHTML, like Gecko) Chrome/120.0.0.0 Safari/537.36"
20.12.214.177 - - [19/Jul/2026:14:19:52 +0000] "GET /wp-mail.php HTTP/1.1" 404 3421 "-" "Mozilla/5.0 (Windows NT 10.0; Win64; x64) AppleWebKit/537.36 (KHTML, like Gecko) Chrome/120.0.0.0 Safari/537.36"
20.12.214.177 - - [19/Jul/2026:14:19:52 +0000] "GET /bolt.php HTTP/1.1" 404 3421 "-" "Mozilla/5.0 (Windows NT 10.0; Win64; x64) AppleWebKit/537.36 (KHTML, like Gecko) Chrome/120.0.0.0 Safari/537.36"
20.12.214.177 - - [19/Jul/2026:14:19:52 +0000] "GET /bthil.php HTTP/1.1" 404 3421 "-" "Mozilla/5.0 (Windows NT 10.0; Win64; x64) AppleWebKit/537.36 (KHTML, like Gecko) Chrome/120.0.0.0 Safari/537.36"
20.12.214.177 - - [19/Jul/2026:14:19:52 +0000] "GET /cgi-bin/ HTTP/1.1" 404 3421 "-" "Mozilla/5.0 (Windows NT 10.0; Win64; x64) AppleWebKit/537.36 (KHTML, like Gecko) Chrome/120.0.0.0 Safari/537.36"
20.12.214.177 - - [19/Jul/2026:14:19:52 +0000] "GET /x.php HTTP/1.1" 404 3421 "-" "Mozilla/5.0 (Windows NT 10.0; Win64; x64) AppleWebKit/537.36 (KHTML, like Gecko) Chrome/120.0.0.0 Safari/537.36"
20.12.214.177 - - [19/Jul/2026:14:19:52 +0000] "GET /index/function.php HTTP/1.1" 404 3421 "-" "Mozilla/5.0 (Windows NT 10.0; Win64; x64) AppleWebKit/537.36 (KHTML, like Gecko) Chrome/120.0.0.0 Safari/537.36"
20.12.214.177 - - [19/Jul/2026:14:19:52 +0000] "GET /aaa.php HTTP/1.1" 404 3421 "-" "Mozilla/5.0 (Windows NT 10.0; Win64; x64) AppleWebKit/537.36 (KHTML, like Gecko) Chrome/120.0.0.0 Safari/537.36"
20.12.214.177 - - [19/Jul/2026:14:19:52 +0000] "GET /abcd.php HTTP/1.1" 404 3421 "-" "Mozilla/5.0 (Windows NT 10.0; Win64; x64) AppleWebKit/537.36 (KHTML, like Gecko) Chrome/120.0.0.0 Safari/537.36"
20.12.214.177 - - [19/Jul/2026:14:19:52 +0000] "GET /wp-good.php HTTP/1.1" 404 3421 "-" "Mozilla/5.0 (Windows NT 10.0; Win64; x64) AppleWebKit/537.36 (KHTML, like Gecko) Chrome/120.0.0.0 Safari/537.36"
20.12.214.177 - - [19/Jul/2026:14:19:52 +0000] "GET /simple.php HTTP/1.1" 404 3421 "-" "Mozilla/5.0 (Windows NT 10.0; Win64; x64) AppleWebKit/537.36 (KHTML, like Gecko) Chrome/120.0.0.0 Safari/537.36"
20.12.214.177 - - [19/Jul/2026:14:19:52 +0000] "GET /edit-tags.php HTTP/1.1" 404 3421 "-" "Mozilla/5.0 (Windows NT 10.0; Win64; x64) AppleWebKit/537.36 (KHTML, like Gecko) Chrome/120.0.0.0 Safari/537.36"
20.12.214.177 - - [19/Jul/2026:14:19:52 +0000] "GET /u.php HTTP/1.1" 404 3421 "-" "Mozilla/5.0 (Windows NT 10.0; Win64; x64) AppleWebKit/537.36 (KHTML, like Gecko) Chrome/120.0.0.0 Safari/537.36"
20.12.214.177 - - [19/Jul/2026:14:19:52 +0000] "GET /wp-content/themes/admin.php HTTP/1.1" 404 3421 "-" "Mozilla/5.0 (Windows NT 10.0; Win64; x64) AppleWebKit/537.36 (KHTML, like Gecko) Chrome/120.0.0.0 Safari/537.36"
20.12.214.177 - - [19/Jul/2026:14:19:52 +0000] "GET /h.php HTTP/1.1" 404 3421 "-" "Mozilla/5.0 (Windows NT 10.0; Win64; x64) AppleWebKit/537.36 (KHTML, like Gecko) Chrome/120.0.0.0 Safari/537.36"
20.12.214.177 - - [19/Jul/2026:14:19:52 +0000] "GET /ms-edit.php HTTP/1.1" 404 3421 "-" "Mozilla/5.0 (Windows NT 10.0; Win64; x64) AppleWebKit/537.36 (KHTML, like Gecko) Chrome/120.0.0.0 Safari/537.36"
20.12.214.177 - - [19/Jul/2026:14:19:52 +0000] "GET /a7.php HTTP/1.1" 404 3421 "-" "Mozilla/5.0 (Windows NT 10.0; Win64; x64) AppleWebKit/537.36 (KHTML, like Gecko) Chrome/120.0.0.0 Safari/537.36"
20.12.214.177 - - [19/Jul/2026:14:19:52 +0000] "GET /manager.php HTTP/1.1" 404 3421 "-" "Mozilla/5.0 (Windows NT 10.0; Win64; x64) AppleWebKit/537.36 (KHTML, like Gecko) Chrome/120.0.0.0 Safari/537.36"
20.12.214.177 - - [19/Jul/2026:14:19:52 +0000] "GET /w1.php HTTP/1.1" 404 3421 "-" "Mozilla/5.0 (Windows NT 10.0; Win64; x64) AppleWebKit/537.36 (KHTML, like Gecko) Chrome/120.0.0.0 Safari/537.36"
20.12.214.177 - - [19/Jul/2026:14:19:52 +0000] "GET /wp-includes/fonts/ HTTP/1.1" 404 3421 "-" "Mozilla/5.0 (Windows NT 10.0; Win64; x64) AppleWebKit/537.36 (KHTML, like Gecko) Chrome/120.0.0.0 Safari/537.36"
20.12.214.177 - - [19/Jul/2026:14:19:53 +0000] "GET /wp-login.php HTTP/1.1" 404 3421 "-" "Mozilla/5.0 (Windows NT 10.0; Win64; x64) AppleWebKit/537.36 (KHTML, like Gecko) Chrome/120.0.0.0 Safari/537.36"
20.12.214.177 - - [19/Jul/2026:14:19:53 +0000] "GET /default.php HTTP/1.1" 404 3421 "-" "Mozilla/5.0 (Windows NT 10.0; Win64; x64) AppleWebKit/537.36 (KHTML, like Gecko) Chrome/120.0.0.0 Safari/537.36"
20.12.214.177 - - [19/Jul/2026:14:19:53 +0000] "GET /i.php HTTP/1.1" 404 3421 "-" "Mozilla/5.0 (Windows NT 10.0; Win64; x64) AppleWebKit/537.36 (KHTML, like Gecko) Chrome/120.0.0.0 Safari/537.36"
20.12.214.177 - - [19/Jul/2026:14:19:53 +0000] "GET /wp-content/uploads/ HTTP/1.1" 404 3421 "-" "Mozilla/5.0 (Windows NT 10.0; Win64; x64) AppleWebKit/537.36 (KHTML, like Gecko) Chrome/120.0.0.0 Safari/537.36"
20.12.214.177 - - [19/Jul/2026:14:19:53 +0000] "GET /wp-includes/Requests/library/index.php HTTP/1.1" 404 3421 "-" "Mozilla/5.0 (Windows NT 10.0; Win64; x64) AppleWebKit/537.36 (KHTML, like Gecko) Chrome/120.0.0.0 Safari/537.36"
20.12.214.177 - - [19/Jul/2026:14:19:53 +0000] "GET /wp-content/themes/index.php HTTP/1.1" 404 3421 "-" "Mozilla/5.0 (Windows NT 10.0; Win64; x64) AppleWebKit/537.36 (KHTML, like Gecko) Chrome/120.0.0.0 Safari/537.36"
20.12.214.177 - - [19/Jul/2026:14:19:53 +0000] "GET /gecko-new.php HTTP/1.1" 404 3421 "-" "Mozilla/5.0 (Windows NT 10.0; Win64; x64) AppleWebKit/537.36 (KHTML, like Gecko) Chrome/120.0.0.0 Safari/537.36"
20.12.214.177 - - [19/Jul/2026:14:19:53 +0000] "GET /NewFile.php HTTP/1.1" 404 3421 "-" "Mozilla/5.0 (Windows NT 10.0; Win64; x64) AppleWebKit/537.36 (KHTML, like Gecko) Chrome/120.0.0.0 Safari/537.36"
20.12.214.177 - - [19/Jul/2026:14:19:53 +0000] "GET /wp-Blogs.php HTTP/1.1" 404 3421 "-" "Mozilla/5.0 (Windows NT 10.0; Win64; x64) AppleWebKit/537.36 (KHTML, like Gecko) Chrome/120.0.0.0 Safari/537.36"
20.12.214.177 - - [19/Jul/2026:14:19:53 +0000] "GET /wp-includes/fonts/index.php HTTP/1.1" 404 3421 "-" "Mozilla/5.0 (Windows NT 10.0; Win64; x64) AppleWebKit/537.36 (KHTML, like Gecko) Chrome/120.0.0.0 Safari/537.36"
20.12.214.177 - - [19/Jul/2026:14:19:53 +0000] "GET /themes.php HTTP/1.1" 404 3421 "-" "Mozilla/5.0 (Windows NT 10.0; Win64; x64) AppleWebKit/537.36 (KHTML, like Gecko) Chrome/120.0.0.0 Safari/537.36"
20.12.214.177 - - [19/Jul/2026:14:19:53 +0000] "GET /cv.php HTTP/1.1" 404 3421 "-" "Mozilla/5.0 (Windows NT 10.0; Win64; x64) AppleWebKit/537.36 (KHTML, like Gecko) Chrome/120.0.0.0 Safari/537.36"
20.12.214.177 - - [19/Jul/2026:14:19:53 +0000] "GET /wp-admin/js/ HTTP/1.1" 404 3421 "-" "Mozilla/5.0 (Windows NT 10.0; Win64; x64) AppleWebKit/537.36 (KHTML, like Gecko) Chrome/120.0.0.0 Safari/537.36"
20.12.214.177 - - [19/Jul/2026:14:19:53 +0000] "GET /wp-content/uploads/index.php HTTP/1.1" 404 3421 "-" "Mozilla/5.0 (Windows NT 10.0; Win64; x64) AppleWebKit/537.36 (KHTML, like Gecko) Chrome/120.0.0.0 Safari/537.36"
20.12.214.177 - - [19/Jul/2026:14:19:53 +0000] "GET /ws83.php HTTP/1.1" 404 3421 "-" "Mozilla/5.0 (Windows NT 10.0; Win64; x64) AppleWebKit/537.36 (KHTML, like Gecko) Chrome/120.0.0.0 Safari/537.36"
20.12.214.177 - - [19/Jul/2026:14:19:53 +0000] "GET /atex1.php HTTP/1.1" 404 3421 "-" "Mozilla/5.0 (Windows NT 10.0; Win64; x64) AppleWebKit/537.36 (KHTML, like Gecko) Chrome/120.0.0.0 Safari/537.36"
20.12.214.177 - - [19/Jul/2026:14:19:53 +0000] "GET /class-t.api.php HTTP/1.1" 404 3421 "-" "Mozilla/5.0 (Windows NT 10.0; Win64; x64) AppleWebKit/537.36 (KHTML, like Gecko) Chrome/120.0.0.0 Safari/537.36"
20.12.214.177 - - [19/Jul/2026:14:19:53 +0000] "GET /w.php HTTP/1.1" 404 3421 "-" "Mozilla/5.0 (Windows NT 10.0; Win64; x64) AppleWebKit/537.36 (KHTML, like Gecko) Chrome/120.0.0.0 Safari/537.36"
20.12.214.177 - - [19/Jul/2026:14:19:53 +0000] "GET /archive.php HTTP/1.1" 404 3421 "-" "Mozilla/5.0 (Windows NT 10.0; Win64; x64) AppleWebKit/537.36 (KHTML, like Gecko) Chrome/120.0.0.0 Safari/537.36"
20.12.214.177 - - [19/Jul/2026:14:19:53 +0000] "GET /bless.php HTTP/1.1" 404 3421 "-" "Mozilla/5.0 (Windows NT 10.0; Win64; x64) AppleWebKit/537.36 (KHTML, like Gecko) Chrome/120.0.0.0 Safari/537.36"
20.12.214.177 - - [19/Jul/2026:14:19:53 +0000] "GET /sagax1.php HTTP/1.1" 404 3421 "-" "Mozilla/5.0 (Windows NT 10.0; Win64; x64) AppleWebKit/537.36 (KHTML, like Gecko) Chrome/120.0.0.0 Safari/537.36"
20.12.214.177 - - [19/Jul/2026:14:19:53 +0000] "GET /wpc.php HTTP/1.1" 404 3421 "-" "Mozilla/5.0 (Windows NT 10.0; Win64; x64) AppleWebKit/537.36 (KHTML, like Gecko) Chrome/120.0.0.0 Safari/537.36"
20.12.214.177 - - [19/Jul/2026:14:19:53 +0000] "GET /fone1.php HTTP/1.1" 404 3421 "-" "Mozilla/5.0 (Windows NT 10.0; Win64; x64) AppleWebKit/537.36 (KHTML, like Gecko) Chrome/120.0.0.0 Safari/537.36"
20.12.214.177 - - [19/Jul/2026:14:19:53 +0000] "GET /ncx.php HTTP/1.1" 404 3421 "-" "Mozilla/5.0 (Windows NT 10.0; Win64; x64) AppleWebKit/537.36 (KHTML, like Gecko) Chrome/120.0.0.0 Safari/537.36"
20.12.214.177 - - [19/Jul/2026:14:19:53 +0000] "GET /wp-admin/js/index.php HTTP/1.1" 404 3421 "-" "Mozilla/5.0 (Windows NT 10.0; Win64; x64) AppleWebKit/537.36 (KHTML, like Gecko) Chrome/120.0.0.0 Safari/537.36"
20.12.214.177 - - [19/Jul/2026:14:19:53 +0000] "GET /wso.php HTTP/1.1" 404 3421 "-" "Mozilla/5.0 (Windows NT 10.0; Win64; x64) AppleWebKit/537.36 (KHTML, like Gecko) Chrome/120.0.0.0 Safari/537.36"
20.12.214.177 - - [19/Jul/2026:14:19:53 +0000] "GET /zup.php73 HTTP/1.1" 404 3421 "-" "Mozilla/5.0 (Windows NT 10.0; Win64; x64) AppleWebKit/537.36 (KHTML, like Gecko) Chrome/120.0.0.0 Safari/537.36"
20.12.214.177 - - [19/Jul/2026:14:19:53 +0000] "GET /k.php HTTP/1.1" 404 3421 "-" "Mozilla/5.0 (Windows NT 10.0; Win64; x64) AppleWebKit/537.36 (KHTML, like Gecko) Chrome/120.0.0.0 Safari/537.36"
20.12.214.177 - - [19/Jul/2026:14:19:53 +0000] "GET /wp-blink.php HTTP/1.1" 404 3421 "-" "Mozilla/5.0 (Windows NT 10.0; Win64; x64) AppleWebKit/537.36 (KHTML, like Gecko) Chrome/120.0.0.0 Safari/537.36"
20.12.214.177 - - [19/Jul/2026:14:19:53 +0000] "GET /randkeyword.PhP7 HTTP/1.1" 404 3421 "-" "Mozilla/5.0 (Windows NT 10.0; Win64; x64) AppleWebKit/537.36 (KHTML, like Gecko) Chrome/120.0.0.0 Safari/537.36"
20.12.214.177 - - [19/Jul/2026:14:19:53 +0000] "GET /wp-admin/css/colors/ectoplasm/ HTTP/1.1" 404 3421 "-" "Mozilla/5.0 (Windows NT 10.0; Win64; x64) AppleWebKit/537.36 (KHTML, like Gecko) Chrome/120.0.0.0 Safari/537.36"
20.12.214.177 - - [19/Jul/2026:14:19:54 +0000] "GET /wp-content/ HTTP/1.1" 404 3421 "-" "Mozilla/5.0 (Windows NT 10.0; Win64; x64) AppleWebKit/537.36 (KHTML, like Gecko) Chrome/120.0.0.0 Safari/537.36"
20.12.214.177 - - [19/Jul/2026:14:19:54 +0000] "GET /ww5.php HTTP/1.1" 404 3421 "-" "Mozilla/5.0 (Windows NT 10.0; Win64; x64) AppleWebKit/537.36 (KHTML, like Gecko) Chrome/120.0.0.0 Safari/537.36"
20.12.214.177 - - [19/Jul/2026:14:19:54 +0000] "GET /2.php HTTP/1.1" 404 3421 "-" "Mozilla/5.0 (Windows NT 10.0; Win64; x64) AppleWebKit/537.36 (KHTML, like Gecko) Chrome/120.0.0.0 Safari/537.36"
20.12.214.177 - - [19/Jul/2026:14:19:54 +0000] "GET /wp-admin/classwithtostring.php HTTP/1.1" 404 3421 "-" "Mozilla/5.0 (Windows NT 10.0; Win64; x64) AppleWebKit/537.36 (KHTML, like Gecko) Chrome/120.0.0.0 Safari/537.36"
20.12.214.177 - - [19/Jul/2026:14:19:54 +0000] "GET /atomlib.php HTTP/1.1" 404 3421 "-" "Mozilla/5.0 (Windows NT 10.0; Win64; x64) AppleWebKit/537.36 (KHTML, like Gecko) Chrome/120.0.0.0 Safari/537.36"
20.12.214.177 - - [19/Jul/2026:14:19:54 +0000] "GET /rip.php HTTP/1.1" 404 3421 "-" "Mozilla/5.0 (Windows NT 10.0; Win64; x64) AppleWebKit/537.36 (KHTML, like Gecko) Chrome/120.0.0.0 Safari/537.36"
20.12.214.177 - - [19/Jul/2026:14:19:54 +0000] "GET /p.php HTTP/1.1" 404 3421 "-" "Mozilla/5.0 (Windows NT 10.0; Win64; x64) AppleWebKit/537.36 (KHTML, like Gecko) Chrome/120.0.0.0 Safari/537.36"
20.12.214.177 - - [19/Jul/2026:14:19:54 +0000] "GET /php.php HTTP/1.1" 404 3421 "-" "Mozilla/5.0 (Windows NT 10.0; Win64; x64) AppleWebKit/537.36 (KHTML, like Gecko) Chrome/120.0.0.0 Safari/537.36"
194.39.149.53 - - [19/Jul/2026:14:20:57 +0000] "POST /wp-cron.php?doing_wp_cron=1784470857.0012569427490234375000 HTTP/1.1" 200 0 "-" "WordPress/7.0.2; https://keeloil.com"
45.165.170.229 - - [19/Jul/2026:14:20:52 +0000] "GET /home/page/16/?_wpnonce=10fffd64b6&add_to_wishlist=92 HTTP/1.1" 200 23892 "-" "Mozilla/5.0 (Windows NT 5.1) AppleWebKit/537.36 (KHTML, like Gecko) Chrome/35.0.2309.372 Safari/537.36"
201.215.249.182 - - [19/Jul/2026:14:21:29 +0000] "GET /home/page/13/?_wpnonce=a594d9d8ba&add_to_wishlist=92 HTTP/1.1" 200 24665 "-" "Mozilla/5.0 (Windows NT 6.1; Win64; x64) AppleWebKit/537.36 (KHTML, like Gecko) Chrome/80.0.3987.132 Safari/537.36"
194.39.149.53 - - [19/Jul/2026:14:23:40 +0000] "POST /wp-cron.php?doing_wp_cron=1784471020.8520560264587402343750 HTTP/1.1" 200 0 "-" "WordPress/7.0.2; https://keeloil.com"
37.140.223.21 - - [19/Jul/2026:14:23:39 +0000] "POST /wp-login.php HTTP/1.1" 200 2142 "-" "Mozilla/5.0 (Windows NT 10.0; Win64; rv:143.0) Gecko/20100101 Firefox/143.0"
194.39.149.53 - - [19/Jul/2026:14:24:13 +0000] "POST /wp-cron.php?doing_wp_cron=1784471053.5261769294738769531250 HTTP/1.1" 200 0 "-" "WordPress/7.0.2; https://keeloil.com"
37.238.55.170 - - [19/Jul/2026:14:24:09 +0000] "GET /home/page/10/?_wpnonce=71bd58b96f&add_to_wishlist=92 HTTP/1.1" 200 24506 "-" "Mozilla/5.0 (Macintosh; Intel Mac OS X 11_0_1) AppleWebKit/537.36 (KHTML, like Gecko) Brave Chrome/87.0.4280.67 Safari/537.36"
196.207.176.112 - - [19/Jul/2026:14:24:49 +0000] "GET /home/page/11/?_wpnonce=3898754069&add_to_wishlist=92 HTTP/1.1" 200 24523 "-" "Mozilla/5.0 (Macintosh; Intel Mac OS X 10_14_6) AppleWebKit/537.36 (KHTML, like Gecko) Chrome/89.0.4389.128 Safari/537.36"
194.39.149.53 - - [19/Jul/2026:14:25:14 +0000] "POST /wp-cron.php?doing_wp_cron=1784471114.8461930751800537109375 HTTP/1.1" 200 0 "-" "WordPress/7.0.2; https://keeloil.com"
87.241.156.73 - - [19/Jul/2026:14:25:13 +0000] "GET /home/page/2/?_wpnonce=def1ca43c3&add_to_wishlist=92 HTTP/1.1" 200 24745 "-" "Mozilla/5.0 (Macintosh; Intel Mac OS X 10_14_6) AppleWebKit/537.36 (KHTML, like Gecko) Brave Chrome/84.0.4147.89 Safari/537.36"
40.77.167.61 - - [19/Jul/2026:14:25:50 +0000] "GET /wp-sitemap.xml HTTP/2" 200 205 "-" "Mozilla/5.0 AppleWebKit/537.36 (KHTML, like Gecko; compatible; bingbot/2.0; +http://www.bing.com/bingbot.htm) Chrome/116.0.1938.76 Safari/537.36"
194.39.149.53 - - [19/Jul/2026:14:27:42 +0000] "POST /wp-cron.php?doing_wp_cron=1784471262.2139511108398437500000 HTTP/1.1" 200 0 "-" "WordPress/7.0.2; https://keeloil.com"
178.20.31.74 - - [19/Jul/2026:14:27:41 +0000] "HEAD / HTTP/1.1" 200 0 "-" "curl/7.88.1"
93.177.119.106 - - [19/Jul/2026:14:27:43 +0000] "POST /xmlrpc.php HTTP/1.1" 403 1242 "-" "Wget/1.21.4"
213.232.123.64 - - [19/Jul/2026:14:27:43 +0000] "POST /xmlrpc.php HTTP/1.1" 403 1242 "-" "Wget/1.21.4"
155.212.38.135 - - [19/Jul/2026:14:27:43 +0000] "POST /xmlrpc.php HTTP/1.1" 403 1242 "-" "Wget/1.21.4"
93.177.119.106 - - [19/Jul/2026:14:27:43 +0000] "POST /xmlrpc.php HTTP/1.1" 403 1242 "-" "curl/7.88.1"
155.212.38.135 - - [19/Jul/2026:14:27:43 +0000] "POST /xmlrpc.php HTTP/1.1" 403 1242 "-" "curl/7.88.1"
213.232.123.64 - - [19/Jul/2026:14:27:43 +0000] "POST /xmlrpc.php HTTP/1.1" 403 1242 "-" "curl/8.6.0"
93.177.119.106 - - [19/Jul/2026:14:27:44 +0000] "POST /xmlrpc.php HTTP/1.1" 403 1242 "-" "curl/7.88.1"
155.212.38.135 - - [19/Jul/2026:14:27:44 +0000] "POST /xmlrpc.php HTTP/1.1" 403 1242 "-" "Wget/1.21.4"
213.232.123.64 - - [19/Jul/2026:14:27:44 +0000] "POST /xmlrpc.php HTTP/1.1" 403 1242 "-" "curl/8.6.0"
93.177.119.106 - - [19/Jul/2026:14:27:45 +0000] "POST /wp-admin/xmlrpc.php HTTP/1.1" 404 14888 "-" "Wget/1.21.4"
213.232.123.64 - - [19/Jul/2026:14:27:45 +0000] "POST /wp-admin/xmlrpc.php HTTP/1.1" 404 14888 "-" "curl/7.88.1"
155.212.38.135 - - [19/Jul/2026:14:27:46 +0000] "POST /wp-admin/xmlrpc.php HTTP/1.1" 404 14888 "-" "curl/7.88.1"
93.177.119.106 - - [19/Jul/2026:14:27:46 +0000] "POST /wp-admin/xmlrpc.php HTTP/1.1" 404 14888 "-" "curl/8.6.0"
216.73.163.130 - - [19/Jul/2026:14:27:47 +0000] "POST /wp-login.php HTTP/1.1" 200 2146 "-" "Mozilla/5.0 (Macintosh; Intel Mac OS X 10_15_7) AppleWebKit/605.1.15 Version/17.0 Safari/605.1.15"
213.232.123.64 - - [19/Jul/2026:14:27:47 +0000] "POST /wp-admin/xmlrpc.php HTTP/1.1" 404 14888 "-" "curl/8.6.0"
155.212.38.135 - - [19/Jul/2026:14:27:48 +0000] "POST /wp-admin/xmlrpc.php HTTP/1.1" 404 14888 "-" "curl/8.6.0"
93.177.119.106 - - [19/Jul/2026:14:27:49 +0000] "POST /wp-admin/xmlrpc.php HTTP/1.1" 404 14888 "-" "curl/8.6.0"
213.232.123.64 - - [19/Jul/2026:14:27:50 +0000] "POST /wp-admin/xmlrpc.php HTTP/1.1" 404 14888 "-" "Wget/1.21.4"
155.212.38.135 - - [19/Jul/2026:14:27:51 +0000] "POST /wp-admin/xmlrpc.php HTTP/1.1" 404 14888 "-" "Wget/1.21.4"
157.22.101.132 - - [19/Jul/2026:14:27:52 +0000] "GET /wp-login.php HTTP/1.1" 200 2007 "-" "curl/8.6.0"
155.212.38.227 - - [19/Jul/2026:14:27:53 +0000] "GET /wp-login.php HTTP/1.1" 200 2007 "-" "Wget/1.21.4"
213.232.123.186 - - [19/Jul/2026:14:27:53 +0000] "GET /wp-login.php HTTP/1.1" 200 2007 "-" "Wget/1.21.4"
157.22.101.132 - - [19/Jul/2026:14:27:54 +0000] "POST /wp-login.php HTTP/1.1" 302 0 "https://keeloil.com/wp-login.php" "curl/7.88.1"
155.212.38.227 - - [19/Jul/2026:14:27:55 +0000] "POST /wp-login.php HTTP/1.1" 302 0 "https://keeloil.com/wp-login.php" "curl/7.88.1"
213.232.123.186 - - [19/Jul/2026:14:27:55 +0000] "POST /wp-login.php HTTP/1.1" 302 0 "https://keeloil.com/wp-login.php" "curl/7.88.1"
157.22.101.132 - - [19/Jul/2026:14:27:56 +0000] "GET /wp-admin/profile.php HTTP/1.1" 302 0 "https://keeloil.com/wp-login.php" "curl/7.88.1"
194.39.149.53 - - [19/Jul/2026:14:27:59 +0000] "POST /wp-cron.php?doing_wp_cron=1784471279.3113999366760253906250 HTTP/1.1" 200 0 "-" "WordPress/7.0.2; https://keeloil.com"
23.94.155.43 - - [19/Jul/2026:14:27:56 +0000] "POST /wp-login.php HTTP/1.1" 200 2142 "-" "Mozilla/5.0 (Windows NT 10.0; Win64; rv:143.0) Gecko/20100101 Firefox/143.0"
213.232.123.186 - - [19/Jul/2026:14:27:58 +0000] "GET /wp-admin/profile.php HTTP/1.1" 302 0 "https://keeloil.com/wp-login.php" "curl/7.88.1"
194.39.149.53 - - [19/Jul/2026:14:28:04 +0000] "POST /wp-cron.php?doing_wp_cron=1784471284.7040529251098632812500 HTTP/1.1" 200 0 "-" "WordPress/7.0.2; https://keeloil.com"
155.212.38.227 - - [19/Jul/2026:14:27:58 +0000] "GET /wp-admin/ HTTP/1.1" 200 39379 "https://keeloil.com/wp-login.php" "curl/7.88.1"
157.22.101.132 - - [19/Jul/2026:14:28:00 +0000] "GET /my-account/ HTTP/1.1" 200 15600 "https://keeloil.com/wp-login.php" "curl/7.88.1"
213.232.123.186 - - [19/Jul/2026:14:28:02 +0000] "GET /my-account/ HTTP/1.1" 200 15600 "https://keeloil.com/wp-login.php" "curl/7.88.1"
155.212.38.227 - - [19/Jul/2026:14:28:05 +0000] "GET /wp-admin/plugins.php HTTP/1.1" 403 1147 "-" "curl/8.6.0"
157.22.101.132 - - [19/Jul/2026:14:28:06 +0000] "GET /wp-admin/plugins.php HTTP/1.1" 403 1147 "-" "curl/8.6.0"
213.232.123.186 - - [19/Jul/2026:14:28:08 +0000] "GET /wp-admin/plugins.php HTTP/1.1" 403 1147 "-" "curl/8.6.0"
155.212.38.227 - - [19/Jul/2026:14:28:10 +0000] "GET /wp-admin/admin.php?page=wc-reports HTTP/1.1" 403 1147 "-" "Wget/1.21.4"
157.22.101.132 - - [19/Jul/2026:14:28:10 +0000] "GET /wp-admin/admin.php?page=wc-reports HTTP/1.1" 403 1147 "-" "curl/8.6.0"
157.22.101.132 - - [19/Jul/2026:14:28:10 +0000] "GET /wp-admin/post-new.php HTTP/1.1" 403 1147 "-" "curl/8.6.0"
155.212.38.227 - - [19/Jul/2026:14:28:10 +0000] "GET /wp-admin/admin.php?page=wc-orders HTTP/1.1" 200 80072 "-" "Wget/1.21.4"
213.232.123.186 - - [19/Jul/2026:14:28:12 +0000] "GET /wp-admin/admin.php?page=wc-orders HTTP/1.1" 500 1118 "-" "curl/7.88.1"
213.232.123.186 - - [19/Jul/2026:14:28:12 +0000] "GET /wp-admin/post-new.php HTTP/1.1" 403 1147 "-" "curl/7.88.1"
155.212.38.227 - - [19/Jul/2026:14:28:17 +0000] "HEAD /wp-admin/ HTTP/1.1" 302 0 "-" "curl/7.88.1"
155.212.38.227 - - [19/Jul/2026:14:28:14 +0000] "GET /wp-admin/post-new.php HTTP/1.1" 200 188079 "-" "Wget/1.21.4"
213.232.123.186 - - [19/Jul/2026:14:28:18 +0000] "GET /wp-admin/admin.php?page=wc-reports HTTP/1.1" 403 1147 "-" "curl/7.88.1"
213.232.123.186 - - [19/Jul/2026:14:28:18 +0000] "GET /wp-admin/edit.php?post_type=shop_order HTTP/1.1" 403 1147 "-" "curl/7.88.1"
155.212.38.227 - - [19/Jul/2026:14:28:22 +0000] "HEAD /wp-login.php?redirect_to=https%3A%2F%2Fkeeloil.com%2Fwp-admin%2F&reauth=1 HTTP/1.1" 200 0 "https://keeloil.com/wp-admin/" "curl/7.88.1"
213.232.123.186 - - [19/Jul/2026:14:28:23 +0000] "HEAD /wp-admin/ HTTP/1.1" 302 0 "-" "curl/8.6.0"
155.212.38.227 - - [19/Jul/2026:14:28:27 +0000] "GET /wp-admin/edit.php?post_type=shop_order HTTP/1.1" 301 0 "-" "curl/7.88.1"
213.232.123.186 - - [19/Jul/2026:14:28:27 +0000] "HEAD /wp-login.php?redirect_to=https%3A%2F%2Fkeeloil.com%2Fwp-admin%2F&reauth=1 HTTP/1.1" 200 0 "https://keeloil.com/wp-admin/" "curl/8.6.0"
155.212.38.227 - - [19/Jul/2026:14:28:27 +0000] "GET /wp-admin/admin.php?page=wc-orders HTTP/1.1" 200 80089 "-" "curl/7.88.1"
213.232.123.186 - - [19/Jul/2026:14:28:31 +0000] "GET /wp-admin/admin.php?page=wc-orders HTTP/1.1" 500 1118 "-" "Wget/1.21.4"
213.232.123.186 - - [19/Jul/2026:14:28:31 +0000] "GET /wp-admin/edit.php?post_type=shop_order HTTP/1.1" 403 1147 "-" "Wget/1.21.4"
155.212.38.227 - - [19/Jul/2026:14:28:31 +0000] "GET /wp-admin/admin.php?page=wc-orders HTTP/1.1" 200 80091 "https://keeloil.com/wp-admin/edit.php?post_type=shop_order" "curl/7.88.1"
213.232.123.186 - - [19/Jul/2026:14:28:34 +0000] "GET /wp-admin/admin.php?page=wc-reports&range=year HTTP/1.1" 403 1147 "-" "curl/7.88.1"
213.232.123.186 - - [19/Jul/2026:14:28:37 +0000] "GET /wp-admin/admin.php?page=wc-reports&range=last_month HTTP/1.1" 403 1147 "-" "Wget/1.21.4"
213.232.123.186 - - [19/Jul/2026:14:28:39 +0000] "GET /wp-admin/admin.php?page=wc-reports&range=month HTTP/1.1" 403 1147 "-" "Wget/1.21.4"
213.232.123.186 - - [19/Jul/2026:14:28:40 +0000] "GET /wp-login.php HTTP/1.1" 200 2007 "-" "Wget/1.21.4"
157.22.101.132 - - [19/Jul/2026:14:28:41 +0000] "HEAD /wp-admin/ HTTP/1.1" 302 0 "-" "Wget/1.21.4"
157.22.101.132 - - [19/Jul/2026:14:28:43 +0000] "HEAD /wp-login.php?redirect_to=https%3A%2F%2Fkeeloil.com%2Fwp-admin%2F&reauth=1 HTTP/1.1" 200 0 "https://keeloil.com/wp-admin/" "Wget/1.21.4"
213.232.123.186 - - [19/Jul/2026:14:28:43 +0000] "POST /wp-login.php HTTP/1.1" 302 0 "https://keeloil.com/wp-login.php" "Wget/1.21.4"
157.22.101.132 - - [19/Jul/2026:14:28:45 +0000] "GET /wp-admin/admin.php?page=wc-orders HTTP/1.1" 302 0 "-" "curl/8.6.0"
157.22.101.132 - - [19/Jul/2026:14:28:45 +0000] "GET /wp-admin/edit.php?post_type=shop_order HTTP/1.1" 302 0 "-" "curl/8.6.0"
213.232.123.186 - - [19/Jul/2026:14:28:46 +0000] "GET /wp-admin/profile.php HTTP/1.1" 302 0 "https://keeloil.com/wp-login.php" "Wget/1.21.4"
157.22.101.132 - - [19/Jul/2026:14:28:48 +0000] "GET /my-account/ HTTP/1.1" 200 15600 "https://keeloil.com/wp-admin/edit.php?post_type=shop_order" "curl/8.6.0"
157.22.101.132 - - [19/Jul/2026:14:28:48 +0000] "GET /my-account/ HTTP/1.1" 200 15600 "https://keeloil.com/wp-admin/admin.php?page=wc-orders" "curl/8.6.0"
213.232.123.186 - - [19/Jul/2026:14:28:49 +0000] "GET /my-account/ HTTP/1.1" 200 15600 "https://keeloil.com/wp-login.php" "Wget/1.21.4"
157.22.101.132 - - [19/Jul/2026:14:28:52 +0000] "GET /wp-admin/admin.php?page=wc-reports&range=year HTTP/1.1" 403 1147 "-" "curl/7.88.1"
213.232.123.186 - - [19/Jul/2026:14:28:53 +0000] "GET /wp-admin/edit.php?post_type=shop_order HTTP/1.1" 403 1147 "-" "curl/8.6.0"
213.232.123.186 - - [19/Jul/2026:14:28:53 +0000] "GET /wp-admin/admin.php?page=wc-orders HTTP/1.1" 500 1118 "-" "curl/8.6.0"
157.22.101.132 - - [19/Jul/2026:14:28:57 +0000] "GET /wp-admin/admin.php?page=wc-reports&range=last_month HTTP/1.1" 403 1147 "-" "curl/7.88.1"
213.232.123.186 - - [19/Jul/2026:14:28:58 +0000] "GET /wp-admin/admin.php?page=wc-reports&range=year HTTP/1.1" 403 1147 "-" "Wget/1.21.4"
157.22.101.132 - - [19/Jul/2026:14:28:59 +0000] "GET /wp-admin/admin.php?page=wc-reports&range=month HTTP/1.1" 403 1147 "-" "curl/8.6.0"
213.232.123.186 - - [19/Jul/2026:14:29:00 +0000] "GET /wp-admin/admin.php?page=wc-reports&range=last_month HTTP/1.1" 403 1147 "-" "Wget/1.21.4"
157.22.101.132 - - [19/Jul/2026:14:29:02 +0000] "GET /wp-login.php HTTP/1.1" 200 2007 "-" "Wget/1.21.4"
194.39.149.53 - - [19/Jul/2026:14:29:05 +0000] "POST /wp-cron.php?doing_wp_cron=1784471345.1331140995025634765625 HTTP/1.1" 200 0 "-" "WordPress/7.0.2; https://keeloil.com"
213.232.123.186 - - [19/Jul/2026:14:29:02 +0000] "GET /wp-admin/admin.php?page=wc-reports&range=month HTTP/1.1" 403 1147 "-" "curl/7.88.1"
