157.22.101.132 - - [19/Jul/2026:14:29:05 +0000] "POST /wp-login.php HTTP/1.1" 302 0 "https://keeloil.com/wp-login.php" "curl/8.6.0"
185.168.29.252 - - [19/Jul/2026:14:29:06 +0000] "HEAD /wp-admin/ HTTP/1.1" 302 0 "-" "curl/7.88.1"
157.22.101.132 - - [19/Jul/2026:14:29:08 +0000] "GET /wp-admin/profile.php HTTP/1.1" 302 0 "https://keeloil.com/wp-login.php" "curl/8.6.0"
185.168.29.252 - - [19/Jul/2026:14:29:09 +0000] "HEAD /wp-login.php?redirect_to=https%3A%2F%2Fkeeloil.com%2Fwp-admin%2F&reauth=1 HTTP/1.1" 200 0 "https://keeloil.com/wp-admin/" "curl/7.88.1"
157.22.101.132 - - [19/Jul/2026:14:29:10 +0000] "GET /my-account/ HTTP/1.1" 200 15599 "https://keeloil.com/wp-login.php" "curl/8.6.0"
185.168.29.252 - - [19/Jul/2026:14:29:11 +0000] "GET /wp-admin/admin.php?page=wc-orders HTTP/1.1" 500 1118 "-" "curl/8.6.0"
185.168.29.252 - - [19/Jul/2026:14:29:11 +0000] "GET /wp-admin/edit.php?post_type=shop_order HTTP/1.1" 403 1147 "-" "curl/8.6.0"
157.22.101.132 - - [19/Jul/2026:14:29:14 +0000] "GET /wp-admin/edit.php?post_type=shop_order HTTP/1.1" 302 0 "-" "curl/8.6.0"
157.22.101.132 - - [19/Jul/2026:14:29:14 +0000] "GET /wp-admin/admin.php?page=wc-orders HTTP/1.1" 302 0 "-" "curl/8.6.0"
185.168.29.252 - - [19/Jul/2026:14:29:15 +0000] "GET /wp-admin/admin.php?page=wc-reports&range=year HTTP/1.1" 403 1147 "-" "curl/8.6.0"
157.22.101.132 - - [19/Jul/2026:14:29:18 +0000] "GET /my-account/ HTTP/1.1" 200 15599 "https://keeloil.com/wp-admin/edit.php?post_type=shop_order" "curl/8.6.0"
157.22.101.132 - - [19/Jul/2026:14:29:18 +0000] "GET /my-account/ HTTP/1.1" 200 15599 "https://keeloil.com/wp-admin/admin.php?page=wc-orders" "curl/8.6.0"
185.168.29.252 - - [19/Jul/2026:14:29:18 +0000] "GET /wp-admin/admin.php?page=wc-reports&range=last_month HTTP/1.1" 403 1147 "-" "curl/8.6.0"
157.22.101.132 - - [19/Jul/2026:14:29:21 +0000] "GET /wp-admin/admin.php?page=wc-reports&range=year HTTP/1.1" 403 1147 "-" "Wget/1.21.4"
185.168.29.252 - - [19/Jul/2026:14:29:21 +0000] "GET /wp-admin/admin.php?page=wc-reports&range=month HTTP/1.1" 403 1147 "-" "Wget/1.21.4"
185.168.29.252 - - [19/Jul/2026:14:29:24 +0000] "GET /wp-login.php HTTP/1.1" 200 2007 "-" "curl/7.88.1"
157.22.101.132 - - [19/Jul/2026:14:29:24 +0000] "GET /wp-admin/admin.php?page=wc-reports&range=last_month HTTP/1.1" 403 1147 "-" "curl/7.88.1"
185.168.29.252 - - [19/Jul/2026:14:29:26 +0000] "POST /wp-login.php HTTP/1.1" 302 0 "https://keeloil.com/wp-login.php" "Wget/1.21.4"
157.22.101.132 - - [19/Jul/2026:14:29:27 +0000] "GET /wp-admin/admin.php?page=wc-reports&range=month HTTP/1.1" 403 1147 "-" "curl/7.88.1"
77.243.91.109 - - [19/Jul/2026:14:29:29 +0000] "HEAD /wp-admin/ HTTP/1.1" 302 0 "-" "curl/8.6.0"
185.168.29.252 - - [19/Jul/2026:14:29:29 +0000] "GET /wp-admin/profile.php HTTP/1.1" 302 0 "https://keeloil.com/wp-login.php" "Wget/1.21.4"
77.243.91.109 - - [19/Jul/2026:14:29:31 +0000] "HEAD /wp-login.php?redirect_to=https%3A%2F%2Fkeeloil.com%2Fwp-admin%2F&reauth=1 HTTP/1.1" 200 0 "https://keeloil.com/wp-admin/" "curl/8.6.0"
185.168.29.252 - - [19/Jul/2026:14:29:31 +0000] "GET /my-account/ HTTP/1.1" 200 15603 "https://keeloil.com/wp-login.php" "Wget/1.21.4"
77.243.91.109 - - [19/Jul/2026:14:29:33 +0000] "GET /wp-admin/admin.php?page=wc-orders HTTP/1.1" 302 0 "-" "curl/8.6.0"
77.243.91.109 - - [19/Jul/2026:14:29:33 +0000] "GET /wp-admin/edit.php?post_type=shop_order HTTP/1.1" 302 0 "-" "curl/8.6.0"
185.168.29.252 - - [19/Jul/2026:14:29:34 +0000] "GET /wp-admin/edit.php?post_type=shop_order HTTP/1.1" 403 1147 "-" "curl/8.6.0"
185.168.29.252 - - [19/Jul/2026:14:29:34 +0000] "GET /wp-admin/admin.php?page=wc-orders HTTP/1.1" 500 1118 "-" "curl/8.6.0"
77.243.91.109 - - [19/Jul/2026:14:29:37 +0000] "GET /my-account/ HTTP/1.1" 200 15600 "https://keeloil.com/wp-admin/admin.php?page=wc-orders" "curl/8.6.0"
77.243.91.109 - - [19/Jul/2026:14:29:37 +0000] "GET /my-account/ HTTP/1.1" 200 15600 "https://keeloil.com/wp-admin/edit.php?post_type=shop_order" "curl/8.6.0"
185.168.29.252 - - [19/Jul/2026:14:29:38 +0000] "GET /wp-admin/admin.php?page=wc-reports&range=year HTTP/1.1" 403 1147 "-" "Wget/1.21.4"
77.243.91.109 - - [19/Jul/2026:14:29:41 +0000] "GET /wp-admin/admin.php?page=wc-reports&range=year HTTP/1.1" 403 1147 "-" "curl/8.6.0"
185.168.29.252 - - [19/Jul/2026:14:29:42 +0000] "GET /wp-admin/admin.php?page=wc-reports&range=last_month HTTP/1.1" 403 1147 "-" "curl/7.88.1"
77.243.91.109 - - [19/Jul/2026:14:29:44 +0000] "GET /wp-admin/admin.php?page=wc-reports&range=last_month HTTP/1.1" 403 1147 "-" "curl/7.88.1"
185.168.29.252 - - [19/Jul/2026:14:29:44 +0000] "GET /wp-admin/admin.php?page=wc-reports&range=month HTTP/1.1" 403 1147 "-" "curl/7.88.1"
77.243.91.109 - - [19/Jul/2026:14:29:46 +0000] "GET /wp-admin/admin.php?page=wc-reports&range=month HTTP/1.1" 403 1147 "-" "curl/8.6.0"
213.232.123.186 - - [19/Jul/2026:14:29:47 +0000] "HEAD /wp-admin/ HTTP/1.1" 302 0 "-" "curl/7.88.1"
77.243.91.109 - - [19/Jul/2026:14:29:48 +0000] "GET /wp-login.php HTTP/1.1" 200 2007 "-" "Wget/1.21.4"
213.232.123.186 - - [19/Jul/2026:14:29:49 +0000] "HEAD /wp-login.php?redirect_to=https%3A%2F%2Fkeeloil.com%2Fwp-admin%2F&reauth=1 HTTP/1.1" 200 0 "https://keeloil.com/wp-admin/" "curl/7.88.1"
77.243.91.109 - - [19/Jul/2026:14:29:49 +0000] "POST /wp-login.php HTTP/1.1" 302 0 "https://keeloil.com/wp-login.php" "curl/8.6.0"
213.232.123.186 - - [19/Jul/2026:14:29:50 +0000] "GET /wp-admin/edit.php?post_type=shop_order HTTP/1.1" 403 1147 "-" "curl/7.88.1"
213.232.123.186 - - [19/Jul/2026:14:29:50 +0000] "GET /wp-admin/admin.php?page=wc-orders HTTP/1.1" 500 1118 "-" "curl/7.88.1"
77.243.91.109 - - [19/Jul/2026:14:29:50 +0000] "GET /wp-admin/profile.php HTTP/1.1" 302 0 "https://keeloil.com/wp-login.php" "curl/8.6.0"
77.243.91.109 - - [19/Jul/2026:14:29:53 +0000] "GET /my-account/ HTTP/1.1" 200 15603 "https://keeloil.com/wp-login.php" "curl/8.6.0"
213.232.123.186 - - [19/Jul/2026:14:29:53 +0000] "GET /wp-admin/admin.php?page=wc-reports&range=year HTTP/1.1" 403 1147 "-" "curl/8.6.0"
77.243.91.109 - - [19/Jul/2026:14:29:56 +0000] "GET /wp-admin/admin.php?page=wc-orders HTTP/1.1" 302 0 "-" "curl/8.6.0"
194.39.149.53 - - [19/Jul/2026:14:29:59 +0000] "POST /wp-cron.php?doing_wp_cron=1784471399.5132749080657958984375 HTTP/1.1" 200 0 "-" "WordPress/7.0.2; https://keeloil.com"
77.243.91.109 - - [19/Jul/2026:14:29:56 +0000] "GET /wp-admin/edit.php?post_type=shop_order HTTP/1.1" 302 0 "-" "curl/8.6.0"
213.232.123.186 - - [19/Jul/2026:14:29:56 +0000] "GET /wp-admin/admin.php?page=wc-reports&range=last_month HTTP/1.1" 403 1147 "-" "Wget/1.21.4"
77.243.91.109 - - [19/Jul/2026:14:30:00 +0000] "GET /my-account/ HTTP/1.1" 200 15603 "https://keeloil.com/wp-admin/edit.php?post_type=shop_order" "curl/8.6.0"
77.243.91.109 - - [19/Jul/2026:14:30:00 +0000] "GET /my-account/ HTTP/1.1" 200 15603 "https://keeloil.com/wp-admin/admin.php?page=wc-orders" "curl/8.6.0"
213.232.123.186 - - [19/Jul/2026:14:30:00 +0000] "GET /wp-admin/admin.php?page=wc-reports&range=month HTTP/1.1" 403 1147 "-" "curl/7.88.1"
77.243.91.109 - - [19/Jul/2026:14:30:05 +0000] "GET /wp-admin/admin.php?page=wc-reports&range=year HTTP/1.1" 403 1147 "-" "curl/7.88.1"
213.232.123.186 - - [19/Jul/2026:14:30:05 +0000] "GET /wp-login.php HTTP/1.1" 200 2007 "-" "curl/8.6.0"
77.243.91.109 - - [19/Jul/2026:14:30:07 +0000] "GET /wp-admin/admin.php?page=wc-reports&range=last_month HTTP/1.1" 403 1147 "-" "curl/8.6.0"
213.232.123.186 - - [19/Jul/2026:14:30:08 +0000] "POST /wp-login.php HTTP/1.1" 302 0 "https://keeloil.com/wp-login.php" "Wget/1.21.4"
77.243.91.109 - - [19/Jul/2026:14:30:08 +0000] "GET /wp-admin/admin.php?page=wc-reports&range=month HTTP/1.1" 403 1147 "-" "Wget/1.21.4"
213.232.123.186 - - [19/Jul/2026:14:30:10 +0000] "GET /wp-admin/profile.php HTTP/1.1" 302 0 "https://keeloil.com/wp-login.php" "Wget/1.21.4"
157.22.101.132 - - [19/Jul/2026:14:30:11 +0000] "HEAD /wp-admin/ HTTP/1.1" 302 0 "-" "curl/7.88.1"
213.232.123.186 - - [19/Jul/2026:14:30:11 +0000] "GET /my-account/ HTTP/1.1" 200 15601 "https://keeloil.com/wp-login.php" "Wget/1.21.4"
157.22.101.132 - - [19/Jul/2026:14:30:12 +0000] "HEAD /wp-login.php?redirect_to=https%3A%2F%2Fkeeloil.com%2Fwp-admin%2F&reauth=1 HTTP/1.1" 200 0 "https://keeloil.com/wp-admin/" "curl/7.88.1"
157.22.101.132 - - [19/Jul/2026:14:30:14 +0000] "GET /wp-admin/edit.php?post_type=shop_order HTTP/1.1" 302 0 "-" "curl/8.6.0"
157.22.101.132 - - [19/Jul/2026:14:30:14 +0000] "GET /wp-admin/admin.php?page=wc-orders HTTP/1.1" 302 0 "-" "curl/8.6.0"
213.232.123.186 - - [19/Jul/2026:14:30:14 +0000] "GET /wp-admin/edit.php?post_type=shop_order HTTP/1.1" 403 1147 "-" "Wget/1.21.4"
213.232.123.186 - - [19/Jul/2026:14:30:14 +0000] "GET /wp-admin/admin.php?page=wc-orders HTTP/1.1" 500 1118 "-" "Wget/1.21.4"
157.22.101.132 - - [19/Jul/2026:14:30:17 +0000] "GET /my-account/ HTTP/1.1" 200 15600 "https://keeloil.com/wp-admin/edit.php?post_type=shop_order" "curl/8.6.0"
157.22.101.132 - - [19/Jul/2026:14:30:17 +0000] "GET /my-account/ HTTP/1.1" 200 15600 "https://keeloil.com/wp-admin/admin.php?page=wc-orders" "curl/8.6.0"
213.232.123.186 - - [19/Jul/2026:14:30:17 +0000] "GET /wp-admin/admin.php?page=wc-reports&range=year HTTP/1.1" 403 1147 "-" "curl/8.6.0"
157.22.101.132 - - [19/Jul/2026:14:30:21 +0000] "GET /wp-admin/admin.php?page=wc-reports&range=year HTTP/1.1" 403 1147 "-" "Wget/1.21.4"
213.232.123.186 - - [19/Jul/2026:14:30:21 +0000] "GET /wp-admin/admin.php?page=wc-reports&range=last_month HTTP/1.1" 403 1147 "-" "curl/7.88.1"
157.22.101.132 - - [19/Jul/2026:14:30:23 +0000] "GET /wp-admin/admin.php?page=wc-reports&range=last_month HTTP/1.1" 403 1147 "-" "curl/8.6.0"
213.232.123.186 - - [19/Jul/2026:14:30:24 +0000] "GET /wp-admin/admin.php?page=wc-reports&range=month HTTP/1.1" 403 1147 "-" "curl/7.88.1"
157.22.101.132 - - [19/Jul/2026:14:30:25 +0000] "GET /wp-admin/admin.php?page=wc-reports&range=month HTTP/1.1" 403 1147 "-" "curl/7.88.1"
130.49.79.104 - - [19/Jul/2026:14:30:26 +0000] "HEAD /wp-admin/ HTTP/1.1" 302 0 "-" "curl/8.6.0"
157.22.101.132 - - [19/Jul/2026:14:30:27 +0000] "GET /wp-login.php HTTP/1.1" 200 2007 "-" "curl/7.88.1"
130.49.79.104 - - [19/Jul/2026:14:30:28 +0000] "HEAD /wp-login.php?redirect_to=https%3A%2F%2Fkeeloil.com%2Fwp-admin%2F&reauth=1 HTTP/1.1" 200 0 "https://keeloil.com/wp-admin/" "curl/8.6.0"
157.22.101.132 - - [19/Jul/2026:14:30:30 +0000] "POST /wp-login.php HTTP/1.1" 302 0 "https://keeloil.com/wp-login.php" "Wget/1.21.4"
130.49.79.104 - - [19/Jul/2026:14:30:30 +0000] "GET /wp-admin/edit.php?post_type=shop_order HTTP/1.1" 403 1147 "-" "Wget/1.21.4"
130.49.79.104 - - [19/Jul/2026:14:30:30 +0000] "GET /wp-admin/admin.php?page=wc-orders HTTP/1.1" 500 1118 "-" "Wget/1.21.4"
157.22.101.132 - - [19/Jul/2026:14:30:33 +0000] "GET /wp-admin/profile.php HTTP/1.1" 302 0 "https://keeloil.com/wp-login.php" "Wget/1.21.4"
130.49.79.104 - - [19/Jul/2026:14:30:34 +0000] "GET /wp-admin/admin.php?page=wc-reports&range=year HTTP/1.1" 403 1147 "-" "Wget/1.21.4"
157.22.101.132 - - [19/Jul/2026:14:30:35 +0000] "GET /my-account/ HTTP/1.1" 200 15602 "https://keeloil.com/wp-login.php" "Wget/1.21.4"
47.254.90.143 - - [19/Jul/2026:14:30:36 +0000] "GET / HTTP/1.1" 200 87242 "-" "Mozilla/5.0 (Windows NT 10.0; Win64; x64) AppleWebKit/537.36 (KHTML, like Gecko) Chrome/125.0 Safari/537.36"
130.49.79.104 - - [19/Jul/2026:14:30:38 +0000] "GET /wp-admin/admin.php?page=wc-reports&range=last_month HTTP/1.1" 403 1147 "-" "Wget/1.21.4"
157.22.101.132 - - [19/Jul/2026:14:30:39 +0000] "GET /wp-admin/edit.php?post_type=shop_order HTTP/1.1" 302 0 "-" "curl/8.6.0"
157.22.101.132 - - [19/Jul/2026:14:30:39 +0000] "GET /wp-admin/admin.php?page=wc-orders HTTP/1.1" 302 0 "-" "curl/8.6.0"
130.49.79.104 - - [19/Jul/2026:14:30:41 +0000] "GET /wp-admin/admin.php?page=wc-reports&range=month HTTP/1.1" 403 1147 "-" "Wget/1.21.4"
157.22.101.132 - - [19/Jul/2026:14:30:42 +0000] "GET /my-account/ HTTP/1.1" 200 15602 "https://keeloil.com/wp-admin/edit.php?post_type=shop_order" "curl/8.6.0"
157.22.101.132 - - [19/Jul/2026:14:30:42 +0000] "GET /my-account/ HTTP/1.1" 200 15602 "https://keeloil.com/wp-admin/admin.php?page=wc-orders" "curl/8.6.0"
130.49.79.104 - - [19/Jul/2026:14:30:44 +0000] "GET /wp-login.php HTTP/1.1" 200 2007 "-" "curl/7.88.1"
157.22.101.132 - - [19/Jul/2026:14:30:46 +0000] "GET /wp-admin/admin.php?page=wc-reports&range=year HTTP/1.1" 403 1147 "-" "curl/8.6.0"
130.49.79.104 - - [19/Jul/2026:14:30:47 +0000] "POST /wp-login.php HTTP/1.1" 302 0 "https://keeloil.com/wp-login.php" "curl/8.6.0"
157.22.101.132 - - [19/Jul/2026:14:30:49 +0000] "GET /wp-admin/admin.php?page=wc-reports&range=last_month HTTP/1.1" 403 1147 "-" "Wget/1.21.4"
130.49.79.104 - - [19/Jul/2026:14:30:49 +0000] "GET /wp-admin/profile.php HTTP/1.1" 302 0 "https://keeloil.com/wp-login.php" "curl/8.6.0"
157.22.101.132 - - [19/Jul/2026:14:30:51 +0000] "GET /wp-admin/admin.php?page=wc-reports&range=month HTTP/1.1" 403 1147 "-" "curl/8.6.0"
130.49.79.104 - - [19/Jul/2026:14:30:52 +0000] "GET /my-account/ HTTP/1.1" 200 15602 "https://keeloil.com/wp-login.php" "curl/8.6.0"
52.53.210.123 - - [19/Jul/2026:14:30:54 +0000] "GET /config/56930936.html HTTP/1.1" 200 5854 "-" "Mozilla/5.0 (Macintosh; Intel Mac OS X 10_10_5) AppleWebKit/537.36 (KHTML, like Gecko) Chrome/52.0.2743.116 Safari/537.36"
47.254.90.143 - - [19/Jul/2026:14:30:52 +0000] "GET / HTTP/1.1" 200 87242 "-" "Mozilla/5.0 (Windows NT 10.0; Win64; x64) AppleWebKit/537.36 (KHTML, like Gecko) Chrome/125.0 Safari/537.36"
146.19.91.186 - - [19/Jul/2026:14:30:53 +0000] "HEAD /wp-admin/ HTTP/1.1" 302 0 "-" "curl/8.6.0"
130.49.79.104 - - [19/Jul/2026:14:30:54 +0000] "GET /wp-admin/edit.php?post_type=shop_order HTTP/1.1" 403 1147 "-" "curl/7.88.1"
130.49.79.104 - - [19/Jul/2026:14:30:55 +0000] "GET /wp-admin/admin.php?page=wc-orders HTTP/1.1" 500 1118 "-" "curl/7.88.1"
194.39.149.53 - - [19/Jul/2026:14:30:58 +0000] "POST /wp-cron.php?doing_wp_cron=1784471458.8119819164276123046875 HTTP/1.1" 200 0 "-" "WordPress/7.0.2; https://keeloil.com"
146.19.91.186 - - [19/Jul/2026:14:30:56 +0000] "HEAD /wp-login.php?redirect_to=https%3A%2F%2Fkeeloil.com%2Fwp-admin%2F&reauth=1 HTTP/1.1" 200 0 "https://keeloil.com/wp-admin/" "curl/8.6.0"
130.49.79.104 - - [19/Jul/2026:14:30:58 +0000] "GET /wp-admin/admin.php?page=wc-reports&range=year HTTP/1.1" 403 1147 "-" "curl/7.88.1"
146.19.91.186 - - [19/Jul/2026:14:30:59 +0000] "GET /wp-admin/edit.php?post_type=shop_order HTTP/1.1" 302 0 "-" "curl/8.6.0"
146.19.91.186 - - [19/Jul/2026:14:30:59 +0000] "GET /wp-admin/admin.php?page=wc-orders HTTP/1.1" 302 0 "-" "curl/8.6.0"
130.49.79.104 - - [19/Jul/2026:14:31:01 +0000] "GET /wp-admin/admin.php?page=wc-reports&range=last_month HTTP/1.1" 403 1147 "-" "curl/7.88.1"
146.19.91.186 - - [19/Jul/2026:14:31:03 +0000] "GET /my-account/ HTTP/1.1" 200 15600 "https://keeloil.com/wp-admin/admin.php?page=wc-orders" "curl/8.6.0"
146.19.91.186 - - [19/Jul/2026:14:31:03 +0000] "GET /my-account/ HTTP/1.1" 200 15600 "https://keeloil.com/wp-admin/edit.php?post_type=shop_order" "curl/8.6.0"
130.49.79.104 - - [19/Jul/2026:14:31:05 +0000] "GET /wp-admin/admin.php?page=wc-reports&range=month HTTP/1.1" 403 1147 "-" "curl/7.88.1"
146.19.91.186 - - [19/Jul/2026:14:31:07 +0000] "GET /wp-admin/admin.php?page=wc-reports&range=year HTTP/1.1" 403 1147 "-" "Wget/1.21.4"
146.19.91.186 - - [19/Jul/2026:14:31:11 +0000] "GET /wp-admin/admin.php?page=wc-reports&range=last_month HTTP/1.1" 403 1147 "-" "Wget/1.21.4"
146.19.91.186 - - [19/Jul/2026:14:31:13 +0000] "GET /wp-admin/admin.php?page=wc-reports&range=month HTTP/1.1" 403 1147 "-" "Wget/1.21.4"
146.19.91.186 - - [19/Jul/2026:14:31:14 +0000] "GET /wp-login.php HTTP/1.1" 200 2007 "-" "Wget/1.21.4"
146.19.91.186 - - [19/Jul/2026:14:31:16 +0000] "POST /wp-login.php HTTP/1.1" 302 0 "https://keeloil.com/wp-login.php" "curl/8.6.0"
146.19.91.186 - - [19/Jul/2026:14:31:19 +0000] "GET /wp-admin/profile.php HTTP/1.1" 302 0 "https://keeloil.com/wp-login.php" "curl/8.6.0"
146.19.91.186 - - [19/Jul/2026:14:31:21 +0000] "GET /my-account/ HTTP/1.1" 200 15601 "https://keeloil.com/wp-login.php" "curl/8.6.0"
146.19.91.186 - - [19/Jul/2026:14:31:24 +0000] "GET /wp-admin/edit.php?post_type=shop_order HTTP/1.1" 302 0 "-" "curl/7.88.1"
146.19.91.186 - - [19/Jul/2026:14:31:24 +0000] "GET /wp-admin/admin.php?page=wc-orders HTTP/1.1" 302 0 "-" "curl/7.88.1"
146.19.91.186 - - [19/Jul/2026:14:31:26 +0000] "GET /my-account/ HTTP/1.1" 200 15601 "https://keeloil.com/wp-admin/admin.php?page=wc-orders" "curl/7.88.1"
146.19.91.186 - - [19/Jul/2026:14:31:26 +0000] "GET /my-account/ HTTP/1.1" 200 15601 "https://keeloil.com/wp-admin/edit.php?post_type=shop_order" "curl/7.88.1"
146.19.91.186 - - [19/Jul/2026:14:31:28 +0000] "GET /wp-admin/admin.php?page=wc-reports&range=year HTTP/1.1" 403 1147 "-" "Wget/1.21.4"
146.19.91.186 - - [19/Jul/2026:14:31:30 +0000] "GET /wp-admin/admin.php?page=wc-reports&range=last_month HTTP/1.1" 403 1147 "-" "Wget/1.21.4"
146.19.91.186 - - [19/Jul/2026:14:31:33 +0000] "GET /wp-admin/admin.php?page=wc-reports&range=month HTTP/1.1" 403 1147 "-" "curl/8.6.0"
194.39.149.53 - - [19/Jul/2026:14:33:26 +0000] "POST /wp-cron.php?doing_wp_cron=1784471605.9185249805450439453125 HTTP/1.1" 200 0 "-" "WordPress/7.0.2; https://keeloil.com"
173.239.218.13 - - [19/Jul/2026:14:33:22 +0000] "POST /wp-login.php HTTP/1.1" 200 2142 "-" "Opera/9.80 (J2ME/MIDP; Opera Mini/9.80 (J2ME/23.377; U; en) Presto/2.5.25 Version/10.54"
43.166.7.113 - - [19/Jul/2026:14:35:41 +0000] "GET / HTTP/1.1" 200 21831 "http://keeloil.com" "Mozilla/5.0 (iPhone; CPU iPhone OS 13_2_3 like Mac OS X) AppleWebKit/605.1.15 (KHTML, like Gecko) Version/13.0.3 Mobile/15E148 Safari/604.1"
194.39.149.53 - - [19/Jul/2026:14:39:13 +0000] "POST /wp-cron.php?doing_wp_cron=1784471953.3100590705871582031250 HTTP/1.1" 200 0 "-" "WordPress/7.0.2; https://keeloil.com"
102.213.133.220 - - [19/Jul/2026:14:39:02 +0000] "GET /home/page/15/?_wpnonce=c9028fedfd&add_to_wishlist=92 HTTP/1.1" 200 24606 "-" "Mozilla/5.0 (Macintosh; Intel Mac OS X 10_14_6) AppleWebKit/537.36 (KHTML, like Gecko) Chrome/98.0.4758.80 Safari/537.36"
128.1.171.24 - - [19/Jul/2026:14:41:09 +0000] "GET /wp-login.php HTTP/1.1" 200 2007 "-" "Mozilla/5.0"
128.1.171.24 - - [19/Jul/2026:14:41:13 +0000] "GET /?author=1 HTTP/1.1" 301 0 "-" "Mozilla/5.0"
128.1.171.24 - - [19/Jul/2026:14:41:17 +0000] "GET /?author=2 HTTP/1.1" 404 14888 "-" "Mozilla/5.0"
194.39.149.53 - - [19/Jul/2026:14:42:00 +0000] "POST /wp-cron.php?doing_wp_cron=1784472120.3391261100769042968750 HTTP/1.1" 200 0 "-" "WordPress/7.0.2; https://keeloil.com"
23.94.155.67 - - [19/Jul/2026:14:41:57 +0000] "POST /wp-login.php HTTP/1.1" 200 2142 "-" "Mozilla/5.0 (Windows NT 10.0; Win64; rv:143.0) Gecko/20100101 Firefox/143.0"
194.39.149.53 - - [19/Jul/2026:14:43:22 +0000] "POST /wp-cron.php?doing_wp_cron=1784472202.7610430717468261718750 HTTP/1.1" 200 0 "-" "WordPress/7.0.2; https://keeloil.com"
187.10.85.22 - - [19/Jul/2026:14:43:17 +0000] "GET /home/page/13/?_wpnonce=ea96a519e1&add_to_wishlist=92 HTTP/1.1" 200 24665 "-" "Mozilla/5.0 (Windows NT 10.0; WOW64) AppleWebKit/537.36 (KHTML, like Gecko) Chrome/86.0.4240.198 Safari/537.36"
216.73.163.141 - - [19/Jul/2026:14:43:46 +0000] "POST /wp-login.php HTTP/1.1" 200 2146 "-" "Mozilla/5.0 (Macintosh; Intel Mac OS X 10_15_7) AppleWebKit/605.1.15 Version/17.0 Safari/605.1.15"
146.70.194.244 - - [19/Jul/2026:14:45:38 +0000] "GET / HTTP/1.1" 200 87242 "-" "Mozilla/5.0 (Windows NT 10.0; Win64; x64) AppleWebKit/537.36 (KHTML, like Gecko) Chrome/78.0.3904.108 Safari/537.36"
146.70.194.244 - - [19/Jul/2026:14:46:43 +0000] "GET //xmlrpc.php?rsd HTTP/1.1" 403 1242 "-" "Mozilla/5.0 (Windows NT 10.0; Win64; x64) AppleWebKit/537.36 (KHTML, like Gecko) Chrome/78.0.3904.108 Safari/537.36"
194.39.149.53 - - [19/Jul/2026:14:47:00 +0000] "POST /wp-cron.php?doing_wp_cron=1784472419.9319300651550292968750 HTTP/1.1" 200 0 "-" "WordPress/7.0.2; https://keeloil.com"
146.70.194.244 - - [19/Jul/2026:14:46:43 +0000] "GET / HTTP/1.1" 200 87242 "-" "Mozilla/5.0 (Windows NT 10.0; Win64; x64) AppleWebKit/537.36 (KHTML, like Gecko) Chrome/78.0.3904.108 Safari/537.36"
146.70.194.244 - - [19/Jul/2026:14:47:00 +0000] "GET //?author=1 HTTP/1.1" 301 0 "-" "Mozilla/5.0 (Windows NT 10.0; Win64; x64) AppleWebKit/537.36 (KHTML, like Gecko) Chrome/78.0.3904.108 Safari/537.36"
146.70.194.244 - - [19/Jul/2026:14:47:05 +0000] "GET //?author=2 HTTP/1.1" 301 0 "-" "Mozilla/5.0 (Windows NT 10.0; Win64; x64) AppleWebKit/537.36 (KHTML, like Gecko) Chrome/78.0.3904.108 Safari/537.36"
146.70.194.244 - - [19/Jul/2026:14:47:09 +0000] "GET //wp-json/wp/v2/users/ HTTP/1.1" 200 2750 "-" "Mozilla/5.0 (Windows NT 10.0; Win64; x64) AppleWebKit/537.36 (KHTML, like Gecko) Chrome/78.0.3904.108 Safari/537.36"
146.70.194.244 - - [19/Jul/2026:14:47:13 +0000] "POST //xmlrpc.php HTTP/1.1" 403 1242 "-" "Mozilla/5.0 (Windows NT 10.0; Win64; x64) AppleWebKit/537.36 (KHTML, like Gecko) Chrome/78.0.3904.108 Safari/537.36"
146.70.194.244 - - [19/Jul/2026:14:47:13 +0000] "POST //xmlrpc.php HTTP/1.1" 403 1242 "-" "Mozilla/5.0 (Windows NT 10.0; Win64; x64) AppleWebKit/537.36 (KHTML, like Gecko) Chrome/78.0.3904.108 Safari/537.36"
34.222.46.83 - - [19/Jul/2026:14:50:41 +0000] "GET / HTTP/1.1" 200 21821 "-" "Mozilla/5.0 (Windows NT 10.0; Win64; x64) AppleWebKit/537.36 (KHTML, like Gecko) Chrome/113.0.0.0 Safari/537.36"
194.39.149.53 - - [19/Jul/2026:14:51:01 +0000] "POST /wp-cron.php?doing_wp_cron=1784472661.3113830089569091796875 HTTP/1.1" 200 0 "-" "WordPress/7.0.2; https://keeloil.com"
196.89.173.95 - - [19/Jul/2026:14:50:57 +0000] "GET /home/page/10/?_wpnonce=13cf6c4081&add_to_wishlist=92 HTTP/1.1" 200 24506 "-" "Mozilla/5.0 (Windows NT 10.0; WOW64) AppleWebKit/537.36 (KHTML, like Gecko) Chrome/93.0.4577.63 Safari/537.36"
37.151.55.35 - - [19/Jul/2026:14:53:26 +0000] "GET /home/page/15/?_wpnonce=8b8de0814f&add_to_wishlist=92 HTTP/1.1" 200 0 "-" "Mozilla/5.0 (Windows NT 6.1; Win64; x64) AppleWebKit/537.36 (KHTML, like Gecko) Brave Chrome/86.0.4240.183 Safari/537.36"
1.55.38.220 - - [19/Jul/2026:14:53:45 +0000] "GET /home/page/15/?_wpnonce=8b8de0814f&add_to_wishlist=92 HTTP/1.1" 200 0 "-" "Mozilla/5.0 (Windows NT 6.1; Win64; x64) AppleWebKit/537.36 (KHTML, like Gecko) Chrome/73.0.3683.86 Safari/537.36"
37.140.223.11 - - [19/Jul/2026:14:53:47 +0000] "POST /wp-login.php HTTP/1.1" 200 2142 "-" "Mozilla/5.0 (Windows NT 10.0; Win64; x64) AppleWebKit/537.36 Chrome/129.0.0.0 Safari/537.36"
194.39.149.53 - - [19/Jul/2026:14:54:01 +0000] "POST /wp-cron.php?doing_wp_cron=1784472840.9156329631805419921875 HTTP/1.1" 200 0 "-" "WordPress/7.0.2; https://keeloil.com"
103.242.219.118 - - [19/Jul/2026:14:54:06 +0000] "GET /home/page/10/?_wpnonce=bc76fcdc80&add_to_wishlist=92 HTTP/1.1" 200 0 "-" "Mozilla/5.0 (Windows NT 10.0; Win64; x64) AppleWebKit/537.36 (KHTML, like Gecko) Chrome/101.0.4951.67 Safari/537.36"
190.213.89.252 - - [19/Jul/2026:14:54:19 +0000] "GET /home/page/10/?_wpnonce=bc76fcdc80&add_to_wishlist=92 HTTP/1.1" 200 0 "-" "Mozilla/5.0 (Windows NT 6.1; WOW64) AppleWebKit/537.36 (KHTML, like Gecko) Chrome/106.0.0.0 Safari/537.36"
38.225.246.31 - - [19/Jul/2026:14:54:32 +0000] "GET /home/page/7/?_wpnonce=e6559cb22c&add_to_wishlist=92 HTTP/1.1" 200 0 "-" "Mozilla/5.0 (Windows NT 6.1) AppleWebKit/537.36 (KHTML, like Gecko) Brave Chrome/88.0.4324.152 Safari/537.36"
170.80.241.132 - - [19/Jul/2026:14:54:49 +0000] "GET /home/page/7/?_wpnonce=e6559cb22c&add_to_wishlist=92 HTTP/1.1" 200 24729 "-" "Mozilla/5.0 (Windows NT 6.2; WOW64) AppleWebKit/537.36 (KHTML, like Gecko) Chrome/75.0.3770.100 ADG/11.0.2510 AOLBUILD/11.0.2510 Safari/537.36"
194.39.149.53 - - [19/Jul/2026:14:56:01 +0000] "POST /wp-cron.php?doing_wp_cron=1784472961.7601919174194335937500 HTTP/1.1" 200 0 "-" "WordPress/7.0.2; https://keeloil.com"
23.94.155.56 - - [19/Jul/2026:14:56:00 +0000] "POST /wp-login.php HTTP/1.1" 200 2142 "-" "Mozilla/5.0 (Windows NT 10.0; Win64; rv:143.0) Gecko/20100101 Firefox/143.0"
216.24.210.74 - - [19/Jul/2026:14:56:04 +0000] "POST /wp-login.php HTTP/1.1" 200 2142 "-" "mobile|Mozilla/5.0 (iPhone; CPU iPhone OS 7_8_4; like Mac OS X) AppleWebKit/602.6 (KHTML, like Gecko) Chrome/50.0.3403.341 Mobile Safari/535.2"
182.77.62.24 - - [19/Jul/2026:14:56:05 +0000] "GET /wp-login.php HTTP/2" 200 1785 "-" "Mozilla/5.0 (Windows NT 10.0; Win64; x64) AppleWebKit/537.36 (KHTML, like Gecko) Chrome/147.0.0.0 Safari/537.36"
182.77.62.24 - - [19/Jul/2026:14:56:09 +0000] "POST /wp-login.php HTTP/2" 200 1925 "https://keeloil.com/wp-login.php" "Mozilla/5.0 (Windows NT 10.0; Win64; x64) AppleWebKit/537.36 (KHTML, like Gecko) Chrome/147.0.0.0 Safari/537.36"
194.39.149.53 - - [19/Jul/2026:14:57:34 +0000] "POST /wp-cron.php?doing_wp_cron=1784473054.5065948963165283203125 HTTP/1.1" 200 0 "-" "WordPress/7.0.2; https://keeloil.com"
45.229.155.123 - - [19/Jul/2026:14:57:32 +0000] "GET /home/page/2/?_wpnonce=a17a17d541&add_to_wishlist=92 HTTP/1.1" 200 24745 "-" "Mozilla/5.0 (Windows NT 6.3; Win64; x64) AppleWebKit/537.36 (KHTML, like Gecko) Chrome/77.0.3865.90 Safari/537.36"
20.12.214.177 - - [19/Jul/2026:14:57:44 +0000] "GET /inputs.php HTTP/1.1" 401 53 "-" "Mozilla/5.0 (Windows NT 10.0; Win64; x64) AppleWebKit/537.36 (KHTML, like Gecko) Chrome/120.0.0.0 Safari/537.36"
20.12.214.177 - - [19/Jul/2026:14:57:44 +0000] "GET /admin.php HTTP/1.1" 401 53 "-" "Mozilla/5.0 (Windows NT 10.0; Win64; x64) AppleWebKit/537.36 (KHTML, like Gecko) Chrome/120.0.0.0 Safari/537.36"
20.12.214.177 - - [19/Jul/2026:14:57:44 +0000] "GET /goods.php HTTP/1.1" 401 53 "-" "Mozilla/5.0 (Windows NT 10.0; Win64; x64) AppleWebKit/537.36 (KHTML, like Gecko) Chrome/120.0.0.0 Safari/537.36"
20.12.214.177 - - [19/Jul/2026:14:57:44 +0000] "GET /file.php HTTP/1.1" 401 53 "-" "Mozilla/5.0 (Windows NT 10.0; Win64; x64) AppleWebKit/537.36 (KHTML, like Gecko) Chrome/120.0.0.0 Safari/537.36"
20.12.214.177 - - [19/Jul/2026:14:57:44 +0000] "GET /adminfuns.php HTTP/1.1" 401 53 "-" "Mozilla/5.0 (Windows NT 10.0; Win64; x64) AppleWebKit/537.36 (KHTML, like Gecko) Chrome/120.0.0.0 Safari/537.36"
20.12.214.177 - - [19/Jul/2026:14:57:44 +0000] "GET /404.php HTTP/1.1" 401 53 "-" "Mozilla/5.0 (Windows NT 10.0; Win64; x64) AppleWebKit/537.36 (KHTML, like Gecko) Chrome/120.0.0.0 Safari/537.36"
20.12.214.177 - - [19/Jul/2026:14:57:44 +0000] "GET /wk/index.php HTTP/1.1" 401 53 "-" "Mozilla/5.0 (Windows NT 10.0; Win64; x64) AppleWebKit/537.36 (KHTML, like Gecko) Chrome/120.0.0.0 Safari/537.36"
20.12.214.177 - - [19/Jul/2026:14:57:44 +0000] "GET /about.php HTTP/1.1" 401 53 "-" "Mozilla/5.0 (Windows NT 10.0; Win64; x64) AppleWebKit/537.36 (KHTML, like Gecko) Chrome/120.0.0.0 Safari/537.36"
20.12.214.177 - - [19/Jul/2026:14:57:44 +0000] "GET /term.php HTTP/1.1" 401 53 "-" "Mozilla/5.0 (Windows NT 10.0; Win64; x64) AppleWebKit/537.36 (KHTML, like Gecko) Chrome/120.0.0.0 Safari/537.36"
20.12.214.177 - - [19/Jul/2026:14:57:44 +0000] "GET /ioxi-o.php HTTP/1.1" 401 53 "-" "Mozilla/5.0 (Windows NT 10.0; Win64; x64) AppleWebKit/537.36 (KHTML, like Gecko) Chrome/120.0.0.0 Safari/537.36"
20.12.214.177 - - [19/Jul/2026:14:57:44 +0000] "GET /1.php HTTP/1.1" 401 53 "-" "Mozilla/5.0 (Windows NT 10.0; Win64; x64) AppleWebKit/537.36 (KHTML, like Gecko) Chrome/120.0.0.0 Safari/537.36"
20.12.214.177 - - [19/Jul/2026:14:57:44 +0000] "GET /alfa.php HTTP/1.1" 401 53 "-" "Mozilla/5.0 (Windows NT 10.0; Win64; x64) AppleWebKit/537.36 (KHTML, like Gecko) Chrome/120.0.0.0 Safari/537.36"
20.12.214.177 - - [19/Jul/2026:14:57:44 +0000] "GET /edit.php HTTP/1.1" 401 53 "-" "Mozilla/5.0 (Windows NT 10.0; Win64; x64) AppleWebKit/537.36 (KHTML, like Gecko) Chrome/120.0.0.0 Safari/537.36"
20.12.214.177 - - [19/Jul/2026:14:57:44 +0000] "GET /elp.php HTTP/1.1" 401 53 "-" "Mozilla/5.0 (Windows NT 10.0; Win64; x64) AppleWebKit/537.36 (KHTML, like Gecko) Chrome/120.0.0.0 Safari/537.36"
20.12.214.177 - - [19/Jul/2026:14:57:44 +0000] "GET /classwithtostring.php HTTP/1.1" 401 53 "-" "Mozilla/5.0 (Windows NT 10.0; Win64; x64) AppleWebKit/537.36 (KHTML, like Gecko) Chrome/120.0.0.0 Safari/537.36"
20.12.214.177 - - [19/Jul/2026:14:57:44 +0000] "GET /666.php HTTP/1.1" 401 53 "-" "Mozilla/5.0 (Windows NT 10.0; Win64; x64) AppleWebKit/537.36 (KHTML, like Gecko) Chrome/120.0.0.0 Safari/537.36"
20.12.214.177 - - [19/Jul/2026:14:57:44 +0000] "GET /wp-admin/ HTTP/1.1" 401 53 "-" "Mozilla/5.0 (Windows NT 10.0; Win64; x64) AppleWebKit/537.36 (KHTML, like Gecko) Chrome/120.0.0.0 Safari/537.36"
20.12.214.177 - - [19/Jul/2026:14:57:44 +0000] "GET /ws54.php HTTP/1.1" 401 53 "-" "Mozilla/5.0 (Windows NT 10.0; Win64; x64) AppleWebKit/537.36 (KHTML, like Gecko) Chrome/120.0.0.0 Safari/537.36"
20.12.214.177 - - [19/Jul/2026:14:57:44 +0000] "GET /deepseek_d.php HTTP/1.1" 401 53 "-" "Mozilla/5.0 (Windows NT 10.0; Win64; x64) AppleWebKit/537.36 (KHTML, like Gecko) Chrome/120.0.0.0 Safari/537.36"
20.12.214.177 - - [19/Jul/2026:14:57:44 +0000] "GET /function/function.php HTTP/1.1" 401 53 "-" "Mozilla/5.0 (Windows NT 10.0; Win64; x64) AppleWebKit/537.36 (KHTML, like Gecko) Chrome/120.0.0.0 Safari/537.36"
20.12.214.177 - - [19/Jul/2026:14:57:44 +0000] "GET /nw.php HTTP/1.1" 401 53 "-" "Mozilla/5.0 (Windows NT 10.0; Win64; x64) AppleWebKit/537.36 (KHTML, like Gecko) Chrome/120.0.0.0 Safari/537.36"
20.12.214.177 - - [19/Jul/2026:14:57:45 +0000] "GET /xleet.php HTTP/1.1" 401 53 "-" "Mozilla/5.0 (Windows NT 10.0; Win64; x64) AppleWebKit/537.36 (KHTML, like Gecko) Chrome/120.0.0.0 Safari/537.36"
20.12.214.177 - - [19/Jul/2026:14:57:45 +0000] "GET /wp.php HTTP/1.1" 401 53 "-" "Mozilla/5.0 (Windows NT 10.0; Win64; x64) AppleWebKit/537.36 (KHTML, like Gecko) Chrome/120.0.0.0 Safari/537.36"
20.12.214.177 - - [19/Jul/2026:14:57:45 +0000] "GET /155.php HTTP/1.1" 401 53 "-" "Mozilla/5.0 (Windows NT 10.0; Win64; x64) AppleWebKit/537.36 (KHTML, like Gecko) Chrome/120.0.0.0 Safari/537.36"
20.12.214.177 - - [19/Jul/2026:14:57:45 +0000] "GET /96i.php HTTP/1.1" 401 53 "-" "Mozilla/5.0 (Windows NT 10.0; Win64; x64) AppleWebKit/537.36 (KHTML, like Gecko) Chrome/120.0.0.0 Safari/537.36"
20.12.214.177 - - [19/Jul/2026:14:57:45 +0000] "GET /as.php HTTP/1.1" 401 53 "-" "Mozilla/5.0 (Windows NT 10.0; Win64; x64) AppleWebKit/537.36 (KHTML, like Gecko) Chrome/120.0.0.0 Safari/537.36"
20.12.214.177 - - [19/Jul/2026:14:57:45 +0000] "GET /min.php HTTP/1.1" 401 53 "-" "Mozilla/5.0 (Windows NT 10.0; Win64; x64) AppleWebKit/537.36 (KHTML, like Gecko) Chrome/120.0.0.0 Safari/537.36"
20.12.214.177 - - [19/Jul/2026:14:57:45 +0000] "GET /.well-known/ HTTP/1.1" 401 53 "-" "Mozilla/5.0 (Windows NT 10.0; Win64; x64) AppleWebKit/537.36 (KHTML, like Gecko) Chrome/120.0.0.0 Safari/537.36"
20.12.214.177 - - [19/Jul/2026:14:57:45 +0000] "GET /php8.php HTTP/1.1" 401 53 "-" "Mozilla/5.0 (Windows NT 10.0; Win64; x64) AppleWebKit/537.36 (KHTML, like Gecko) Chrome/120.0.0.0 Safari/537.36"
20.12.214.177 - - [19/Jul/2026:14:57:45 +0000] "GET /wp-content/admin.php HTTP/1.1" 401 53 "-" "Mozilla/5.0 (Windows NT 10.0; Win64; x64) AppleWebKit/537.36 (KHTML, like Gecko) Chrome/120.0.0.0 Safari/537.36"
20.12.214.177 - - [19/Jul/2026:14:57:45 +0000] "GET /222.php HTTP/1.1" 401 53 "-" "Mozilla/5.0 (Windows NT 10.0; Win64; x64) AppleWebKit/537.36 (KHTML, like Gecko) Chrome/120.0.0.0 Safari/537.36"
20.12.214.177 - - [19/Jul/2026:14:57:45 +0000] "GET /wp-content/themes/pridmag/il.php HTTP/1.1" 401 53 "-" "Mozilla/5.0 (Windows NT 10.0; Win64; x64) AppleWebKit/537.36 (KHTML, like Gecko) Chrome/120.0.0.0 Safari/537.36"
20.12.214.177 - - [19/Jul/2026:14:57:45 +0000] "GET /info.php HTTP/1.1" 401 53 "-" "Mozilla/5.0 (Windows NT 10.0; Win64; x64) AppleWebKit/537.36 (KHTML, like Gecko) Chrome/120.0.0.0 Safari/537.36"
20.12.214.177 - - [19/Jul/2026:14:57:45 +0000] "GET /a.php HTTP/1.1" 401 53 "-" "Mozilla/5.0 (Windows NT 10.0; Win64; x64) AppleWebKit/537.36 (KHTML, like Gecko) Chrome/120.0.0.0 Safari/537.36"
20.12.214.177 - - [19/Jul/2026:14:57:45 +0000] "GET /chosen.php HTTP/1.1" 401 53 "-" "Mozilla/5.0 (Windows NT 10.0; Win64; x64) AppleWebKit/537.36 (KHTML, like Gecko) Chrome/120.0.0.0 Safari/537.36"
20.12.214.177 - - [19/Jul/2026:14:57:45 +0000] "GET /wp-content/index.php HTTP/1.1" 401 53 "-" "Mozilla/5.0 (Windows NT 10.0; Win64; x64) AppleWebKit/537.36 (KHTML, like Gecko) Chrome/120.0.0.0 Safari/537.36"
20.12.214.177 - - [19/Jul/2026:14:57:45 +0000] "GET /vx.php HTTP/1.1" 401 53 "-" "Mozilla/5.0 (Windows NT 10.0; Win64; x64) AppleWebKit/537.36 (KHTML, like Gecko) Chrome/120.0.0.0 Safari/537.36"
20.12.214.177 - - [19/Jul/2026:14:57:45 +0000] "GET /admin/controller/extension/ HTTP/1.1" 401 53 "-" "Mozilla/5.0 (Windows NT 10.0; Win64; x64) AppleWebKit/537.36 (KHTML, like Gecko) Chrome/120.0.0.0 Safari/537.36"
20.12.214.177 - - [19/Jul/2026:14:57:45 +0000] "GET /wap.php HTTP/1.1" 401 53 "-" "Mozilla/5.0 (Windows NT 10.0; Win64; x64) AppleWebKit/537.36 (KHTML, like Gecko) Chrome/120.0.0.0 Safari/537.36"
20.12.214.177 - - [19/Jul/2026:14:57:45 +0000] "GET /wp-admin/wp.php HTTP/1.1" 401 53 "-" "Mozilla/5.0 (Windows NT 10.0; Win64; x64) AppleWebKit/537.36 (KHTML, like Gecko) Chrome/120.0.0.0 Safari/537.36"
20.12.214.177 - - [19/Jul/2026:14:57:45 +0000] "GET /bgymj.php HTTP/1.1" 401 53 "-" "Mozilla/5.0 (Windows NT 10.0; Win64; x64) AppleWebKit/537.36 (KHTML, like Gecko) Chrome/120.0.0.0 Safari/537.36"
20.12.214.177 - - [19/Jul/2026:14:57:45 +0000] "GET /aa.php HTTP/1.1" 401 53 "-" "Mozilla/5.0 (Windows NT 10.0; Win64; x64) AppleWebKit/537.36 (KHTML, like Gecko) Chrome/120.0.0.0 Safari/537.36"
20.12.214.177 - - [19/Jul/2026:14:57:45 +0000] "GET /wp-mail.php HTTP/1.1" 401 53 "-" "Mozilla/5.0 (Windows NT 10.0; Win64; x64) AppleWebKit/537.36 (KHTML, like Gecko) Chrome/120.0.0.0 Safari/537.36"
20.12.214.177 - - [19/Jul/2026:14:57:45 +0000] "GET /bolt.php HTTP/1.1" 401 53 "-" "Mozilla/5.0 (Windows NT 10.0; Win64; x64) AppleWebKit/537.36 (KHTML, like Gecko) Chrome/120.0.0.0 Safari/537.36"
20.12.214.177 - - [19/Jul/2026:14:57:45 +0000] "GET /bthil.php HTTP/1.1" 401 53 "-" "Mozilla/5.0 (Windows NT 10.0; Win64; x64) AppleWebKit/537.36 (KHTML, like Gecko) Chrome/120.0.0.0 Safari/537.36"
20.12.214.177 - - [19/Jul/2026:14:57:45 +0000] "GET /cgi-bin/ HTTP/1.1" 401 53 "-" "Mozilla/5.0 (Windows NT 10.0; Win64; x64) AppleWebKit/537.36 (KHTML, like Gecko) Chrome/120.0.0.0 Safari/537.36"
20.12.214.177 - - [19/Jul/2026:14:57:45 +0000] "GET /x.php HTTP/1.1" 401 53 "-" "Mozilla/5.0 (Windows NT 10.0; Win64; x64) AppleWebKit/537.36 (KHTML, like Gecko) Chrome/120.0.0.0 Safari/537.36"
20.12.214.177 - - [19/Jul/2026:14:57:45 +0000] "GET /index/function.php HTTP/1.1" 401 53 "-" "Mozilla/5.0 (Windows NT 10.0; Win64; x64) AppleWebKit/537.36 (KHTML, like Gecko) Chrome/120.0.0.0 Safari/537.36"
20.12.214.177 - - [19/Jul/2026:14:57:45 +0000] "GET /aaa.php HTTP/1.1" 401 53 "-" "Mozilla/5.0 (Windows NT 10.0; Win64; x64) AppleWebKit/537.36 (KHTML, like Gecko) Chrome/120.0.0.0 Safari/537.36"
20.12.214.177 - - [19/Jul/2026:14:57:46 +0000] "GET /abcd.php HTTP/1.1" 401 53 "-" "Mozilla/5.0 (Windows NT 10.0; Win64; x64) AppleWebKit/537.36 (KHTML, like Gecko) Chrome/120.0.0.0 Safari/537.36"
20.12.214.177 - - [19/Jul/2026:14:57:46 +0000] "GET /wp-good.php HTTP/1.1" 401 53 "-" "Mozilla/5.0 (Windows NT 10.0; Win64; x64) AppleWebKit/537.36 (KHTML, like Gecko) Chrome/120.0.0.0 Safari/537.36"
20.12.214.177 - - [19/Jul/2026:14:57:46 +0000] "GET /simple.php HTTP/1.1" 401 53 "-" "Mozilla/5.0 (Windows NT 10.0; Win64; x64) AppleWebKit/537.36 (KHTML, like Gecko) Chrome/120.0.0.0 Safari/537.36"
20.12.214.177 - - [19/Jul/2026:14:57:46 +0000] "GET /edit-tags.php HTTP/1.1" 401 53 "-" "Mozilla/5.0 (Windows NT 10.0; Win64; x64) AppleWebKit/537.36 (KHTML, like Gecko) Chrome/120.0.0.0 Safari/537.36"
20.12.214.177 - - [19/Jul/2026:14:57:46 +0000] "GET /u.php HTTP/1.1" 401 53 "-" "Mozilla/5.0 (Windows NT 10.0; Win64; x64) AppleWebKit/537.36 (KHTML, like Gecko) Chrome/120.0.0.0 Safari/537.36"
20.12.214.177 - - [19/Jul/2026:14:57:46 +0000] "GET /wp-content/themes/admin.php HTTP/1.1" 401 53 "-" "Mozilla/5.0 (Windows NT 10.0; Win64; x64) AppleWebKit/537.36 (KHTML, like Gecko) Chrome/120.0.0.0 Safari/537.36"
20.12.214.177 - - [19/Jul/2026:14:57:46 +0000] "GET /h.php HTTP/1.1" 401 53 "-" "Mozilla/5.0 (Windows NT 10.0; Win64; x64) AppleWebKit/537.36 (KHTML, like Gecko) Chrome/120.0.0.0 Safari/537.36"
20.12.214.177 - - [19/Jul/2026:14:57:46 +0000] "GET /ms-edit.php HTTP/1.1" 401 53 "-" "Mozilla/5.0 (Windows NT 10.0; Win64; x64) AppleWebKit/537.36 (KHTML, like Gecko) Chrome/120.0.0.0 Safari/537.36"
20.12.214.177 - - [19/Jul/2026:14:57:46 +0000] "GET /a7.php HTTP/1.1" 401 53 "-" "Mozilla/5.0 (Windows NT 10.0; Win64; x64) AppleWebKit/537.36 (KHTML, like Gecko) Chrome/120.0.0.0 Safari/537.36"
20.12.214.177 - - [19/Jul/2026:14:57:46 +0000] "GET /manager.php HTTP/1.1" 401 53 "-" "Mozilla/5.0 (Windows NT 10.0; Win64; x64) AppleWebKit/537.36 (KHTML, like Gecko) Chrome/120.0.0.0 Safari/537.36"
20.12.214.177 - - [19/Jul/2026:14:57:46 +0000] "GET /w1.php HTTP/1.1" 401 53 "-" "Mozilla/5.0 (Windows NT 10.0; Win64; x64) AppleWebKit/537.36 (KHTML, like Gecko) Chrome/120.0.0.0 Safari/537.36"
20.12.214.177 - - [19/Jul/2026:14:57:46 +0000] "GET /wp-includes/fonts/ HTTP/1.1" 401 53 "-" "Mozilla/5.0 (Windows NT 10.0; Win64; x64) AppleWebKit/537.36 (KHTML, like Gecko) Chrome/120.0.0.0 Safari/537.36"
20.12.214.177 - - [19/Jul/2026:14:57:46 +0000] "GET /wp-login.php HTTP/1.1" 401 53 "-" "Mozilla/5.0 (Windows NT 10.0; Win64; x64) AppleWebKit/537.36 (KHTML, like Gecko) Chrome/120.0.0.0 Safari/537.36"
20.12.214.177 - - [19/Jul/2026:14:57:46 +0000] "GET /default.php HTTP/1.1" 401 53 "-" "Mozilla/5.0 (Windows NT 10.0; Win64; x64) AppleWebKit/537.36 (KHTML, like Gecko) Chrome/120.0.0.0 Safari/537.36"
20.12.214.177 - - [19/Jul/2026:14:57:46 +0000] "GET /i.php HTTP/1.1" 401 53 "-" "Mozilla/5.0 (Windows NT 10.0; Win64; x64) AppleWebKit/537.36 (KHTML, like Gecko) Chrome/120.0.0.0 Safari/537.36"
20.12.214.177 - - [19/Jul/2026:14:57:46 +0000] "GET /wp-content/uploads/ HTTP/1.1" 401 53 "-" "Mozilla/5.0 (Windows NT 10.0; Win64; x64) AppleWebKit/537.36 (KHTML, like Gecko) Chrome/120.0.0.0 Safari/537.36"
20.12.214.177 - - [19/Jul/2026:14:57:46 +0000] "GET /wp-includes/Requests/library/index.php HTTP/1.1" 401 53 "-" "Mozilla/5.0 (Windows NT 10.0; Win64; x64) AppleWebKit/537.36 (KHTML, like Gecko) Chrome/120.0.0.0 Safari/537.36"
20.12.214.177 - - [19/Jul/2026:14:57:46 +0000] "GET /wp-content/themes/index.php HTTP/1.1" 401 53 "-" "Mozilla/5.0 (Windows NT 10.0; Win64; x64) AppleWebKit/537.36 (KHTML, like Gecko) Chrome/120.0.0.0 Safari/537.36"
20.12.214.177 - - [19/Jul/2026:14:57:46 +0000] "GET /gecko-new.php HTTP/1.1" 401 53 "-" "Mozilla/5.0 (Windows NT 10.0; Win64; x64) AppleWebKit/537.36 (KHTML, like Gecko) Chrome/120.0.0.0 Safari/537.36"
20.12.214.177 - - [19/Jul/2026:14:57:46 +0000] "GET /NewFile.php HTTP/1.1" 401 53 "-" "Mozilla/5.0 (Windows NT 10.0; Win64; x64) AppleWebKit/537.36 (KHTML, like Gecko) Chrome/120.0.0.0 Safari/537.36"
20.12.214.177 - - [19/Jul/2026:14:57:46 +0000] "GET /wp-Blogs.php HTTP/1.1" 401 53 "-" "Mozilla/5.0 (Windows NT 10.0; Win64; x64) AppleWebKit/537.36 (KHTML, like Gecko) Chrome/120.0.0.0 Safari/537.36"
20.12.214.177 - - [19/Jul/2026:14:57:46 +0000] "GET /wp-includes/fonts/index.php HTTP/1.1" 401 53 "-" "Mozilla/5.0 (Windows NT 10.0; Win64; x64) AppleWebKit/537.36 (KHTML, like Gecko) Chrome/120.0.0.0 Safari/537.36"
20.12.214.177 - - [19/Jul/2026:14:57:46 +0000] "GET /themes.php HTTP/1.1" 401 53 "-" "Mozilla/5.0 (Windows NT 10.0; Win64; x64) AppleWebKit/537.36 (KHTML, like Gecko) Chrome/120.0.0.0 Safari/537.36"
20.12.214.177 - - [19/Jul/2026:14:57:46 +0000] "GET /cv.php HTTP/1.1" 401 53 "-" "Mozilla/5.0 (Windows NT 10.0; Win64; x64) AppleWebKit/537.36 (KHTML, like Gecko) Chrome/120.0.0.0 Safari/537.36"
20.12.214.177 - - [19/Jul/2026:14:57:46 +0000] "GET /wp-admin/js/ HTTP/1.1" 401 53 "-" "Mozilla/5.0 (Windows NT 10.0; Win64; x64) AppleWebKit/537.36 (KHTML, like Gecko) Chrome/120.0.0.0 Safari/537.36"
20.12.214.177 - - [19/Jul/2026:14:57:46 +0000] "GET /wp-content/uploads/index.php HTTP/1.1" 401 53 "-" "Mozilla/5.0 (Windows NT 10.0; Win64; x64) AppleWebKit/537.36 (KHTML, like Gecko) Chrome/120.0.0.0 Safari/537.36"
20.12.214.177 - - [19/Jul/2026:14:57:46 +0000] "GET /ws83.php HTTP/1.1" 401 53 "-" "Mozilla/5.0 (Windows NT 10.0; Win64; x64) AppleWebKit/537.36 (KHTML, like Gecko) Chrome/120.0.0.0 Safari/537.36"
20.12.214.177 - - [19/Jul/2026:14:57:47 +0000] "GET /atex1.php HTTP/1.1" 401 53 "-" "Mozilla/5.0 (Windows NT 10.0; Win64; x64) AppleWebKit/537.36 (KHTML, like Gecko) Chrome/120.0.0.0 Safari/537.36"
20.12.214.177 - - [19/Jul/2026:14:57:47 +0000] "GET /class-t.api.php HTTP/1.1" 401 53 "-" "Mozilla/5.0 (Windows NT 10.0; Win64; x64) AppleWebKit/537.36 (KHTML, like Gecko) Chrome/120.0.0.0 Safari/537.36"
20.12.214.177 - - [19/Jul/2026:14:57:47 +0000] "GET /w.php HTTP/1.1" 401 53 "-" "Mozilla/5.0 (Windows NT 10.0; Win64; x64) AppleWebKit/537.36 (KHTML, like Gecko) Chrome/120.0.0.0 Safari/537.36"
20.12.214.177 - - [19/Jul/2026:14:57:47 +0000] "GET /archive.php HTTP/1.1" 401 53 "-" "Mozilla/5.0 (Windows NT 10.0; Win64; x64) AppleWebKit/537.36 (KHTML, like Gecko) Chrome/120.0.0.0 Safari/537.36"
20.12.214.177 - - [19/Jul/2026:14:57:47 +0000] "GET /bless.php HTTP/1.1" 401 53 "-" "Mozilla/5.0 (Windows NT 10.0; Win64; x64) AppleWebKit/537.36 (KHTML, like Gecko) Chrome/120.0.0.0 Safari/537.36"
20.12.214.177 - - [19/Jul/2026:14:57:47 +0000] "GET /sagax1.php HTTP/1.1" 401 53 "-" "Mozilla/5.0 (Windows NT 10.0; Win64; x64) AppleWebKit/537.36 (KHTML, like Gecko) Chrome/120.0.0.0 Safari/537.36"
20.12.214.177 - - [19/Jul/2026:14:57:47 +0000] "GET /wpc.php HTTP/1.1" 401 53 "-" "Mozilla/5.0 (Windows NT 10.0; Win64; x64) AppleWebKit/537.36 (KHTML, like Gecko) Chrome/120.0.0.0 Safari/537.36"
20.12.214.177 - - [19/Jul/2026:14:57:47 +0000] "GET /fone1.php HTTP/1.1" 401 53 "-" "Mozilla/5.0 (Windows NT 10.0; Win64; x64) AppleWebKit/537.36 (KHTML, like Gecko) Chrome/120.0.0.0 Safari/537.36"
20.12.214.177 - - [19/Jul/2026:14:57:47 +0000] "GET /ncx.php HTTP/1.1" 401 53 "-" "Mozilla/5.0 (Windows NT 10.0; Win64; x64) AppleWebKit/537.36 (KHTML, like Gecko) Chrome/120.0.0.0 Safari/537.36"
20.12.214.177 - - [19/Jul/2026:14:57:47 +0000] "GET /wp-admin/js/index.php HTTP/1.1" 401 53 "-" "Mozilla/5.0 (Windows NT 10.0; Win64; x64) AppleWebKit/537.36 (KHTML, like Gecko) Chrome/120.0.0.0 Safari/537.36"
20.12.214.177 - - [19/Jul/2026:14:57:47 +0000] "GET /wso.php HTTP/1.1" 401 53 "-" "Mozilla/5.0 (Windows NT 10.0; Win64; x64) AppleWebKit/537.36 (KHTML, like Gecko) Chrome/120.0.0.0 Safari/537.36"
20.12.214.177 - - [19/Jul/2026:14:57:47 +0000] "GET /zup.php73 HTTP/1.1" 401 53 "-" "Mozilla/5.0 (Windows NT 10.0; Win64; x64) AppleWebKit/537.36 (KHTML, like Gecko) Chrome/120.0.0.0 Safari/537.36"
20.12.214.177 - - [19/Jul/2026:14:57:47 +0000] "GET /k.php HTTP/1.1" 401 53 "-" "Mozilla/5.0 (Windows NT 10.0; Win64; x64) AppleWebKit/537.36 (KHTML, like Gecko) Chrome/120.0.0.0 Safari/537.36"
20.12.214.177 - - [19/Jul/2026:14:57:47 +0000] "GET /wp-blink.php HTTP/1.1" 401 53 "-" "Mozilla/5.0 (Windows NT 10.0; Win64; x64) AppleWebKit/537.36 (KHTML, like Gecko) Chrome/120.0.0.0 Safari/537.36"
20.12.214.177 - - [19/Jul/2026:14:57:47 +0000] "GET /randkeyword.PhP7 HTTP/1.1" 401 53 "-" "Mozilla/5.0 (Windows NT 10.0; Win64; x64) AppleWebKit/537.36 (KHTML, like Gecko) Chrome/120.0.0.0 Safari/537.36"
20.12.214.177 - - [19/Jul/2026:14:57:47 +0000] "GET /wp-admin/css/colors/ectoplasm/ HTTP/1.1" 401 53 "-" "Mozilla/5.0 (Windows NT 10.0; Win64; x64) AppleWebKit/537.36 (KHTML, like Gecko) Chrome/120.0.0.0 Safari/537.36"
20.12.214.177 - - [19/Jul/2026:14:57:47 +0000] "GET /wp-content/ HTTP/1.1" 401 53 "-" "Mozilla/5.0 (Windows NT 10.0; Win64; x64) AppleWebKit/537.36 (KHTML, like Gecko) Chrome/120.0.0.0 Safari/537.36"
20.12.214.177 - - [19/Jul/2026:14:57:47 +0000] "GET /ww5.php HTTP/1.1" 401 53 "-" "Mozilla/5.0 (Windows NT 10.0; Win64; x64) AppleWebKit/537.36 (KHTML, like Gecko) Chrome/120.0.0.0 Safari/537.36"
20.12.214.177 - - [19/Jul/2026:14:57:47 +0000] "GET /2.php HTTP/1.1" 401 53 "-" "Mozilla/5.0 (Windows NT 10.0; Win64; x64) AppleWebKit/537.36 (KHTML, like Gecko) Chrome/120.0.0.0 Safari/537.36"
20.12.214.177 - - [19/Jul/2026:14:57:47 +0000] "GET /wp-admin/classwithtostring.php HTTP/1.1" 401 53 "-" "Mozilla/5.0 (Windows NT 10.0; Win64; x64) AppleWebKit/537.36 (KHTML, like Gecko) Chrome/120.0.0.0 Safari/537.36"
20.12.214.177 - - [19/Jul/2026:14:57:47 +0000] "GET /atomlib.php HTTP/1.1" 401 53 "-" "Mozilla/5.0 (Windows NT 10.0; Win64; x64) AppleWebKit/537.36 (KHTML, like Gecko) Chrome/120.0.0.0 Safari/537.36"
20.12.214.177 - - [19/Jul/2026:14:57:47 +0000] "GET /rip.php HTTP/1.1" 401 53 "-" "Mozilla/5.0 (Windows NT 10.0; Win64; x64) AppleWebKit/537.36 (KHTML, like Gecko) Chrome/120.0.0.0 Safari/537.36"
20.12.214.177 - - [19/Jul/2026:14:57:47 +0000] "GET /p.php HTTP/1.1" 401 53 "-" "Mozilla/5.0 (Windows NT 10.0; Win64; x64) AppleWebKit/537.36 (KHTML, like Gecko) Chrome/120.0.0.0 Safari/537.36"
20.12.214.177 - - [19/Jul/2026:14:57:47 +0000] "GET /php.php HTTP/1.1" 401 53 "-" "Mozilla/5.0 (Windows NT 10.0; Win64; x64) AppleWebKit/537.36 (KHTML, like Gecko) Chrome/120.0.0.0 Safari/537.36"
194.39.149.53 - - [19/Jul/2026:14:59:44 +0000] "POST /wp-cron.php?doing_wp_cron=1784473184.1652500629425048828125 HTTP/1.1" 200 0 "-" "WordPress/7.0.2; https://keeloil.com"
216.73.163.117 - - [19/Jul/2026:14:59:43 +0000] "POST /wp-login.php HTTP/1.1" 200 2146 "-" "Mozilla/5.0 (Windows NT 10.0; Win64; rv:143.0) Gecko/20100101 Firefox/143.0"
194.39.149.53 - - [19/Jul/2026:15:01:24 +0000] "POST /wp-cron.php?doing_wp_cron=1784473283.9230039119720458984375 HTTP/1.1" 200 0 "-" "WordPress/7.0.2; https://keeloil.com"
103.186.22.190 - - [19/Jul/2026:15:01:22 +0000] "GET /home/page/9/?_wpnonce=77967d89ed&add_to_wishlist=92 HTTP/1.1" 200 24466 "-" "Mozilla/5.0 (Windows NT 10.0; Win64; x64) AppleWebKit/537.36 (KHTML, like Gecko) Chrome/68.0.3440.106 Safari/537.36"
20.226.26.5 - - [19/Jul/2026:15:01:57 +0000] "GET /autodiscover/autodiscover.xml HTTP/1.1" 400 52 "-" "-"
20.226.26.5 - - [19/Jul/2026:15:01:57 +0000] "GET /autodiscover/autodiscover.xml HTTP/1.1" 400 52 "-" "-"
20.226.26.5 - - [19/Jul/2026:15:01:58 +0000] "GET /autodiscover/autodiscover.xml HTTP/1.1" 400 52 "-" "-"
20.226.26.5 - - [19/Jul/2026:15:01:58 +0000] "GET /autodiscover/autodiscover.xml HTTP/1.1" 400 52 "-" "-"
20.226.26.5 - - [19/Jul/2026:15:01:59 +0000] "GET /autodiscover/autodiscover.xml HTTP/1.1" 400 52 "-" "-"
20.226.26.5 - - [19/Jul/2026:15:01:59 +0000] "GET /autodiscover/autodiscover.xml HTTP/1.1" 400 52 "-" "-"
20.226.26.5 - - [19/Jul/2026:15:02:00 +0000] "GET /autodiscover/autodiscover.xml HTTP/1.1" 400 52 "-" "-"
20.226.26.5 - - [19/Jul/2026:15:02:00 +0000] "GET /autodiscover/autodiscover.xml HTTP/1.1" 400 52 "-" "-"
20.226.26.5 - - [19/Jul/2026:15:02:01 +0000] "GET /autodiscover/autodiscover.xml HTTP/1.1" 400 52 "-" "-"
20.226.26.5 - - [19/Jul/2026:15:02:01 +0000] "GET /autodiscover/autodiscover.xml HTTP/1.1" 400 52 "-" "-"
20.226.26.5 - - [19/Jul/2026:15:02:02 +0000] "GET /autodiscover/autodiscover.xml HTTP/1.1" 400 52 "-" "-"
20.226.26.5 - - [19/Jul/2026:15:02:02 +0000] "GET /autodiscover/autodiscover.xml HTTP/1.1" 400 52 "-" "-"
20.226.26.5 - - [19/Jul/2026:15:02:03 +0000] "GET /autodiscover/autodiscover.xml HTTP/1.1" 400 52 "-" "-"
20.226.26.5 - - [19/Jul/2026:15:02:03 +0000] "GET /autodiscover/autodiscover.xml HTTP/1.1" 400 52 "-" "-"
20.226.26.5 - - [19/Jul/2026:15:02:04 +0000] "GET /autodiscover/autodiscover.xml HTTP/1.1" 400 52 "-" "-"
20.226.26.5 - - [19/Jul/2026:15:02:04 +0000] "GET /autodiscover/autodiscover.xml HTTP/1.1" 400 52 "-" "-"
20.226.26.5 - - [19/Jul/2026:15:02:05 +0000] "GET /autodiscover/autodiscover.xml HTTP/1.1" 400 52 "-" "-"
20.226.26.5 - - [19/Jul/2026:15:02:05 +0000] "GET /autodiscover/autodiscover.xml HTTP/1.1" 400 52 "-" "-"
20.226.26.5 - - [19/Jul/2026:15:02:06 +0000] "GET /autodiscover/autodiscover.xml HTTP/1.1" 400 52 "-" "-"
20.226.26.5 - - [19/Jul/2026:15:02:07 +0000] "GET /autodiscover/autodiscover.xml HTTP/1.1" 400 52 "-" "-"
20.226.26.5 - - [19/Jul/2026:15:02:07 +0000] "GET /autodiscover/autodiscover.xml HTTP/1.1" 400 52 "-" "-"
20.226.26.5 - - [19/Jul/2026:15:02:08 +0000] "GET /autodiscover/autodiscover.xml HTTP/1.1" 400 52 "-" "-"
20.226.26.5 - - [19/Jul/2026:15:02:09 +0000] "GET /autodiscover/autodiscover.xml HTTP/1.1" 400 52 "-" "-"
20.226.26.5 - - [19/Jul/2026:15:02:09 +0000] "GET /autodiscover/autodiscover.xml HTTP/1.1" 400 52 "-" "-"
20.226.26.5 - - [19/Jul/2026:15:02:10 +0000] "GET /autodiscover/autodiscover.xml HTTP/1.1" 400 52 "-" "-"
20.226.26.5 - - [19/Jul/2026:15:02:10 +0000] "GET /autodiscover/autodiscover.xml HTTP/1.1" 400 52 "-" "-"
20.226.26.5 - - [19/Jul/2026:15:02:11 +0000] "GET /autodiscover/autodiscover.xml HTTP/1.1" 400 52 "-" "-"
20.226.26.5 - - [19/Jul/2026:15:02:12 +0000] "GET /autodiscover/autodiscover.xml HTTP/1.1" 400 52 "-" "-"
20.226.26.5 - - [19/Jul/2026:15:02:12 +0000] "GET /autodiscover/autodiscover.xml HTTP/1.1" 400 52 "-" "-"
20.226.26.5 - - [19/Jul/2026:15:02:13 +0000] "GET /autodiscover/autodiscover.xml HTTP/1.1" 400 52 "-" "-"
20.226.26.5 - - [19/Jul/2026:15:02:13 +0000] "GET /autodiscover/autodiscover.xml HTTP/1.1" 400 52 "-" "-"
20.226.26.5 - - [19/Jul/2026:15:02:14 +0000] "GET /autodiscover/autodiscover.xml HTTP/1.1" 400 52 "-" "-"
20.226.26.5 - - [19/Jul/2026:15:02:14 +0000] "GET /autodiscover/autodiscover.xml HTTP/1.1" 400 52 "-" "-"
20.226.26.5 - - [19/Jul/2026:15:02:15 +0000] "GET /autodiscover/autodiscover.xml HTTP/1.1" 400 52 "-" "-"
20.226.26.5 - - [19/Jul/2026:15:02:15 +0000] "GET /autodiscover/autodiscover.xml HTTP/1.1" 400 52 "-" "-"
20.226.26.5 - - [19/Jul/2026:15:02:16 +0000] "GET /autodiscover/autodiscover.xml HTTP/1.1" 400 52 "-" "-"
20.226.26.5 - - [19/Jul/2026:15:02:16 +0000] "GET /autodiscover/autodiscover.xml HTTP/1.1" 400 52 "-" "-"
20.226.26.5 - - [19/Jul/2026:15:02:17 +0000] "GET /autodiscover/autodiscover.xml HTTP/1.1" 400 52 "-" "-"
20.226.26.5 - - [19/Jul/2026:15:02:18 +0000] "GET /autodiscover/autodiscover.xml HTTP/1.1" 400 52 "-" "-"
20.226.26.5 - - [19/Jul/2026:15:02:18 +0000] "GET /autodiscover/autodiscover.xml HTTP/1.1" 400 52 "-" "-"
