HEX
Server: LiteSpeed
System: Linux s1083.usc1.mysecurecloudhost.com 4.18.0-477.27.2.lve.el8.x86_64 #1 SMP Wed Oct 11 12:32:56 UTC 2023 x86_64
User: keeloilc (1034)
PHP: 8.1.34
Disabled: NONE
Upload Files
File: /home/keeloilc/access-logs/keeloil.com-ssl_log
194.39.149.53 - - [19/Jul/2026:12:15:17 +0000] "POST /wp-cron.php?doing_wp_cron=1784463317.3703410625457763671875 HTTP/1.1" 200 0 "-" "WordPress/7.0.2; https://keeloil.com"
177.86.21.115 - - [19/Jul/2026:12:15:14 +0000] "GET /blog/page/15/ HTTP/1.1" 200 17594 "-" "Mozilla/5.0 (Macintosh; Intel Mac OS X 11_1_0) AppleWebKit/537.36 (KHTML, like Gecko) Brave Chrome/87.0.4280.67 Safari/537.36"
72.167.132.114 - - [19/Jul/2026:12:15:16 +0000] "GET /wp-login.php HTTP/2" 200 1785 "-" "Mozilla/5.0 (Windows NT 10.0; Win64; x64) AppleWebKit/537.36 (KHTML, like Gecko) Chrome/147.0.0.0 Safari/537.36"
72.167.132.114 - - [19/Jul/2026:12:15:17 +0000] "POST /wp-login.php HTTP/2" 200 1922 "https://keeloil.com/wp-login.php" "Mozilla/5.0 (Windows NT 10.0; Win64; x64) AppleWebKit/537.36 (KHTML, like Gecko) Chrome/147.0.0.0 Safari/537.36"
194.39.149.53 - - [19/Jul/2026:12:16:23 +0000] "POST /wp-cron.php?doing_wp_cron=1784463383.6282930374145507812500 HTTP/1.1" 200 0 "-" "WordPress/7.0.2; https://keeloil.com"
216.24.210.91 - - [19/Jul/2026:12:16:22 +0000] "POST /wp-login.php HTTP/1.1" 200 2142 "-" "Mozilla/5.0 (Linux; Android 10; U318AA Build/QP1A.190711.020) AppleWebKit/537.36 (KHTML, like Gecko) Chrome/88.0.4324.152 Mobile Safari/537.36"
194.39.149.53 - - [19/Jul/2026:12:17:36 +0000] "POST /wp-cron.php?doing_wp_cron=1784463456.5368781089782714843750 HTTP/1.1" 200 0 "-" "WordPress/7.0.2; https://keeloil.com"
102.165.1.248 - - [19/Jul/2026:12:17:35 +0000] "POST /wp-admin/admin-ajax.php HTTP/1.1" 400 5 "https://keeloil.com/wp-admin/" "Mozilla/5.0 (Windows NT 10.0; Win64; x64) AppleWebKit/537.36 (KHTML, like Gecko) Chrome/149.0.0.0 Safari/537.36"
194.53.140.125 - - [19/Jul/2026:12:17:38 +0000] "POST / HTTP/1.1" 200 19304 "https://keeloil.com/wp-admin/" "Mozilla/5.0 (Windows NT 10.0; Win64; x64) AppleWebKit/537.36 (KHTML, like Gecko) Chrome/149.0.0.0 Safari/537.36"
57.141.0.24 - - [19/Jul/2026:12:17:40 +0000] "GET /2025/12/30/peut-on-faire-confiance-aux-avis-sur-win-unique-casino-publies-en-ligne/ HTTP/2" 200 80527 "-" "Mozilla/5.0 (Windows NT 10.0; Win64; x64) AppleWebKit/537.36 (KHTML, like Gecko) Chrome/145.0.0.0 Safari/537.36 (compatible; meta-externalagent/1.1 (+https://developers.facebook.com/docs/sharing/webmasters/crawler))"
84.200.33.158 - - [19/Jul/2026:12:17:41 +0000] "POST /wp-admin/admin-ajax.php HTTP/1.1" 400 5 "https://keeloil.com/wp-admin/" "Mozilla/5.0 (Windows NT 10.0; Win64; x64) AppleWebKit/537.36 (KHTML, like Gecko) Chrome/149.0.0.0 Safari/537.36"
84.200.33.158 - - [19/Jul/2026:12:17:45 +0000] "POST / HTTP/1.1" 200 19304 "https://keeloil.com/wp-admin/" "Mozilla/5.0 (Windows NT 10.0; Win64; x64) AppleWebKit/537.36 (KHTML, like Gecko) Chrome/149.0.0.0 Safari/537.36"
102.165.0.207 - - [19/Jul/2026:12:17:49 +0000] "POST /wp-admin/admin-ajax.php HTTP/1.1" 400 5 "https://keeloil.com/wp-admin/" "Mozilla/5.0 (Windows NT 10.0; Win64; x64) AppleWebKit/537.36 (KHTML, like Gecko) Chrome/149.0.0.0 Safari/537.36"
102.165.1.68 - - [19/Jul/2026:12:17:52 +0000] "POST / HTTP/1.1" 200 19304 "https://keeloil.com/wp-admin/" "Mozilla/5.0 (Windows NT 10.0; Win64; x64) AppleWebKit/537.36 (KHTML, like Gecko) Chrome/149.0.0.0 Safari/537.36"
84.200.33.158 - - [19/Jul/2026:12:17:56 +0000] "POST /wp-admin/admin-ajax.php HTTP/1.1" 400 5 "https://keeloil.com/wp-admin/" "Mozilla/5.0 (Windows NT 10.0; Win64; x64) AppleWebKit/537.36 (KHTML, like Gecko) Chrome/149.0.0.0 Safari/537.36"
194.39.149.53 - - [19/Jul/2026:12:18:01 +0000] "POST /wp-cron.php?doing_wp_cron=1784463481.0002429485321044921875 HTTP/1.1" 200 0 "-" "WordPress/7.0.2; https://keeloil.com"
84.200.33.158 - - [19/Jul/2026:12:18:00 +0000] "POST / HTTP/1.1" 200 19304 "https://keeloil.com/wp-admin/" "Mozilla/5.0 (Windows NT 10.0; Win64; x64) AppleWebKit/537.36 (KHTML, like Gecko) Chrome/149.0.0.0 Safari/537.36"
37.143.62.137 - - [19/Jul/2026:12:18:04 +0000] "POST /wp-admin/admin-ajax.php HTTP/1.1" 400 5 "https://keeloil.com/wp-admin/" "Mozilla/5.0 (X11; Linux x86_64) AppleWebKit/537.36 (KHTML, like Gecko) Chrome/149.0.0.0 Safari/537.36"
5.45.37.208 - - [19/Jul/2026:12:18:07 +0000] "POST / HTTP/1.1" 200 19304 "https://keeloil.com/wp-admin/" "Mozilla/5.0 (X11; Linux x86_64) AppleWebKit/537.36 (KHTML, like Gecko) Chrome/149.0.0.0 Safari/537.36"
84.200.33.158 - - [19/Jul/2026:12:18:10 +0000] "POST /wp-admin/admin-ajax.php HTTP/1.1" 400 5 "https://keeloil.com/wp-admin/" "Mozilla/5.0 (X11; Linux x86_64) AppleWebKit/537.36 (KHTML, like Gecko) Chrome/149.0.0.0 Safari/537.36"
84.200.33.158 - - [19/Jul/2026:12:18:13 +0000] "POST / HTTP/1.1" 200 19304 "https://keeloil.com/wp-admin/" "Mozilla/5.0 (X11; Linux x86_64) AppleWebKit/537.36 (KHTML, like Gecko) Chrome/149.0.0.0 Safari/537.36"
45.133.170.69 - - [19/Jul/2026:12:18:18 +0000] "POST /wp-admin/admin-ajax.php HTTP/1.1" 400 5 "https://keeloil.com/wp-admin/" "Mozilla/5.0 (X11; Linux x86_64) AppleWebKit/537.36 (KHTML, like Gecko) Chrome/149.0.0.0 Safari/537.36"
102.165.0.240 - - [19/Jul/2026:12:18:21 +0000] "POST / HTTP/1.1" 200 19304 "https://keeloil.com/wp-admin/" "Mozilla/5.0 (X11; Linux x86_64) AppleWebKit/537.36 (KHTML, like Gecko) Chrome/149.0.0.0 Safari/537.36"
84.200.33.158 - - [19/Jul/2026:12:18:26 +0000] "POST /wp-admin/admin-ajax.php HTTP/1.1" 400 5 "https://keeloil.com/wp-admin/" "Mozilla/5.0 (X11; Linux x86_64) AppleWebKit/537.36 (KHTML, like Gecko) Chrome/149.0.0.0 Safari/537.36"
84.200.33.158 - - [19/Jul/2026:12:18:28 +0000] "POST / HTTP/1.1" 200 19304 "https://keeloil.com/wp-admin/" "Mozilla/5.0 (X11; Linux x86_64) AppleWebKit/537.36 (KHTML, like Gecko) Chrome/149.0.0.0 Safari/537.36"
194.39.149.53 - - [19/Jul/2026:12:19:23 +0000] "POST /wp-cron.php?doing_wp_cron=1784463563.6192591190338134765625 HTTP/1.1" 200 0 "-" "WordPress/7.0.2; https://keeloil.com"
216.73.163.151 - - [19/Jul/2026:12:19:22 +0000] "POST /wp-login.php HTTP/1.1" 200 2146 "-" "Mozilla/5.0 (Windows NT 10.0; Win64; x64) AppleWebKit/537.36 Chrome/129.0.0.0 Safari/537.36"
194.39.149.53 - - [19/Jul/2026:12:20:44 +0000] "POST /wp-cron.php?doing_wp_cron=1784463644.0600810050964355468750 HTTP/1.1" 200 0 "-" "WordPress/7.0.2; https://keeloil.com"
23.94.155.45 - - [19/Jul/2026:12:20:42 +0000] "POST /wp-login.php HTTP/1.1" 200 2142 "-" "Mozilla/5.0 (Windows NT 10.0; Win64; rv:143.0) Gecko/20100101 Firefox/143.0"
188.138.102.156 - - [19/Jul/2026:12:20:52 +0000] "POST /xmlrpc.php HTTP/2" 403 1242 "-" "Mozilla/5.0 (Windows NT 10.0; Win64; x64) AppleWebKit/537.36 (KHTML, like Gecko) Chrome/147.0.0.0 Safari/537.36"
20.206.107.78 - - [19/Jul/2026:12:21:17 +0000] "GET /adminfuns.php HTTP/1.1" 401 53 "-" "Mozilla/5.0 (Windows NT 10.0; Win64; x64) AppleWebKit/537.36 (KHTML, like Gecko) Chrome/120.0.0.0 Safari/537.36"
20.206.107.78 - - [19/Jul/2026:12:21:18 +0000] "GET /file.php HTTP/1.1" 401 53 "-" "Mozilla/5.0 (Windows NT 10.0; Win64; x64) AppleWebKit/537.36 (KHTML, like Gecko) Chrome/120.0.0.0 Safari/537.36"
20.206.107.78 - - [19/Jul/2026:12:21:18 +0000] "GET /m.php HTTP/1.1" 401 53 "-" "Mozilla/5.0 (Windows NT 10.0; Win64; x64) AppleWebKit/537.36 (KHTML, like Gecko) Chrome/120.0.0.0 Safari/537.36"
20.206.107.78 - - [19/Jul/2026:12:21:18 +0000] "GET /wp-admin/css/wp-login.php HTTP/1.1" 401 53 "-" "Mozilla/5.0 (Windows NT 10.0; Win64; x64) AppleWebKit/537.36 (KHTML, like Gecko) Chrome/120.0.0.0 Safari/537.36"
20.206.107.78 - - [19/Jul/2026:12:21:18 +0000] "GET /wk/index.php HTTP/1.1" 401 53 "-" "Mozilla/5.0 (Windows NT 10.0; Win64; x64) AppleWebKit/537.36 (KHTML, like Gecko) Chrome/120.0.0.0 Safari/537.36"
20.206.107.78 - - [19/Jul/2026:12:21:18 +0000] "GET /mini.php HTTP/1.1" 401 53 "-" "Mozilla/5.0 (Windows NT 10.0; Win64; x64) AppleWebKit/537.36 (KHTML, like Gecko) Chrome/120.0.0.0 Safari/537.36"
20.206.107.78 - - [19/Jul/2026:12:21:19 +0000] "GET /w.php HTTP/1.1" 401 53 "-" "Mozilla/5.0 (Windows NT 10.0; Win64; x64) AppleWebKit/537.36 (KHTML, like Gecko) Chrome/120.0.0.0 Safari/537.36"
20.206.107.78 - - [19/Jul/2026:12:21:19 +0000] "GET /admin.php HTTP/1.1" 401 53 "-" "Mozilla/5.0 (Windows NT 10.0; Win64; x64) AppleWebKit/537.36 (KHTML, like Gecko) Chrome/120.0.0.0 Safari/537.36"
20.206.107.78 - - [19/Jul/2026:12:21:19 +0000] "GET /init.php HTTP/1.1" 401 53 "-" "Mozilla/5.0 (Windows NT 10.0; Win64; x64) AppleWebKit/537.36 (KHTML, like Gecko) Chrome/120.0.0.0 Safari/537.36"
20.206.107.78 - - [19/Jul/2026:12:21:19 +0000] "GET /options.php HTTP/1.1" 401 53 "-" "Mozilla/5.0 (Windows NT 10.0; Win64; x64) AppleWebKit/537.36 (KHTML, like Gecko) Chrome/120.0.0.0 Safari/537.36"
20.206.107.78 - - [19/Jul/2026:12:21:19 +0000] "GET /wp-includes/js/codemirror/about.php HTTP/1.1" 401 53 "-" "Mozilla/5.0 (Windows NT 10.0; Win64; x64) AppleWebKit/537.36 (KHTML, like Gecko) Chrome/120.0.0.0 Safari/537.36"
20.206.107.78 - - [19/Jul/2026:12:21:19 +0000] "GET /wp-admin/css/colors/blue/ HTTP/1.1" 401 53 "-" "Mozilla/5.0 (Windows NT 10.0; Win64; x64) AppleWebKit/537.36 (KHTML, like Gecko) Chrome/120.0.0.0 Safari/537.36"
20.206.107.78 - - [19/Jul/2026:12:21:20 +0000] "GET /wp-includes/Requests/library/ HTTP/1.1" 401 53 "-" "Mozilla/5.0 (Windows NT 10.0; Win64; x64) AppleWebKit/537.36 (KHTML, like Gecko) Chrome/120.0.0.0 Safari/537.36"
20.206.107.78 - - [19/Jul/2026:12:21:20 +0000] "GET /wp-content/admin.php HTTP/1.1" 401 53 "-" "Mozilla/5.0 (Windows NT 10.0; Win64; x64) AppleWebKit/537.36 (KHTML, like Gecko) Chrome/120.0.0.0 Safari/537.36"
20.206.107.78 - - [19/Jul/2026:12:21:20 +0000] "GET /wp-configs.php HTTP/1.1" 401 53 "-" "Mozilla/5.0 (Windows NT 10.0; Win64; x64) AppleWebKit/537.36 (KHTML, like Gecko) Chrome/120.0.0.0 Safari/537.36"
20.206.107.78 - - [19/Jul/2026:12:21:20 +0000] "GET /php.php HTTP/1.1" 401 53 "-" "Mozilla/5.0 (Windows NT 10.0; Win64; x64) AppleWebKit/537.36 (KHTML, like Gecko) Chrome/120.0.0.0 Safari/537.36"
20.206.107.78 - - [19/Jul/2026:12:21:20 +0000] "GET /wp-includes/index.php HTTP/1.1" 401 53 "-" "Mozilla/5.0 (Windows NT 10.0; Win64; x64) AppleWebKit/537.36 (KHTML, like Gecko) Chrome/120.0.0.0 Safari/537.36"
20.206.107.78 - - [19/Jul/2026:12:21:20 +0000] "GET /wp-content/themes/admin.php HTTP/1.1" 401 53 "-" "Mozilla/5.0 (Windows NT 10.0; Win64; x64) AppleWebKit/537.36 (KHTML, like Gecko) Chrome/120.0.0.0 Safari/537.36"
20.206.107.78 - - [19/Jul/2026:12:21:21 +0000] "GET /wp-admin/a.php HTTP/1.1" 401 53 "-" "Mozilla/5.0 (Windows NT 10.0; Win64; x64) AppleWebKit/537.36 (KHTML, like Gecko) Chrome/120.0.0.0 Safari/537.36"
20.206.107.78 - - [19/Jul/2026:12:21:21 +0000] "GET /wp-includes/sitemaps/providers/ HTTP/1.1" 401 53 "-" "Mozilla/5.0 (Windows NT 10.0; Win64; x64) AppleWebKit/537.36 (KHTML, like Gecko) Chrome/120.0.0.0 Safari/537.36"
20.206.107.78 - - [19/Jul/2026:12:21:21 +0000] "GET /wp-includes/block-bindings/ HTTP/1.1" 401 53 "-" "Mozilla/5.0 (Windows NT 10.0; Win64; x64) AppleWebKit/537.36 (KHTML, like Gecko) Chrome/120.0.0.0 Safari/537.36"
20.206.107.78 - - [19/Jul/2026:12:21:21 +0000] "GET /wp-includes/Text/about.php HTTP/1.1" 401 53 "-" "Mozilla/5.0 (Windows NT 10.0; Win64; x64) AppleWebKit/537.36 (KHTML, like Gecko) Chrome/120.0.0.0 Safari/537.36"
20.206.107.78 - - [19/Jul/2026:12:21:21 +0000] "GET /wp-admin.php HTTP/1.1" 401 53 "-" "Mozilla/5.0 (Windows NT 10.0; Win64; x64) AppleWebKit/537.36 (KHTML, like Gecko) Chrome/120.0.0.0 Safari/537.36"
20.206.107.78 - - [19/Jul/2026:12:21:22 +0000] "GET /size.php HTTP/1.1" 401 53 "-" "Mozilla/5.0 (Windows NT 10.0; Win64; x64) AppleWebKit/537.36 (KHTML, like Gecko) Chrome/120.0.0.0 Safari/537.36"
20.206.107.78 - - [19/Jul/2026:12:21:22 +0000] "GET /wp-includes/wp-class.php HTTP/1.1" 401 53 "-" "Mozilla/5.0 (Windows NT 10.0; Win64; x64) AppleWebKit/537.36 (KHTML, like Gecko) Chrome/120.0.0.0 Safari/537.36"
20.206.107.78 - - [19/Jul/2026:12:21:22 +0000] "GET /403.php HTTP/1.1" 401 53 "-" "Mozilla/5.0 (Windows NT 10.0; Win64; x64) AppleWebKit/537.36 (KHTML, like Gecko) Chrome/120.0.0.0 Safari/537.36"
20.206.107.78 - - [19/Jul/2026:12:21:22 +0000] "GET /wp-includes/IXR/wp-login.php HTTP/1.1" 401 53 "-" "Mozilla/5.0 (Windows NT 10.0; Win64; x64) AppleWebKit/537.36 (KHTML, like Gecko) Chrome/120.0.0.0 Safari/537.36"
20.206.107.78 - - [19/Jul/2026:12:21:22 +0000] "GET /wp-admin/includes/index.php HTTP/1.1" 401 53 "-" "Mozilla/5.0 (Windows NT 10.0; Win64; x64) AppleWebKit/537.36 (KHTML, like Gecko) Chrome/120.0.0.0 Safari/537.36"
20.206.107.78 - - [19/Jul/2026:12:21:22 +0000] "GET /wp-admin/js/widgets/index.php HTTP/1.1" 401 53 "-" "Mozilla/5.0 (Windows NT 10.0; Win64; x64) AppleWebKit/537.36 (KHTML, like Gecko) Chrome/120.0.0.0 Safari/537.36"
20.206.107.78 - - [19/Jul/2026:12:21:23 +0000] "GET /plugins.php HTTP/1.1" 401 53 "-" "Mozilla/5.0 (Windows NT 10.0; Win64; x64) AppleWebKit/537.36 (KHTML, like Gecko) Chrome/120.0.0.0 Safari/537.36"
20.206.107.78 - - [19/Jul/2026:12:21:23 +0000] "GET /wp-includes/js/index.php HTTP/1.1" 401 53 "-" "Mozilla/5.0 (Windows NT 10.0; Win64; x64) AppleWebKit/537.36 (KHTML, like Gecko) Chrome/120.0.0.0 Safari/537.36"
20.206.107.78 - - [19/Jul/2026:12:21:23 +0000] "GET /go.php HTTP/1.1" 401 53 "-" "Mozilla/5.0 (Windows NT 10.0; Win64; x64) AppleWebKit/537.36 (KHTML, like Gecko) Chrome/120.0.0.0 Safari/537.36"
20.206.107.78 - - [19/Jul/2026:12:21:23 +0000] "GET /aaa.php HTTP/1.1" 401 53 "-" "Mozilla/5.0 (Windows NT 10.0; Win64; x64) AppleWebKit/537.36 (KHTML, like Gecko) Chrome/120.0.0.0 Safari/537.36"
20.206.107.78 - - [19/Jul/2026:12:21:23 +0000] "GET /getid3-core.php HTTP/1.1" 401 53 "-" "Mozilla/5.0 (Windows NT 10.0; Win64; x64) AppleWebKit/537.36 (KHTML, like Gecko) Chrome/120.0.0.0 Safari/537.36"
20.206.107.78 - - [19/Jul/2026:12:21:23 +0000] "GET /adminer.php HTTP/1.1" 401 53 "-" "Mozilla/5.0 (Windows NT 10.0; Win64; x64) AppleWebKit/537.36 (KHTML, like Gecko) Chrome/120.0.0.0 Safari/537.36"
20.206.107.78 - - [19/Jul/2026:12:21:24 +0000] "GET /wp-admin/maint/index.php HTTP/1.1" 401 53 "-" "Mozilla/5.0 (Windows NT 10.0; Win64; x64) AppleWebKit/537.36 (KHTML, like Gecko) Chrome/120.0.0.0 Safari/537.36"
20.206.107.78 - - [19/Jul/2026:12:21:24 +0000] "GET /wp-content/uploads/2024/ HTTP/1.1" 401 53 "-" "Mozilla/5.0 (Windows NT 10.0; Win64; x64) AppleWebKit/537.36 (KHTML, like Gecko) Chrome/120.0.0.0 Safari/537.36"
20.206.107.78 - - [19/Jul/2026:12:21:24 +0000] "GET /alfa.php HTTP/1.1" 401 53 "-" "Mozilla/5.0 (Windows NT 10.0; Win64; x64) AppleWebKit/537.36 (KHTML, like Gecko) Chrome/120.0.0.0 Safari/537.36"
20.206.107.78 - - [19/Jul/2026:12:21:24 +0000] "GET /wp-content/uploads/ HTTP/1.1" 401 53 "-" "Mozilla/5.0 (Windows NT 10.0; Win64; x64) AppleWebKit/537.36 (KHTML, like Gecko) Chrome/120.0.0.0 Safari/537.36"
20.206.107.78 - - [19/Jul/2026:12:21:24 +0000] "GET /wp-content/themes/alera/alpha.php HTTP/1.1" 401 53 "-" "Mozilla/5.0 (Windows NT 10.0; Win64; x64) AppleWebKit/537.36 (KHTML, like Gecko) Chrome/120.0.0.0 Safari/537.36"
20.206.107.78 - - [19/Jul/2026:12:21:25 +0000] "GET /wp-includes/SimplePie/about.php HTTP/1.1" 401 53 "-" "Mozilla/5.0 (Windows NT 10.0; Win64; x64) AppleWebKit/537.36 (KHTML, like Gecko) Chrome/120.0.0.0 Safari/537.36"
20.206.107.78 - - [19/Jul/2026:12:21:25 +0000] "GET /wp-content/plugins/linkpreview/index.php HTTP/1.1" 401 53 "-" "Mozilla/5.0 (Windows NT 10.0; Win64; x64) AppleWebKit/537.36 (KHTML, like Gecko) Chrome/120.0.0.0 Safari/537.36"
20.206.107.78 - - [19/Jul/2026:12:21:25 +0000] "GET /edit.php HTTP/1.1" 401 53 "-" "Mozilla/5.0 (Windows NT 10.0; Win64; x64) AppleWebKit/537.36 (KHTML, like Gecko) Chrome/120.0.0.0 Safari/537.36"
20.206.107.78 - - [19/Jul/2026:12:21:25 +0000] "GET /wp-includes/block-supports/ HTTP/1.1" 401 53 "-" "Mozilla/5.0 (Windows NT 10.0; Win64; x64) AppleWebKit/537.36 (KHTML, like Gecko) Chrome/120.0.0.0 Safari/537.36"
20.206.107.78 - - [19/Jul/2026:12:21:25 +0000] "GET /wp-content/ HTTP/1.1" 401 53 "-" "Mozilla/5.0 (Windows NT 10.0; Win64; x64) AppleWebKit/537.36 (KHTML, like Gecko) Chrome/120.0.0.0 Safari/537.36"
20.206.107.78 - - [19/Jul/2026:12:21:26 +0000] "GET /file5.php HTTP/1.1" 401 53 "-" "Mozilla/5.0 (Windows NT 10.0; Win64; x64) AppleWebKit/537.36 (KHTML, like Gecko) Chrome/120.0.0.0 Safari/537.36"
20.206.107.78 - - [19/Jul/2026:12:21:26 +0000] "GET /sf.php HTTP/1.1" 401 53 "-" "Mozilla/5.0 (Windows NT 10.0; Win64; x64) AppleWebKit/537.36 (KHTML, like Gecko) Chrome/120.0.0.0 Safari/537.36"
20.206.107.78 - - [19/Jul/2026:12:21:26 +0000] "GET /404.php HTTP/1.1" 401 53 "-" "Mozilla/5.0 (Windows NT 10.0; Win64; x64) AppleWebKit/537.36 (KHTML, like Gecko) Chrome/120.0.0.0 Safari/537.36"
20.206.107.78 - - [19/Jul/2026:12:21:26 +0000] "GET /wp-admin/js/widgets/ HTTP/1.1" 401 53 "-" "Mozilla/5.0 (Windows NT 10.0; Win64; x64) AppleWebKit/537.36 (KHTML, like Gecko) Chrome/120.0.0.0 Safari/537.36"
20.206.107.78 - - [19/Jul/2026:12:21:26 +0000] "GET /wso.php HTTP/1.1" 401 53 "-" "Mozilla/5.0 (Windows NT 10.0; Win64; x64) AppleWebKit/537.36 (KHTML, like Gecko) Chrome/120.0.0.0 Safari/537.36"
20.206.107.78 - - [19/Jul/2026:12:21:26 +0000] "GET /ioxi-o.php HTTP/1.1" 401 53 "-" "Mozilla/5.0 (Windows NT 10.0; Win64; x64) AppleWebKit/537.36 (KHTML, like Gecko) Chrome/120.0.0.0 Safari/537.36"
20.206.107.78 - - [19/Jul/2026:12:21:27 +0000] "GET /file56.php HTTP/1.1" 401 53 "-" "Mozilla/5.0 (Windows NT 10.0; Win64; x64) AppleWebKit/537.36 (KHTML, like Gecko) Chrome/120.0.0.0 Safari/537.36"
20.206.107.78 - - [19/Jul/2026:12:21:27 +0000] "GET /wp-includes/PHPMailer/admin.php HTTP/1.1" 401 53 "-" "Mozilla/5.0 (Windows NT 10.0; Win64; x64) AppleWebKit/537.36 (KHTML, like Gecko) Chrome/120.0.0.0 Safari/537.36"
20.206.107.78 - - [19/Jul/2026:12:21:27 +0000] "GET /wp-admin/css/index.php HTTP/1.1" 401 53 "-" "Mozilla/5.0 (Windows NT 10.0; Win64; x64) AppleWebKit/537.36 (KHTML, like Gecko) Chrome/120.0.0.0 Safari/537.36"
20.206.107.78 - - [19/Jul/2026:12:21:27 +0000] "GET /wp-content/edit.php HTTP/1.1" 401 53 "-" "Mozilla/5.0 (Windows NT 10.0; Win64; x64) AppleWebKit/537.36 (KHTML, like Gecko) Chrome/120.0.0.0 Safari/537.36"
20.206.107.78 - - [19/Jul/2026:12:21:27 +0000] "GET /2.php HTTP/1.1" 401 53 "-" "Mozilla/5.0 (Windows NT 10.0; Win64; x64) AppleWebKit/537.36 (KHTML, like Gecko) Chrome/120.0.0.0 Safari/537.36"
20.206.107.78 - - [19/Jul/2026:12:21:27 +0000] "GET /wp-content/uploads/admin.php HTTP/1.1" 401 53 "-" "Mozilla/5.0 (Windows NT 10.0; Win64; x64) AppleWebKit/537.36 (KHTML, like Gecko) Chrome/120.0.0.0 Safari/537.36"
20.206.107.78 - - [19/Jul/2026:12:21:28 +0000] "GET /mah.php HTTP/1.1" 401 53 "-" "Mozilla/5.0 (Windows NT 10.0; Win64; x64) AppleWebKit/537.36 (KHTML, like Gecko) Chrome/120.0.0.0 Safari/537.36"
20.206.107.78 - - [19/Jul/2026:12:21:28 +0000] "GET /send.php HTTP/1.1" 401 53 "-" "Mozilla/5.0 (Windows NT 10.0; Win64; x64) AppleWebKit/537.36 (KHTML, like Gecko) Chrome/120.0.0.0 Safari/537.36"
20.206.107.78 - - [19/Jul/2026:12:21:28 +0000] "GET /wp-content/plugins/dummyyummy/wp-signup.php HTTP/1.1" 401 53 "-" "Mozilla/5.0 (Windows NT 10.0; Win64; x64) AppleWebKit/537.36 (KHTML, like Gecko) Chrome/120.0.0.0 Safari/537.36"
20.206.107.78 - - [19/Jul/2026:12:21:28 +0000] "GET /wp-includes/js/crop/ HTTP/1.1" 401 53 "-" "Mozilla/5.0 (Windows NT 10.0; Win64; x64) AppleWebKit/537.36 (KHTML, like Gecko) Chrome/120.0.0.0 Safari/537.36"
20.206.107.78 - - [19/Jul/2026:12:21:28 +0000] "GET /about.php HTTP/1.1" 401 53 "-" "Mozilla/5.0 (Windows NT 10.0; Win64; x64) AppleWebKit/537.36 (KHTML, like Gecko) Chrome/120.0.0.0 Safari/537.36"
20.206.107.78 - - [19/Jul/2026:12:21:28 +0000] "GET /wp-content/themes/index.php HTTP/1.1" 401 53 "-" "Mozilla/5.0 (Windows NT 10.0; Win64; x64) AppleWebKit/537.36 (KHTML, like Gecko) Chrome/120.0.0.0 Safari/537.36"
20.206.107.78 - - [19/Jul/2026:12:21:29 +0000] "GET /wp-file.php HTTP/1.1" 401 53 "-" "Mozilla/5.0 (Windows NT 10.0; Win64; x64) AppleWebKit/537.36 (KHTML, like Gecko) Chrome/120.0.0.0 Safari/537.36"
20.206.107.78 - - [19/Jul/2026:12:21:29 +0000] "GET /sid3.php HTTP/1.1" 401 53 "-" "Mozilla/5.0 (Windows NT 10.0; Win64; x64) AppleWebKit/537.36 (KHTML, like Gecko) Chrome/120.0.0.0 Safari/537.36"
20.206.107.78 - - [19/Jul/2026:12:21:29 +0000] "GET /themes.php HTTP/1.1" 401 53 "-" "Mozilla/5.0 (Windows NT 10.0; Win64; x64) AppleWebKit/537.36 (KHTML, like Gecko) Chrome/120.0.0.0 Safari/537.36"
20.206.107.78 - - [19/Jul/2026:12:21:29 +0000] "GET /wp-content/plugins/index.php HTTP/1.1" 401 53 "-" "Mozilla/5.0 (Windows NT 10.0; Win64; x64) AppleWebKit/537.36 (KHTML, like Gecko) Chrome/120.0.0.0 Safari/537.36"
20.206.107.78 - - [19/Jul/2026:12:21:29 +0000] "GET /admin/controller/extension/extension/ HTTP/1.1" 401 53 "-" "Mozilla/5.0 (Windows NT 10.0; Win64; x64) AppleWebKit/537.36 (KHTML, like Gecko) Chrome/120.0.0.0 Safari/537.36"
20.206.107.78 - - [19/Jul/2026:12:21:30 +0000] "GET /wp-includes/css/dist/widgets/ HTTP/1.1" 401 53 "-" "Mozilla/5.0 (Windows NT 10.0; Win64; x64) AppleWebKit/537.36 (KHTML, like Gecko) Chrome/120.0.0.0 Safari/537.36"
20.206.107.78 - - [19/Jul/2026:12:21:30 +0000] "GET /wp-admin/images/index.php HTTP/1.1" 401 53 "-" "Mozilla/5.0 (Windows NT 10.0; Win64; x64) AppleWebKit/537.36 (KHTML, like Gecko) Chrome/120.0.0.0 Safari/537.36"
20.206.107.78 - - [19/Jul/2026:12:21:30 +0000] "GET /num.php HTTP/1.1" 401 53 "-" "Mozilla/5.0 (Windows NT 10.0; Win64; x64) AppleWebKit/537.36 (KHTML, like Gecko) Chrome/120.0.0.0 Safari/537.36"
20.206.107.78 - - [19/Jul/2026:12:21:30 +0000] "GET /wp-admin/css/colors/ocean/ HTTP/1.1" 401 53 "-" "Mozilla/5.0 (Windows NT 10.0; Win64; x64) AppleWebKit/537.36 (KHTML, like Gecko) Chrome/120.0.0.0 Safari/537.36"
194.39.149.53 - - [19/Jul/2026:12:21:30 +0000] "POST /wp-cron.php?doing_wp_cron=1784463690.5110950469970703125000 HTTP/1.1" 200 0 "-" "WordPress/7.0.2; https://keeloil.com"
88.201.0.153 - - [19/Jul/2026:12:21:29 +0000] "GET /shop/?_wpnonce=14b3cd4e3a&add_to_wishlist=92 HTTP/1.1" 200 17928 "-" "Mozilla/5.0 (Macintosh; Intel Mac OS X 10_11_6) AppleWebKit/537.36 (KHTML, like Gecko) Brave Chrome/79.0.3945.88 Safari/537.36"
20.206.107.78 - - [19/Jul/2026:12:21:30 +0000] "GET /wp-content/et-cache/ HTTP/1.1" 401 53 "-" "Mozilla/5.0 (Windows NT 10.0; Win64; x64) AppleWebKit/537.36 (KHTML, like Gecko) Chrome/120.0.0.0 Safari/537.36"
20.206.107.78 - - [19/Jul/2026:12:21:30 +0000] "GET /wp-admin/images/admin.php HTTP/1.1" 401 53 "-" "Mozilla/5.0 (Windows NT 10.0; Win64; x64) AppleWebKit/537.36 (KHTML, like Gecko) Chrome/120.0.0.0 Safari/537.36"
20.206.107.78 - - [19/Jul/2026:12:21:31 +0000] "GET /wp-content/upgrade/index.php HTTP/1.1" 401 53 "-" "Mozilla/5.0 (Windows NT 10.0; Win64; x64) AppleWebKit/537.36 (KHTML, like Gecko) Chrome/120.0.0.0 Safari/537.36"
20.206.107.78 - - [19/Jul/2026:12:21:31 +0000] "GET /wp-includes/SimplePie/index.php HTTP/1.1" 401 53 "-" "Mozilla/5.0 (Windows NT 10.0; Win64; x64) AppleWebKit/537.36 (KHTML, like Gecko) Chrome/120.0.0.0 Safari/537.36"
20.206.107.78 - - [19/Jul/2026:12:21:31 +0000] "GET /gifclass.php HTTP/1.1" 401 53 "-" "Mozilla/5.0 (Windows NT 10.0; Win64; x64) AppleWebKit/537.36 (KHTML, like Gecko) Chrome/120.0.0.0 Safari/537.36"
20.206.107.78 - - [19/Jul/2026:12:21:31 +0000] "GET /wp-includes/certificates/ HTTP/1.1" 401 53 "-" "Mozilla/5.0 (Windows NT 10.0; Win64; x64) AppleWebKit/537.36 (KHTML, like Gecko) Chrome/120.0.0.0 Safari/537.36"
20.206.107.78 - - [19/Jul/2026:12:21:31 +0000] "GET /222.php HTTP/1.1" 401 53 "-" "Mozilla/5.0 (Windows NT 10.0; Win64; x64) AppleWebKit/537.36 (KHTML, like Gecko) Chrome/120.0.0.0 Safari/537.36"
20.206.107.78 - - [19/Jul/2026:12:21:31 +0000] "GET /wp-content/plugins/admin.php HTTP/1.1" 401 53 "-" "Mozilla/5.0 (Windows NT 10.0; Win64; x64) AppleWebKit/537.36 (KHTML, like Gecko) Chrome/120.0.0.0 Safari/537.36"
20.206.107.78 - - [19/Jul/2026:12:21:32 +0000] "GET /css/index.php HTTP/1.1" 401 53 "-" "Mozilla/5.0 (Windows NT 10.0; Win64; x64) AppleWebKit/537.36 (KHTML, like Gecko) Chrome/120.0.0.0 Safari/537.36"
20.206.107.78 - - [19/Jul/2026:12:21:32 +0000] "GET /wp-cron.php HTTP/1.1" 401 53 "-" "Mozilla/5.0 (Windows NT 10.0; Win64; x64) AppleWebKit/537.36 (KHTML, like Gecko) Chrome/120.0.0.0 Safari/537.36"
20.206.107.78 - - [19/Jul/2026:12:21:32 +0000] "GET /wp-block.php HTTP/1.1" 401 53 "-" "Mozilla/5.0 (Windows NT 10.0; Win64; x64) AppleWebKit/537.36 (KHTML, like Gecko) Chrome/120.0.0.0 Safari/537.36"
20.206.107.78 - - [19/Jul/2026:12:21:32 +0000] "GET /wp-includes/fonts/admin.php HTTP/1.1" 401 53 "-" "Mozilla/5.0 (Windows NT 10.0; Win64; x64) AppleWebKit/537.36 (KHTML, like Gecko) Chrome/120.0.0.0 Safari/537.36"
20.206.107.78 - - [19/Jul/2026:12:21:32 +0000] "GET /wp-admin/css/colors/modern/ HTTP/1.1" 401 53 "-" "Mozilla/5.0 (Windows NT 10.0; Win64; x64) AppleWebKit/537.36 (KHTML, like Gecko) Chrome/120.0.0.0 Safari/537.36"
20.206.107.78 - - [19/Jul/2026:12:21:32 +0000] "GET /classwithtostring.php HTTP/1.1" 401 53 "-" "Mozilla/5.0 (Windows NT 10.0; Win64; x64) AppleWebKit/537.36 (KHTML, like Gecko) Chrome/120.0.0.0 Safari/537.36"
20.206.107.78 - - [19/Jul/2026:12:21:33 +0000] "GET /test1.php HTTP/1.1" 401 53 "-" "Mozilla/5.0 (Windows NT 10.0; Win64; x64) AppleWebKit/537.36 (KHTML, like Gecko) Chrome/120.0.0.0 Safari/537.36"
20.206.107.78 - - [19/Jul/2026:12:21:33 +0000] "GET /wp-admin/images/ HTTP/1.1" 401 53 "-" "Mozilla/5.0 (Windows NT 10.0; Win64; x64) AppleWebKit/537.36 (KHTML, like Gecko) Chrome/120.0.0.0 Safari/537.36"
20.206.107.78 - - [19/Jul/2026:12:21:33 +0000] "GET /images/index.php HTTP/1.1" 401 53 "-" "Mozilla/5.0 (Windows NT 10.0; Win64; x64) AppleWebKit/537.36 (KHTML, like Gecko) Chrome/120.0.0.0 Safari/537.36"
20.206.107.78 - - [19/Jul/2026:12:21:33 +0000] "GET /wp-includes/rest-api/fields/ HTTP/1.1" 401 53 "-" "Mozilla/5.0 (Windows NT 10.0; Win64; x64) AppleWebKit/537.36 (KHTML, like Gecko) Chrome/120.0.0.0 Safari/537.36"
20.206.107.78 - - [19/Jul/2026:12:21:33 +0000] "GET /asd.php HTTP/1.1" 401 53 "-" "Mozilla/5.0 (Windows NT 10.0; Win64; x64) AppleWebKit/537.36 (KHTML, like Gecko) Chrome/120.0.0.0 Safari/537.36"
20.206.107.78 - - [19/Jul/2026:12:21:33 +0000] "GET /wp-includes/customize/index.php HTTP/1.1" 401 53 "-" "Mozilla/5.0 (Windows NT 10.0; Win64; x64) AppleWebKit/537.36 (KHTML, like Gecko) Chrome/120.0.0.0 Safari/537.36"
20.206.107.78 - - [19/Jul/2026:12:21:34 +0000] "GET /wp-content/plugins/core-plugin/include.php HTTP/1.1" 401 53 "-" "Mozilla/5.0 (Windows NT 10.0; Win64; x64) AppleWebKit/537.36 (KHTML, like Gecko) Chrome/120.0.0.0 Safari/537.36"
20.206.107.78 - - [19/Jul/2026:12:21:34 +0000] "GET /atomlib.php HTTP/1.1" 401 53 "-" "Mozilla/5.0 (Windows NT 10.0; Win64; x64) AppleWebKit/537.36 (KHTML, like Gecko) Chrome/120.0.0.0 Safari/537.36"
20.206.107.78 - - [19/Jul/2026:12:21:34 +0000] "GET /wp-includes/html-api/ HTTP/1.1" 401 53 "-" "Mozilla/5.0 (Windows NT 10.0; Win64; x64) AppleWebKit/537.36 (KHTML, like Gecko) Chrome/120.0.0.0 Safari/537.36"
20.206.107.78 - - [19/Jul/2026:12:21:34 +0000] "GET /wp-admin/js/ HTTP/1.1" 401 53 "-" "Mozilla/5.0 (Windows NT 10.0; Win64; x64) AppleWebKit/537.36 (KHTML, like Gecko) Chrome/120.0.0.0 Safari/537.36"
20.206.107.78 - - [19/Jul/2026:12:21:34 +0000] "GET /wp-includes/IXR/chosen.php HTTP/1.1" 401 53 "-" "Mozilla/5.0 (Windows NT 10.0; Win64; x64) AppleWebKit/537.36 (KHTML, like Gecko) Chrome/120.0.0.0 Safari/537.36"
20.206.107.78 - - [19/Jul/2026:12:21:34 +0000] "GET /wp-admin/css/colors/ectoplasm/ HTTP/1.1" 401 53 "-" "Mozilla/5.0 (Windows NT 10.0; Win64; x64) AppleWebKit/537.36 (KHTML, like Gecko) Chrome/120.0.0.0 Safari/537.36"
20.206.107.78 - - [19/Jul/2026:12:21:35 +0000] "GET /wp-includes/blocks/block/ HTTP/1.1" 401 53 "-" "Mozilla/5.0 (Windows NT 10.0; Win64; x64) AppleWebKit/537.36 (KHTML, like Gecko) Chrome/120.0.0.0 Safari/537.36"
20.206.107.78 - - [19/Jul/2026:12:21:35 +0000] "GET /wp-includes/pomo/ HTTP/1.1" 401 53 "-" "Mozilla/5.0 (Windows NT 10.0; Win64; x64) AppleWebKit/537.36 (KHTML, like Gecko) Chrome/120.0.0.0 Safari/537.36"
20.206.107.78 - - [19/Jul/2026:12:21:35 +0000] "GET /wp-includes/rest-api/ HTTP/1.1" 401 53 "-" "Mozilla/5.0 (Windows NT 10.0; Win64; x64) AppleWebKit/537.36 (KHTML, like Gecko) Chrome/120.0.0.0 Safari/537.36"
20.206.107.78 - - [19/Jul/2026:12:21:35 +0000] "GET /inputs.php HTTP/1.1" 401 53 "-" "Mozilla/5.0 (Windows NT 10.0; Win64; x64) AppleWebKit/537.36 (KHTML, like Gecko) Chrome/120.0.0.0 Safari/537.36"
20.206.107.78 - - [19/Jul/2026:12:21:35 +0000] "GET /wp-content/index.php HTTP/1.1" 401 53 "-" "Mozilla/5.0 (Windows NT 10.0; Win64; x64) AppleWebKit/537.36 (KHTML, like Gecko) Chrome/120.0.0.0 Safari/537.36"
20.206.107.78 - - [19/Jul/2026:12:21:36 +0000] "GET /wp-admin/network/index.php HTTP/1.1" 401 53 "-" "Mozilla/5.0 (Windows NT 10.0; Win64; x64) AppleWebKit/537.36 (KHTML, like Gecko) Chrome/120.0.0.0 Safari/537.36"
20.206.107.78 - - [19/Jul/2026:12:21:36 +0000] "GET /wp-content/1.php HTTP/1.1" 401 53 "-" "Mozilla/5.0 (Windows NT 10.0; Win64; x64) AppleWebKit/537.36 (KHTML, like Gecko) Chrome/120.0.0.0 Safari/537.36"
20.206.107.78 - - [19/Jul/2026:12:21:36 +0000] "GET /plugin.php HTTP/1.1" 401 53 "-" "Mozilla/5.0 (Windows NT 10.0; Win64; x64) AppleWebKit/537.36 (KHTML, like Gecko) Chrome/120.0.0.0 Safari/537.36"
20.206.107.78 - - [19/Jul/2026:12:21:36 +0000] "GET /1.php HTTP/1.1" 401 53 "-" "Mozilla/5.0 (Windows NT 10.0; Win64; x64) AppleWebKit/537.36 (KHTML, like Gecko) Chrome/120.0.0.0 Safari/537.36"
20.206.107.78 - - [19/Jul/2026:12:21:36 +0000] "GET /gg.php HTTP/1.1" 401 53 "-" "Mozilla/5.0 (Windows NT 10.0; Win64; x64) AppleWebKit/537.36 (KHTML, like Gecko) Chrome/120.0.0.0 Safari/537.36"
20.206.107.78 - - [19/Jul/2026:12:21:36 +0000] "GET /wp-includes/images/crystal/ HTTP/1.1" 401 53 "-" "Mozilla/5.0 (Windows NT 10.0; Win64; x64) AppleWebKit/537.36 (KHTML, like Gecko) Chrome/120.0.0.0 Safari/537.36"
20.206.107.78 - - [19/Jul/2026:12:21:37 +0000] "GET /aa.php HTTP/1.1" 401 53 "-" "Mozilla/5.0 (Windows NT 10.0; Win64; x64) AppleWebKit/537.36 (KHTML, like Gecko) Chrome/120.0.0.0 Safari/537.36"
20.206.107.78 - - [19/Jul/2026:12:21:37 +0000] "GET /wp-content/languages/index.php HTTP/1.1" 401 53 "-" "Mozilla/5.0 (Windows NT 10.0; Win64; x64) AppleWebKit/537.36 (KHTML, like Gecko) Chrome/120.0.0.0 Safari/537.36"
20.206.107.78 - - [19/Jul/2026:12:21:37 +0000] "GET /wp.php HTTP/1.1" 401 53 "-" "Mozilla/5.0 (Windows NT 10.0; Win64; x64) AppleWebKit/537.36 (KHTML, like Gecko) Chrome/120.0.0.0 Safari/537.36"
20.206.107.78 - - [19/Jul/2026:12:21:37 +0000] "GET /wp-includes/blocks/about.php HTTP/1.1" 401 53 "-" "Mozilla/5.0 (Windows NT 10.0; Win64; x64) AppleWebKit/537.36 (KHTML, like Gecko) Chrome/120.0.0.0 Safari/537.36"
20.206.107.78 - - [19/Jul/2026:12:21:37 +0000] "GET /wp-admin/file.php HTTP/1.1" 401 53 "-" "Mozilla/5.0 (Windows NT 10.0; Win64; x64) AppleWebKit/537.36 (KHTML, like Gecko) Chrome/120.0.0.0 Safari/537.36"
20.206.107.78 - - [19/Jul/2026:12:21:37 +0000] "GET /wp-admin/user/index.php HTTP/1.1" 401 53 "-" "Mozilla/5.0 (Windows NT 10.0; Win64; x64) AppleWebKit/537.36 (KHTML, like Gecko) Chrome/120.0.0.0 Safari/537.36"
20.206.107.78 - - [19/Jul/2026:12:21:38 +0000] "GET /wp-content/plugins/WordPressCore/ HTTP/1.1" 401 53 "-" "Mozilla/5.0 (Windows NT 10.0; Win64; x64) AppleWebKit/537.36 (KHTML, like Gecko) Chrome/120.0.0.0 Safari/537.36"
20.206.107.78 - - [19/Jul/2026:12:21:38 +0000] "GET /wp-admin/css/colors/blue/admin.php HTTP/1.1" 401 53 "-" "Mozilla/5.0 (Windows NT 10.0; Win64; x64) AppleWebKit/537.36 (KHTML, like Gecko) Chrome/120.0.0.0 Safari/537.36"
20.206.107.78 - - [19/Jul/2026:12:21:38 +0000] "GET /index/function.php HTTP/1.1" 401 53 "-" "Mozilla/5.0 (Windows NT 10.0; Win64; x64) AppleWebKit/537.36 (KHTML, like Gecko) Chrome/120.0.0.0 Safari/537.36"
20.206.107.78 - - [19/Jul/2026:12:21:38 +0000] "GET /wp-includes/PHPMailer/ HTTP/1.1" 401 53 "-" "Mozilla/5.0 (Windows NT 10.0; Win64; x64) AppleWebKit/537.36 (KHTML, like Gecko) Chrome/120.0.0.0 Safari/537.36"
20.206.107.78 - - [19/Jul/2026:12:21:38 +0000] "GET /wp-includes/css/ HTTP/1.1" 401 53 "-" "Mozilla/5.0 (Windows NT 10.0; Win64; x64) AppleWebKit/537.36 (KHTML, like Gecko) Chrome/120.0.0.0 Safari/537.36"
57.141.0.11 - - [19/Jul/2026:12:21:50 +0000] "GET /2026/01/08/total-casino-peut-il-devenir-le-meilleur-choix-pour-les-nouveaux-joueurs/ HTTP/2" 200 81018 "-" "Mozilla/5.0 (Windows NT 10.0; Win64; x64) AppleWebKit/537.36 (KHTML, like Gecko) Chrome/145.0.0.0 Safari/537.36 (compatible; meta-externalagent/1.1 (+https://developers.facebook.com/docs/sharing/webmasters/crawler))"
194.39.149.53 - - [19/Jul/2026:12:22:11 +0000] "POST /wp-cron.php?doing_wp_cron=1784463731.6310229301452636718750 HTTP/1.1" 200 0 "-" "WordPress/7.0.2; https://keeloil.com"
193.36.225.130 - - [19/Jul/2026:12:22:10 +0000] "POST /wp-login.php HTTP/1.1" 200 2142 "-" "Mozilla/5.0 (Windows NT 10.0; Win64; x64) AppleWebKit/537.36 Chrome/129.0.0.0 Safari/537.36"
194.39.149.53 - - [19/Jul/2026:12:24:24 +0000] "POST /wp-cron.php?doing_wp_cron=1784463864.2194530963897705078125 HTTP/1.1" 200 0 "-" "WordPress/7.0.2; https://keeloil.com"
213.230.78.211 - - [19/Jul/2026:12:24:21 +0000] "GET /home/page/1/?_wpnonce=82221a8ac4&add_to_wishlist=92 HTTP/1.1" 301 0 "-" "Mozilla/5.0 (X11; CrOS i686 4319.74.0) AppleWebKit/537.36 (KHTML, like Gecko) Chrome/29.0.1547.57 Safari/537.36"
213.230.78.211 - - [19/Jul/2026:12:24:27 +0000] "GET /home/?_wpnonce=82221a8ac4&add_to_wishlist=92 HTTP/1.1" 200 24653 "-" "Mozilla/5.0 (X11; CrOS i686 4319.74.0) AppleWebKit/537.36 (KHTML, like Gecko) Chrome/29.0.1547.57 Safari/537.36"
40.77.167.159 - - [19/Jul/2026:12:24:30 +0000] "GET /Inch-Framing-Layout-Tool-Aluminum-Stud-Spacing-Jig-For-Quick-360419/ HTTP/2" 404 13180 "-" "Mozilla/5.0 AppleWebKit/537.36 (KHTML, like Gecko; compatible; bingbot/2.0; +http://www.bing.com/bingbot.htm) Chrome/116.0.1938.76 Safari/537.36"
91.142.222.105 - - [19/Jul/2026:12:26:50 +0000] "POST /xmlrpc.php HTTP/2" 403 1242 "-" "Mozilla/5.0 (Windows NT 10.0; Win64; x64) AppleWebKit/537.36 (KHTML, like Gecko) Chrome/147.0.0.0 Safari/537.36"
194.39.149.53 - - [19/Jul/2026:12:27:43 +0000] "POST /wp-cron.php?doing_wp_cron=1784464063.8370599746704101562500 HTTP/1.1" 200 0 "-" "WordPress/7.0.2; https://keeloil.com"
40.77.167.16 - - [19/Jul/2026:12:27:42 +0000] "GET /Carbon-Monoxide-Alarm-10-Year-Battery-Operated-Digital-630589/ HTTP/2" 301 0 "-" "Mozilla/5.0 AppleWebKit/537.36 (KHTML, like Gecko; compatible; bingbot/2.0; +http://www.bing.com/bingbot.htm) Chrome/116.0.1938.76 Safari/537.36"
194.39.149.53 - - [19/Jul/2026:12:30:35 +0000] "POST /wp-cron.php?doing_wp_cron=1784464234.9309840202331542968750 HTTP/1.1" 200 0 "-" "WordPress/7.0.2; https://keeloil.com"
179.108.61.81 - - [19/Jul/2026:12:30:32 +0000] "GET /home/page/11/?_wpnonce=bc76fcdc80&add_to_wishlist=92 HTTP/1.1" 200 24523 "-" "Mozilla/5.0 (Macintosh; Intel Mac OS X 10_13_6) AppleWebKit/537.36 (KHTML, like Gecko) Chrome/91.0.4472.114 Safari/537.36"
57.141.0.51 - - [19/Jul/2026:12:33:36 +0000] "GET /2026/02/17/extra-casino-est-il-compatible-avec-tous-les-smartphones/ HTTP/2" 200 80500 "-" "Mozilla/5.0 (Windows NT 10.0; Win64; x64) AppleWebKit/537.36 (KHTML, like Gecko) Chrome/145.0.0.0 Safari/537.36 (compatible; meta-externalagent/1.1 (+https://developers.facebook.com/docs/sharing/webmasters/crawler))"
194.39.149.53 - - [19/Jul/2026:12:34:52 +0000] "POST /wp-cron.php?doing_wp_cron=1784464492.5066270828247070312500 HTTP/1.1" 200 0 "-" "WordPress/7.0.2; https://keeloil.com"
23.94.155.57 - - [19/Jul/2026:12:34:47 +0000] "POST /wp-login.php HTTP/1.1" 200 2142 "-" "Mozilla/5.0 (Windows NT 10.0; Win64; x64) AppleWebKit/537.36 Chrome/129.0.0.0 Safari/537.36"
194.39.149.53 - - [19/Jul/2026:12:35:11 +0000] "POST /wp-cron.php?doing_wp_cron=1784464511.5522310733795166015625 HTTP/1.1" 200 0 "-" "WordPress/7.0.2; https://keeloil.com"
216.73.163.130 - - [19/Jul/2026:12:35:10 +0000] "POST /wp-login.php HTTP/1.1" 200 2146 "-" "Mozilla/5.0 (Windows NT 10.0; Win64; x64) AppleWebKit/537.36 Chrome/129.0.0.0 Safari/537.36"
180.191.14.210 - - [19/Jul/2026:12:38:16 +0000] "POST /wp-comments-post.php HTTP/1.1" 403 5812 "-" "Mozilla/5.0 (Windows NT 10.0; Win64; x64) AppleWebKit/537.36 (KHTML, like Gecko) Chrome/120.0.0.0 Safari/537.36"
180.191.14.210 - - [19/Jul/2026:12:38:49 +0000] "POST /wp-comments-post.php HTTP/1.1" 403 5812 "-" "Mozilla/5.0 (Windows NT 10.0; Win64; x64) AppleWebKit/537.36 (KHTML, like Gecko) Chrome/120.0.0.0 Safari/537.36"
180.191.14.210 - - [19/Jul/2026:12:39:05 +0000] "POST /wp-comments-post.php HTTP/1.1" 403 5812 "-" "Mozilla/5.0 (Windows NT 10.0; Win64; x64) AppleWebKit/537.36 (KHTML, like Gecko) Chrome/120.0.0.0 Safari/537.36"
194.39.149.53 - - [19/Jul/2026:12:39:15 +0000] "POST /wp-cron.php?doing_wp_cron=1784464755.6281919479370117187500 HTTP/1.1" 200 0 "-" "WordPress/7.0.2; https://keeloil.com"
98.159.37.69 - - [19/Jul/2026:12:39:14 +0000] "POST /wp-login.php HTTP/1.1" 200 2142 "-" "Mozilla/5.0 (Windows NT 10.0; Win64; x64) AppleWebKit/537.36 (KHTML, like Gecko) Chrome/91.0.4472.114 Safari/537.36"
194.39.149.53 - - [19/Jul/2026:12:40:02 +0000] "POST /wp-cron.php?doing_wp_cron=1784464802.4426798820495605468750 HTTP/1.1" 200 0 "-" "WordPress/7.0.2; https://keeloil.com"
68.178.160.25 - - [19/Jul/2026:12:39:58 +0000] "GET /wp-login.php HTTP/2" 200 1785 "-" "Mozilla/5.0 (Windows NT 10.0; Win64; x64) AppleWebKit/537.36 (KHTML, like Gecko) Chrome/147.0.0.0 Safari/537.36"
68.178.160.25 - - [19/Jul/2026:12:40:03 +0000] "POST /wp-login.php HTTP/2" 200 1922 "https://keeloil.com/wp-login.php" "Mozilla/5.0 (Windows NT 10.0; Win64; x64) AppleWebKit/537.36 (KHTML, like Gecko) Chrome/147.0.0.0 Safari/537.36"
194.39.149.53 - - [19/Jul/2026:12:41:39 +0000] "POST /wp-cron.php?doing_wp_cron=1784464899.2259221076965332031250 HTTP/1.1" 200 0 "-" "WordPress/7.0.2; https://keeloil.com"
212.47.141.207 - - [19/Jul/2026:12:41:33 +0000] "GET /home/page/1/?_wpnonce=d7b92a0bd1&add_to_wishlist=92 HTTP/1.1" 301 0 "-" "Mozilla/5.0 (Macintosh; Intel Mac OS X 10_15_1) AppleWebKit/537.36 (KHTML, like Gecko) Chrome/80.0.3987.122 Safari/537.36"
212.47.141.207 - - [19/Jul/2026:12:41:40 +0000] "GET /home/?_wpnonce=d7b92a0bd1&add_to_wishlist=92 HTTP/1.1" 200 24653 "-" "Mozilla/5.0 (Macintosh; Intel Mac OS X 10_15_1) AppleWebKit/537.36 (KHTML, like Gecko) Chrome/80.0.3987.122 Safari/537.36"
194.39.149.53 - - [19/Jul/2026:12:42:02 +0000] "POST /wp-cron.php?doing_wp_cron=1784464922.8324759006500244140625 HTTP/1.1" 200 0 "-" "WordPress/7.0.2; https://keeloil.com"
113.173.147.246 - - [19/Jul/2026:12:41:59 +0000] "GET /home/page/1/?_wpnonce=d7b92a0bd1&add_to_wishlist=92 HTTP/1.1" 301 0 "-" "Mozilla/5.0 (Windows NT 6.3; Win64; x64) AppleWebKit/537.36 (KHTML, like Gecko) Chrome/100.0.4896.127 Safari/537.36"
113.173.147.246 - - [19/Jul/2026:12:42:03 +0000] "GET /home/?_wpnonce=d7b92a0bd1&add_to_wishlist=92 HTTP/1.1" 200 24653 "-" "Mozilla/5.0 (Windows NT 6.3; Win64; x64) AppleWebKit/537.36 (KHTML, like Gecko) Chrome/100.0.4896.127 Safari/537.36"
194.39.149.53 - - [19/Jul/2026:12:43:21 +0000] "POST /wp-cron.php?doing_wp_cron=1784465001.7019619941711425781250 HTTP/1.1" 200 0 "-" "WordPress/7.0.2; https://keeloil.com"
69.163.181.218 - - [19/Jul/2026:12:43:20 +0000] "GET /wp-login.php HTTP/2" 200 1785 "-" "Mozilla/5.0 (Windows NT 10.0; Win64; x64) AppleWebKit/537.36 (KHTML, like Gecko) Chrome/147.0.0.0 Safari/537.36"
69.163.181.218 - - [19/Jul/2026:12:43:22 +0000] "POST /wp-login.php HTTP/2" 200 1925 "https://keeloil.com/wp-login.php" "Mozilla/5.0 (Windows NT 10.0; Win64; x64) AppleWebKit/537.36 (KHTML, like Gecko) Chrome/147.0.0.0 Safari/537.36"
194.39.149.53 - - [19/Jul/2026:12:44:31 +0000] "POST /wp-cron.php?doing_wp_cron=1784465071.5355510711669921875000 HTTP/1.1" 200 0 "-" "WordPress/7.0.2; https://keeloil.com"
187.190.153.77 - - [19/Jul/2026:12:44:29 +0000] "GET /home/page/16/?_wpnonce=d7b92a0bd1&add_to_wishlist=92 HTTP/1.1" 200 23891 "-" "Mozilla/5.0 (Windows NT 6.1; WOW64) AppleWebKit/537.36 (KHTML, like Gecko) Chrome/67.0.3396.62 Safari/537.36"
97.74.93.24 - - [19/Jul/2026:12:45:21 +0000] "POST /xmlrpc.php HTTP/2" 403 1242 "-" "Mozilla/5.0 (Windows NT 10.0; Win64; x64) AppleWebKit/537.36 (KHTML, like Gecko) Chrome/147.0.0.0 Safari/537.36"
57.141.0.19 - - [19/Jul/2026:12:47:21 +0000] "GET /home/page/5/?add_to_wishlist=92&_wpnonce=963e5ba2a4 HTTP/2" 200 124720 "-" "Mozilla/5.0 (Windows NT 10.0; Win64; x64) AppleWebKit/537.36 (KHTML, like Gecko) Chrome/145.0.0.0 Safari/537.36 (compatible; meta-externalagent/1.1 (+https://developers.facebook.com/docs/sharing/webmasters/crawler))"
194.39.149.53 - - [19/Jul/2026:12:47:35 +0000] "POST /wp-cron.php?doing_wp_cron=1784465255.6019380092620849609375 HTTP/1.1" 200 0 "-" "WordPress/7.0.2; https://keeloil.com"
159.224.64.176 - - [19/Jul/2026:12:47:38 +0000] "GET /home/page/14/?_wpnonce=bc76fcdc80&add_to_wishlist=92 HTTP/1.1" 200 25070 "-" "Mozilla/5.0 (Macintosh; Intel Mac OS X 10_15_7) AppleWebKit/537.36 (KHTML, like Gecko) Chrome/88.0.4324.192 Safari/537.36"
23.94.155.52 - - [19/Jul/2026:12:48:49 +0000] "POST /wp-login.php HTTP/1.1" 200 2142 "-" "Mozilla/5.0 (Windows NT 10.0; Win64; rv:143.0) Gecko/20100101 Firefox/143.0"
194.39.149.53 - - [19/Jul/2026:12:49:09 +0000] "POST /wp-cron.php?doing_wp_cron=1784465348.9837439060211181640625 HTTP/1.1" 200 0 "-" "WordPress/7.0.2; https://keeloil.com"
152.228.213.32 - - [19/Jul/2026:12:50:17 +0000] "POST /xmlrpc.php HTTP/2" 403 1242 "-" "Mozilla/5.0 (Windows NT 10.0; Win64; x64) AppleWebKit/537.36 (KHTML, like Gecko) Chrome/147.0.0.0 Safari/537.36"
216.73.163.153 - - [19/Jul/2026:12:51:09 +0000] "POST /wp-login.php HTTP/1.1" 200 2146 "-" "Mozilla/5.0 (Windows NT 10.0; Win64; x64) AppleWebKit/537.36 Chrome/129.0.0.0 Safari/537.36"
194.39.149.53 - - [19/Jul/2026:12:51:18 +0000] "POST /wp-cron.php?doing_wp_cron=1784465478.0015969276428222656250 HTTP/1.1" 200 0 "-" "WordPress/7.0.2; https://keeloil.com"
194.39.149.53 - - [19/Jul/2026:12:52:35 +0000] "POST /wp-cron.php?doing_wp_cron=1784465555.7144989967346191406250 HTTP/1.1" 200 0 "-" "WordPress/7.0.2; https://keeloil.com"
193.36.225.133 - - [19/Jul/2026:12:52:30 +0000] "POST /wp-login.php HTTP/1.1" 200 2142 "-" "Mozilla/5.0 (Macintosh; Intel Mac OS X 10_15_7) AppleWebKit/605.1.15 Version/17.0 Safari/605.1.15"
194.39.149.53 - - [19/Jul/2026:12:54:19 +0000] "POST /wp-cron.php?doing_wp_cron=1784465659.8436141014099121093750 HTTP/1.1" 200 0 "-" "WordPress/7.0.2; https://keeloil.com"
152.228.213.32 - - [19/Jul/2026:12:54:15 +0000] "GET /wp-includes/wp-login.php HTTP/2" 404 13180 "-" "Mozilla/5.0 (Windows NT 10.0; Win64; x64) AppleWebKit/537.36 (KHTML, like Gecko) Chrome/147.0.0.0 Safari/537.36"
194.39.149.53 - - [19/Jul/2026:12:54:58 +0000] "POST /wp-cron.php?doing_wp_cron=1784465698.6577389240264892578125 HTTP/1.1" 200 0 "-" "WordPress/7.0.2; https://keeloil.com"
157.66.47.83 - - [19/Jul/2026:12:54:57 +0000] "GET /wp-login.php HTTP/2" 200 1785 "-" "Mozilla/5.0 (Windows NT 10.0; Win64; x64) AppleWebKit/537.36 (KHTML, like Gecko) Chrome/147.0.0.0 Safari/537.36"
157.66.47.83 - - [19/Jul/2026:12:54:59 +0000] "POST /wp-login.php HTTP/2" 200 1919 "https://keeloil.com/wp-login.php" "Mozilla/5.0 (Windows NT 10.0; Win64; x64) AppleWebKit/537.36 (KHTML, like Gecko) Chrome/147.0.0.0 Safari/537.36"
194.39.149.53 - - [19/Jul/2026:12:57:06 +0000] "POST /wp-cron.php?doing_wp_cron=1784465826.8889610767364501953125 HTTP/1.1" 200 0 "-" "WordPress/7.0.2; https://keeloil.com"
177.11.165.10 - - [19/Jul/2026:12:57:06 +0000] "GET /2026/07/02/ HTTP/1.1" 200 15211 "-" "Mozilla/5.0 (Windows NT 6.1; Win64; x64) AppleWebKit/537.36 (KHTML, like Gecko) Chrome/89.0.4389.114 Safari/537.36"
194.39.149.53 - - [19/Jul/2026:13:00:38 +0000] "POST /wp-cron.php?doing_wp_cron=1784466038.5156350135803222656250 HTTP/1.1" 200 0 "-" "WordPress/7.0.2; https://keeloil.com"
102.134.101.35 - - [19/Jul/2026:13:00:33 +0000] "GET /wp-login.php HTTP/2" 200 1785 "-" "Mozilla/5.0 (Windows NT 10.0; Win64; x64) AppleWebKit/537.36 (KHTML, like Gecko) Chrome/147.0.0.0 Safari/537.36"
102.134.101.35 - - [19/Jul/2026:13:00:39 +0000] "POST /wp-login.php HTTP/2" 200 1922 "https://keeloil.com/wp-login.php" "Mozilla/5.0 (Windows NT 10.0; Win64; x64) AppleWebKit/537.36 (KHTML, like Gecko) Chrome/147.0.0.0 Safari/537.36"
194.39.149.53 - - [19/Jul/2026:13:00:59 +0000] "POST /wp-cron.php?doing_wp_cron=1784466059.6150829792022705078125 HTTP/1.1" 200 0 "-" "WordPress/7.0.2; https://keeloil.com"
154.56.41.21 - - [19/Jul/2026:13:00:54 +0000] "GET /home/page/13/?_wpnonce=4f229e2a4c&add_to_wishlist=92 HTTP/1.1" 200 24665 "-" "Mozilla/5.0 (Windows NT 6.3; Win64; x64) AppleWebKit/537.36 (KHTML, like Gecko) Brave Chrome/88.0.4324.182 Safari/537.36"
216.24.210.92 - - [19/Jul/2026:13:02:15 +0000] "POST /wp-login.php HTTP/1.1" 200 2142 "-" "Mozilla/5.0 (Linux; U; Android 11; zh-cn; 2106118C Build/RKQ1.210503.001) AppleWebKit/537.36 (KHTML, like Gecko) Version/4.0 Chrome/89.0.4389.72 MQQBrowser/12.1 Mobile Safari/537.36 COVC/045825"
194.39.149.53 - - [19/Jul/2026:13:02:59 +0000] "POST /wp-cron.php?doing_wp_cron=1784466179.7035460472106933593750 HTTP/1.1" 200 0 "-" "WordPress/7.0.2; https://keeloil.com"
23.94.155.56 - - [19/Jul/2026:13:02:56 +0000] "POST /wp-login.php HTTP/1.1" 200 2142 "-" "Mozilla/5.0 (Macintosh; Intel Mac OS X 10_15_7) AppleWebKit/605.1.15 Version/17.0 Safari/605.1.15"
194.39.149.53 - - [19/Jul/2026:13:04:13 +0000] "POST /wp-cron.php?doing_wp_cron=1784466253.6222269535064697265625 HTTP/1.1" 200 0 "-" "WordPress/7.0.2; https://keeloil.com"
37.238.140.132 - - [19/Jul/2026:13:04:09 +0000] "GET /home/page/8/?_wpnonce=130a03ca18&add_to_wishlist=92 HTTP/1.1" 200 24571 "-" "Mozilla/5.0 (Macintosh; Intel Mac OS X 10_15_2) AppleWebKit/537.36 (KHTML, like Gecko) Chrome/79.0.3945.130 Safari/537.36"
194.39.149.53 - - [19/Jul/2026:13:05:12 +0000] "POST /wp-cron.php?doing_wp_cron=1784466312.4540619850158691406250 HTTP/1.1" 200 0 "-" "WordPress/7.0.2; https://keeloil.com"
159.146.26.68 - - [19/Jul/2026:13:05:10 +0000] "GET /2023/08/ HTTP/1.1" 200 15326 "-" "Mozilla/5.0 (Windows NT 10.0; Win64; x64; rv:128.0) Gecko/20100101 Firefox/128.0"
194.39.149.53 - - [19/Jul/2026:13:07:18 +0000] "POST /wp-cron.php?doing_wp_cron=1784466438.1401970386505126953125 HTTP/1.1" 200 0 "-" "WordPress/7.0.2; https://keeloil.com"
216.73.163.117 - - [19/Jul/2026:13:07:17 +0000] "POST /wp-login.php HTTP/1.1" 200 2146 "-" "Mozilla/5.0 (Macintosh; Intel Mac OS X 10_15_7) AppleWebKit/605.1.15 Version/17.0 Safari/605.1.15"
87.199.194.213 - - [19/Jul/2026:13:07:34 +0000] "GET / HTTP/1.0" 200 87242 "https://keeloil.com/" "Mozilla/5.0 (Windows NT 10.0; Win64; x64) AppleWebKit/537.36 (KHTML, like Gecko) Chrome/130.0.0.0 Safari/537.36"
87.199.194.213 - - [19/Jul/2026:13:07:38 +0000] "GET /blog/ HTTP/1.0" 200 72778 "https://keeloil.com/blog/" "Mozilla/5.0 (Windows NT 10.0; Win64; x64) AppleWebKit/537.36 (KHTML, like Gecko) Chrome/130.0.0.0 Safari/537.36"
87.199.194.213 - - [19/Jul/2026:13:07:45 +0000] "GET /blog/page/2/ HTTP/1.0" 200 72504 "https://keeloil.com/blog/page/2/" "Mozilla/5.0 (Windows NT 10.0; Win64; x64) AppleWebKit/537.36 (KHTML, like Gecko) Chrome/130.0.0.0 Safari/537.36"
87.199.194.213 - - [19/Jul/2026:13:07:50 +0000] "GET /blog/page/3/ HTTP/1.0" 200 72324 "https://keeloil.com/blog/page/3/" "Mozilla/5.0 (Windows NT 10.0; Win64; x64) AppleWebKit/537.36 (KHTML, like Gecko) Chrome/130.0.0.0 Safari/537.36"
194.39.149.53 - - [19/Jul/2026:13:07:59 +0000] "POST /wp-cron.php?doing_wp_cron=1784466479.0319080352783203125000 HTTP/1.1" 200 0 "-" "WordPress/7.0.2; https://keeloil.com"
87.199.194.213 - - [19/Jul/2026:13:07:57 +0000] "GET /blog/page/4/ HTTP/1.0" 200 71058 "https://keeloil.com/blog/page/4/" "Mozilla/5.0 (Windows NT 10.0; Win64; x64) AppleWebKit/537.36 (KHTML, like Gecko) Chrome/130.0.0.0 Safari/537.36"
87.199.194.213 - - [19/Jul/2026:13:07:59 +0000] "GET /blog/page/5/ HTTP/1.0" 200 71216 "https://keeloil.com/blog/page/5/" "Mozilla/5.0 (Windows NT 10.0; Win64; x64) AppleWebKit/537.36 (KHTML, like Gecko) Chrome/130.0.0.0 Safari/537.36"
68.178.160.25 - - [19/Jul/2026:13:09:22 +0000] "POST /xmlrpc.php HTTP/2" 403 1242 "-" "Mozilla/5.0 (Windows NT 10.0; Win64; x64) AppleWebKit/537.36 (KHTML, like Gecko) Chrome/147.0.0.0 Safari/537.36"
194.39.149.53 - - [19/Jul/2026:13:13:10 +0000] "POST /wp-cron.php?doing_wp_cron=1784466790.6305270195007324218750 HTTP/1.1" 200 0 "-" "WordPress/7.0.2; https://keeloil.com"
57.141.0.61 - - [19/Jul/2026:13:13:06 +0000] "GET /home/page/16/?add_to_wishlist=92&_wpnonce=8837145a30 HTTP/2" 200 111615 "-" "Mozilla/5.0 (Macintosh; Intel Mac OS X 10_15_7) AppleWebKit/537.36 (KHTML, like Gecko) Chrome/145.0.0.0 Safari/537.36 (compatible; meta-externalagent/1.1 (+https://developers.facebook.com/docs/sharing/webmasters/crawler))"
57.141.0.36 - - [19/Jul/2026:13:13:53 +0000] "GET /2024/03/31/vavada-zerkalo-saita-na-segodnia-dlia-igrokov/ HTTP/2" 200 84601 "-" "Mozilla/5.0 (Windows NT 10.0; Win64; x64) AppleWebKit/537.36 (KHTML, like Gecko) Chrome/145.0.0.0 Safari/537.36 (compatible; meta-externalagent/1.1 (+https://developers.facebook.com/docs/sharing/webmasters/crawler))"
113.160.142.119 - - [19/Jul/2026:13:15:52 +0000] "POST /xmlrpc.php HTTP/2" 403 1242 "-" "Mozilla/5.0 (Windows NT 10.0; Win64; x64) AppleWebKit/537.36 (KHTML, like Gecko) Chrome/147.0.0.0 Safari/537.36"
194.39.149.53 - - [19/Jul/2026:13:17:15 +0000] "POST /wp-cron.php?doing_wp_cron=1784467034.9128789901733398437500 HTTP/1.1" 200 0 "-" "WordPress/7.0.2; https://keeloil.com"
23.94.155.53 - - [19/Jul/2026:13:17:10 +0000] "POST /wp-login.php HTTP/1.1" 200 2142 "-" "Mozilla/5.0 (Windows NT 10.0; Win64; x64) AppleWebKit/537.36 Chrome/129.0.0.0 Safari/537.36"
194.39.149.53 - - [19/Jul/2026:13:21:52 +0000] "POST /wp-cron.php?doing_wp_cron=1784467312.0220038890838623046875 HTTP/1.1" 200 0 "-" "WordPress/7.0.2; https://keeloil.com"
186.131.244.207 - - [19/Jul/2026:13:21:47 +0000] "GET /shop/?_wpnonce=e6559cb22c&add_to_wishlist=92 HTTP/1.1" 200 17928 "-" "Mozilla/5.0 (Macintosh; Intel Mac OS X 10_15_0) AppleWebKit/537.36 (KHTML, like Gecko) Chrome/89.0.4389.114 Safari/537.36"
