197.237.237.192 - - [19/Jul/2026:16:22:51 +0000] "GET /home/page/1/?_wpnonce=367ced4b54&add_to_wishlist=92 HTTP/1.1" 200 0 "-" "Mozilla/5.0 (Windows NT 10.0; WOW64) AppleWebKit/537.36 (KHTML, like Gecko) Chrome/66.0.3359.158 Safari/537.36"
5.107.6.112 - - [19/Jul/2026:16:23:09 +0000] "GET /home/page/1/?_wpnonce=367ced4b54&add_to_wishlist=92 HTTP/1.1" 200 0 "-" "Mozilla/5.0 (Windows NT 6.1; Win64; x64) AppleWebKit/537.36 (KHTML, like Gecko) Chrome/62.0.3202.94 Safari/537.36"
185.223.152.78 - - [19/Jul/2026:16:23:41 +0000] "POST /wp-login.php HTTP/1.1" 200 2142 "-" "Mozilla/5.0 (Macintosh; Intel Mac OS X 10_15_7) AppleWebKit/605.1.15 Version/17.0 Safari/605.1.15"
194.39.149.53 - - [19/Jul/2026:16:25:46 +0000] "POST /wp-cron.php?doing_wp_cron=1784478346.2118160724639892578125 HTTP/1.1" 200 0 "-" "WordPress/7.0.2; https://keeloil.com"
114.119.130.61 - - [19/Jul/2026:16:25:37 +0000] "GET /2026/05/22/casino-sicuri-non-aams-cosa-dice-la-legge-italiana/ HTTP/1.1" 200 18744 "https://keeloil.com/category/uncategorized/page/4/" "Mozilla/5.0 (Linux; Android 7.0;) AppleWebKit/537.36 (HTML, like Gecko) Mobile Safari/537.36 (compatible; PetalBot;+https://webmaster.petalsearch.com/site/petalbot)"
194.39.149.53 - - [19/Jul/2026:16:26:29 +0000] "POST /wp-cron.php?doing_wp_cron=1784478389.3845748901367187500000 HTTP/1.1" 200 0 "-" "WordPress/7.0.2; https://keeloil.com"
37.140.223.9 - - [19/Jul/2026:16:26:27 +0000] "POST /wp-login.php HTTP/1.1" 200 2142 "-" "Mozilla/5.0 (Windows NT 10.0; Win64; rv:143.0) Gecko/20100101 Firefox/143.0"
194.39.149.53 - - [19/Jul/2026:16:27:06 +0000] "POST /wp-cron.php?doing_wp_cron=1784478426.1199810504913330078125 HTTP/1.1" 200 0 "-" "WordPress/7.0.2; https://keeloil.com"
57.141.0.50 - - [19/Jul/2026:16:27:04 +0000] "GET /home/page/12/?add_to_wishlist=92&_wpnonce=a17a17d541 HTTP/2" 200 125217 "-" "Mozilla/5.0 (Macintosh; Intel Mac OS X 10_15_7) AppleWebKit/537.36 (KHTML, like Gecko) Chrome/145.0.0.0 Safari/537.36 (compatible; meta-externalagent/1.1 (+https://developers.facebook.com/docs/sharing/webmasters/crawler))"
216.24.210.86 - - [19/Jul/2026:16:27:27 +0000] "POST /wp-login.php HTTP/1.1" 200 2142 "-" "Mozilla/5.0 (X11; U; Linux i686; en-US; rv:1.8.0.5) Gecko/20060801 Firefox/1.5.0.5"
199.189.225.167 - - [19/Jul/2026:16:29:07 +0000] "POST /xmlrpc.php HTTP/2" 403 1242 "-" "Mozilla/5.0 (Windows NT 10.0; Win64; x64) AppleWebKit/537.36 (KHTML, like Gecko) Chrome/147.0.0.0 Safari/537.36 Edg/147.0.0.0"
57.141.0.13 - - [19/Jul/2026:16:30:45 +0000] "GET /home/page/13/?add_to_wishlist=92&_wpnonce=3cf8948f8b HTTP/2" 200 125166 "-" "Mozilla/5.0 (Macintosh; Intel Mac OS X 10_15_7) AppleWebKit/537.36 (KHTML, like Gecko) Chrome/145.0.0.0 Safari/537.36 (compatible; meta-externalagent/1.1 (+https://developers.facebook.com/docs/sharing/webmasters/crawler))"
185.223.152.77 - - [19/Jul/2026:16:30:51 +0000] "POST /wp-login.php HTTP/1.1" 200 2142 "-" "Mozilla/5.0 (Windows NT 10.0; Win64; rv:143.0) Gecko/20100101 Firefox/143.0"
91.106.46.66 - - [19/Jul/2026:16:31:01 +0000] "GET /home/page/13/?_wpnonce=4f229e2a4c&add_to_wishlist=92 HTTP/1.1" 200 24665 "-" "Mozilla/5.0 (Macintosh; Intel Mac OS X 10_7_3) AppleWebKit/537.36 (KHTML, like Gecko, Mediapartners-Google) Chrome/77.0.3865.99 Safari/537.36"
128.1.171.24 - - [19/Jul/2026:16:31:09 +0000] "POST /wp-login.php HTTP/1.1" 200 5964 "-" "Mozilla/5.0"
57.141.0.48 - - [19/Jul/2026:16:31:26 +0000] "GET /home/page/4/?add_to_wishlist=92&_wpnonce=130a03ca18 HTTP/2" 200 124724 "-" "Mozilla/5.0 (Windows NT 10.0; Win64; x64) AppleWebKit/537.36 (KHTML, like Gecko) Chrome/145.0.0.0 Safari/537.36 (compatible; meta-externalagent/1.1 (+https://developers.facebook.com/docs/sharing/webmasters/crawler))"
135.136.19.180 - - [19/Jul/2026:16:32:47 +0000] "GET / HTTP/1.1" 400 52 "https://autodiscover.keeloil.com" "Moz111a/5.0 (1Pad; CPU 0S 17_2 like Mac OS X) AppleWebKit/605.1.15 (KHTML, like Gecko) Version/17.2 Mobile/15E148 Safari/604.1"
135.136.19.180 - - [19/Jul/2026:16:32:48 +0000] "GET /favicon.ico HTTP/1.1" 400 52 "https://autodiscover.keeloil.com" "Moz111a/5.0 (1Pad; CPU 0S 17_2 like Mac OS X) AppleWebKit/605.1.15 (KHTML, like Gecko) Version/17.2 Mobile/15E148 Safari/604.1"
135.136.19.180 - - [19/Jul/2026:16:32:55 +0000] "GET / HTTP/1.1" 200 12481 "https://cpanel.keeloil.com" "Mozilla/5.0 (Windows NT 10.0; Win64; x64; rv:96.0) Gecko/20100101 Firefox/96.0"
135.136.19.180 - - [19/Jul/2026:16:32:57 +0000] "GET / HTTP/1.1" 401 53 "https://cpcalendars.keeloil.com" "Mozilla/5.0 (Macintosh; Intel Mac OS X 10_15_7) AppleWebKit/537.36 (KHTML, like Gecko) Chrome/105.0.0.0 Safari/537.36"
135.136.19.180 - - [19/Jul/2026:16:32:57 +0000] "GET / HTTP/1.1" 401 53 "https://cpcontacts.keeloil.com" "Mozilla/5.0 (X11; Ubuntu; Linux x86_64; rv:136.0) Gecko/20100101 Firefox/136.0"
135.136.19.180 - - [19/Jul/2026:16:32:59 +0000] "GET /favicon.ico HTTP/1.1" 401 53 "https://cpcontacts.keeloil.com" "Mozilla/5.0 (X11; Ubuntu; Linux x86_64; rv:136.0) Gecko/20100101 Firefox/136.0"
135.136.19.180 - - [19/Jul/2026:16:33:00 +0000] "GET /favicon.ico HTTP/1.1" 401 53 "https://cpcalendars.keeloil.com" "Mozilla/5.0 (Macintosh; Intel Mac OS X 10_15_7) AppleWebKit/537.36 (KHTML, like Gecko) Chrome/105.0.0.0 Safari/537.36"
194.39.149.53 - - [19/Jul/2026:16:33:05 +0000] "POST /wp-cron.php?doing_wp_cron=1784478784.9014580249786376953125 HTTP/1.1" 200 0 "-" "WordPress/7.0.2; https://keeloil.com"
196.77.3.253 - - [19/Jul/2026:16:33:01 +0000] "GET /home/page/7/?_wpnonce=3f42810f97&add_to_wishlist=92 HTTP/1.1" 200 24729 "-" "Mozilla/5.0 (Macintosh; Intel Mac OS X 10_13_2) AppleWebKit/537.36 (KHTML, like Gecko) Chrome/66.0.3359.139 Safari/537.36"
135.136.19.180 - - [19/Jul/2026:16:33:27 +0000] "GET / HTTP/1.1" 200 21831 "https://keeloil.com" "Mozilla/5.0 (X11; Linux x86_64; rv:138.0) Gecko/20100101 Firefox/138.0"
194.39.149.53 - - [19/Jul/2026:16:33:32 +0000] "POST /wp-cron.php?doing_wp_cron=1784478812.0028250217437744140625 HTTP/1.1" 200 0 "-" "WordPress/7.0.2; https://keeloil.com"
66.249.79.74 - - [19/Jul/2026:16:33:27 +0000] "GET /60-PSI-Brass-Rubber-Case-No-Battery-Needed-For-Cars-956830/ HTTP/1.1" 404 13180 "-" "Mozilla/5.0 (Linux; Android 6.0.1; Nexus 5X Build/MMB29P) AppleWebKit/537.36 (KHTML, like Gecko) Chrome/150.0.7871.124 Mobile Safari/537.36 (compatible; Googlebot/2.1; +http://www.google.com/bot.html)"
181.192.6.196 - - [19/Jul/2026:16:33:33 +0000] "GET /home/page/6/?_wpnonce=994190954a&add_to_wishlist=92 HTTP/1.1" 200 24596 "-" "Mozilla/5.0 (Macintosh; Intel Mac OS X 10_14_6) AppleWebKit/537.36 (KHTML, like Gecko) Brave Chrome/81.0.4044.113 Safari/537.36"
135.136.19.180 - - [19/Jul/2026:16:33:41 +0000] "GET / HTTP/1.1" 301 0 "https://mail.keeloil.com" "Mozilla/5.0 (SS; Linux i686) AppleWebKit/537.36 (KHTML, like Gecko) Chrome/128.0.0.0 Safari/537.36"
135.136.19.180 - - [19/Jul/2026:16:33:48 +0000] "GET / HTTP/1.1" 200 21831 "https://mail.keeloil.com" "Mozilla/5.0 (SS; Linux i686) AppleWebKit/537.36 (KHTML, like Gecko) Chrome/128.0.0.0 Safari/537.36"
135.136.19.180 - - [19/Jul/2026:16:33:50 +0000] "GET / HTTP/1.1" 301 0 "https://mail.keeloil.com" "Mozilla/5.0 (SS; Linux i686) AppleWebKit/537.36 (KHTML, like Gecko) Chrome/128.0.0.0 Safari/537.36"
135.136.19.180 - - [19/Jul/2026:16:33:51 +0000] "GET /comments/feed/ HTTP/1.1" 200 411 "https://keeloil.com" "Mozilla/5.0 (X11; Linux x86_64; rv:138.0) Gecko/20100101 Firefox/138.0"
135.136.19.180 - - [19/Jul/2026:16:33:56 +0000] "GET / HTTP/1.1" 200 21831 "https://mail.keeloil.com" "Mozilla/5.0 (SS; Linux i686) AppleWebKit/537.36 (KHTML, like Gecko) Chrome/128.0.0.0 Safari/537.36"
135.136.19.180 - - [19/Jul/2026:16:33:57 +0000] "GET /feed/ HTTP/1.1" 200 25921 "https://keeloil.com" "Mozilla/5.0 (X11; Linux x86_64; rv:138.0) Gecko/20100101 Firefox/138.0"
135.136.19.180 - - [19/Jul/2026:16:34:00 +0000] "GET / HTTP/1.1" 301 0 "https://mail.keeloil.com" "Mozilla/5.0 (SS; Linux i686) AppleWebKit/537.36 (KHTML, like Gecko) Chrome/128.0.0.0 Safari/537.36"
135.136.19.180 - - [19/Jul/2026:16:34:03 +0000] "GET /wp-json/oembed/1.0/embed?url=https%3A%2F%2Fkeeloil.com%2F HTTP/1.1" 200 1084 "https://keeloil.com" "Mozilla/5.0 (X11; Linux x86_64; rv:138.0) Gecko/20100101 Firefox/138.0"
135.136.19.180 - - [19/Jul/2026:16:34:07 +0000] "GET / HTTP/1.1" 200 21831 "https://mail.keeloil.com" "Mozilla/5.0 (SS; Linux i686) AppleWebKit/537.36 (KHTML, like Gecko) Chrome/128.0.0.0 Safari/537.36"
23.94.155.46 - - [19/Jul/2026:16:34:11 +0000] "POST /wp-login.php HTTP/1.1" 200 2142 "-" "Mozilla/5.0 (Windows NT 10.0; Win64; rv:143.0) Gecko/20100101 Firefox/143.0"
135.136.19.180 - - [19/Jul/2026:16:34:11 +0000] "GET /wp-json/oembed/1.0/embed?url=https%3A%2F%2Fkeeloil.com%2F&format=xml HTTP/1.1" 200 1111 "https://keeloil.com" "Mozilla/5.0 (X11; Linux x86_64; rv:138.0) Gecko/20100101 Firefox/138.0"
135.136.19.180 - - [19/Jul/2026:16:34:18 +0000] "GET / HTTP/1.1" 200 21831 "http://mail.keeloil.com" "Mozilla/5.0 (Macintosh; U; Intel Mac OS X 10_5_2; es-es) AppleWebKit/525.13 (KHTML, like Gecko) Version/3.1 Safari/525.13"
135.136.19.180 - - [19/Jul/2026:16:34:19 +0000] "GET /wp-json/wp/v2/pages/56 HTTP/1.1" 200 7179 "https://keeloil.com" "Mozilla/5.0 (X11; Linux x86_64; rv:138.0) Gecko/20100101 Firefox/138.0"
135.136.19.180 - - [19/Jul/2026:16:34:31 +0000] "GET / HTTP/1.1" 401 53 "https://webdisk.keeloil.com" "Mozilla/5.0 (CentOS; Linux i686) AppleWebKit/537.36 (KHTML, like Gecko) Chrome/128.0.0.0 Safari/537.36"
135.136.19.180 - - [19/Jul/2026:16:34:33 +0000] "GET /favicon.ico HTTP/1.1" 401 53 "https://webdisk.keeloil.com" "Mozilla/5.0 (CentOS; Linux i686) AppleWebKit/537.36 (KHTML, like Gecko) Chrome/128.0.0.0 Safari/537.36"
135.136.19.180 - - [19/Jul/2026:16:34:33 +0000] "GET / HTTP/1.1" 200 12489 "https://webmail.keeloil.com" "Mozilla/5.0 (X11; Linux i686; rv:1.9.5.20) Gecko/ Firefox/10.0"
135.136.19.180 - - [19/Jul/2026:16:34:26 +0000] "GET / HTTP/1.1" 200 21831 "http://mail.keeloil.com" "Mozilla/5.0 (Macintosh; U; Intel Mac OS X 10_5_2; es-es) AppleWebKit/525.13 (KHTML, like Gecko) Version/3.1 Safari/525.13"
190.141.181.160 - - [19/Jul/2026:16:34:36 +0000] "GET /category/decor/ HTTP/1.1" 200 0 "-" "Mozilla/5.0 (Windows NT 10.0; Win64; x64) AppleWebKit/537.36 (KHTML, like Gecko) Chrome/126.0.6478.55 Safari/537.36"
103.127.92.195 - - [19/Jul/2026:16:34:42 +0000] "GET /shop/?_wpnonce=14b3cd4e3a&add_to_wishlist=92 HTTP/1.1" 200 0 "-" "Mozilla/5.0 (Macintosh; Intel Mac OS X 10_15_4) AppleWebKit/537.36 (KHTML, like Gecko) Brave Chrome/87.0.4280.101 Safari/537.36"
194.39.149.53 - - [19/Jul/2026:16:35:15 +0000] "POST /wp-cron.php?doing_wp_cron=1784478915.6074199676513671875000 HTTP/1.1" 200 0 "-" "WordPress/7.0.2; https://keeloil.com"
135.136.19.180 - - [19/Jul/2026:16:35:05 +0000] "GET / HTTP/1.1" 301 0 "https://www.keeloil.com" "Mozilla/5.0 (X11; Linux x86_64) AppleWebKit/537.36 (KHTML, like Gecko) Chrome/55.0.2883.87 Safari/537.36"
135.136.19.180 - - [19/Jul/2026:16:35:14 +0000] "GET / HTTP/1.1" 301 0 "https://www.keeloil.com" "Mozilla/5.0 (X11; Linux x86_64) AppleWebKit/537.36 (KHTML, like Gecko) Chrome/55.0.2883.87 Safari/537.36"
135.136.19.180 - - [19/Jul/2026:16:35:19 +0000] "GET / HTTP/1.1" 200 21831 "https://www.keeloil.com" "Mozilla/5.0 (X11; Linux x86_64) AppleWebKit/537.36 (KHTML, like Gecko) Chrome/55.0.2883.87 Safari/537.36"
15.235.27.179 - - [19/Jul/2026:16:35:41 +0000] "GET /robots.txt HTTP/2" 200 96 "-" "Mozilla/5.0 (compatible; AhrefsBot/7.0; +http://ahrefs.com/robot/)"
142.44.228.245 - - [19/Jul/2026:16:35:43 +0000] "GET /2024/07/ HTTP/2" 200 13724 "-" "Mozilla/5.0 (compatible; AhrefsBot/7.0; +http://ahrefs.com/robot/)"
135.136.19.180 - - [19/Jul/2026:16:35:45 +0000] "GET /comments/feed/ HTTP/1.1" 200 411 "https://www.keeloil.com" "Mozilla/5.0 (X11; Linux x86_64) AppleWebKit/537.36 (KHTML, like Gecko) Chrome/55.0.2883.87 Safari/537.36"
135.136.19.180 - - [19/Jul/2026:16:35:50 +0000] "GET /feed/ HTTP/1.1" 200 25923 "https://www.keeloil.com" "Mozilla/5.0 (X11; Linux x86_64) AppleWebKit/537.36 (KHTML, like Gecko) Chrome/55.0.2883.87 Safari/537.36"
135.136.19.180 - - [19/Jul/2026:16:35:54 +0000] "GET /wp-json/oembed/1.0/embed?url=https%3A%2F%2Fkeeloil.com%2F HTTP/1.1" 200 1083 "https://www.keeloil.com" "Mozilla/5.0 (X11; Linux x86_64) AppleWebKit/537.36 (KHTML, like Gecko) Chrome/55.0.2883.87 Safari/537.36"
192.241.143.148 - - [19/Jul/2026:16:35:55 +0000] "GET /wp-includes/wp-login.php HTTP/2" 404 13180 "-" "Mozilla/5.0 (Windows NT 10.0; Win64; x64) AppleWebKit/537.36 (KHTML, like Gecko) Chrome/147.0.0.0 Safari/537.36"
194.39.149.53 - - [19/Jul/2026:16:35:59 +0000] "POST /wp-cron.php?doing_wp_cron=1784478959.6028380393981933593750 HTTP/1.1" 200 0 "-" "WordPress/7.0.2; https://keeloil.com"
135.136.19.180 - - [19/Jul/2026:16:36:01 +0000] "GET /wp-json/oembed/1.0/embed?url=https%3A%2F%2Fkeeloil.com%2F&format=xml HTTP/1.1" 200 1111 "https://www.keeloil.com" "Mozilla/5.0 (X11; Linux x86_64) AppleWebKit/537.36 (KHTML, like Gecko) Chrome/55.0.2883.87 Safari/537.36"
135.136.19.180 - - [19/Jul/2026:16:36:11 +0000] "GET /wp-json/oembed/1.0/embed?url=https%3A%2F%2Fkeeloil.com%2F&format=xml HTTP/1.1" 200 1110 "https://www.keeloil.com" "Mozilla/5.0 (X11; Linux x86_64) AppleWebKit/537.36 (KHTML, like Gecko) Chrome/55.0.2883.87 Safari/537.36"
135.136.19.180 - - [19/Jul/2026:16:36:16 +0000] "GET /wp-json/wp/v2/pages/56 HTTP/1.1" 200 7179 "https://www.keeloil.com" "Mozilla/5.0 (X11; Linux x86_64) AppleWebKit/537.36 (KHTML, like Gecko) Chrome/55.0.2883.87 Safari/537.36"
97.74.93.24 - - [19/Jul/2026:16:36:46 +0000] "GET /wp-login.php HTTP/2" 200 1785 "-" "Mozilla/5.0 (Windows NT 10.0; Win64; x64) AppleWebKit/537.36 (KHTML, like Gecko) Chrome/147.0.0.0 Safari/537.36"
194.39.149.53 - - [19/Jul/2026:16:36:58 +0000] "POST /wp-cron.php?doing_wp_cron=1784479018.5183510780334472656250 HTTP/1.1" 200 0 "-" "WordPress/7.0.2; https://keeloil.com"
97.74.93.24 - - [19/Jul/2026:16:36:53 +0000] "POST /wp-login.php HTTP/2" 200 1919 "https://keeloil.com/wp-login.php" "Mozilla/5.0 (Windows NT 10.0; Win64; x64) AppleWebKit/537.36 (KHTML, like Gecko) Chrome/147.0.0.0 Safari/537.36"
161.248.188.39 - - [19/Jul/2026:16:37:29 +0000] "POST /xmlrpc.php HTTP/2" 403 1242 "-" "Mozilla/5.0 (X11; Fedora; Linux x86_64) AppleWebKit/537.36 (KHTML, like Gecko) Chrome/147.0.0.0 Safari/537.36"
169.224.97.142 - - [19/Jul/2026:16:37:30 +0000] "GET /home/page/8/?_wpnonce=b7e5b17be2&add_to_wishlist=92 HTTP/1.1" 200 24571 "-" "Mozilla/5.0 (Windows NT 5.1) AppleWebKit/537.36 (KHTML, like Gecko) Chrome/35.0.2117.157 Safari/537.36"
194.39.149.53 - - [19/Jul/2026:16:38:14 +0000] "POST /wp-cron.php?doing_wp_cron=1784479094.1335949897766113281250 HTTP/1.1" 200 0 "-" "WordPress/7.0.2; https://keeloil.com"
185.223.152.72 - - [19/Jul/2026:16:38:10 +0000] "POST /wp-login.php HTTP/1.1" 200 2142 "-" "Mozilla/5.0 (Windows NT 10.0; Win64; rv:143.0) Gecko/20100101 Firefox/143.0"
194.39.149.53 - - [19/Jul/2026:16:41:15 +0000] "POST /wp-cron.php?doing_wp_cron=1784479275.4016919136047363281250 HTTP/1.1" 200 0 "-" "WordPress/7.0.2; https://keeloil.com"
103.115.24.121 - - [19/Jul/2026:16:41:06 +0000] "GET /home/page/12/?_wpnonce=d1fec3f199&add_to_wishlist=92 HTTP/1.1" 200 24532 "-" "Mozilla/5.0 (Windows NT 5.1) AppleWebKit/537.36 (KHTML, like Gecko) Chrome/35.0.3319.102 Safari/537.36"
103.153.210.207 - - [19/Jul/2026:16:41:23 +0000] "GET /home/page/12/?_wpnonce=d1fec3f199&add_to_wishlist=92 HTTP/1.1" 200 24532 "-" "Mozilla/5.0 (Windows NT 10.0; Win64; x64) AppleWebKit/537.36 (KHTML, like Gecko) Chrome/85.0.4183.121 Safari/537.36"
46.105.39.50 - - [19/Jul/2026:16:42:31 +0000] "GET /robots.txt HTTP/1.1" 200 96 "-" "Mozilla/5.0 (compatible; MJ12bot/v2.0.5; http://mj12bot.com/)"
194.39.149.53 - - [19/Jul/2026:16:42:41 +0000] "POST /wp-cron.php?doing_wp_cron=1784479361.5080509185791015625000 HTTP/1.1" 200 0 "-" "WordPress/7.0.2; https://keeloil.com"
46.105.39.50 - - [19/Jul/2026:16:42:43 +0000] "GET / HTTP/1.1" 200 19304 "-" "Mozilla/5.0 (compatible; MJ12bot/v2.0.5; http://mj12bot.com/)"
194.39.149.53 - - [19/Jul/2026:16:43:53 +0000] "POST /wp-cron.php?doing_wp_cron=1784479433.0001549720764160156250 HTTP/1.1" 200 0 "-" "WordPress/7.0.2; https://keeloil.com"
87.71.81.145 - - [19/Jul/2026:16:43:49 +0000] "GET /home/page/15/?_wpnonce=a17a17d541&add_to_wishlist=92 HTTP/1.1" 200 24605 "-" "Mozilla/5.0 (Windows NT 6.1) AppleWebKit/537.36 (KHTML, like Gecko) Chrome/87.0.4280.88 Safari/537.36"
95.181.238.26 - - [19/Jul/2026:16:44:56 +0000] "GET /robots.txt HTTP/1.1" 301 0 "-" "panscient.com"
194.39.149.53 - - [19/Jul/2026:16:45:19 +0000] "POST /wp-cron.php?doing_wp_cron=1784479519.0058159828186035156250 HTTP/1.1" 200 0 "-" "WordPress/7.0.2; https://keeloil.com"
95.181.238.26 - - [19/Jul/2026:16:45:06 +0000] "GET / HTTP/1.1" 301 0 "-" "panscient.com"
95.181.238.26 - - [19/Jul/2026:16:45:16 +0000] "GET / HTTP/1.1" 301 0 "-" "panscient.com"
185.223.152.85 - - [19/Jul/2026:16:45:35 +0000] "POST /wp-login.php HTTP/1.1" 200 2142 "-" "Mozilla/5.0 (Windows NT 10.0; Win64; x64) AppleWebKit/537.36 Chrome/129.0.0.0 Safari/537.36"
95.181.238.26 - - [19/Jul/2026:16:45:52 +0000] "GET /robots.txt HTTP/1.1" 200 112 "-" "panscient.com"
95.181.238.26 - - [19/Jul/2026:16:45:55 +0000] "GET / HTTP/1.1" 200 21831 "-" "panscient.com"
95.181.238.26 - - [19/Jul/2026:16:46:00 +0000] "GET /wp-content/themes/neve/assets/js/build/modern/frontend.js?ver=3.8.9 HTTP/1.1" 200 2761 "-" "panscient.com"
95.181.238.26 - - [19/Jul/2026:16:46:01 +0000] "GET /about-us/ HTTP/1.1" 200 20269 "-" "panscient.com"
95.181.238.26 - - [19/Jul/2026:16:46:04 +0000] "GET /wp-content/plugins/contact-form-7/includes/swv/js/index.js?ver=5.9.7 HTTP/1.1" 200 3374 "-" "panscient.com"
95.181.238.26 - - [19/Jul/2026:16:46:05 +0000] "GET /wp-content/plugins/contact-form-7/includes/js/index.js?ver=5.9.7 HTTP/1.1" 200 4227 "-" "panscient.com"
95.181.238.26 - - [19/Jul/2026:16:46:06 +0000] "GET /wp-content/plugins/wp-pdf-generator/assets/js/es6-promise.auto.min.js?ver=1.2.3 HTTP/1.1" 200 2504 "-" "panscient.com"
3.139.242.79 - - [19/Jul/2026:16:46:07 +0000] "GET / HTTP/1.1" 200 12484 "-" "visionheight.com/scan Mozilla/5.0 (Macintosh; Intel Mac OS X 10_15_7) Chrome/126.0.0.0 Safari/537.36"
95.181.238.26 - - [19/Jul/2026:16:46:07 +0000] "GET /vodka-onlayn-kazino-bonusy-i-akcii/ HTTP/1.1" 200 18057 "-" "panscient.com"
95.181.238.26 - - [19/Jul/2026:16:46:09 +0000] "GET /wp-content/plugins/woocommerce/assets/js/frontend/order-attribution.min.js?ver=9.1.2 HTTP/1.1" 200 1127 "-" "panscient.com"
95.181.238.26 - - [19/Jul/2026:16:46:10 +0000] "GET /checkout/ HTTP/1.1" 302 0 "-" "panscient.com"
95.181.238.26 - - [19/Jul/2026:16:46:11 +0000] "GET /cart/ HTTP/1.1" 200 76586 "-" "panscient.com"
95.181.238.26 - - [19/Jul/2026:16:46:12 +0000] "GET /wp-content/plugins/wp-pdf-generator/assets/js/html2pdf.min.js?ver=1.2.3 HTTP/1.1" 200 4307 "-" "panscient.com"
95.181.238.26 - - [19/Jul/2026:16:46:14 +0000] "GET /blog/ HTTP/1.1" 200 17621 "-" "panscient.com"
95.181.238.26 - - [19/Jul/2026:16:46:16 +0000] "GET /2026/07/04/metodi-di-deposito-nei-migliori-casino-non-aams-guida-alla-scelta/ HTTP/1.1" 200 21271 "-" "panscient.com"
194.39.149.53 - - [19/Jul/2026:16:46:22 +0000] "POST /wp-cron.php?doing_wp_cron=1784479581.9075989723205566406250 HTTP/1.1" 200 0 "-" "WordPress/7.0.2; https://keeloil.com"
95.181.238.26 - - [19/Jul/2026:16:46:18 +0000] "GET /2026/07/08/pinco-casinonun-trfdas-proqrami-nec-baslamaq-olar/ HTTP/1.1" 200 21409 "-" "panscient.com"
103.182.174.53 - - [19/Jul/2026:16:46:20 +0000] "GET /home/page/3/?_wpnonce=3f42810f97&add_to_wishlist=92 HTTP/1.1" 200 24675 "-" "Mozilla/5.0 (Windows NT 5.1) AppleWebKit/537.36 (KHTML, like Gecko) Chrome/35.0.2117.157 Safari/537.36"
194.39.149.53 - - [19/Jul/2026:16:46:25 +0000] "POST /wp-cron.php?doing_wp_cron=1784479585.5177390575408935546875 HTTP/1.1" 200 0 "-" "WordPress/7.0.2; https://keeloil.com"
95.181.238.26 - - [19/Jul/2026:16:46:22 +0000] "GET /robots.txt HTTP/1.1" 301 0 "-" "panscient.com"
95.181.238.26 - - [19/Jul/2026:16:46:31 +0000] "GET /robots.txt HTTP/1.1" 200 112 "-" "panscient.com"
95.181.238.26 - - [19/Jul/2026:16:46:35 +0000] "GET / HTTP/1.1" 301 0 "-" "panscient.com"
95.181.238.26 - - [19/Jul/2026:16:46:38 +0000] "GET / HTTP/1.1" 200 21831 "-" "panscient.com"
95.181.238.26 - - [19/Jul/2026:16:46:47 +0000] "GET / HTTP/1.1" 200 21831 "-" "panscient.com"
95.181.238.26 - - [19/Jul/2026:16:46:51 +0000] "GET /wp-content/themes/neve/assets/js/build/modern/frontend.js?ver=3.8.9 HTTP/1.1" 200 2761 "-" "panscient.com"
95.181.238.26 - - [19/Jul/2026:16:46:52 +0000] "GET /about-us/ HTTP/1.1" 200 20269 "-" "panscient.com"
95.181.238.26 - - [19/Jul/2026:16:46:56 +0000] "GET /checkout/ HTTP/1.1" 302 0 "-" "panscient.com"
95.181.238.26 - - [19/Jul/2026:16:46:58 +0000] "GET /cart/ HTTP/1.1" 200 76587 "-" "panscient.com"
95.181.238.26 - - [19/Jul/2026:16:47:01 +0000] "GET /cart/ HTTP/1.1" 200 76595 "-" "panscient.com"
95.181.238.26 - - [19/Jul/2026:16:47:05 +0000] "GET /wp-includes/js/dist/undo-manager.min.js?ver=27bb0ae036a2c9d4a1b5 HTTP/1.1" 200 916 "-" "panscient.com"
95.181.238.26 - - [19/Jul/2026:16:47:06 +0000] "GET /wp-includes/js/jquery/ui/core.min.js?ver=1.13.3 HTTP/1.1" 200 7104 "-" "panscient.com"
95.181.238.26 - - [19/Jul/2026:16:47:07 +0000] "GET /wp-includes/js/dist/escape-html.min.js?ver=3f093e5cca67aa0f8b56 HTTP/1.1" 200 583 "-" "panscient.com"
95.181.238.26 - - [19/Jul/2026:16:47:08 +0000] "GET /wp-includes/js/dist/html-entities.min.js?ver=8c6fa5b869dfeadc4af2 HTTP/1.1" 200 491 "-" "panscient.com"
95.181.238.26 - - [19/Jul/2026:16:47:12 +0000] "GET / HTTP/1.1" 200 21831 "-" "panscient.com"
95.181.238.26 - - [19/Jul/2026:16:47:17 +0000] "GET / HTTP/1.1" 301 0 "-" "panscient.com"
95.181.238.26 - - [19/Jul/2026:16:47:19 +0000] "GET / HTTP/1.1" 200 21831 "-" "panscient.com"
95.181.238.26 - - [19/Jul/2026:16:47:27 +0000] "GET / HTTP/1.1" 200 21831 "-" "panscient.com"
23.94.155.56 - - [19/Jul/2026:16:48:19 +0000] "POST /wp-login.php HTTP/1.1" 200 2142 "-" "Mozilla/5.0 (Windows NT 10.0; Win64; x64) AppleWebKit/537.36 Chrome/129.0.0.0 Safari/537.36"
194.39.149.53 - - [19/Jul/2026:16:49:46 +0000] "POST /wp-cron.php?doing_wp_cron=1784479786.1721239089965820312500 HTTP/1.1" 200 0 "-" "WordPress/7.0.2; https://keeloil.com"
103.105.209.10 - - [19/Jul/2026:16:49:43 +0000] "GET /home/page/10/?_wpnonce=71bd58b96f&add_to_wishlist=92 HTTP/1.1" 200 24506 "-" "Mozilla/5.0 (Windows NT 5.1) AppleWebKit/537.36 (KHTML, like Gecko) Chrome/34.0.1866.237 Safari/537.36"
91.99.127.86 - - [19/Jul/2026:16:50:11 +0000] "POST /xmlrpc.php HTTP/2" 403 1242 "-" "Mozilla/5.0 (Linux; Android 14; SM-S928B) AppleWebKit/537.36 (KHTML, like Gecko) Chrome/147.0.0.0 Mobile Safari/537.36"
216.24.210.46 - - [19/Jul/2026:16:50:15 +0000] "POST /wp-login.php HTTP/1.1" 200 2142 "-" "Mozilla/5.0 (iPhone; CPU iPhone OS 12_4_6 like Mac OS X) AppleWebKit/604.1.34 (KHTML, like Gecko) CriOS/62.0.3202.70 Mobile/16G183 Safari/604.1"
194.39.149.53 - - [19/Jul/2026:16:50:19 +0000] "POST /wp-cron.php?doing_wp_cron=1784479819.0370159149169921875000 HTTP/1.1" 200 0 "-" "WordPress/7.0.2; https://keeloil.com"
57.141.0.7 - - [19/Jul/2026:16:50:50 +0000] "GET /home/page/14/?add_to_wishlist=92&_wpnonce=6469eb0ddf HTTP/2" 200 126487 "-" "Mozilla/5.0 (Macintosh; Intel Mac OS X 10_15_7) AppleWebKit/537.36 (KHTML, like Gecko) Chrome/145.0.0.0 Safari/537.36 (compatible; meta-externalagent/1.1 (+https://developers.facebook.com/docs/sharing/webmasters/crawler))"
194.39.149.53 - - [19/Jul/2026:16:51:54 +0000] "POST /wp-cron.php?doing_wp_cron=1784479913.9067640304565429687500 HTTP/1.1" 200 0 "-" "WordPress/7.0.2; https://keeloil.com"
24.185.36.193 - - [19/Jul/2026:16:51:52 +0000] "GET /home/page/11/?_wpnonce=6469eb0ddf&add_to_wishlist=92 HTTP/1.1" 200 24522 "-" "Mozilla/5.0 (Macintosh; Intel Mac OS X 10_14_6) AppleWebKit/537.36 (KHTML, like Gecko) Chrome/90.0.4430.93 Safari/537.36"
185.223.152.85 - - [19/Jul/2026:16:52:55 +0000] "POST /wp-login.php HTTP/1.1" 200 2142 "-" "Mozilla/5.0 (Windows NT 10.0; Win64; x64) AppleWebKit/537.36 Chrome/129.0.0.0 Safari/537.36"
194.39.149.53 - - [19/Jul/2026:16:52:58 +0000] "POST /wp-cron.php?doing_wp_cron=1784479977.9395949840545654296875 HTTP/1.1" 200 0 "-" "WordPress/7.0.2; https://keeloil.com"
185.191.171.6 - - [19/Jul/2026:16:55:15 +0000] "GET /robots.txt HTTP/1.1" 200 108 "-" "Mozilla/5.0 (compatible; SemrushBot/7~bl; +http://www.semrush.com/bot.html)"
194.39.149.53 - - [19/Jul/2026:16:55:19 +0000] "POST /wp-cron.php?doing_wp_cron=1784480119.2590188980102539062500 HTTP/1.1" 200 0 "-" "WordPress/7.0.2; https://keeloil.com"
85.208.96.196 - - [19/Jul/2026:16:55:20 +0000] "GET /2026/05/14/parametry-dlia-igry-kakie-igry-est-v-kazino-mostbet/ HTTP/1.1" 200 22503 "-" "Mozilla/5.0 (compatible; SemrushBot/7~bl; +http://www.semrush.com/bot.html)"
160.19.138.21 - - [19/Jul/2026:16:55:21 +0000] "GET /home/page/14/?_wpnonce=14b3cd4e3a&add_to_wishlist=92 HTTP/1.1" 200 25070 "-" "Mozilla/5.0 (Windows NT 10.0; Win64; x64) AppleWebKit/537.36 (KHTML, like Gecko) Chrome/87.0.4280.88 Safari/537.36 CravingExplorer/2.4.1"
81.173.115.7 - - [19/Jul/2026:16:55:22 +0000] "POST /xmlrpc.php HTTP/2" 403 1242 "-" "Mozilla/5.0 (Windows NT 6.1; WOW64) AppleWebKit/537.36 (KHTML, like Gecko) Chrome/147.0.0.0 Safari/537.36"
57.141.0.55 - - [19/Jul/2026:16:55:32 +0000] "GET /home/page/4/?add_to_wishlist=92&_wpnonce=4f1bdfbacc HTTP/2" 200 124724 "-" "Mozilla/5.0 (Windows NT 10.0; Win64; x64) AppleWebKit/537.36 (KHTML, like Gecko) Chrome/145.0.0.0 Safari/537.36 (compatible; meta-externalagent/1.1 (+https://developers.facebook.com/docs/sharing/webmasters/crawler))"
194.39.149.53 - - [19/Jul/2026:16:56:04 +0000] "POST /wp-cron.php?doing_wp_cron=1784480164.6621499061584472656250 HTTP/1.1" 200 0 "-" "WordPress/7.0.2; https://keeloil.com"
14.186.225.130 - - [19/Jul/2026:16:56:03 +0000] "GET /cart/?_wpnonce=bc76fcdc80&add_to_wishlist=92 HTTP/1.1" 200 76633 "-" "Mozilla/5.0 (Macintosh; Intel Mac OS X 10_7_3) AppleWebKit/537.36 (KHTML, like Gecko, Mediapartners-Google) Chrome/89.0.4389.127 Safari/537.36"
193.36.225.249 - - [19/Jul/2026:16:57:30 +0000] "POST /wp-login.php HTTP/1.1" 200 2142 "-" "Mozilla/5.0 (Macintosh; Intel Mac OS X 10_15_7) AppleWebKit/605.1.15 Version/17.0 Safari/605.1.15"
194.39.149.53 - - [19/Jul/2026:16:57:35 +0000] "POST /wp-cron.php?doing_wp_cron=1784480254.9028539657592773437500 HTTP/1.1" 200 0 "-" "WordPress/7.0.2; https://keeloil.com"
185.93.89.147 - - [19/Jul/2026:16:58:52 +0000] "GET /.git/config HTTP/1.1" 404 5749 "-" "Mozilla/5.0 (compatible; GitFinder/1.0)"
185.93.89.147 - - [19/Jul/2026:16:58:52 +0000] "GET /403.shtml HTTP/1.1" 404 5749 "http://cpanel.keeloil.com/.git/config" "Mozilla/5.0 (compatible; GitFinder/1.0)"
128.1.171.24 - - [19/Jul/2026:16:59:21 +0000] "POST /wp-login.php HTTP/1.1" 200 5964 "-" "Mozilla/5.0"
194.39.149.53 - - [19/Jul/2026:16:59:23 +0000] "POST /wp-cron.php?doing_wp_cron=1784480363.8349509239196777343750 HTTP/1.1" 200 0 "-" "WordPress/7.0.2; https://keeloil.com"
54.39.89.32 - - [19/Jul/2026:16:59:48 +0000] "GET /category/decor/ HTTP/2" 200 13999 "-" "Mozilla/5.0 (compatible; AhrefsBot/7.0; +http://ahrefs.com/robot/)"
194.39.149.53 - - [19/Jul/2026:17:00:19 +0000] "POST /wp-cron.php?doing_wp_cron=1784480419.7368810176849365234375 HTTP/1.1" 200 0 "-" "WordPress/7.0.2; https://keeloil.com"
185.223.152.66 - - [19/Jul/2026:17:00:17 +0000] "POST /wp-login.php HTTP/1.1" 200 2142 "-" "Mozilla/5.0 (Windows NT 10.0; Win64; rv:143.0) Gecko/20100101 Firefox/143.0"
57.141.0.53 - - [19/Jul/2026:17:01:40 +0000] "GET /2026/05/19/sezonni-akce-na-mostbet-30-bezplatnych-roztoceni-ktere-stoji-za-to/ HTTP/2" 200 74073 "-" "Mozilla/5.0 (X11; Linux x86_64) AppleWebKit/537.36 (KHTML, like Gecko) Chrome/145.0.0.0 Safari/537.36 (compatible; meta-externalagent/1.1 (+https://developers.facebook.com/docs/sharing/webmasters/crawler))"
194.39.149.53 - - [19/Jul/2026:17:01:43 +0000] "POST /wp-cron.php?doing_wp_cron=1784480503.5428540706634521484375 HTTP/1.1" 200 0 "-" "WordPress/7.0.2; https://keeloil.com"
194.39.149.53 - - [19/Jul/2026:17:02:25 +0000] "POST /wp-cron.php?doing_wp_cron=1784480544.9130580425262451171875 HTTP/1.1" 200 0 "-" "WordPress/7.0.2; https://keeloil.com"
23.94.155.65 - - [19/Jul/2026:17:02:23 +0000] "POST /wp-login.php HTTP/1.1" 200 2142 "-" "Mozilla/5.0 (Macintosh; Intel Mac OS X 10_15_7) AppleWebKit/605.1.15 Version/17.0 Safari/605.1.15"
95.35.191.115 - - [19/Jul/2026:17:02:23 +0000] "GET /cart/?_wpnonce=4f1bdfbacc&add_to_wishlist=92 HTTP/1.1" 200 76632 "-" "Mozilla/5.0 (Windows NT 10.0; WOW64) AppleWebKit/537.36 (KHTML, like Gecko) Brave Chrome/87.0.4280.101 Safari/537.36"
154.66.198.148 - - [19/Jul/2026:17:03:01 +0000] "POST /wp-includes/xmlrpc.php HTTP/2" 404 13180 "-" "Mozilla/5.0 (iPhone; CPU iPhone OS 17_7_2 like Mac OS X) AppleWebKit/605.1.15 (KHTML, like Gecko) CriOS/150.0.7871.34 Mobile/15E148 Safari/604.1"
194.39.149.53 - - [19/Jul/2026:17:03:05 +0000] "POST /wp-cron.php?doing_wp_cron=1784480585.3180179595947265625000 HTTP/1.1" 200 0 "-" "WordPress/7.0.2; https://keeloil.com"
154.66.198.148 - - [19/Jul/2026:17:03:07 +0000] "POST /wp-includes/xmlrpc.php HTTP/2" 403 5137 "-" "Mozilla/5.0 (iPhone; CPU iPhone OS 17_7_2 like Mac OS X) AppleWebKit/605.1.15 (KHTML, like Gecko) CriOS/150.0.7871.34 Mobile/15E148 Safari/604.1"
103.90.234.13 - - [19/Jul/2026:17:03:48 +0000] "GET /wp-login.php HTTP/2" 200 1785 "-" "Mozilla/5.0 (X11; Linux x86_64) AppleWebKit/537.36 (KHTML, like Gecko) Chrome/147.0.0.0 Safari/537.36"
103.90.234.13 - - [19/Jul/2026:17:03:50 +0000] "POST /wp-login.php HTTP/2" 200 1922 "https://keeloil.com/wp-login.php" "Mozilla/5.0 (X11; Linux x86_64) AppleWebKit/537.36 (KHTML, like Gecko) Chrome/147.0.0.0 Safari/537.36"
194.39.149.53 - - [19/Jul/2026:17:04:33 +0000] "POST /wp-cron.php?doing_wp_cron=1784480673.3374879360198974609375 HTTP/1.1" 200 0 "-" "WordPress/7.0.2; https://keeloil.com"
194.164.192.228 - - [19/Jul/2026:17:04:32 +0000] "GET /wp-login.php HTTP/2" 200 1785 "-" "Mozilla/5.0 (Windows NT 10.0; Win64; x64) AppleWebKit/537.36 (KHTML, like Gecko) Chrome/147.0.0.0 Safari/537.36"
194.164.192.228 - - [19/Jul/2026:17:04:34 +0000] "POST /wp-login.php HTTP/2" 200 1925 "https://keeloil.com/wp-login.php" "Mozilla/5.0 (Windows NT 10.0; Win64; x64) AppleWebKit/537.36 (KHTML, like Gecko) Chrome/147.0.0.0 Safari/537.36"
57.141.0.5 - - [19/Jul/2026:17:04:42 +0000] "GET /home/page/1/?add_to_wishlist=92&_wpnonce=130a03ca18 HTTP/2" 301 0 "-" "Mozilla/5.0 (Windows NT 10.0; Win64; x64) AppleWebKit/537.36 (KHTML, like Gecko) Chrome/145.0.0.0 Safari/537.36 (compatible; meta-externalagent/1.1 (+https://developers.facebook.com/docs/sharing/webmasters/crawler))"
194.39.149.53 - - [19/Jul/2026:17:07:54 +0000] "POST /wp-cron.php?doing_wp_cron=1784480873.8459839820861816406250 HTTP/1.1" 200 0 "-" "WordPress/7.0.2; https://keeloil.com"
185.223.152.77 - - [19/Jul/2026:17:07:50 +0000] "POST /wp-login.php HTTP/1.1" 200 2142 "-" "Mozilla/5.0 (Windows NT 10.0; Win64; x64) AppleWebKit/537.36 Chrome/129.0.0.0 Safari/537.36"
91.99.127.86 - - [19/Jul/2026:17:09:06 +0000] "POST /xmlrpc.php HTTP/2" 403 1242 "-" "Mozilla/5.0 (Windows NT 10.0; WOW64) AppleWebKit/537.36 (KHTML, like Gecko) Chrome/147.0.0.0 Safari/537.36"
201.159.145.72 - - [19/Jul/2026:17:12:13 +0000] "GET /home/page/15/?_wpnonce=8c01fca9a7&add_to_wishlist=92 HTTP/1.1" 200 24605 "-" "Mozilla/5.0 (Windows NT 6.1) AppleWebKit/537.36 (KHTML, like Gecko) Chrome/85.0.4183.83 Safari/537.36"
194.39.149.53 - - [19/Jul/2026:17:12:21 +0000] "POST /wp-cron.php?doing_wp_cron=1784481141.2042961120605468750000 HTTP/1.1" 200 0 "-" "WordPress/7.0.2; https://keeloil.com"
173.239.218.9 - - [19/Jul/2026:17:12:58 +0000] "POST /wp-login.php HTTP/1.1" 200 2142 "-" "windows|Mozilla/5.0 (Windows; U; Windows NT 6.1;; en-US) AppleWebKit/537.24 (KHTML, like Gecko) Chrome/49.0.3981.381 Safari/537.5 Edge/18.17605"
194.39.149.53 - - [19/Jul/2026:17:13:05 +0000] "POST /wp-cron.php?doing_wp_cron=1784481184.7259860038757324218750 HTTP/1.1" 200 0 "-" "WordPress/7.0.2; https://keeloil.com"
41.186.86.12 - - [19/Jul/2026:17:13:25 +0000] "POST /xmlrpc.php HTTP/2" 403 1242 "-" "Mozilla/5.0 (Windows NT 10.0) AppleWebKit/537.36 (KHTML, like Gecko) Chrome/147.0.0.0 Safari/537.36"
67.207.94.191 - - [19/Jul/2026:17:13:36 +0000] "GET /wp-includes/wp-login.php HTTP/2" 404 13180 "-" "Mozilla/5.0 (Windows NT 10.0; Win64; x64) AppleWebKit/537.36 (KHTML, like Gecko) Chrome/147.0.0.0 Safari/537.36"
194.39.149.53 - - [19/Jul/2026:17:14:17 +0000] "POST /wp-cron.php?doing_wp_cron=1784481257.8051691055297851562500 HTTP/1.1" 200 0 "-" "WordPress/7.0.2; https://keeloil.com"
120.72.98.5 - - [19/Jul/2026:17:14:07 +0000] "GET /wp-login.php HTTP/2" 200 1785 "-" "Mozilla/5.0 (Windows NT 10.0; Win64; x64) AppleWebKit/537.36 (KHTML, like Gecko) Chrome/147.0.0.0 Safari/537.36"
120.72.98.5 - - [19/Jul/2026:17:14:18 +0000] "POST /wp-login.php HTTP/2" 200 1919 "https://keeloil.com/wp-login.php" "Mozilla/5.0 (Windows NT 10.0; Win64; x64) AppleWebKit/537.36 (KHTML, like Gecko) Chrome/147.0.0.0 Safari/537.36"
82.215.104.105 - - [19/Jul/2026:17:14:44 +0000] "GET /home/page/16/?_wpnonce=d7b92a0bd1&add_to_wishlist=92 HTTP/1.1" 200 0 "-" "Mozilla/5.0 (Macintosh; Intel Mac OS X 10_15_7) AppleWebKit/537.36 (KHTML, like Gecko) Chrome/100.0.4896.127 Safari/537.36"
173.252.69.25 - - [19/Jul/2026:17:15:04 +0000] "GET /robots.txt HTTP/2" 200 0 "-" "facebookexternalhit/1.1 (+http://www.facebook.com/externalhit_uatext.php)"
173.252.69.5 - - [19/Jul/2026:17:15:06 +0000] "GET /robots.txt HTTP/2" 200 0 "-" "facebookexternalhit/1.1 (+http://www.facebook.com/externalhit_uatext.php)"
173.252.69.15 - - [19/Jul/2026:17:15:06 +0000] "GET /robots.txt HTTP/2" 200 112 "-" "facebookexternalhit/1.1 (+http://www.facebook.com/externalhit_uatext.php)"
194.39.149.53 - - [19/Jul/2026:17:15:12 +0000] "POST /wp-cron.php?doing_wp_cron=1784481312.0130500793457031250000 HTTP/1.1" 200 0 "-" "WordPress/7.0.2; https://keeloil.com"
57.141.0.1 - - [19/Jul/2026:17:15:07 +0000] "GET /home/page/15/?add_to_wishlist=92&_wpnonce=a17a17d541 HTTP/2" 200 123949 "-" "Mozilla/5.0 (Macintosh; Intel Mac OS X 10_15_7) AppleWebKit/537.36 (KHTML, like Gecko) Chrome/145.0.0.0 Safari/537.36 (compatible; meta-externalagent/1.1 (+https://developers.facebook.com/docs/sharing/webmasters/crawler))"
65.20.129.41 - - [19/Jul/2026:17:15:07 +0000] "GET /home/page/16/?_wpnonce=d7b92a0bd1&add_to_wishlist=92 HTTP/1.1" 200 23891 "-" "Mozilla/5.0 (Windows NT 6.1; WOW64) AppleWebKit/537.36 (KHTML, like Gecko) Chrome/95.0.4638.54 Safari/537.36"
185.223.152.84 - - [19/Jul/2026:17:15:19 +0000] "POST /wp-login.php HTTP/1.1" 200 2142 "-" "Mozilla/5.0 (Windows NT 10.0; Win64; rv:143.0) Gecko/20100101 Firefox/143.0"
177.232.87.163 - - [19/Jul/2026:17:15:54 +0000] "GET /2026/07/14/ HTTP/1.1" 200 15451 "-" "Mozilla/5.0 (Macintosh; Intel Mac OS X 10_13_6) AppleWebKit/537.36 (KHTML, like Gecko) Chrome/74.0.3729.169 Safari/524.34"
194.39.149.53 - - [19/Jul/2026:17:16:40 +0000] "POST /wp-cron.php?doing_wp_cron=1784481400.0187220573425292968750 HTTP/1.1" 200 0 "-" "WordPress/7.0.2; https://keeloil.com"
23.94.155.53 - - [19/Jul/2026:17:16:34 +0000] "POST /wp-login.php HTTP/1.1" 200 2142 "-" "Mozilla/5.0 (Macintosh; Intel Mac OS X 10_15_7) AppleWebKit/605.1.15 Version/17.0 Safari/605.1.15"
20.12.214.177 - - [19/Jul/2026:17:17:00 +0000] "GET /inputs.php HTTP/1.1" 401 53 "-" "Mozilla/5.0 (Windows NT 10.0; Win64; x64) AppleWebKit/537.36 (KHTML, like Gecko) Chrome/120.0.0.0 Safari/537.36"
20.12.214.177 - - [19/Jul/2026:17:17:00 +0000] "GET /admin.php HTTP/1.1" 401 53 "-" "Mozilla/5.0 (Windows NT 10.0; Win64; x64) AppleWebKit/537.36 (KHTML, like Gecko) Chrome/120.0.0.0 Safari/537.36"
20.12.214.177 - - [19/Jul/2026:17:17:00 +0000] "GET /goods.php HTTP/1.1" 401 53 "-" "Mozilla/5.0 (Windows NT 10.0; Win64; x64) AppleWebKit/537.36 (KHTML, like Gecko) Chrome/120.0.0.0 Safari/537.36"
20.12.214.177 - - [19/Jul/2026:17:17:00 +0000] "GET /file.php HTTP/1.1" 401 53 "-" "Mozilla/5.0 (Windows NT 10.0; Win64; x64) AppleWebKit/537.36 (KHTML, like Gecko) Chrome/120.0.0.0 Safari/537.36"
20.12.214.177 - - [19/Jul/2026:17:17:00 +0000] "GET /adminfuns.php HTTP/1.1" 401 53 "-" "Mozilla/5.0 (Windows NT 10.0; Win64; x64) AppleWebKit/537.36 (KHTML, like Gecko) Chrome/120.0.0.0 Safari/537.36"
20.12.214.177 - - [19/Jul/2026:17:17:00 +0000] "GET /404.php HTTP/1.1" 401 53 "-" "Mozilla/5.0 (Windows NT 10.0; Win64; x64) AppleWebKit/537.36 (KHTML, like Gecko) Chrome/120.0.0.0 Safari/537.36"
20.12.214.177 - - [19/Jul/2026:17:17:00 +0000] "GET /wk/index.php HTTP/1.1" 401 53 "-" "Mozilla/5.0 (Windows NT 10.0; Win64; x64) AppleWebKit/537.36 (KHTML, like Gecko) Chrome/120.0.0.0 Safari/537.36"
20.12.214.177 - - [19/Jul/2026:17:17:00 +0000] "GET /about.php HTTP/1.1" 401 53 "-" "Mozilla/5.0 (Windows NT 10.0; Win64; x64) AppleWebKit/537.36 (KHTML, like Gecko) Chrome/120.0.0.0 Safari/537.36"
20.12.214.177 - - [19/Jul/2026:17:17:00 +0000] "GET /term.php HTTP/1.1" 401 53 "-" "Mozilla/5.0 (Windows NT 10.0; Win64; x64) AppleWebKit/537.36 (KHTML, like Gecko) Chrome/120.0.0.0 Safari/537.36"
20.12.214.177 - - [19/Jul/2026:17:17:00 +0000] "GET /ioxi-o.php HTTP/1.1" 401 53 "-" "Mozilla/5.0 (Windows NT 10.0; Win64; x64) AppleWebKit/537.36 (KHTML, like Gecko) Chrome/120.0.0.0 Safari/537.36"
20.12.214.177 - - [19/Jul/2026:17:17:00 +0000] "GET /1.php HTTP/1.1" 401 53 "-" "Mozilla/5.0 (Windows NT 10.0; Win64; x64) AppleWebKit/537.36 (KHTML, like Gecko) Chrome/120.0.0.0 Safari/537.36"
20.12.214.177 - - [19/Jul/2026:17:17:00 +0000] "GET /alfa.php HTTP/1.1" 401 53 "-" "Mozilla/5.0 (Windows NT 10.0; Win64; x64) AppleWebKit/537.36 (KHTML, like Gecko) Chrome/120.0.0.0 Safari/537.36"
20.12.214.177 - - [19/Jul/2026:17:17:00 +0000] "GET /edit.php HTTP/1.1" 401 53 "-" "Mozilla/5.0 (Windows NT 10.0; Win64; x64) AppleWebKit/537.36 (KHTML, like Gecko) Chrome/120.0.0.0 Safari/537.36"
20.12.214.177 - - [19/Jul/2026:17:17:00 +0000] "GET /elp.php HTTP/1.1" 401 53 "-" "Mozilla/5.0 (Windows NT 10.0; Win64; x64) AppleWebKit/537.36 (KHTML, like Gecko) Chrome/120.0.0.0 Safari/537.36"
20.12.214.177 - - [19/Jul/2026:17:17:00 +0000] "GET /classwithtostring.php HTTP/1.1" 401 53 "-" "Mozilla/5.0 (Windows NT 10.0; Win64; x64) AppleWebKit/537.36 (KHTML, like Gecko) Chrome/120.0.0.0 Safari/537.36"
20.12.214.177 - - [19/Jul/2026:17:17:01 +0000] "GET /666.php HTTP/1.1" 401 53 "-" "Mozilla/5.0 (Windows NT 10.0; Win64; x64) AppleWebKit/537.36 (KHTML, like Gecko) Chrome/120.0.0.0 Safari/537.36"
20.12.214.177 - - [19/Jul/2026:17:17:01 +0000] "GET /wp-admin/ HTTP/1.1" 401 53 "-" "Mozilla/5.0 (Windows NT 10.0; Win64; x64) AppleWebKit/537.36 (KHTML, like Gecko) Chrome/120.0.0.0 Safari/537.36"
20.12.214.177 - - [19/Jul/2026:17:17:01 +0000] "GET /ws54.php HTTP/1.1" 401 53 "-" "Mozilla/5.0 (Windows NT 10.0; Win64; x64) AppleWebKit/537.36 (KHTML, like Gecko) Chrome/120.0.0.0 Safari/537.36"
20.12.214.177 - - [19/Jul/2026:17:17:01 +0000] "GET /deepseek_d.php HTTP/1.1" 401 53 "-" "Mozilla/5.0 (Windows NT 10.0; Win64; x64) AppleWebKit/537.36 (KHTML, like Gecko) Chrome/120.0.0.0 Safari/537.36"
20.12.214.177 - - [19/Jul/2026:17:17:01 +0000] "GET /function/function.php HTTP/1.1" 401 53 "-" "Mozilla/5.0 (Windows NT 10.0; Win64; x64) AppleWebKit/537.36 (KHTML, like Gecko) Chrome/120.0.0.0 Safari/537.36"
20.12.214.177 - - [19/Jul/2026:17:17:01 +0000] "GET /nw.php HTTP/1.1" 401 53 "-" "Mozilla/5.0 (Windows NT 10.0; Win64; x64) AppleWebKit/537.36 (KHTML, like Gecko) Chrome/120.0.0.0 Safari/537.36"
20.12.214.177 - - [19/Jul/2026:17:17:01 +0000] "GET /xleet.php HTTP/1.1" 401 53 "-" "Mozilla/5.0 (Windows NT 10.0; Win64; x64) AppleWebKit/537.36 (KHTML, like Gecko) Chrome/120.0.0.0 Safari/537.36"
20.12.214.177 - - [19/Jul/2026:17:17:01 +0000] "GET /wp.php HTTP/1.1" 401 53 "-" "Mozilla/5.0 (Windows NT 10.0; Win64; x64) AppleWebKit/537.36 (KHTML, like Gecko) Chrome/120.0.0.0 Safari/537.36"
20.12.214.177 - - [19/Jul/2026:17:17:01 +0000] "GET /155.php HTTP/1.1" 401 53 "-" "Mozilla/5.0 (Windows NT 10.0; Win64; x64) AppleWebKit/537.36 (KHTML, like Gecko) Chrome/120.0.0.0 Safari/537.36"
20.12.214.177 - - [19/Jul/2026:17:17:01 +0000] "GET /96i.php HTTP/1.1" 401 53 "-" "Mozilla/5.0 (Windows NT 10.0; Win64; x64) AppleWebKit/537.36 (KHTML, like Gecko) Chrome/120.0.0.0 Safari/537.36"
20.12.214.177 - - [19/Jul/2026:17:17:01 +0000] "GET /as.php HTTP/1.1" 401 53 "-" "Mozilla/5.0 (Windows NT 10.0; Win64; x64) AppleWebKit/537.36 (KHTML, like Gecko) Chrome/120.0.0.0 Safari/537.36"
20.12.214.177 - - [19/Jul/2026:17:17:01 +0000] "GET /min.php HTTP/1.1" 401 53 "-" "Mozilla/5.0 (Windows NT 10.0; Win64; x64) AppleWebKit/537.36 (KHTML, like Gecko) Chrome/120.0.0.0 Safari/537.36"
20.12.214.177 - - [19/Jul/2026:17:17:01 +0000] "GET /.well-known/ HTTP/1.1" 401 53 "-" "Mozilla/5.0 (Windows NT 10.0; Win64; x64) AppleWebKit/537.36 (KHTML, like Gecko) Chrome/120.0.0.0 Safari/537.36"
20.12.214.177 - - [19/Jul/2026:17:17:01 +0000] "GET /php8.php HTTP/1.1" 401 53 "-" "Mozilla/5.0 (Windows NT 10.0; Win64; x64) AppleWebKit/537.36 (KHTML, like Gecko) Chrome/120.0.0.0 Safari/537.36"
20.12.214.177 - - [19/Jul/2026:17:17:01 +0000] "GET /wp-content/admin.php HTTP/1.1" 401 53 "-" "Mozilla/5.0 (Windows NT 10.0; Win64; x64) AppleWebKit/537.36 (KHTML, like Gecko) Chrome/120.0.0.0 Safari/537.36"
20.12.214.177 - - [19/Jul/2026:17:17:01 +0000] "GET /222.php HTTP/1.1" 401 53 "-" "Mozilla/5.0 (Windows NT 10.0; Win64; x64) AppleWebKit/537.36 (KHTML, like Gecko) Chrome/120.0.0.0 Safari/537.36"
20.12.214.177 - - [19/Jul/2026:17:17:01 +0000] "GET /wp-content/themes/pridmag/il.php HTTP/1.1" 401 53 "-" "Mozilla/5.0 (Windows NT 10.0; Win64; x64) AppleWebKit/537.36 (KHTML, like Gecko) Chrome/120.0.0.0 Safari/537.36"
20.12.214.177 - - [19/Jul/2026:17:17:01 +0000] "GET /info.php HTTP/1.1" 401 53 "-" "Mozilla/5.0 (Windows NT 10.0; Win64; x64) AppleWebKit/537.36 (KHTML, like Gecko) Chrome/120.0.0.0 Safari/537.36"
20.12.214.177 - - [19/Jul/2026:17:17:01 +0000] "GET /a.php HTTP/1.1" 401 53 "-" "Mozilla/5.0 (Windows NT 10.0; Win64; x64) AppleWebKit/537.36 (KHTML, like Gecko) Chrome/120.0.0.0 Safari/537.36"
20.12.214.177 - - [19/Jul/2026:17:17:01 +0000] "GET /chosen.php HTTP/1.1" 401 53 "-" "Mozilla/5.0 (Windows NT 10.0; Win64; x64) AppleWebKit/537.36 (KHTML, like Gecko) Chrome/120.0.0.0 Safari/537.36"
20.12.214.177 - - [19/Jul/2026:17:17:01 +0000] "GET /wp-content/index.php HTTP/1.1" 401 53 "-" "Mozilla/5.0 (Windows NT 10.0; Win64; x64) AppleWebKit/537.36 (KHTML, like Gecko) Chrome/120.0.0.0 Safari/537.36"
20.12.214.177 - - [19/Jul/2026:17:17:01 +0000] "GET /vx.php HTTP/1.1" 401 53 "-" "Mozilla/5.0 (Windows NT 10.0; Win64; x64) AppleWebKit/537.36 (KHTML, like Gecko) Chrome/120.0.0.0 Safari/537.36"
20.12.214.177 - - [19/Jul/2026:17:17:01 +0000] "GET /admin/controller/extension/ HTTP/1.1" 401 53 "-" "Mozilla/5.0 (Windows NT 10.0; Win64; x64) AppleWebKit/537.36 (KHTML, like Gecko) Chrome/120.0.0.0 Safari/537.36"
20.12.214.177 - - [19/Jul/2026:17:17:01 +0000] "GET /wap.php HTTP/1.1" 401 53 "-" "Mozilla/5.0 (Windows NT 10.0; Win64; x64) AppleWebKit/537.36 (KHTML, like Gecko) Chrome/120.0.0.0 Safari/537.36"
20.12.214.177 - - [19/Jul/2026:17:17:02 +0000] "GET /wp-admin/wp.php HTTP/1.1" 401 53 "-" "Mozilla/5.0 (Windows NT 10.0; Win64; x64) AppleWebKit/537.36 (KHTML, like Gecko) Chrome/120.0.0.0 Safari/537.36"
20.12.214.177 - - [19/Jul/2026:17:17:02 +0000] "GET /bgymj.php HTTP/1.1" 401 53 "-" "Mozilla/5.0 (Windows NT 10.0; Win64; x64) AppleWebKit/537.36 (KHTML, like Gecko) Chrome/120.0.0.0 Safari/537.36"
20.12.214.177 - - [19/Jul/2026:17:17:02 +0000] "GET /aa.php HTTP/1.1" 401 53 "-" "Mozilla/5.0 (Windows NT 10.0; Win64; x64) AppleWebKit/537.36 (KHTML, like Gecko) Chrome/120.0.0.0 Safari/537.36"
20.12.214.177 - - [19/Jul/2026:17:17:02 +0000] "GET /wp-mail.php HTTP/1.1" 401 53 "-" "Mozilla/5.0 (Windows NT 10.0; Win64; x64) AppleWebKit/537.36 (KHTML, like Gecko) Chrome/120.0.0.0 Safari/537.36"
20.12.214.177 - - [19/Jul/2026:17:17:02 +0000] "GET /bolt.php HTTP/1.1" 401 53 "-" "Mozilla/5.0 (Windows NT 10.0; Win64; x64) AppleWebKit/537.36 (KHTML, like Gecko) Chrome/120.0.0.0 Safari/537.36"
20.12.214.177 - - [19/Jul/2026:17:17:02 +0000] "GET /bthil.php HTTP/1.1" 401 53 "-" "Mozilla/5.0 (Windows NT 10.0; Win64; x64) AppleWebKit/537.36 (KHTML, like Gecko) Chrome/120.0.0.0 Safari/537.36"
20.12.214.177 - - [19/Jul/2026:17:17:02 +0000] "GET /cgi-bin/ HTTP/1.1" 401 53 "-" "Mozilla/5.0 (Windows NT 10.0; Win64; x64) AppleWebKit/537.36 (KHTML, like Gecko) Chrome/120.0.0.0 Safari/537.36"
20.12.214.177 - - [19/Jul/2026:17:17:02 +0000] "GET /x.php HTTP/1.1" 401 53 "-" "Mozilla/5.0 (Windows NT 10.0; Win64; x64) AppleWebKit/537.36 (KHTML, like Gecko) Chrome/120.0.0.0 Safari/537.36"
20.12.214.177 - - [19/Jul/2026:17:17:02 +0000] "GET /index/function.php HTTP/1.1" 401 53 "-" "Mozilla/5.0 (Windows NT 10.0; Win64; x64) AppleWebKit/537.36 (KHTML, like Gecko) Chrome/120.0.0.0 Safari/537.36"
20.12.214.177 - - [19/Jul/2026:17:17:02 +0000] "GET /aaa.php HTTP/1.1" 401 53 "-" "Mozilla/5.0 (Windows NT 10.0; Win64; x64) AppleWebKit/537.36 (KHTML, like Gecko) Chrome/120.0.0.0 Safari/537.36"
20.12.214.177 - - [19/Jul/2026:17:17:02 +0000] "GET /abcd.php HTTP/1.1" 401 53 "-" "Mozilla/5.0 (Windows NT 10.0; Win64; x64) AppleWebKit/537.36 (KHTML, like Gecko) Chrome/120.0.0.0 Safari/537.36"
20.12.214.177 - - [19/Jul/2026:17:17:02 +0000] "GET /wp-good.php HTTP/1.1" 401 53 "-" "Mozilla/5.0 (Windows NT 10.0; Win64; x64) AppleWebKit/537.36 (KHTML, like Gecko) Chrome/120.0.0.0 Safari/537.36"
20.12.214.177 - - [19/Jul/2026:17:17:02 +0000] "GET /simple.php HTTP/1.1" 401 53 "-" "Mozilla/5.0 (Windows NT 10.0; Win64; x64) AppleWebKit/537.36 (KHTML, like Gecko) Chrome/120.0.0.0 Safari/537.36"
20.12.214.177 - - [19/Jul/2026:17:17:02 +0000] "GET /edit-tags.php HTTP/1.1" 401 53 "-" "Mozilla/5.0 (Windows NT 10.0; Win64; x64) AppleWebKit/537.36 (KHTML, like Gecko) Chrome/120.0.0.0 Safari/537.36"
20.12.214.177 - - [19/Jul/2026:17:17:02 +0000] "GET /u.php HTTP/1.1" 401 53 "-" "Mozilla/5.0 (Windows NT 10.0; Win64; x64) AppleWebKit/537.36 (KHTML, like Gecko) Chrome/120.0.0.0 Safari/537.36"
20.12.214.177 - - [19/Jul/2026:17:17:02 +0000] "GET /wp-content/themes/admin.php HTTP/1.1" 401 53 "-" "Mozilla/5.0 (Windows NT 10.0; Win64; x64) AppleWebKit/537.36 (KHTML, like Gecko) Chrome/120.0.0.0 Safari/537.36"
20.12.214.177 - - [19/Jul/2026:17:17:02 +0000] "GET /h.php HTTP/1.1" 401 53 "-" "Mozilla/5.0 (Windows NT 10.0; Win64; x64) AppleWebKit/537.36 (KHTML, like Gecko) Chrome/120.0.0.0 Safari/537.36"
20.12.214.177 - - [19/Jul/2026:17:17:02 +0000] "GET /ms-edit.php HTTP/1.1" 401 53 "-" "Mozilla/5.0 (Windows NT 10.0; Win64; x64) AppleWebKit/537.36 (KHTML, like Gecko) Chrome/120.0.0.0 Safari/537.36"
20.12.214.177 - - [19/Jul/2026:17:17:02 +0000] "GET /a7.php HTTP/1.1" 401 53 "-" "Mozilla/5.0 (Windows NT 10.0; Win64; x64) AppleWebKit/537.36 (KHTML, like Gecko) Chrome/120.0.0.0 Safari/537.36"
20.12.214.177 - - [19/Jul/2026:17:17:03 +0000] "GET /manager.php HTTP/1.1" 401 53 "-" "Mozilla/5.0 (Windows NT 10.0; Win64; x64) AppleWebKit/537.36 (KHTML, like Gecko) Chrome/120.0.0.0 Safari/537.36"
20.12.214.177 - - [19/Jul/2026:17:17:03 +0000] "GET /w1.php HTTP/1.1" 401 53 "-" "Mozilla/5.0 (Windows NT 10.0; Win64; x64) AppleWebKit/537.36 (KHTML, like Gecko) Chrome/120.0.0.0 Safari/537.36"
20.12.214.177 - - [19/Jul/2026:17:17:03 +0000] "GET /wp-includes/fonts/ HTTP/1.1" 401 53 "-" "Mozilla/5.0 (Windows NT 10.0; Win64; x64) AppleWebKit/537.36 (KHTML, like Gecko) Chrome/120.0.0.0 Safari/537.36"
20.12.214.177 - - [19/Jul/2026:17:17:03 +0000] "GET /wp-login.php HTTP/1.1" 401 53 "-" "Mozilla/5.0 (Windows NT 10.0; Win64; x64) AppleWebKit/537.36 (KHTML, like Gecko) Chrome/120.0.0.0 Safari/537.36"
20.12.214.177 - - [19/Jul/2026:17:17:03 +0000] "GET /default.php HTTP/1.1" 401 53 "-" "Mozilla/5.0 (Windows NT 10.0; Win64; x64) AppleWebKit/537.36 (KHTML, like Gecko) Chrome/120.0.0.0 Safari/537.36"
20.12.214.177 - - [19/Jul/2026:17:17:03 +0000] "GET /i.php HTTP/1.1" 401 53 "-" "Mozilla/5.0 (Windows NT 10.0; Win64; x64) AppleWebKit/537.36 (KHTML, like Gecko) Chrome/120.0.0.0 Safari/537.36"
20.12.214.177 - - [19/Jul/2026:17:17:03 +0000] "GET /wp-content/uploads/ HTTP/1.1" 401 53 "-" "Mozilla/5.0 (Windows NT 10.0; Win64; x64) AppleWebKit/537.36 (KHTML, like Gecko) Chrome/120.0.0.0 Safari/537.36"
20.12.214.177 - - [19/Jul/2026:17:17:03 +0000] "GET /wp-includes/Requests/library/index.php HTTP/1.1" 401 53 "-" "Mozilla/5.0 (Windows NT 10.0; Win64; x64) AppleWebKit/537.36 (KHTML, like Gecko) Chrome/120.0.0.0 Safari/537.36"
20.12.214.177 - - [19/Jul/2026:17:17:03 +0000] "GET /wp-content/themes/index.php HTTP/1.1" 401 53 "-" "Mozilla/5.0 (Windows NT 10.0; Win64; x64) AppleWebKit/537.36 (KHTML, like Gecko) Chrome/120.0.0.0 Safari/537.36"
20.12.214.177 - - [19/Jul/2026:17:17:03 +0000] "GET /gecko-new.php HTTP/1.1" 401 53 "-" "Mozilla/5.0 (Windows NT 10.0; Win64; x64) AppleWebKit/537.36 (KHTML, like Gecko) Chrome/120.0.0.0 Safari/537.36"
20.12.214.177 - - [19/Jul/2026:17:17:03 +0000] "GET /NewFile.php HTTP/1.1" 401 53 "-" "Mozilla/5.0 (Windows NT 10.0; Win64; x64) AppleWebKit/537.36 (KHTML, like Gecko) Chrome/120.0.0.0 Safari/537.36"
20.12.214.177 - - [19/Jul/2026:17:17:03 +0000] "GET /wp-Blogs.php HTTP/1.1" 401 53 "-" "Mozilla/5.0 (Windows NT 10.0; Win64; x64) AppleWebKit/537.36 (KHTML, like Gecko) Chrome/120.0.0.0 Safari/537.36"
20.12.214.177 - - [19/Jul/2026:17:17:03 +0000] "GET /wp-includes/fonts/index.php HTTP/1.1" 401 53 "-" "Mozilla/5.0 (Windows NT 10.0; Win64; x64) AppleWebKit/537.36 (KHTML, like Gecko) Chrome/120.0.0.0 Safari/537.36"
20.12.214.177 - - [19/Jul/2026:17:17:03 +0000] "GET /themes.php HTTP/1.1" 401 53 "-" "Mozilla/5.0 (Windows NT 10.0; Win64; x64) AppleWebKit/537.36 (KHTML, like Gecko) Chrome/120.0.0.0 Safari/537.36"
20.12.214.177 - - [19/Jul/2026:17:17:03 +0000] "GET /cv.php HTTP/1.1" 401 53 "-" "Mozilla/5.0 (Windows NT 10.0; Win64; x64) AppleWebKit/537.36 (KHTML, like Gecko) Chrome/120.0.0.0 Safari/537.36"
20.12.214.177 - - [19/Jul/2026:17:17:03 +0000] "GET /wp-admin/js/ HTTP/1.1" 401 53 "-" "Mozilla/5.0 (Windows NT 10.0; Win64; x64) AppleWebKit/537.36 (KHTML, like Gecko) Chrome/120.0.0.0 Safari/537.36"
