194.39.149.53 - - [19/Jul/2026:14:55:16 +0000] "POST /wp-cron.php?doing_wp_cron=1784472916.4166979789733886718750 HTTP/1.1" 200 0 "-" "WordPress/7.0.2; https://gradregalia242.com"
85.208.96.202 - - [19/Jul/2026:14:55:11 +0000] "GET /shelve-punt-and-lively-monger-option-level-casino-australian-market-unlock-offer/ HTTP/1.1" 200 41152 "-" "Mozilla/5.0 (compatible; SemrushBot/7~bl; +http://www.semrush.com/bot.html)"
154.119.214.235 - - [19/Jul/2026:14:56:35 +0000] "GET /wp-content/uploads/2022/01/gs-dipcovi-fst-1_3.jpeg HTTP/1.1" 200 15738 "-" "Mozilla/5.0 (Macintosh; Intel Mac OS X 10_14_3) AppleWebKit/537.36 (KHTML, like Gecko) Brave Chrome/79.0.3945.88 Safari/537.36"
46.197.244.189 - - [19/Jul/2026:14:57:47 +0000] "GET /wp-content/uploads/2022/08/021826EB-8697-4A86-A5F0-0E18D21417B6.jpeg HTTP/1.1" 200 121851 "-" "Mozilla/5.0 (Windows NT 6.1; Win64; x64) AppleWebKit/537.36 (KHTML, like Gecko) Chrome/80.0.3987.132 Safari/537.36"
172.98.32.199 - - [19/Jul/2026:14:57:53 +0000] "POST /wp-login.php HTTP/1.1" 200 2315 "-" "Mozilla/5.0 (Windows NT 10.0; Win64; rv:143.0) Gecko/20100101 Firefox/143.0"
194.39.149.53 - - [19/Jul/2026:14:57:55 +0000] "POST /wp-cron.php?doing_wp_cron=1784473074.9443941116333007812500 HTTP/1.1" 200 0 "-" "WordPress/7.0.2; https://gradregalia242.com"
172.98.32.192 - - [19/Jul/2026:14:57:53 +0000] "POST /wp-login.php HTTP/1.1" 200 2294 "-" "Mozilla/5.0 (Windows NT 10.0; Win64; rv:143.0) Gecko/20100101 Firefox/143.0"
142.93.10.93 - - [19/Jul/2026:14:58:24 +0000] "GET /wp-login.php HTTP/2" 200 1941 "-" "Mozilla/5.0 (Linux; Android 13; Pixel 7 Pro) AppleWebKit/537.36 (KHTML, like Gecko) Chrome/147.0.0.0 Mobile Safari/537.36"
142.93.10.93 - - [19/Jul/2026:14:58:25 +0000] "POST /wp-login.php HTTP/2" 200 2110 "https://gradregalia242.com/wp-login.php" "Mozilla/5.0 (Linux; Android 13; Pixel 7 Pro) AppleWebKit/537.36 (KHTML, like Gecko) Chrome/147.0.0.0 Mobile Safari/537.36"
153.117.27.114 - - [19/Jul/2026:14:59:59 +0000] "GET /wp-content/uploads/2022/03/CBC072AC-87D0-4478-B7A2-1953EFD5AC00.jpeg HTTP/1.1" 200 26612 "-" "Mozilla/5.0 (Windows NT 6.1; WOW64) AppleWebKit/537.36 (KHTML, like Gecko) Chrome/77.0.4000.0 Iron Safari/537.36"
194.39.149.53 - - [19/Jul/2026:15:01:03 +0000] "POST /wp-cron.php?doing_wp_cron=1784473263.7114989757537841796875 HTTP/1.1" 200 0 "-" "WordPress/7.0.2; https://gradregalia242.com"
85.208.96.211 - - [19/Jul/2026:15:01:02 +0000] "GET /como-hanker-hacen-retirada-golpea-numero-atomico-85-acewin-casino-20betcasinowin-com-dentro-de-argentina-try-it-now/ HTTP/1.1" 200 43447 "-" "Mozilla/5.0 (compatible; SemrushBot/7~bl; +http://www.semrush.com/bot.html)"
41.157.88.141 - - [19/Jul/2026:15:02:02 +0000] "GET /wp-content/uploads/2022/03/1144E565-E826-4542-A697-EEC92F7DA65D.jpeg HTTP/1.1" 200 73784 "-" "Mozilla/5.0 (Macintosh; Intel Mac OS X 10_12_6) AppleWebKit/537.36 (KHTML, like Gecko) Chrome/88.0.4324.182 Safari/537.36"
194.39.149.53 - - [19/Jul/2026:15:04:22 +0000] "POST /wp-cron.php?doing_wp_cron=1784473462.1458930969238281250000 HTTP/1.1" 200 0 "-" "WordPress/7.0.2; https://gradregalia242.com"
45.160.182.214 - - [19/Jul/2026:15:04:19 +0000] "POST /xmlrpc.php HTTP/1.1" 200 403 "-" "Mozilla/5.0 (X11; Ubuntu; Linux x86_64; x86) AppleWebKit/537.36 (KHTML, like Gecko) Chrome/90.0.0.0 Safari/537.36"
194.39.149.53 - - [19/Jul/2026:15:04:55 +0000] "POST /wp-cron.php?doing_wp_cron=1784473495.5115280151367187500000 HTTP/1.1" 200 0 "-" "WordPress/7.0.2; https://gradregalia242.com"
72.60.40.175 - - [19/Jul/2026:15:04:52 +0000] "GET /shop/ HTTP/2" 200 323988 "-" "Mozilla/5.0 (Windows NT 10.0; Win64; x64) AppleWebKit/537.36"
194.39.149.53 - - [19/Jul/2026:15:06:59 +0000] "POST /wp-cron.php?doing_wp_cron=1784473619.6672360897064208984375 HTTP/1.1" 200 0 "-" "WordPress/7.0.2; https://gradregalia242.com"
103.28.36.122 - - [19/Jul/2026:15:06:58 +0000] "GET /wp-login.php HTTP/2" 200 1941 "-" "Mozilla/5.0 (Linux; Android 13; Pixel 7 Pro) AppleWebKit/537.36 (KHTML, like Gecko) Chrome/147.0.0.0 Mobile Safari/537.36"
103.28.36.122 - - [19/Jul/2026:15:07:00 +0000] "POST /wp-login.php HTTP/2" 200 2110 "https://gradregalia242.com/wp-login.php" "Mozilla/5.0 (Linux; Android 13; Pixel 7 Pro) AppleWebKit/537.36 (KHTML, like Gecko) Chrome/147.0.0.0 Mobile Safari/537.36"
172.98.32.199 - - [19/Jul/2026:15:09:10 +0000] "POST /wp-login.php HTTP/1.1" 200 2315 "-" "Mozilla/5.0 (Windows NT 10.0; Win64; x64) AppleWebKit/537.36 Chrome/129.0.0.0 Safari/537.36"
194.39.149.53 - - [19/Jul/2026:15:09:13 +0000] "POST /wp-cron.php?doing_wp_cron=1784473753.6067669391632080078125 HTTP/1.1" 200 0 "-" "WordPress/7.0.2; https://gradregalia242.com"
172.98.32.196 - - [19/Jul/2026:15:09:10 +0000] "POST /wp-login.php HTTP/1.1" 200 2294 "-" "Mozilla/5.0 (Windows NT 10.0; Win64; x64) AppleWebKit/537.36 Chrome/129.0.0.0 Safari/537.36"
41.212.57.106 - - [19/Jul/2026:15:09:54 +0000] "GET /wp-content/uploads/2022/02/Navy-Stole.jpeg HTTP/1.1" 200 24805 "-" "Mozilla/5.0 (Macintosh; Intel Mac OS X 10_15_7) AppleWebKit/537.36 (KHTML, like Gecko) Chrome/98.0.4758.80 Safari/537.36"
170.78.29.83 - - [19/Jul/2026:15:10:03 +0000] "GET /product-category/bachelors/page/2/?add_to_wishlist=178573 HTTP/1.1" 200 0 "-" "Mozilla/5.0 (Macintosh; Intel Mac OS X 10_16_0) AppleWebKit/537.36 (KHTML, like Gecko) Brave Chrome/80.0.3987.116 Safari/537.36"
194.39.149.53 - - [19/Jul/2026:15:10:14 +0000] "POST /wp-cron.php?doing_wp_cron=1784473814.6057119369506835937500 HTTP/1.1" 200 0 "-" "WordPress/7.0.2; https://gradregalia242.com"
14.191.78.242 - - [19/Jul/2026:15:10:17 +0000] "GET /product-category/bachelors/page/2/?add_to_wishlist=178573 HTTP/1.1" 200 0 "-" "Mozilla/5.0 (Macintosh; Intel Mac OS X 10_15_6) AppleWebKit/537.36 (KHTML, like Gecko) Chrome/87.0.4280.88 Safari/537.36"
194.39.149.53 - - [19/Jul/2026:15:10:48 +0000] "POST /wp-cron.php?doing_wp_cron=1784473848.3288350105285644531250 HTTP/1.1" 200 0 "-" "WordPress/7.0.2; https://gradregalia242.com"
185.191.171.8 - - [19/Jul/2026:15:10:51 +0000] "GET /robots.txt HTTP/1.1" 200 163 "-" "Mozilla/5.0 (compatible; SemrushBot/7~bl; +http://www.semrush.com/bot.html)"
85.208.96.198 - - [19/Jul/2026:15:10:53 +0000] "GET /oprechtheid-beloning-en-panjandrum-computerprogramma-koninkrijk-belgie-spin-win-casino-fortuna-net-website/ HTTP/1.1" 200 39917 "-" "Mozilla/5.0 (compatible; SemrushBot/7~bl; +http://www.semrush.com/bot.html)"
45.160.182.214 - - [19/Jul/2026:15:11:29 +0000] "GET /wp-json/wp/v2/users HTTP/1.1" 200 3978 "-" "Mozilla/4.0 (compatible; Win32; WinHttp.WinHttpRequest.5)"
194.39.149.53 - - [19/Jul/2026:15:12:05 +0000] "POST /wp-cron.php?doing_wp_cron=1784473925.8102889060974121093750 HTTP/1.1" 200 0 "-" "WordPress/7.0.2; https://gradregalia242.com"
45.160.182.214 - - [19/Jul/2026:15:12:03 +0000] "POST /xmlrpc.php HTTP/1.1" 200 403 "-" "Mozilla/5.0 (Windows NT 6.3; x64) AppleWebKit/537.36 (KHTML, like Gecko) Edge/89.0.0.0 Safari/537.36"
8.217.108.67 - - [19/Jul/2026:15:12:19 +0000] "GET /wp-login.php HTTP/2" 200 1941 "-" "Mozilla/5.0 (X11; Fedora; Linux x86_64) AppleWebKit/537.36 (KHTML, like Gecko) Chrome/150.0.0.0 Safari/537.36"
8.217.108.67 - - [19/Jul/2026:15:12:24 +0000] "POST /wp-login.php HTTP/2" 200 2085 "https://gradregalia242.com.keeloil.com/wp-login.php" "Mozilla/5.0 (X11; Fedora; Linux x86_64) AppleWebKit/537.36 (KHTML, like Gecko) Chrome/150.0.0.0 Safari/537.36"
45.160.182.214 - - [19/Jul/2026:15:12:38 +0000] "POST /xmlrpc.php HTTP/1.1" 200 0 "-" "Mozilla/5.0 (Windows NT 10.0; x86) AppleWebKit/537.36 (KHTML, like Gecko) Firefox/73.0.0.0 Safari/537.36"
185.191.171.16 - - [19/Jul/2026:15:12:37 +0000] "GET /modifica-linterfaccia-in-linea-con-il-tuo-stile-friuli-venezia-giulia-enjoy-the-game-stellario-casino-com/ HTTP/1.1" 200 42605 "-" "Mozilla/5.0 (compatible; SemrushBot/7~bl; +http://www.semrush.com/bot.html)"
194.39.149.53 - - [19/Jul/2026:15:12:42 +0000] "POST /wp-cron.php?doing_wp_cron=1784473962.7044839859008789062500 HTTP/1.1" 200 0 "-" "WordPress/7.0.2; https://gradregalia242.com"
185.191.171.10 - - [19/Jul/2026:15:13:03 +0000] "GET /what-receive-bonuses-fare-jl77-cassino-bid-https-www-iwild-co-nz-apac-region-bet-now/ HTTP/1.1" 200 41718 "-" "Mozilla/5.0 (compatible; SemrushBot/7~bl; +http://www.semrush.com/bot.html)"
72.60.40.175 - - [19/Jul/2026:15:13:01 +0000] "GET /shop/ HTTP/2" 200 323988 "-" "Mozilla/5.0 (Windows NT 10.0; Win64; x64) AppleWebKit/537.36"
45.160.182.214 - - [19/Jul/2026:15:13:12 +0000] "POST /xmlrpc.php HTTP/1.1" 200 403 "-" "Mozilla/5.0 (Windows NT 6.3; arm64) AppleWebKit/537.36 (KHTML, like Gecko) Opera/62.0.0.0 Safari/537.36"
114.119.155.13 - - [19/Jul/2026:15:13:20 +0000] "GET /product/shine-junior-and-senior-cap-tassel/ HTTP/1.1" 200 37228 "https://gradregalia242.com/product/junior-senior-gown-cap-tassel-stole-set-shiny-copy/" "Mozilla/5.0 (Linux; Android 7.0;) AppleWebKit/537.36 (HTML, like Gecko) Mobile Safari/537.36 (compatible; PetalBot;+https://webmaster.petalsearch.com/site/petalbot)"
182.77.62.24 - - [19/Jul/2026:15:13:26 +0000] "GET /wp-login.php HTTP/2" 200 1941 "-" "Mozilla/5.0 (Windows NT 10.0; Win64; x64) AppleWebKit/537.36 (KHTML, like Gecko) Chrome/147.0.0.0 Safari/537.36"
182.77.62.24 - - [19/Jul/2026:15:13:29 +0000] "POST /wp-login.php HTTP/2" 200 2085 "https://gradregalia242.com.keeloil.com/wp-login.php" "Mozilla/5.0 (Windows NT 10.0; Win64; x64) AppleWebKit/537.36 (KHTML, like Gecko) Chrome/147.0.0.0 Safari/537.36"
194.39.149.53 - - [19/Jul/2026:15:13:33 +0000] "POST /wp-cron.php?doing_wp_cron=1784474013.4123389720916748046875 HTTP/1.1" 200 0 "-" "WordPress/7.0.2; https://gradregalia242.com"
54.39.136.28 - - [19/Jul/2026:15:13:30 +0000] "GET /product/bachelors-gown-cap-tassel-shiny/ HTTP/2" 200 40958 "-" "Mozilla/5.0 (compatible; AhrefsBot/7.0; +http://ahrefs.com/robot/)"
45.160.182.214 - - [19/Jul/2026:15:13:44 +0000] "POST /xmlrpc.php HTTP/1.1" 200 403 "-" "Mozilla/5.0 (Windows NT 6.2; x64) AppleWebKit/537.36 (KHTML, like Gecko) Safari/12.0.0.0 Safari/537.36"
45.160.182.214 - - [19/Jul/2026:15:14:17 +0000] "POST /xmlrpc.php HTTP/1.1" 200 403 "-" "Mozilla/5.0 (Linux; Android 10; x64) AppleWebKit/537.36 (KHTML, like Gecko) Edge/100.0.0.0 Safari/537.36"
194.39.149.53 - - [19/Jul/2026:15:14:44 +0000] "POST /wp-cron.php?doing_wp_cron=1784474084.8039851188659667968750 HTTP/1.1" 200 0 "-" "WordPress/7.0.2; https://gradregalia242.com"
185.191.171.4 - - [19/Jul/2026:15:14:42 +0000] "GET /spinboss-gambling-commission-complaint-path/ HTTP/1.1" 200 35604 "-" "Mozilla/5.0 (compatible; SemrushBot/7~bl; +http://www.semrush.com/bot.html)"
45.160.182.214 - - [19/Jul/2026:15:15:01 +0000] "POST /xmlrpc.php HTTP/1.1" 200 0 "-" "Mozilla/5.0 (Linux; Android 10; x86) AppleWebKit/537.36 (KHTML, like Gecko) Chrome/114.0.0.0 Safari/537.36"
194.39.149.53 - - [19/Jul/2026:15:15:48 +0000] "POST /wp-cron.php?doing_wp_cron=1784474148.0098960399627685546875 HTTP/1.1" 200 0 "-" "WordPress/7.0.2; https://gradregalia242.com"
45.160.182.214 - - [19/Jul/2026:15:15:45 +0000] "POST /xmlrpc.php HTTP/1.1" 200 403 "-" "Mozilla/5.0 (Windows NT 10.0; x64) AppleWebKit/537.36 (KHTML, like Gecko) Opera/69.0.0.0 Safari/537.36"
114.119.155.13 - - [19/Jul/2026:15:15:58 +0000] "GET /product/gift-set/ HTTP/1.1" 200 36531 "https://gradregalia242.com/product-category/accessories" "Mozilla/5.0 (Linux; Android 7.0;) AppleWebKit/537.36 (HTML, like Gecko) Mobile Safari/537.36 (compatible; PetalBot;+https://webmaster.petalsearch.com/site/petalbot)"
45.160.182.214 - - [19/Jul/2026:15:16:29 +0000] "POST /xmlrpc.php HTTP/1.1" 200 0 "-" "Mozilla/5.0 (Windows NT 6.2; arm64) AppleWebKit/537.36 (KHTML, like Gecko) Opera/68.0.0.0 Safari/537.36"
114.119.142.125 - - [19/Jul/2026:15:14:36 +0000] "GET /product/hood-2/ HTTP/1.1" 500 384 "https://gradregalia242.com/product/econ-grad-package-gown-cap-tassel-printed-stole-diploma-cover" "Mozilla/5.0 (Linux; Android 7.0;) AppleWebKit/537.36 (HTML, like Gecko) Mobile Safari/537.36 (compatible; PetalBot;+https://webmaster.petalsearch.com/site/petalbot)"
45.160.182.214 - - [19/Jul/2026:15:17:12 +0000] "POST /xmlrpc.php HTTP/1.1" 200 403 "-" "Mozilla/5.0 (Windows NT 6.2; x64) AppleWebKit/537.36 (KHTML, like Gecko) Firefox/97.0.0.0 Safari/537.36"
136.64.137.186 - - [19/Jul/2026:15:17:28 +0000] "GET /.git/config HTTP/1.1" 401 53 "-" "Mozilla/5.0 (X11; Linux x86_64)"
114.119.154.6 - - [19/Jul/2026:15:17:22 +0000] "GET /product/customize-classic-trim-stole-72/ HTTP/1.1" 200 65334 "https://gradregalia242.com/product-category/stoles-sashes-2/custom" "Mozilla/5.0 (Linux; Android 7.0;) AppleWebKit/537.36 (HTML, like Gecko) Mobile Safari/537.36 (compatible; PetalBot;+https://webmaster.petalsearch.com/site/petalbot)"
45.160.182.214 - - [19/Jul/2026:15:17:57 +0000] "POST /xmlrpc.php HTTP/1.1" 200 0 "-" "Mozilla/5.0 (X11; Ubuntu; Linux x86_64; x86) AppleWebKit/537.36 (KHTML, like Gecko) Firefox/94.0.0.0 Safari/537.36"
194.39.149.53 - - [19/Jul/2026:15:18:14 +0000] "POST /wp-cron.php?doing_wp_cron=1784474294.4768559932708740234375 HTTP/1.1" 200 0 "-" "WordPress/7.0.2; https://gradregalia242.com"
194.39.149.53 - - [19/Jul/2026:15:18:45 +0000] "POST /wp-cron.php?doing_wp_cron=1784474325.8093171119689941406250 HTTP/1.1" 200 0 "-" "WordPress/7.0.2; https://gradregalia242.com"
45.160.182.214 - - [19/Jul/2026:15:18:41 +0000] "POST /xmlrpc.php HTTP/1.1" 200 403 "-" "Mozilla/5.0 (Windows NT 10.0; x86) AppleWebKit/537.36 (KHTML, like Gecko) Edge/91.0.0.0 Safari/537.36"
114.119.142.125 - - [19/Jul/2026:15:18:45 +0000] "GET /product-category/grad-decor/candy-box/ HTTP/1.1" 200 23880 "https://gradregalia242.com/product-category/packages/honor-cord-stole/" "Mozilla/5.0 (Linux; Android 7.0;) AppleWebKit/537.36 (HTML, like Gecko) Mobile Safari/537.36 (compatible; PetalBot;+https://webmaster.petalsearch.com/site/petalbot)"
194.39.149.53 - - [19/Jul/2026:15:18:50 +0000] "POST /wp-cron.php?doing_wp_cron=1784474330.7011349201202392578125 HTTP/1.1" 200 0 "-" "WordPress/7.0.2; https://gradregalia242.com"
45.160.182.214 - - [19/Jul/2026:15:19:12 +0000] "POST /xmlrpc.php HTTP/1.1" 200 0 "-" "Mozilla/5.0 (Windows NT 6.3; arm64) AppleWebKit/537.36 (KHTML, like Gecko) Chrome/108.0.0.0 Safari/537.36"
103.145.247.135 - - [19/Jul/2026:15:19:38 +0000] "GET /wp-content/uploads/2022/03/F1F9D3AB-6383-4BD1-85C8-CC80FFA786C2.jpeg HTTP/1.1" 200 26257 "-" "Mozilla/5.0 (Windows NT 6.1) AppleWebKit/537.36 (KHTML, like Gecko) Chrome/93.0.4577.82 Safari/537.36"
45.160.182.214 - - [19/Jul/2026:15:19:44 +0000] "POST /xmlrpc.php HTTP/1.1" 200 403 "-" "Mozilla/5.0 (Windows NT 6.3; x64) AppleWebKit/537.36 (KHTML, like Gecko) Firefox/88.0.0.0 Safari/537.36"
194.39.149.53 - - [19/Jul/2026:15:20:09 +0000] "POST /wp-cron.php?doing_wp_cron=1784474409.5362460613250732421875 HTTP/1.1" 200 0 "-" "WordPress/7.0.2; https://gradregalia242.com"
114.119.155.13 - - [19/Jul/2026:15:20:08 +0000] "GET /product/junior-senior-gown-cap-tassel-set-matte HTTP/1.1" 301 0 "https://gradregalia242.com/product-category/junior-secondary-high-schools/cap-gown-tassel-junior-secondary-high-schools" "Mozilla/5.0 (Linux; Android 7.0;) AppleWebKit/537.36 (HTML, like Gecko) Mobile Safari/537.36 (compatible; PetalBot;+https://webmaster.petalsearch.com/site/petalbot)"
114.119.155.13 - - [19/Jul/2026:15:20:10 +0000] "GET /product/junior-senior-gown-cap-tassel-set-matte/ HTTP/1.1" 200 41808 "https://gradregalia242.com/product-category/junior-secondary-high-schools/cap-gown-tassel-junior-secondary-high-schools" "Mozilla/5.0 (Linux; Android 7.0;) AppleWebKit/537.36 (HTML, like Gecko) Mobile Safari/537.36 (compatible; PetalBot;+https://webmaster.petalsearch.com/site/petalbot)"
45.160.182.214 - - [19/Jul/2026:15:20:13 +0000] "POST /xmlrpc.php HTTP/1.1" 200 403 "-" "Mozilla/5.0 (Linux; Android 10; x86) AppleWebKit/537.36 (KHTML, like Gecko) Opera/61.0.0.0 Safari/537.36"
176.97.123.28 - - [19/Jul/2026:15:20:21 +0000] "GET /606976/admin.php?520 HTTP/1.1" 404 148653 "-" "Mozilla/5.0 (Windows NT 10.0; Win64; x64) AppleWebKit/537.36 (KHTML, like Gecko) Chrome/136.0.0.0 Safari/537.36 Edg/136.0.0.0"
172.98.32.200 - - [19/Jul/2026:15:20:22 +0000] "POST /wp-login.php HTTP/1.1" 200 2315 "-" "Mozilla/5.0 (Macintosh; Intel Mac OS X 10_15_7) AppleWebKit/605.1.15 Version/17.0 Safari/605.1.15"
172.98.32.193 - - [19/Jul/2026:15:20:22 +0000] "POST /wp-login.php HTTP/1.1" 200 2294 "-" "Mozilla/5.0 (Windows NT 10.0; Win64; rv:143.0) Gecko/20100101 Firefox/143.0"
194.39.149.53 - - [19/Jul/2026:15:20:41 +0000] "POST /wp-cron.php?doing_wp_cron=1784474441.8081378936767578125000 HTTP/1.1" 200 0 "-" "WordPress/7.0.2; https://gradregalia242.com"
45.160.182.214 - - [19/Jul/2026:15:20:40 +0000] "POST /xmlrpc.php HTTP/1.1" 200 403 "-" "Mozilla/5.0 (X11; Ubuntu; Linux x86_64; x64) AppleWebKit/537.36 (KHTML, like Gecko) Firefox/100.0.0.0 Safari/537.36"
45.160.182.214 - - [19/Jul/2026:15:21:02 +0000] "POST /xmlrpc.php HTTP/1.1" 200 403 "-" "Mozilla/5.0 (Windows NT 6.3; x86) AppleWebKit/537.36 (KHTML, like Gecko) Opera/72.0.0.0 Safari/537.36"
45.160.182.214 - - [19/Jul/2026:15:21:22 +0000] "POST /xmlrpc.php HTTP/1.1" 200 0 "-" "Mozilla/5.0 (Macintosh; Intel Mac OS X 10_15_7; x64) AppleWebKit/537.36 (KHTML, like Gecko) Chrome/115.0.0.0 Safari/537.36"
185.93.89.147 - - [19/Jul/2026:15:21:27 +0000] "GET / HTTP/1.1" 200 12486 "http://cpanel.gradregalia242.com/" "Mozilla/5.0 (compatible; jscrawler/0.1; +https://github.com/)"
185.93.89.147 - - [19/Jul/2026:15:21:28 +0000] "GET /?locale=ar HTTP/1.1" 200 12875 "-" "Mozilla/5.0 (compatible; jscrawler/0.1; +https://github.com/)"
185.93.89.147 - - [19/Jul/2026:15:21:28 +0000] "GET /?locale=cs HTTP/1.1" 200 12715 "-" "Mozilla/5.0 (compatible; jscrawler/0.1; +https://github.com/)"
185.93.89.147 - - [19/Jul/2026:15:21:28 +0000] "GET /?locale=da HTTP/1.1" 200 12583 "-" "Mozilla/5.0 (compatible; jscrawler/0.1; +https://github.com/)"
185.93.89.147 - - [19/Jul/2026:15:21:28 +0000] "GET /?locale=hu HTTP/1.1" 200 12726 "-" "Mozilla/5.0 (compatible; jscrawler/0.1; +https://github.com/)"
185.93.89.147 - - [19/Jul/2026:15:21:28 +0000] "GET /?locale=de HTTP/1.1" 200 12686 "-" "Mozilla/5.0 (compatible; jscrawler/0.1; +https://github.com/)"
185.93.89.147 - - [19/Jul/2026:15:21:28 +0000] "GET /?locale=en HTTP/1.1" 200 12481 "-" "Mozilla/5.0 (compatible; jscrawler/0.1; +https://github.com/)"
185.93.89.147 - - [19/Jul/2026:15:21:28 +0000] "GET /?locale=el HTTP/1.1" 200 12980 "-" "Mozilla/5.0 (compatible; jscrawler/0.1; +https://github.com/)"
185.93.89.147 - - [19/Jul/2026:15:21:28 +0000] "GET /?locale=nb HTTP/1.1" 200 12598 "-" "Mozilla/5.0 (compatible; jscrawler/0.1; +https://github.com/)"
185.93.89.147 - - [19/Jul/2026:15:21:28 +0000] "GET /?locale=ms HTTP/1.1" 200 12588 "-" "Mozilla/5.0 (compatible; jscrawler/0.1; +https://github.com/)"
185.93.89.147 - - [19/Jul/2026:15:21:28 +0000] "GET /?locale=id HTTP/1.1" 200 12562 "-" "Mozilla/5.0 (compatible; jscrawler/0.1; +https://github.com/)"
185.93.89.147 - - [19/Jul/2026:15:21:28 +0000] "GET /?locale=es HTTP/1.1" 200 12646 "-" "Mozilla/5.0 (compatible; jscrawler/0.1; +https://github.com/)"
185.93.89.147 - - [19/Jul/2026:15:21:28 +0000] "GET /?locale=pt HTTP/1.1" 200 12506 "-" "Mozilla/5.0 (compatible; jscrawler/0.1; +https://github.com/)"
185.93.89.147 - - [19/Jul/2026:15:21:28 +0000] "GET /?locale=es_419 HTTP/1.1" 200 12496 "-" "Mozilla/5.0 (compatible; jscrawler/0.1; +https://github.com/)"
185.93.89.147 - - [19/Jul/2026:15:21:28 +0000] "GET /?locale=fi HTTP/1.1" 200 12649 "-" "Mozilla/5.0 (compatible; jscrawler/0.1; +https://github.com/)"
185.93.89.147 - - [19/Jul/2026:15:21:28 +0000] "GET /?locale=ko HTTP/1.1" 200 12781 "-" "Mozilla/5.0 (compatible; jscrawler/0.1; +https://github.com/)"
185.93.89.147 - - [19/Jul/2026:15:21:28 +0000] "GET /?locale=fil HTTP/1.1" 200 12574 "-" "Mozilla/5.0 (compatible; jscrawler/0.1; +https://github.com/)"
185.93.89.147 - - [19/Jul/2026:15:21:28 +0000] "GET /?locale=pl HTTP/1.1" 200 12761 "-" "Mozilla/5.0 (compatible; jscrawler/0.1; +https://github.com/)"
185.93.89.147 - - [19/Jul/2026:15:21:28 +0000] "GET /?locale=fr HTTP/1.1" 200 12733 "-" "Mozilla/5.0 (compatible; jscrawler/0.1; +https://github.com/)"
185.93.89.147 - - [19/Jul/2026:15:21:28 +0000] "GET /?locale=ja HTTP/1.1" 200 12925 "-" "Mozilla/5.0 (compatible; jscrawler/0.1; +https://github.com/)"
185.93.89.147 - - [19/Jul/2026:15:21:28 +0000] "GET /?locale=it HTTP/1.1" 200 12604 "-" "Mozilla/5.0 (compatible; jscrawler/0.1; +https://github.com/)"
185.93.89.147 - - [19/Jul/2026:15:21:28 +0000] "GET /?locale=he HTTP/1.1" 200 12667 "-" "Mozilla/5.0 (compatible; jscrawler/0.1; +https://github.com/)"
185.93.89.147 - - [19/Jul/2026:15:21:28 +0000] "GET /?locale=es_es HTTP/1.1" 200 12646 "-" "Mozilla/5.0 (compatible; jscrawler/0.1; +https://github.com/)"
185.93.89.147 - - [19/Jul/2026:15:21:28 +0000] "GET /?locale=nl HTTP/1.1" 200 12620 "-" "Mozilla/5.0 (compatible; jscrawler/0.1; +https://github.com/)"
185.93.89.147 - - [19/Jul/2026:15:21:28 +0000] "GET /?locale=pt_br HTTP/1.1" 200 12600 "-" "Mozilla/5.0 (compatible; jscrawler/0.1; +https://github.com/)"
185.93.89.147 - - [19/Jul/2026:15:21:29 +0000] "GET /?locale=ro HTTP/1.1" 200 12624 "-" "Mozilla/5.0 (compatible; jscrawler/0.1; +https://github.com/)"
185.93.89.147 - - [19/Jul/2026:15:21:29 +0000] "GET /?locale=ru HTTP/1.1" 200 12943 "-" "Mozilla/5.0 (compatible; jscrawler/0.1; +https://github.com/)"
185.93.89.147 - - [19/Jul/2026:15:21:29 +0000] "GET /?locale=sv HTTP/1.1" 200 12599 "-" "Mozilla/5.0 (compatible; jscrawler/0.1; +https://github.com/)"
185.93.89.147 - - [19/Jul/2026:15:21:29 +0000] "GET /?locale=th HTTP/1.1" 200 12873 "-" "Mozilla/5.0 (compatible; jscrawler/0.1; +https://github.com/)"
185.93.89.147 - - [19/Jul/2026:15:21:29 +0000] "GET /?locale=tr HTTP/1.1" 200 12715 "-" "Mozilla/5.0 (compatible; jscrawler/0.1; +https://github.com/)"
185.93.89.147 - - [19/Jul/2026:15:21:29 +0000] "GET /?locale=uk HTTP/1.1" 200 12883 "-" "Mozilla/5.0 (compatible; jscrawler/0.1; +https://github.com/)"
185.93.89.147 - - [19/Jul/2026:15:21:29 +0000] "GET /?locale=vi HTTP/1.1" 200 12696 "-" "Mozilla/5.0 (compatible; jscrawler/0.1; +https://github.com/)"
185.93.89.147 - - [19/Jul/2026:15:21:30 +0000] "GET /?locale=zh HTTP/1.1" 200 12809 "-" "Mozilla/5.0 (compatible; jscrawler/0.1; +https://github.com/)"
185.93.89.147 - - [19/Jul/2026:15:21:30 +0000] "GET /?locale=zh_tw HTTP/1.1" 200 12879 "-" "Mozilla/5.0 (compatible; jscrawler/0.1; +https://github.com/)"
185.93.89.147 - - [19/Jul/2026:15:21:30 +0000] "GET /resetpass?start=1 HTTP/1.1" 200 1083 "-" "Mozilla/5.0 (compatible; jscrawler/0.1; +https://github.com/)"
185.93.89.147 - - [19/Jul/2026:15:21:31 +0000] "GET /unprotected/json-minified.js HTTP/1.1" 200 843 "-" "Mozilla/5.0 (compatible; jscrawler/0.1; +https://github.com/)"
185.93.89.147 - - [19/Jul/2026:15:21:31 +0000] "GET /sharedjs/jstz.min.js HTTP/1.1" 200 12484 "-" "Mozilla/5.0 (compatible; jscrawler/0.1; +https://github.com/)"
185.93.89.147 - - [19/Jul/2026:15:21:32 +0000] "GET /sharedjs/sharedjs/jstz.min.js HTTP/1.1" 308 114 "-" "Mozilla/5.0 (compatible; jscrawler/0.1; +https://github.com/)"
185.93.89.147 - - [19/Jul/2026:15:21:32 +0000] "GET /sharedjs/sharedjs/jstz.min.js HTTP/1.1" 404 3418 "https://cpanel.gradregalia242.com/sharedjs/sharedjs/jstz.min.js" "Mozilla/5.0 (compatible; jscrawler/0.1; +https://github.com/)"
194.39.149.53 - - [19/Jul/2026:15:21:33 +0000] "POST /wp-cron.php?doing_wp_cron=1784474493.8482940196990966796875 HTTP/1.1" 200 0 "-" "WordPress/7.0.2; https://gradregalia242.com"
172.59.1.253 - - [19/Jul/2026:15:21:31 +0000] "GET /606976/admin.php?520 HTTP/1.1" 404 148653 "-" "Mozilla/5.0 (Windows NT 10.0; Win64; x64) AppleWebKit/537.36 (KHTML, like Gecko) Chrome/136.0.0.0 Safari/537.36 Edg/136.0.0.0"
176.97.123.28 - - [19/Jul/2026:15:21:43 +0000] "GET / HTTP/1.1" 200 294942 "-" "Mozilla/5.0 (Windows NT 10.0; Win64; x64) AppleWebKit/537.36 (KHTML, like Gecko) Chrome/91.0.4472.106 Safari/537.36"
45.160.182.214 - - [19/Jul/2026:15:21:45 +0000] "POST /xmlrpc.php HTTP/1.1" 200 403 "-" "Mozilla/5.0 (Windows NT 10.0; x86) AppleWebKit/537.36 (KHTML, like Gecko) Firefox/92.0.0.0 Safari/537.36"
176.97.123.28 - - [19/Jul/2026:15:21:49 +0000] "GET / HTTP/1.1" 200 294942 "-" "Mozilla/5.0 (compatible; Googlebot/2.1; +http://www.google.com/bot.html)"
45.160.182.214 - - [19/Jul/2026:15:22:05 +0000] "POST /xmlrpc.php HTTP/1.1" 200 403 "-" "Mozilla/5.0 (Linux; Android 10; arm64) AppleWebKit/537.36 (KHTML, like Gecko) Firefox/72.0.0.0 Safari/537.36"
45.160.182.214 - - [19/Jul/2026:15:22:27 +0000] "POST /xmlrpc.php HTTP/1.1" 200 403 "-" "Mozilla/5.0 (Windows NT 6.2; x64) AppleWebKit/537.36 (KHTML, like Gecko) Opera/76.0.0.0 Safari/537.36"
194.39.149.53 - - [19/Jul/2026:15:22:46 +0000] "POST /wp-cron.php?doing_wp_cron=1784474566.5380039215087890625000 HTTP/1.1" 200 0 "-" "WordPress/7.0.2; https://gradregalia242.com"
152.228.213.32 - - [19/Jul/2026:15:22:44 +0000] "GET /wp-login.php HTTP/2" 200 1941 "-" "Mozilla/5.0 (Windows NT 10.0; Win64; x64) AppleWebKit/537.36 (KHTML, like Gecko) Chrome/147.0.0.0 Safari/537.36"
45.160.182.214 - - [19/Jul/2026:15:22:46 +0000] "POST /xmlrpc.php HTTP/1.1" 200 403 "-" "Mozilla/5.0 (Macintosh; Intel Mac OS X 10_15_7; x64) AppleWebKit/537.36 (KHTML, like Gecko) Chrome/115.0.0.0 Safari/537.36"
152.228.213.32 - - [19/Jul/2026:15:22:47 +0000] "POST /wp-login.php HTTP/2" 200 2085 "https://gradregalia242.com.keeloil.com/wp-login.php" "Mozilla/5.0 (Windows NT 10.0; Win64; x64) AppleWebKit/537.36 (KHTML, like Gecko) Chrome/147.0.0.0 Safari/537.36"
45.160.182.214 - - [19/Jul/2026:15:23:09 +0000] "POST /xmlrpc.php HTTP/1.1" 200 403 "-" "Mozilla/5.0 (X11; Ubuntu; Linux x86_64; arm64) AppleWebKit/537.36 (KHTML, like Gecko) Firefox/87.0.0.0 Safari/537.36"
52.167.144.233 - - [19/Jul/2026:15:23:24 +0000] "GET /product/tassel-single-color/ HTTP/2" 200 39773 "-" "Mozilla/5.0 AppleWebKit/537.36 (KHTML, like Gecko; compatible; bingbot/2.0; +http://www.bing.com/bingbot.htm) Chrome/116.0.1938.76 Safari/537.36"
45.160.182.214 - - [19/Jul/2026:15:23:30 +0000] "POST /xmlrpc.php HTTP/1.1" 200 0 "-" "Mozilla/5.0 (Windows NT 6.3; x64) AppleWebKit/537.36 (KHTML, like Gecko) Opera/76.0.0.0 Safari/537.36"
194.39.149.53 - - [19/Jul/2026:15:23:35 +0000] "POST /wp-cron.php?doing_wp_cron=1784474615.1035459041595458984375 HTTP/1.1" 200 0 "-" "WordPress/7.0.2; https://gradregalia242.com"
72.60.40.175 - - [19/Jul/2026:15:23:28 +0000] "GET /shop/ HTTP/2" 200 323988 "-" "Mozilla/5.0 (Windows NT 10.0; Win64; x64) AppleWebKit/537.36"
45.160.182.214 - - [19/Jul/2026:15:23:45 +0000] "POST /xmlrpc.php HTTP/1.1" 200 403 "-" "Mozilla/5.0 (Windows NT 6.3; x64) AppleWebKit/537.36 (KHTML, like Gecko) Safari/14.0.0.0 Safari/537.36"
45.71.114.216 - - [19/Jul/2026:15:23:52 +0000] "GET /product-category/packages/page/2/?add_to_wishlist=109191 HTTP/1.1" 200 0 "-" "Mozilla/5.0 (Windows NT 10.0) AppleWebKit/537.36 (KHTML, like Gecko) Chrome/85.0.4121.813 Safari/537.36"
39.63.240.126 - - [19/Jul/2026:15:23:59 +0000] "GET /robots.txt HTTP/1.1" 200 163 "-" "Mozilla/5.0 (Windows NT 10.0; Win64; x64) AppleWebKit/537.36 (KHTML, like Gecko) Chrome/132.0.6834.83 Safari/537.36"
45.160.182.214 - - [19/Jul/2026:15:24:01 +0000] "POST /xmlrpc.php HTTP/1.1" 200 0 "-" "Mozilla/5.0 (Linux; Android 10; arm64) AppleWebKit/537.36 (KHTML, like Gecko) Opera/74.0.0.0 Safari/537.36"
177.234.212.6 - - [19/Jul/2026:15:24:10 +0000] "GET /product-category/packages/page/2/?add_to_wishlist=109191 HTTP/1.1" 200 0 "-" "Mozilla/5.0 (Windows NT 6.3; Win64; x64) AppleWebKit/537.36 (KHTML, like Gecko) Chrome/80.0.3987.136 Safari/537.36"
45.160.182.214 - - [19/Jul/2026:15:24:17 +0000] "POST /xmlrpc.php HTTP/1.1" 200 0 "-" "Mozilla/5.0 (X11; Ubuntu; Linux x86_64; x64) AppleWebKit/537.36 (KHTML, like Gecko) Safari/11.0.0.0 Safari/537.36"
45.160.182.214 - - [19/Jul/2026:15:24:34 +0000] "POST /xmlrpc.php HTTP/1.1" 200 0 "-" "Mozilla/5.0 (Macintosh; Intel Mac OS X 10_15_7; x86) AppleWebKit/537.36 (KHTML, like Gecko) Firefox/83.0.0.0 Safari/537.36"
194.39.149.53 - - [19/Jul/2026:15:24:53 +0000] "POST /wp-cron.php?doing_wp_cron=1784474693.4343800544738769531250 HTTP/1.1" 200 0 "-" "WordPress/7.0.2; https://gradregalia242.com"
45.160.182.214 - - [19/Jul/2026:15:24:49 +0000] "POST /xmlrpc.php HTTP/1.1" 200 0 "-" "Mozilla/5.0 (Windows NT 10.0; arm64) AppleWebKit/537.36 (KHTML, like Gecko) Edge/87.0.0.0 Safari/537.36"
194.39.149.53 - - [19/Jul/2026:15:25:00 +0000] "POST /wp-cron.php?doing_wp_cron=1784474700.7051510810852050781250 HTTP/1.1" 200 0 "-" "WordPress/7.0.2; https://gradregalia242.com"
45.160.182.214 - - [19/Jul/2026:15:25:06 +0000] "POST /xmlrpc.php HTTP/1.1" 200 0 "-" "Mozilla/5.0 (Windows NT 6.2; x86) AppleWebKit/537.36 (KHTML, like Gecko) Opera/66.0.0.0 Safari/537.36"
45.160.182.214 - - [19/Jul/2026:15:25:21 +0000] "POST /xmlrpc.php HTTP/1.1" 200 0 "-" "Mozilla/5.0 (Windows NT 10.0; x86) AppleWebKit/537.36 (KHTML, like Gecko) Firefox/86.0.0.0 Safari/537.36"
45.160.182.214 - - [19/Jul/2026:15:25:37 +0000] "POST /xmlrpc.php HTTP/1.1" 200 403 "-" "Mozilla/5.0 (Windows NT 6.3; x64) AppleWebKit/537.36 (KHTML, like Gecko) Chrome/82.0.0.0 Safari/537.36"
45.160.182.214 - - [19/Jul/2026:15:25:52 +0000] "POST /xmlrpc.php HTTP/1.1" 200 403 "-" "Mozilla/5.0 (Macintosh; Intel Mac OS X 10_15_7; x64) AppleWebKit/537.36 (KHTML, like Gecko) Firefox/94.0.0.0 Safari/537.36"
194.39.149.53 - - [19/Jul/2026:15:26:06 +0000] "POST /wp-cron.php?doing_wp_cron=1784474766.5302109718322753906250 HTTP/1.1" 200 0 "-" "WordPress/7.0.2; https://gradregalia242.com"
45.160.182.214 - - [19/Jul/2026:15:26:04 +0000] "POST /xmlrpc.php HTTP/1.1" 200 403 "-" "Mozilla/5.0 (Windows NT 6.2; x86) AppleWebKit/537.36 (KHTML, like Gecko) Edge/81.0.0.0 Safari/537.36"
45.160.182.214 - - [19/Jul/2026:15:26:20 +0000] "POST /xmlrpc.php HTTP/1.1" 200 403 "-" "Mozilla/5.0 (Windows NT 6.2; x86) AppleWebKit/537.36 (KHTML, like Gecko) Chrome/81.0.0.0 Safari/537.36"
45.160.182.214 - - [19/Jul/2026:15:26:31 +0000] "POST /xmlrpc.php HTTP/1.1" 200 403 "-" "Mozilla/5.0 (Macintosh; Intel Mac OS X 10_15_7; x64) AppleWebKit/537.36 (KHTML, like Gecko) Firefox/79.0.0.0 Safari/537.36"
194.39.149.53 - - [19/Jul/2026:15:26:47 +0000] "POST /wp-cron.php?doing_wp_cron=1784474807.3070309162139892578125 HTTP/1.1" 200 0 "-" "WordPress/7.0.2; https://gradregalia242.com"
45.160.182.214 - - [19/Jul/2026:15:26:45 +0000] "POST /xmlrpc.php HTTP/1.1" 200 403 "-" "Mozilla/5.0 (Linux; Android 10; x86) AppleWebKit/537.36 (KHTML, like Gecko) Opera/60.0.0.0 Safari/537.36"
45.160.182.214 - - [19/Jul/2026:15:26:59 +0000] "POST /xmlrpc.php HTTP/1.1" 200 403 "-" "Mozilla/5.0 (Windows NT 10.0; x64) AppleWebKit/537.36 (KHTML, like Gecko) Safari/10.0.0.0 Safari/537.36"
45.160.182.214 - - [19/Jul/2026:15:27:13 +0000] "POST /xmlrpc.php HTTP/1.1" 200 403 "-" "Mozilla/5.0 (Linux; Android 10; x86) AppleWebKit/537.36 (KHTML, like Gecko) Chrome/96.0.0.0 Safari/537.36"
45.160.182.214 - - [19/Jul/2026:15:27:30 +0000] "POST /xmlrpc.php HTTP/1.1" 200 403 "-" "Mozilla/5.0 (X11; Ubuntu; Linux x86_64; x86) AppleWebKit/537.36 (KHTML, like Gecko) Safari/12.0.0.0 Safari/537.36"
196.207.227.1 - - [19/Jul/2026:15:27:52 +0000] "GET /product/associate-hood-shield/?add_to_wishlist=80483 HTTP/1.1" 200 0 "-" "Mozilla/5.0 (Macintosh; Intel Mac OS X 10_15_6) AppleWebKit/537.36 (KHTML, like Gecko) Chrome/101.0.4951.54 Safari/537.36"
194.39.149.53 - - [19/Jul/2026:15:28:09 +0000] "POST /wp-cron.php?doing_wp_cron=1784474889.5208339691162109375000 HTTP/1.1" 200 0 "-" "WordPress/7.0.2; https://gradregalia242.com"
87.253.49.71 - - [19/Jul/2026:15:28:05 +0000] "GET /product/associate-hood-shield/?add_to_wishlist=80483 HTTP/1.1" 200 0 "-" "Mozilla/5.0 (Windows NT 6.3; Win64; x64) AppleWebKit/537.36 (KHTML, like Gecko) Chrome/105.0.0.0 Safari/537.36"
194.39.149.53 - - [19/Jul/2026:15:28:26 +0000] "POST /wp-cron.php?doing_wp_cron=1784474906.1063740253448486328125 HTTP/1.1" 200 0 "-" "WordPress/7.0.2; https://gradregalia242.com"
194.39.149.53 - - [19/Jul/2026:15:30:00 +0000] "POST /wp-cron.php?doing_wp_cron=1784475000.2490489482879638671875 HTTP/1.1" 200 0 "-" "WordPress/7.0.2; https://gradregalia242.com"
185.191.171.9 - - [19/Jul/2026:15:29:58 +0000] "GET /ablosung-kognitiver-prozess-%C2%B7-republik-osterreich-start-spinning-playmonrocasino-com/ HTTP/1.1" 200 38550 "-" "Mozilla/5.0 (compatible; SemrushBot/7~bl; +http://www.semrush.com/bot.html)"
185.191.171.9 - - [19/Jul/2026:15:30:24 +0000] "GET /gage-plot-biz-thrill-at-spin-win/ HTTP/1.1" 200 43221 "-" "Mozilla/5.0 (compatible; SemrushBot/7~bl; +http://www.semrush.com/bot.html)"
194.39.149.53 - - [19/Jul/2026:15:30:35 +0000] "POST /wp-cron.php?doing_wp_cron=1784475034.9020419120788574218750 HTTP/1.1" 200 0 "-" "WordPress/7.0.2; https://gradregalia242.com"
190.153.16.165 - - [19/Jul/2026:15:30:33 +0000] "GET /product/tassel-signet/?add_to_wishlist=13656 HTTP/1.1" 200 42916 "-" "Mozilla/5.0 (Macintosh; Intel Mac OS X 10_15_7) AppleWebKit/537.36 (KHTML, like Gecko) Chrome/104.0.0.0 Safari/537.36"
152.228.213.32 - - [19/Jul/2026:15:31:27 +0000] "GET /wp-login.php HTTP/2" 200 1941 "-" "Mozilla/5.0 (Windows NT 10.0; Win64; x64) AppleWebKit/537.36 (KHTML, like Gecko) Chrome/147.0.0.0 Safari/537.36"
152.228.213.32 - - [19/Jul/2026:15:31:29 +0000] "POST /wp-login.php HTTP/2" 200 2085 "https://gradregalia242.com.keeloil.com/wp-login.php" "Mozilla/5.0 (Windows NT 10.0; Win64; x64) AppleWebKit/537.36 (KHTML, like Gecko) Chrome/147.0.0.0 Safari/537.36"
14.231.96.132 - - [19/Jul/2026:15:31:31 +0000] "GET /wp-content/uploads/2022/09/A5AE8131-7E41-4E62-8ED5-A7753F3FDE4F.jpeg HTTP/1.1" 200 14192 "-" "Mozilla/5.0 (Windows NT 6.3; Win64; x64) AppleWebKit/537.36 (KHTML, like Gecko) Brave Chrome/84.0.4147.105 Safari/537.36"
20.12.214.177 - - [19/Jul/2026:15:31:29 +0000] "GET /admin.php HTTP/1.1" 404 23060 "-" "Mozilla/5.0 (Windows NT 10.0; Win64; x64) AppleWebKit/537.36 (KHTML, like Gecko) Chrome/120.0.0.0 Safari/537.36"
194.39.149.53 - - [19/Jul/2026:15:31:34 +0000] "POST /wp-cron.php?doing_wp_cron=1784475094.7486929893493652343750 HTTP/1.1" 200 0 "-" "WordPress/7.0.2; https://gradregalia242.com"
20.12.214.177 - - [19/Jul/2026:15:31:31 +0000] "GET /inputs.php HTTP/1.1" 404 23060 "-" "Mozilla/5.0 (Windows NT 10.0; Win64; x64) AppleWebKit/537.36 (KHTML, like Gecko) Chrome/120.0.0.0 Safari/537.36"
72.167.132.114 - - [19/Jul/2026:15:31:35 +0000] "GET /wp-login.php HTTP/2" 200 1941 "-" "Mozilla/5.0 (Windows NT 10.0; Win64; x64) AppleWebKit/537.36 (KHTML, like Gecko) Chrome/147.0.0.0 Safari/537.36 Edg/147.0.0.0"
20.12.214.177 - - [19/Jul/2026:15:31:35 +0000] "GET /file.php HTTP/1.1" 404 23050 "-" "Mozilla/5.0 (Windows NT 10.0; Win64; x64) AppleWebKit/537.36 (KHTML, like Gecko) Chrome/120.0.0.0 Safari/537.36"
72.167.132.114 - - [19/Jul/2026:15:31:38 +0000] "POST /wp-login.php HTTP/2" 200 2085 "https://gradregalia242.com.keeloil.com/wp-login.php" "Mozilla/5.0 (Windows NT 10.0; Win64; x64) AppleWebKit/537.36 (KHTML, like Gecko) Chrome/147.0.0.0 Safari/537.36 Edg/147.0.0.0"
20.12.214.177 - - [19/Jul/2026:15:31:38 +0000] "GET /goods.php HTTP/1.1" 404 23061 "-" "Mozilla/5.0 (Windows NT 10.0; Win64; x64) AppleWebKit/537.36 (KHTML, like Gecko) Chrome/120.0.0.0 Safari/537.36"
20.12.214.177 - - [19/Jul/2026:15:31:42 +0000] "GET /ms-edit.php HTTP/1.1" 404 23069 "-" "Mozilla/5.0 (Windows NT 10.0; Win64; x64) AppleWebKit/537.36 (KHTML, like Gecko) Chrome/120.0.0.0 Safari/537.36"
103.90.233.75 - - [19/Jul/2026:15:31:44 +0000] "GET /wp-login.php HTTP/2" 200 1941 "-" "Mozilla/5.0 (X11; Fedora; Linux x86_64) AppleWebKit/537.36 (KHTML, like Gecko) Chrome/150.0.0.0 Safari/537.36"
172.98.32.203 - - [19/Jul/2026:15:31:45 +0000] "POST /wp-login.php HTTP/1.1" 200 2294 "-" "Mozilla/5.0 (Windows NT 10.0; Win64; rv:143.0) Gecko/20100101 Firefox/143.0"
45.132.227.136 - - [19/Jul/2026:15:31:45 +0000] "POST /wp-login.php HTTP/1.1" 200 2315 "-" "Mozilla/5.0 (Macintosh; Intel Mac OS X 10_15_7) AppleWebKit/605.1.15 Version/17.0 Safari/605.1.15"
20.12.214.177 - - [19/Jul/2026:15:31:47 +0000] "GET /simple.php HTTP/1.1" 404 23057 "-" "Mozilla/5.0 (Windows NT 10.0; Win64; x64) AppleWebKit/537.36 (KHTML, like Gecko) Chrome/120.0.0.0 Safari/537.36"
103.90.233.75 - - [19/Jul/2026:15:31:49 +0000] "POST /wp-login.php HTTP/2" 200 2085 "https://gradregalia242.com.keeloil.com/wp-login.php" "Mozilla/5.0 (X11; Fedora; Linux x86_64) AppleWebKit/537.36 (KHTML, like Gecko) Chrome/150.0.0.0 Safari/537.36"
20.12.214.177 - - [19/Jul/2026:15:31:51 +0000] "GET /bgymj.php HTTP/1.1" 404 23062 "-" "Mozilla/5.0 (Windows NT 10.0; Win64; x64) AppleWebKit/537.36 (KHTML, like Gecko) Chrome/120.0.0.0 Safari/537.36"
20.12.214.177 - - [19/Jul/2026:15:31:53 +0000] "GET /wp-content/plugins/twenty/login.php HTTP/1.1" 200 0 "-" "Mozilla/5.0 (Windows NT 10.0; Win64; x64) AppleWebKit/537.36 (KHTML, like Gecko) Chrome/120.0.0.0 Safari/537.36"
20.12.214.177 - - [19/Jul/2026:15:31:53 +0000] "GET /404.php HTTP/1.1" 404 23041 "-" "Mozilla/5.0 (Windows NT 10.0; Win64; x64) AppleWebKit/537.36 (KHTML, like Gecko) Chrome/120.0.0.0 Safari/537.36"
20.12.214.177 - - [19/Jul/2026:15:31:55 +0000] "GET /file3.php HTTP/1.1" 404 23061 "-" "Mozilla/5.0 (Windows NT 10.0; Win64; x64) AppleWebKit/537.36 (KHTML, like Gecko) Chrome/120.0.0.0 Safari/537.36"
20.12.214.177 - - [19/Jul/2026:15:31:57 +0000] "GET /wp-mail.php HTTP/1.1" 403 989 "-" "Mozilla/5.0 (Windows NT 10.0; Win64; x64) AppleWebKit/537.36 (KHTML, like Gecko) Chrome/120.0.0.0 Safari/537.36"
20.12.214.177 - - [19/Jul/2026:15:31:58 +0000] "GET /about.php HTTP/1.1" 404 23059 "-" "Mozilla/5.0 (Windows NT 10.0; Win64; x64) AppleWebKit/537.36 (KHTML, like Gecko) Chrome/120.0.0.0 Safari/537.36"
20.12.214.177 - - [19/Jul/2026:15:31:59 +0000] "GET /wp.php HTTP/1.1" 404 23056 "-" "Mozilla/5.0 (Windows NT 10.0; Win64; x64) AppleWebKit/537.36 (KHTML, like Gecko) Chrome/120.0.0.0 Safari/537.36"
20.12.214.177 - - [19/Jul/2026:15:32:03 +0000] "GET /.dj/index.php HTTP/1.1" 301 0 "-" "Mozilla/5.0 (Windows NT 10.0; Win64; x64) AppleWebKit/537.36 (KHTML, like Gecko) Chrome/120.0.0.0 Safari/537.36"
20.12.214.177 - - [19/Jul/2026:15:32:09 +0000] "GET /adminfuns.php HTTP/1.1" 404 23071 "-" "Mozilla/5.0 (Windows NT 10.0; Win64; x64) AppleWebKit/537.36 (KHTML, like Gecko) Chrome/120.0.0.0 Safari/537.36"
20.12.214.177 - - [19/Jul/2026:15:32:11 +0000] "GET /php8.php HTTP/1.1" 404 23050 "-" "Mozilla/5.0 (Windows NT 10.0; Win64; x64) AppleWebKit/537.36 (KHTML, like Gecko) Chrome/120.0.0.0 Safari/537.36"
20.12.214.177 - - [19/Jul/2026:15:32:12 +0000] "GET /classwithtostring.php HTTP/1.1" 404 23063 "-" "Mozilla/5.0 (Windows NT 10.0; Win64; x64) AppleWebKit/537.36 (KHTML, like Gecko) Chrome/120.0.0.0 Safari/537.36"
20.12.214.177 - - [19/Jul/2026:15:32:15 +0000] "GET /info.php HTTP/1.1" 404 23051 "-" "Mozilla/5.0 (Windows NT 10.0; Win64; x64) AppleWebKit/537.36 (KHTML, like Gecko) Chrome/120.0.0.0 Safari/537.36"
20.12.214.177 - - [19/Jul/2026:15:32:19 +0000] "GET /ioxi-o.php HTTP/1.1" 404 23059 "-" "Mozilla/5.0 (Windows NT 10.0; Win64; x64) AppleWebKit/537.36 (KHTML, like Gecko) Chrome/120.0.0.0 Safari/537.36"
20.12.214.177 - - [19/Jul/2026:15:32:21 +0000] "GET /011i.php HTTP/1.1" 404 23050 "-" "Mozilla/5.0 (Windows NT 10.0; Win64; x64) AppleWebKit/537.36 (KHTML, like Gecko) Chrome/120.0.0.0 Safari/537.36"
20.12.214.177 - - [19/Jul/2026:15:32:22 +0000] "GET /edit.php HTTP/1.1" 404 23049 "-" "Mozilla/5.0 (Windows NT 10.0; Win64; x64) AppleWebKit/537.36 (KHTML, like Gecko) Chrome/120.0.0.0 Safari/537.36"
20.12.214.177 - - [19/Jul/2026:15:32:24 +0000] "GET /sid3.php HTTP/1.1" 404 23050 "-" "Mozilla/5.0 (Windows NT 10.0; Win64; x64) AppleWebKit/537.36 (KHTML, like Gecko) Chrome/120.0.0.0 Safari/537.36"
20.12.214.177 - - [19/Jul/2026:15:32:25 +0000] "GET /load.php HTTP/1.1" 404 23051 "-" "Mozilla/5.0 (Windows NT 10.0; Win64; x64) AppleWebKit/537.36 (KHTML, like Gecko) Chrome/120.0.0.0 Safari/537.36"
20.12.214.177 - - [19/Jul/2026:15:32:27 +0000] "GET /166.php HTTP/1.1" 404 23042 "-" "Mozilla/5.0 (Windows NT 10.0; Win64; x64) AppleWebKit/537.36 (KHTML, like Gecko) Chrome/120.0.0.0 Safari/537.36"
20.12.214.177 - - [19/Jul/2026:15:32:29 +0000] "GET /wp-mail.php HTTP/1.1" 403 989 "-" "Mozilla/5.0 (Windows NT 10.0; Win64; x64) AppleWebKit/537.36 (KHTML, like Gecko) Chrome/120.0.0.0 Safari/537.36"
20.12.214.177 - - [19/Jul/2026:15:32:31 +0000] "GET /leaf.php HTTP/1.1" 404 23050 "-" "Mozilla/5.0 (Windows NT 10.0; Win64; x64) AppleWebKit/537.36 (KHTML, like Gecko) Chrome/120.0.0.0 Safari/537.36"
194.39.149.53 - - [19/Jul/2026:15:32:34 +0000] "POST /wp-cron.php?doing_wp_cron=1784475154.5647308826446533203125 HTTP/1.1" 200 0 "-" "WordPress/7.0.2; https://gradregalia242.com"
20.12.214.177 - - [19/Jul/2026:15:32:33 +0000] "GET /grsiuk.php HTTP/1.1" 404 23058 "-" "Mozilla/5.0 (Windows NT 10.0; Win64; x64) AppleWebKit/537.36 (KHTML, like Gecko) Chrome/120.0.0.0 Safari/537.36"
20.12.214.177 - - [19/Jul/2026:15:32:34 +0000] "GET /8.php HTTP/1.1" 404 23058 "-" "Mozilla/5.0 (Windows NT 10.0; Win64; x64) AppleWebKit/537.36 (KHTML, like Gecko) Chrome/120.0.0.0 Safari/537.36"
20.12.214.177 - - [19/Jul/2026:15:32:37 +0000] "GET /fs.php HTTP/1.1" 404 23054 "-" "Mozilla/5.0 (Windows NT 10.0; Win64; x64) AppleWebKit/537.36 (KHTML, like Gecko) Chrome/120.0.0.0 Safari/537.36"
20.12.214.177 - - [19/Jul/2026:15:32:39 +0000] "GET /ws38.php HTTP/1.1" 404 23051 "-" "Mozilla/5.0 (Windows NT 10.0; Win64; x64) AppleWebKit/537.36 (KHTML, like Gecko) Chrome/120.0.0.0 Safari/537.36"
20.12.214.177 - - [19/Jul/2026:15:32:40 +0000] "GET /a7.php HTTP/1.1" 404 23052 "-" "Mozilla/5.0 (Windows NT 10.0; Win64; x64) AppleWebKit/537.36 (KHTML, like Gecko) Chrome/120.0.0.0 Safari/537.36"
85.208.96.210 - - [19/Jul/2026:15:32:42 +0000] "GET /viver-cassino-e-trama-mostra-abcdbet-%C2%B7-rondonia-register-free/ HTTP/1.1" 200 43003 "-" "Mozilla/5.0 (compatible; SemrushBot/7~bl; +http://www.semrush.com/bot.html)"
20.12.214.177 - - [19/Jul/2026:15:32:43 +0000] "GET /classsmtps.php HTTP/1.1" 404 23066 "-" "Mozilla/5.0 (Windows NT 10.0; Win64; x64) AppleWebKit/537.36 (KHTML, like Gecko) Chrome/120.0.0.0 Safari/537.36"
20.12.214.177 - - [19/Jul/2026:15:32:46 +0000] "GET /amax.php HTTP/1.1" 404 23052 "-" "Mozilla/5.0 (Windows NT 10.0; Win64; x64) AppleWebKit/537.36 (KHTML, like Gecko) Chrome/120.0.0.0 Safari/537.36"
20.12.214.177 - - [19/Jul/2026:15:32:49 +0000] "GET /CDX1.php HTTP/1.1" 200 0 "-" "Mozilla/5.0 (Windows NT 10.0; Win64; x64) AppleWebKit/537.36 (KHTML, like Gecko) Chrome/120.0.0.0 Safari/537.36"
178.52.21.166 - - [19/Jul/2026:15:32:45 +0000] "GET /product-category/elementary-school/page/2/?add_to_wishlist=178531 HTTP/1.1" 200 0 "-" "Mozilla/5.0 (Macintosh; Intel Mac OS X 10_11_1) AppleWebKit/537.36 (KHTML, like Gecko) Chrome/89.0.4389.114 Safari/537.36"
72.60.40.175 - - [19/Jul/2026:15:32:52 +0000] "GET /shop/ HTTP/2" 200 323988 "-" "Mozilla/5.0 (Windows NT 10.0; Win64; x64) AppleWebKit/537.36"
190.195.136.222 - - [19/Jul/2026:15:32:58 +0000] "GET /product-category/elementary-school/page/2/?add_to_wishlist=178531 HTTP/1.1" 200 0 "-" "Mozilla/5.0 (Windows NT 6.1; ) AppleWebKit/537.36 (KHTML, like Gecko) Chrome/83.0.4103.116 Safari/537.36 AOLShield/83.0.4103.0"
194.39.149.53 - - [19/Jul/2026:15:33:54 +0000] "POST /wp-cron.php?doing_wp_cron=1784475234.0091660022735595703125 HTTP/1.1" 200 0 "-" "WordPress/7.0.2; https://gradregalia242.com"
194.39.149.53 - - [19/Jul/2026:15:33:58 +0000] "POST /wp-cron.php?doing_wp_cron=1784475238.0090410709381103515625 HTTP/1.1" 200 0 "-" "WordPress/7.0.2; https://gradregalia242.com"
85.208.96.205 - - [19/Jul/2026:15:33:52 +0000] "GET /orsaka-a-beslutsamhet-svenska-republiken-unlock-offer-casino-epic-review/ HTTP/1.1" 200 40789 "-" "Mozilla/5.0 (compatible; SemrushBot/7~bl; +http://www.semrush.com/bot.html)"
194.39.149.53 - - [19/Jul/2026:15:36:39 +0000] "POST /wp-cron.php?doing_wp_cron=1784475399.1072039604187011718750 HTTP/1.1" 200 0 "-" "WordPress/7.0.2; https://gradregalia242.com"
185.191.171.15 - - [19/Jul/2026:15:36:35 +0000] "GET /the-gambling-know-atomic-number-85-sg8-casino-whale-%E2%97%A6-apac-region-start-spinning/ HTTP/1.1" 200 39865 "-" "Mozilla/5.0 (compatible; SemrushBot/7~bl; +http://www.semrush.com/bot.html)"
43.153.107.22 - - [19/Jul/2026:15:37:16 +0000] "GET / HTTP/1.1" 200 45598 "http://www.gradregalia242.com" "Mozilla/5.0 (iPhone; CPU iPhone OS 13_2_3 like Mac OS X) AppleWebKit/605.1.15 (KHTML, like Gecko) Version/13.0.3 Mobile/15E148 Safari/604.1"
194.39.149.53 - - [19/Jul/2026:15:37:39 +0000] "POST /wp-cron.php?doing_wp_cron=1784475459.8352150917053222656250 HTTP/1.1" 200 0 "-" "WordPress/7.0.2; https://gradregalia242.com"
114.119.142.125 - - [19/Jul/2026:15:37:37 +0000] "GET /product/primary-cap-only-matte/ HTTP/1.1" 200 40706 "https://gradregalia242.com/product-category/accessories/cap-accessories/" "Mozilla/5.0 (Linux; Android 7.0;) AppleWebKit/537.36 (HTML, like Gecko) Mobile Safari/537.36 (compatible; PetalBot;+https://webmaster.petalsearch.com/site/petalbot)"
207.180.11.131 - - [19/Jul/2026:15:38:54 +0000] "GET /wp-content/uploads/2023/08/IMG_2102.jpeg HTTP/1.1" 200 141819 "-" "Mozilla/5.0 (Windows NT 10.0; Win64; x64) AppleWebKit/537.36 (KHTML, like Gecko) Chrome/121.0.0.0 Safari/537.36 Edg/121.0.0.0 Unique/97.7.7239.70"
52.204.89.12 - - [19/Jul/2026:15:38:56 +0000] "GET /wp-content/uploads/2022/02/Navy-Stole-150x150.jpeg HTTP/1.1" 200 4048 "-" "Mozilla/5.0 AppleWebKit/537.36 (KHTML, like Gecko; compatible; Amazonbot/0.1; +https://developer.amazon.com/support/amazonbot) Chrome/119.0.6045.214 Safari/537.36"
52.5.232.250 - - [19/Jul/2026:15:39:01 +0000] "GET /wp-content/uploads/2022/02/Orange-Stole-130x156.jpeg HTTP/1.1" 200 4637 "-" "Mozilla/5.0 AppleWebKit/537.36 (KHTML, like Gecko; compatible; Amazonbot/0.1; +https://developer.amazon.com/support/amazonbot) Chrome/119.0.6045.214 Safari/537.36"
194.39.149.53 - - [19/Jul/2026:15:39:08 +0000] "POST /wp-cron.php?doing_wp_cron=1784475548.7222189903259277343750 HTTP/1.1" 200 0 "-" "WordPress/7.0.2; https://gradregalia242.com"
114.119.136.160 - - [19/Jul/2026:15:39:00 +0000] "GET /product/custom-graduation-mug/ HTTP/1.1" 200 36769 "https://gradregalia242.com/product/custom-graduation-mug" "Mozilla/5.0 (Linux; Android 7.0;) AppleWebKit/537.36 (HTML, like Gecko) Mobile Safari/537.36 (compatible; PetalBot;+https://webmaster.petalsearch.com/site/petalbot)"
98.83.94.113 - - [19/Jul/2026:15:39:05 +0000] "GET /product/16-number-balloons-foil-gold/feed/ HTTP/1.1" 200 462 "-" "Mozilla/5.0 AppleWebKit/537.36 (KHTML, like Gecko; compatible; Amazonbot/0.1; +https://developer.amazon.com/support/amazonbot) Chrome/119.0.6045.214 Safari/537.36"
52.3.155.146 - - [19/Jul/2026:15:39:14 +0000] "GET /wp-content/uploads/2022/02/Antique-Gold-Stole-300x300.jpeg HTTP/1.1" 200 7610 "-" "Mozilla/5.0 AppleWebKit/537.36 (KHTML, like Gecko; compatible; Amazonbot/0.1; +https://developer.amazon.com/support/amazonbot) Chrome/119.0.6045.214 Safari/537.36"
3.90.73.206 - - [19/Jul/2026:15:39:09 +0000] "GET /product/imprinted-diploma-cover/feed/ HTTP/1.1" 200 439 "-" "Mozilla/5.0 AppleWebKit/537.36 (KHTML, like Gecko; compatible; Amazonbot/0.1; +https://developer.amazon.com/support/amazonbot) Chrome/119.0.6045.214 Safari/537.36"
98.84.60.17 - - [19/Jul/2026:15:39:20 +0000] "GET /wp-content/uploads/2022/02/purple-stole.jpeg HTTP/1.1" 200 25321 "-" "Mozilla/5.0 AppleWebKit/537.36 (KHTML, like Gecko; compatible; Amazonbot/0.1; +https://developer.amazon.com/support/amazonbot) Chrome/119.0.6045.214 Safari/537.36"
98.82.66.172 - - [19/Jul/2026:15:39:17 +0000] "GET /wp-json/wp/v2/product/22220 HTTP/1.1" 200 1789 "-" "Mozilla/5.0 AppleWebKit/537.36 (KHTML, like Gecko; compatible; Amazonbot/0.1; +https://developer.amazon.com/support/amazonbot) Chrome/119.0.6045.214 Safari/537.36"
98.84.70.201 - - [19/Jul/2026:15:39:26 +0000] "GET /wp-content/uploads/2022/01/WhatsApp-Image-2022-01-30-at-12.07.31-AM-240x300.jpeg HTTP/1.1" 200 5722 "-" "Mozilla/5.0 AppleWebKit/537.36 (KHTML, like Gecko; compatible; Amazonbot/0.1; +https://developer.amazon.com/support/amazonbot) Chrome/119.0.6045.214 Safari/537.36"
52.204.253.129 - - [19/Jul/2026:15:39:29 +0000] "GET /wp-content/uploads/2022/01/WhatsApp-Image-2022-01-30-at-12.07.32-AM-1-130x156.jpeg HTTP/1.1" 200 2654 "-" "Mozilla/5.0 AppleWebKit/537.36 (KHTML, like Gecko; compatible; Amazonbot/0.1; +https://developer.amazon.com/support/amazonbot) Chrome/119.0.6045.214 Safari/537.36"
52.200.93.170 - - [19/Jul/2026:15:39:37 +0000] "GET /wp-content/uploads/2022/01/WhatsApp-Image-2022-01-23-at-8.42.22-PM-130x156.jpeg HTTP/1.1" 200 1957 "-" "Mozilla/5.0 AppleWebKit/537.36 (KHTML, like Gecko; compatible; Amazonbot/0.1; +https://developer.amazon.com/support/amazonbot) Chrome/119.0.6045.214 Safari/537.36"
194.39.149.53 - - [19/Jul/2026:15:39:40 +0000] "POST /wp-cron.php?doing_wp_cron=1784475580.4113609790802001953125 HTTP/1.1" 200 0 "-" "WordPress/7.0.2; https://gradregalia242.com"
18.213.102.186 - - [19/Jul/2026:15:39:33 +0000] "GET /product/customize-diploma-cover/feed/ HTTP/1.1" 200 439 "-" "Mozilla/5.0 AppleWebKit/537.36 (KHTML, like Gecko; compatible; Amazonbot/0.1; +https://developer.amazon.com/support/amazonbot) Chrome/119.0.6045.214 Safari/537.36"
184.73.195.18 - - [19/Jul/2026:15:39:44 +0000] "GET /wp-content/uploads/2022/02/273B3FCF-C55F-4111-9435-392EDF4B7175-130x156.png HTTP/1.1" 200 9977 "-" "Mozilla/5.0 AppleWebKit/537.36 (KHTML, like Gecko; compatible; Amazonbot/0.1; +https://developer.amazon.com/support/amazonbot) Chrome/119.0.6045.214 Safari/537.36"
23.22.59.87 - - [19/Jul/2026:15:39:40 +0000] "GET /wp-json/wp/v2/product/13679 HTTP/1.1" 200 1183 "-" "Mozilla/5.0 AppleWebKit/537.36 (KHTML, like Gecko; compatible; Amazonbot/0.1; +https://developer.amazon.com/support/amazonbot) Chrome/119.0.6045.214 Safari/537.36"
52.1.157.90 - - [19/Jul/2026:15:39:48 +0000] "GET /wp-content/uploads/2022/01/WhatsApp-Image-2022-01-23-at-8.42.22-PM-1.jpeg HTTP/1.1" 200 19344 "-" "Mozilla/5.0 AppleWebKit/537.36 (KHTML, like Gecko; compatible; Amazonbot/0.1; +https://developer.amazon.com/support/amazonbot) Chrome/119.0.6045.214 Safari/537.36"
