167.179.28.137 - - [19/Jul/2026:16:08:20 +0000] "GET /wp-content/plugins/WC_Min_Max_Quantity/assets/js/attrchange.js?ver=1.0 HTTP/2" 200 1382 "https://gradregalia242.com/" "Mozilla/5.0 (Windows NT 10.0; Win64; x64) AppleWebKit/537.36 (KHTML, like Gecko) Chrome/150.0.0.0 Safari/537.36"
167.179.28.137 - - [19/Jul/2026:16:08:20 +0000] "GET /wp-content/plugins/WC_Min_Max_Quantity/assets/js/variation-wcmmq.js?ver=1.0.0 HTTP/2" 200 1092 "https://gradregalia242.com/" "Mozilla/5.0 (Windows NT 10.0; Win64; x64) AppleWebKit/537.36 (KHTML, like Gecko) Chrome/150.0.0.0 Safari/537.36"
167.179.28.137 - - [19/Jul/2026:16:08:20 +0000] "GET /wp-content/plugins/woo-min-max-quantity-step-control-single/assets/js/custom.js?ver=1.0.0 HTTP/2" 200 3213 "https://gradregalia242.com/" "Mozilla/5.0 (Windows NT 10.0; Win64; x64) AppleWebKit/537.36 (KHTML, like Gecko) Chrome/150.0.0.0 Safari/537.36"
167.179.28.137 - - [19/Jul/2026:16:08:20 +0000] "GET /wp-content/plugins/yith-woocommerce-wishlist/assets/js/jquery.selectBox.min.js?ver=1.2.0 HTTP/2" 200 3514 "https://gradregalia242.com/" "Mozilla/5.0 (Windows NT 10.0; Win64; x64) AppleWebKit/537.36 (KHTML, like Gecko) Chrome/150.0.0.0 Safari/537.36"
167.179.28.137 - - [19/Jul/2026:16:08:20 +0000] "GET /wp-content/plugins/woocommerce/assets/js/prettyPhoto/jquery.prettyPhoto.min.js?ver=3.1.6 HTTP/2" 200 5401 "https://gradregalia242.com/" "Mozilla/5.0 (Windows NT 10.0; Win64; x64) AppleWebKit/537.36 (KHTML, like Gecko) Chrome/150.0.0.0 Safari/537.36"
167.179.28.137 - - [19/Jul/2026:16:08:20 +0000] "GET /wp-content/plugins/yith-woocommerce-wishlist/assets/js/jquery.yith-wcwl.min.js?ver=4.4.0 HTTP/2" 200 6435 "https://gradregalia242.com/" "Mozilla/5.0 (Windows NT 10.0; Win64; x64) AppleWebKit/537.36 (KHTML, like Gecko) Chrome/150.0.0.0 Safari/537.36"
167.179.28.137 - - [19/Jul/2026:16:08:20 +0000] "GET /wp-content/plugins/razzi-addons/assets/js/plugins/jarallax.min.js?ver=1.12.8 HTTP/2" 200 4896 "https://gradregalia242.com/" "Mozilla/5.0 (Windows NT 10.0; Win64; x64) AppleWebKit/537.36 (KHTML, like Gecko) Chrome/150.0.0.0 Safari/537.36"
167.179.28.137 - - [19/Jul/2026:16:08:20 +0000] "GET /wp-content/plugins/razzi-addons/assets/js/elementor-parallax-widgets.js?ver=1.0 HTTP/2" 200 625 "https://gradregalia242.com/" "Mozilla/5.0 (Windows NT 10.0; Win64; x64) AppleWebKit/537.36 (KHTML, like Gecko) Chrome/150.0.0.0 Safari/537.36"
167.179.28.137 - - [19/Jul/2026:16:08:20 +0000] "GET /wp-content/plugins/woocommerce/assets/js/jquery-blockui/jquery.blockUI.min.js?ver=2.7.0-wc.9.7.1 HTTP/2" 200 3277 "https://gradregalia242.com/" "Mozilla/5.0 (Windows NT 10.0; Win64; x64) AppleWebKit/537.36 (KHTML, like Gecko) Chrome/150.0.0.0 Safari/537.36"
167.179.28.137 - - [19/Jul/2026:16:08:20 +0000] "GET /wp-content/plugins/woocommerce/assets/js/frontend/add-to-cart.min.js?ver=9.7.1 HTTP/2" 200 1225 "https://gradregalia242.com/" "Mozilla/5.0 (Windows NT 10.0; Win64; x64) AppleWebKit/537.36 (KHTML, like Gecko) Chrome/150.0.0.0 Safari/537.36"
167.179.28.137 - - [19/Jul/2026:16:08:20 +0000] "GET /wp-content/plugins/woocommerce/assets/js/js-cookie/js.cookie.min.js?ver=2.1.4-wc.9.7.1 HTTP/2" 200 760 "https://gradregalia242.com/" "Mozilla/5.0 (Windows NT 10.0; Win64; x64) AppleWebKit/537.36 (KHTML, like Gecko) Chrome/150.0.0.0 Safari/537.36"
167.179.28.137 - - [19/Jul/2026:16:08:20 +0000] "GET /wp-content/plugins/woocommerce/assets/js/frontend/woocommerce.min.js?ver=9.7.1 HTTP/2" 200 1241 "https://gradregalia242.com/" "Mozilla/5.0 (Windows NT 10.0; Win64; x64) AppleWebKit/537.36 (KHTML, like Gecko) Chrome/150.0.0.0 Safari/537.36"
167.179.28.137 - - [19/Jul/2026:16:08:20 +0000] "GET /wp-content/plugins/woocommerce/assets/js/selectWoo/selectWoo.full.min.js?ver=1.0.9-wc.9.7.1 HTTP/2" 200 20246 "https://gradregalia242.com/" "Mozilla/5.0 (Windows NT 10.0; Win64; x64) AppleWebKit/537.36 (KHTML, like Gecko) Chrome/150.0.0.0 Safari/537.36"
167.179.28.137 - - [19/Jul/2026:16:08:20 +0000] "GET /wp-content/plugins/woocommerce/assets/js/frontend/add-to-cart-variation.min.js?ver=9.7.1 HTTP/2" 200 3703 "https://gradregalia242.com/" "Mozilla/5.0 (Windows NT 10.0; Win64; x64) AppleWebKit/537.36 (KHTML, like Gecko) Chrome/150.0.0.0 Safari/537.36"
167.179.28.137 - - [19/Jul/2026:16:08:20 +0000] "GET /wp-content/uploads/2022/05/logo-3-e1652040609888.png HTTP/2" 200 2823 "https://gradregalia242.com/" "Mozilla/5.0 (Windows NT 10.0; Win64; x64) AppleWebKit/537.36 (KHTML, like Gecko) Chrome/150.0.0.0 Safari/537.36"
167.179.28.137 - - [19/Jul/2026:16:08:20 +0000] "GET /wp-content/uploads/2022/05/visa-logo-2-e1652040553263.jpg HTTP/2" 200 1110 "https://gradregalia242.com/" "Mozilla/5.0 (Windows NT 10.0; Win64; x64) AppleWebKit/537.36 (KHTML, like Gecko) Chrome/150.0.0.0 Safari/537.36"
167.179.28.137 - - [19/Jul/2026:16:08:20 +0000] "GET /wp-content/uploads/2022/05/Master_Card-logo-027CB51F96-seeklogo.com_-e1652040876305.png HTTP/2" 200 2632 "https://gradregalia242.com/" "Mozilla/5.0 (Windows NT 10.0; Win64; x64) AppleWebKit/537.36 (KHTML, like Gecko) Chrome/150.0.0.0 Safari/537.36"
167.179.28.137 - - [19/Jul/2026:16:08:20 +0000] "GET /wp-content/plugins/mailchimp-for-wp/assets/js/forms.js?ver=4.10.2 HTTP/2" 200 2446 "https://gradregalia242.com/" "Mozilla/5.0 (Windows NT 10.0; Win64; x64) AppleWebKit/537.36 (KHTML, like Gecko) Chrome/150.0.0.0 Safari/537.36"
167.179.28.137 - - [19/Jul/2026:16:08:20 +0000] "GET /wp-content/uploads/elementor/google-fonts/fonts/jost-92zatbhpnqw73otd4g.woff2 HTTP/2" 200 26576 "https://gradregalia242.com/wp-content/uploads/elementor/google-fonts/css/jost.css?ver=1744118159" "Mozilla/5.0 (Windows NT 10.0; Win64; x64) AppleWebKit/537.36 (KHTML, like Gecko) Chrome/150.0.0.0 Safari/537.36"
167.179.28.137 - - [19/Jul/2026:16:08:20 +0000] "GET /wp-content/uploads/elementor/google-fonts/fonts/roboto-kfo7cnqeu92fr1me7ksn66agldtyluama3yuba.woff2 HTTP/2" 200 40128 "https://gradregalia242.com/wp-content/uploads/elementor/google-fonts/css/roboto.css?ver=1744118142" "Mozilla/5.0 (Windows NT 10.0; Win64; x64) AppleWebKit/537.36 (KHTML, like Gecko) Chrome/150.0.0.0 Safari/537.36"
167.179.28.137 - - [19/Jul/2026:16:08:20 +0000] "GET /wp-content/uploads/2022/01/Untitled-design.jpg HTTP/2" 200 72608 "https://gradregalia242.com/" "Mozilla/5.0 (Windows NT 10.0; Win64; x64) AppleWebKit/537.36 (KHTML, like Gecko) Chrome/150.0.0.0 Safari/537.36"
167.179.28.137 - - [19/Jul/2026:16:08:20 +0000] "GET /wp-content/uploads/2022/01/Untitled-design-2.jpg HTTP/2" 200 50968 "https://gradregalia242.com/" "Mozilla/5.0 (Windows NT 10.0; Win64; x64) AppleWebKit/537.36 (KHTML, like Gecko) Chrome/150.0.0.0 Safari/537.36"
167.179.28.137 - - [19/Jul/2026:16:08:20 +0000] "GET /wp-content/uploads/2022/01/WhatsApp-Image-2022-01-30-at-6.12.57-PM-1.jpeg HTTP/2" 200 182548 "https://gradregalia242.com/" "Mozilla/5.0 (Windows NT 10.0; Win64; x64) AppleWebKit/537.36 (KHTML, like Gecko) Chrome/150.0.0.0 Safari/537.36"
167.179.28.137 - - [19/Jul/2026:16:08:20 +0000] "GET /wp-content/uploads/2022/01/WhatsApp-Image-2022-01-23-at-8.42.21-PM.jpeg HTTP/2" 200 18901 "https://gradregalia242.com/" "Mozilla/5.0 (Windows NT 10.0; Win64; x64) AppleWebKit/537.36 (KHTML, like Gecko) Chrome/150.0.0.0 Safari/537.36"
167.179.28.137 - - [19/Jul/2026:16:08:20 +0000] "GET /wp-content/uploads/2022/01/res1.jpg HTTP/2" 200 11560 "https://gradregalia242.com/" "Mozilla/5.0 (Windows NT 10.0; Win64; x64) AppleWebKit/537.36 (KHTML, like Gecko) Chrome/150.0.0.0 Safari/537.36"
167.179.28.137 - - [19/Jul/2026:16:08:20 +0000] "GET /wp-content/uploads/2022/01/WhatsApp-Image-2022-01-23-at-8.45.57-PM-2-1.jpeg HTTP/2" 200 24114 "https://gradregalia242.com/" "Mozilla/5.0 (Windows NT 10.0; Win64; x64) AppleWebKit/537.36 (KHTML, like Gecko) Chrome/150.0.0.0 Safari/537.36"
167.179.28.137 - - [19/Jul/2026:16:08:20 +0000] "GET /wp-content/uploads/2022/05/45589B3E-3882-4D69-A3F2-424BD5000F9A.jpeg HTTP/2" 200 125908 "https://gradregalia242.com/" "Mozilla/5.0 (Windows NT 10.0; Win64; x64) AppleWebKit/537.36 (KHTML, like Gecko) Chrome/150.0.0.0 Safari/537.36"
167.179.28.137 - - [19/Jul/2026:16:08:20 +0000] "GET /wp-content/uploads/2022/01/res2-1.jpg HTTP/2" 200 36040 "https://gradregalia242.com/" "Mozilla/5.0 (Windows NT 10.0; Win64; x64) AppleWebKit/537.36 (KHTML, like Gecko) Chrome/150.0.0.0 Safari/537.36"
167.179.28.137 - - [19/Jul/2026:16:08:20 +0000] "GET /wp-content/uploads/2022/01/vvvv.jpg HTTP/2" 200 87346 "https://gradregalia242.com/wp-content/uploads/elementor/css/post-4261.css?ver=1744473370" "Mozilla/5.0 (Windows NT 10.0; Win64; x64) AppleWebKit/537.36 (KHTML, like Gecko) Chrome/150.0.0.0 Safari/537.36"
167.179.28.137 - - [19/Jul/2026:16:08:20 +0000] "GET /wp-content/uploads/2022/01/WhatsApp-Image-2022-01-23-at-9.28.34-PM.jpeg HTTP/2" 200 114986 "https://gradregalia242.com/" "Mozilla/5.0 (Windows NT 10.0; Win64; x64) AppleWebKit/537.36 (KHTML, like Gecko) Chrome/150.0.0.0 Safari/537.36"
167.179.28.137 - - [19/Jul/2026:16:08:20 +0000] "GET /wp-content/uploads/2022/03/DB1EF855-AF41-48A4-A841-D224B470E3B3.png HTTP/2" 200 324334 "https://gradregalia242.com/" "Mozilla/5.0 (Windows NT 10.0; Win64; x64) AppleWebKit/537.36 (KHTML, like Gecko) Chrome/150.0.0.0 Safari/537.36"
167.179.28.137 - - [19/Jul/2026:16:08:20 +0000] "GET /wp-content/uploads/2022/01/IMG_5418.jpg HTTP/2" 200 271195 "https://gradregalia242.com/" "Mozilla/5.0 (Windows NT 10.0; Win64; x64) AppleWebKit/537.36 (KHTML, like Gecko) Chrome/150.0.0.0 Safari/537.36"
167.179.28.137 - - [19/Jul/2026:16:08:20 +0000] "GET /wp-content/uploads/2022/03/B284ABB2-0D7E-4A1C-9ADB-3E3FF4F9B90F.png HTTP/2" 200 587285 "https://gradregalia242.com/" "Mozilla/5.0 (Windows NT 10.0; Win64; x64) AppleWebKit/537.36 (KHTML, like Gecko) Chrome/150.0.0.0 Safari/537.36"
167.179.28.137 - - [19/Jul/2026:16:08:20 +0000] "GET /wp-content/uploads/2022/03/3864A423-80F3-466F-9FC8-70FA0B2BC6EF.png HTTP/2" 200 542453 "https://gradregalia242.com/" "Mozilla/5.0 (Windows NT 10.0; Win64; x64) AppleWebKit/537.36 (KHTML, like Gecko) Chrome/150.0.0.0 Safari/537.36"
167.179.28.137 - - [19/Jul/2026:16:08:21 +0000] "GET /wp-content/plugins/elementor/assets/js/image-carousel.6167d20b95b33386757b.bundle.min.js HTTP/2" 200 256 "https://gradregalia242.com/" "Mozilla/5.0 (Windows NT 10.0; Win64; x64) AppleWebKit/537.36 (KHTML, like Gecko) Chrome/150.0.0.0 Safari/537.36"
167.179.28.137 - - [19/Jul/2026:16:08:21 +0000] "GET /wp-content/plugins/elementor/assets/js/text-editor.c084ef86600b6f11690d.bundle.min.js HTTP/2" 200 621 "https://gradregalia242.com/" "Mozilla/5.0 (Windows NT 10.0; Win64; x64) AppleWebKit/537.36 (KHTML, like Gecko) Chrome/150.0.0.0 Safari/537.36"
167.179.28.137 - - [19/Jul/2026:16:08:21 +0000] "GET /wp-content/uploads/2022/05/91610773-793A-4D00-AA0C-DF24FC1664D7-570x684.jpeg HTTP/2" 200 44075 "https://gradregalia242.com/" "Mozilla/5.0 (Windows NT 10.0; Win64; x64) AppleWebKit/537.36 (KHTML, like Gecko) Chrome/150.0.0.0 Safari/537.36"
167.179.28.137 - - [19/Jul/2026:16:08:21 +0000] "GET /wp-content/uploads/2022/01/IMG_5416-570x684.jpg HTTP/2" 200 38731 "https://gradregalia242.com/" "Mozilla/5.0 (Windows NT 10.0; Win64; x64) AppleWebKit/537.36 (KHTML, like Gecko) Chrome/150.0.0.0 Safari/537.36"
167.179.28.137 - - [19/Jul/2026:16:08:21 +0000] "GET /wp-content/uploads/2022/01/IMG_5424-570x684.jpg HTTP/2" 200 40969 "https://gradregalia242.com/" "Mozilla/5.0 (Windows NT 10.0; Win64; x64) AppleWebKit/537.36 (KHTML, like Gecko) Chrome/150.0.0.0 Safari/537.36"
167.179.28.137 - - [19/Jul/2026:16:08:21 +0000] "GET /wp-content/uploads/2022/03/5D655FCD-856E-44BD-8361-BBE3429EDFD2-570x684.jpeg HTTP/2" 200 24719 "https://gradregalia242.com/" "Mozilla/5.0 (Windows NT 10.0; Win64; x64) AppleWebKit/537.36 (KHTML, like Gecko) Chrome/150.0.0.0 Safari/537.36"
167.179.28.137 - - [19/Jul/2026:16:08:21 +0000] "GET /wp-content/uploads/2022/03/B0B222BF-DBC5-47F4-8AA9-1B58C93ECE0B-570x684.png HTTP/2" 200 53481 "https://gradregalia242.com/" "Mozilla/5.0 (Windows NT 10.0; Win64; x64) AppleWebKit/537.36 (KHTML, like Gecko) Chrome/150.0.0.0 Safari/537.36"
167.179.28.137 - - [19/Jul/2026:16:08:21 +0000] "GET /wp-content/uploads/2022/03/A130E30B-8D05-4173-A180-DC05AAED1731-570x684.jpeg HTTP/2" 200 37203 "https://gradregalia242.com/" "Mozilla/5.0 (Windows NT 10.0; Win64; x64) AppleWebKit/537.36 (KHTML, like Gecko) Chrome/150.0.0.0 Safari/537.36"
167.179.28.137 - - [19/Jul/2026:16:08:21 +0000] "GET /wp-content/uploads/2022/03/996AEFCF-8D54-4F8E-A13D-A2FCBAB02009-570x684.jpeg HTTP/2" 200 35689 "https://gradregalia242.com/" "Mozilla/5.0 (Windows NT 10.0; Win64; x64) AppleWebKit/537.36 (KHTML, like Gecko) Chrome/150.0.0.0 Safari/537.36"
167.179.28.137 - - [19/Jul/2026:16:08:21 +0000] "GET /wp-content/uploads/2022/08/1A04A2AB-F231-4E13-AC4D-98244183C68A-570x684.jpeg HTTP/2" 200 53143 "https://gradregalia242.com/" "Mozilla/5.0 (Windows NT 10.0; Win64; x64) AppleWebKit/537.36 (KHTML, like Gecko) Chrome/150.0.0.0 Safari/537.36"
167.179.28.137 - - [19/Jul/2026:16:08:21 +0000] "GET /wp-content/uploads/2022/09/decorative--570x684.webp HTTP/2" 200 35192 "https://gradregalia242.com/" "Mozilla/5.0 (Windows NT 10.0; Win64; x64) AppleWebKit/537.36 (KHTML, like Gecko) Chrome/150.0.0.0 Safari/537.36"
167.179.28.137 - - [19/Jul/2026:16:08:21 +0000] "GET /wp-content/uploads/2022/01/WhatsApp-Image-2022-01-29-at-5.04.26-PM-1-570x684.jpeg HTTP/2" 200 29600 "https://gradregalia242.com/" "Mozilla/5.0 (Windows NT 10.0; Win64; x64) AppleWebKit/537.36 (KHTML, like Gecko) Chrome/150.0.0.0 Safari/537.36"
167.179.28.137 - - [19/Jul/2026:16:08:21 +0000] "GET /wp-content/uploads/2022/01/WhatsApp-Image-2022-01-29-at-5.04.27-PM-570x684.jpeg HTTP/2" 200 30103 "https://gradregalia242.com/" "Mozilla/5.0 (Windows NT 10.0; Win64; x64) AppleWebKit/537.36 (KHTML, like Gecko) Chrome/150.0.0.0 Safari/537.36"
167.179.28.137 - - [19/Jul/2026:16:08:21 +0000] "GET /wp-includes/js/wp-emoji-release.min.js?ver=7.0.2 HTTP/2" 200 4974 "https://gradregalia242.com/" "Mozilla/5.0 (Windows NT 10.0; Win64; x64) AppleWebKit/537.36 (KHTML, like Gecko) Chrome/150.0.0.0 Safari/537.36"
167.179.28.137 - - [19/Jul/2026:16:08:21 +0000] "GET /wp-content/uploads/2022/01/cropped-WhatsApp-Image-2022-01-21-at-10.38.30-PM-32x32.jpeg HTTP/2" 200 623 "https://gradregalia242.com/" "Mozilla/5.0 (Windows NT 10.0; Win64; x64) AppleWebKit/537.36 (KHTML, like Gecko) Chrome/150.0.0.0 Safari/537.36"
45.160.182.214 - - [19/Jul/2026:16:08:27 +0000] "POST /xmlrpc.php HTTP/1.1" 200 403 "-" "Mozilla/5.0 (Windows NT 6.2; x86) AppleWebKit/537.36 (KHTML, like Gecko) Safari/10.0.0.0 Safari/537.36"
45.160.182.214 - - [19/Jul/2026:16:08:42 +0000] "POST /xmlrpc.php HTTP/1.1" 200 403 "-" "Mozilla/5.0 (Macintosh; Intel Mac OS X 10_15_7; arm64) AppleWebKit/537.36 (KHTML, like Gecko) Edge/86.0.0.0 Safari/537.36"
45.160.182.214 - - [19/Jul/2026:16:08:52 +0000] "POST /xmlrpc.php HTTP/1.1" 200 0 "-" "Mozilla/5.0 (Windows NT 10.0; x64) AppleWebKit/537.36 (KHTML, like Gecko) Chrome/114.0.0.0 Safari/537.36"
167.179.28.137 - - [19/Jul/2026:16:08:54 +0000] "GET /product-category/masters/hood-masters/ HTTP/2" 200 27099 "https://gradregalia242.com/" "Mozilla/5.0 (Windows NT 10.0; Win64; x64) AppleWebKit/537.36 (KHTML, like Gecko) Chrome/150.0.0.0 Safari/537.36"
167.179.28.137 - - [19/Jul/2026:16:09:01 +0000] "GET /wp-content/uploads/2022/02/Masters-Hood.png HTTP/2" 200 100394 "https://gradregalia242.com/product-category/masters/hood-masters/" "Mozilla/5.0 (Windows NT 10.0; Win64; x64) AppleWebKit/537.36 (KHTML, like Gecko) Chrome/150.0.0.0 Safari/537.36"
167.179.28.137 - - [19/Jul/2026:16:09:01 +0000] "GET /wp-content/themes/razzi/assets/js/plugins/sticky-kit.min.js?ver=1.1.3 HTTP/2" 200 1307 "https://gradregalia242.com/product-category/masters/hood-masters/" "Mozilla/5.0 (Windows NT 10.0; Win64; x64) AppleWebKit/537.36 (KHTML, like Gecko) Chrome/150.0.0.0 Safari/537.36"
167.179.28.137 - - [19/Jul/2026:16:09:01 +0000] "GET /wp-content/themes/razzi/assets/js/woocommerce/product-catalog.min.js?ver=20211209 HTTP/2" 200 2996 "https://gradregalia242.com/product-category/masters/hood-masters/" "Mozilla/5.0 (Windows NT 10.0; Win64; x64) AppleWebKit/537.36 (KHTML, like Gecko) Chrome/150.0.0.0 Safari/537.36"
45.160.182.214 - - [19/Jul/2026:16:09:07 +0000] "POST /xmlrpc.php HTTP/1.1" 200 0 "-" "Mozilla/5.0 (X11; Ubuntu; Linux x86_64; x64) AppleWebKit/537.36 (KHTML, like Gecko) Safari/11.0.0.0 Safari/537.36"
167.179.28.137 - - [19/Jul/2026:16:09:09 +0000] "GET /product-category/kindercare/ HTTP/2" 200 0 "https://gradregalia242.com/product-category/masters/hood-masters/" "Mozilla/5.0 (Windows NT 10.0; Win64; x64) AppleWebKit/537.36 (KHTML, like Gecko) Chrome/150.0.0.0 Safari/537.36"
167.179.28.137 - - [19/Jul/2026:16:09:24 +0000] "GET /wishlist/ HTTP/2" 200 25176 "https://gradregalia242.com/product-category/masters/hood-masters/" "Mozilla/5.0 (Windows NT 10.0; Win64; x64) AppleWebKit/537.36 (KHTML, like Gecko) Chrome/150.0.0.0 Safari/537.36"
45.160.182.214 - - [19/Jul/2026:16:09:26 +0000] "POST /xmlrpc.php HTTP/1.1" 200 403 "-" "Mozilla/5.0 (Windows NT 6.3; x64) AppleWebKit/537.36 (KHTML, like Gecko) Safari/10.0.0.0 Safari/537.36"
186.188.32.147 - - [19/Jul/2026:16:09:31 +0000] "GET /wp-content/uploads/2022/03/E6DE4762-3E5B-4CB3-BA7D-670537A74FA8.jpeg HTTP/1.1" 200 36633 "-" "Mozilla/5.0 (Macintosh; Intel Mac OS X 10_15_6) AppleWebKit/537.36 (KHTML, like Gecko) Chrome/98.0.4758.80 Safari/537.36"
41.83.170.244 - - [19/Jul/2026:16:09:32 +0000] "GET /wp-content/uploads/2022/01/gs-dipcovi-nvy-1_2.jpeg HTTP/1.1" 200 15525 "-" "Mozilla/5.0 (Macintosh; Intel Mac OS X 10_14_6) AppleWebKit/537.36 (KHTML, like Gecko) Brave Chrome/80.0.3987.122 Safari/537.36"
45.160.182.214 - - [19/Jul/2026:16:09:52 +0000] "POST /xmlrpc.php HTTP/1.1" 200 403 "-" "Mozilla/5.0 (Windows NT 6.3; x64) AppleWebKit/537.36 (KHTML, like Gecko) Chrome/105.0.0.0 Safari/537.36"
45.160.182.214 - - [19/Jul/2026:16:10:07 +0000] "POST /xmlrpc.php HTTP/1.1" 200 0 "-" "Mozilla/5.0 (Windows NT 10.0; x64) AppleWebKit/537.36 (KHTML, like Gecko) Firefox/73.0.0.0 Safari/537.36"
167.179.28.137 - - [19/Jul/2026:16:10:07 +0000] "GET /shop/ HTTP/2" 200 34638 "https://gradregalia242.com/wishlist/" "Mozilla/5.0 (Windows NT 10.0; Win64; x64) AppleWebKit/537.36 (KHTML, like Gecko) Chrome/150.0.0.0 Safari/537.36"
167.179.28.137 - - [19/Jul/2026:16:10:17 +0000] "GET / HTTP/2" 200 0 "https://gradregalia242.com/wishlist/" "Mozilla/5.0 (Windows NT 10.0; Win64; x64) AppleWebKit/537.36 (KHTML, like Gecko) Chrome/150.0.0.0 Safari/537.36"
194.39.149.53 - - [19/Jul/2026:16:10:31 +0000] "POST /wp-cron.php?doing_wp_cron=1784477431.0130929946899414062500 HTTP/1.1" 200 0 "-" "WordPress/7.0.2; https://gradregalia242.com"
45.160.182.214 - - [19/Jul/2026:16:10:27 +0000] "POST /xmlrpc.php HTTP/1.1" 200 0 "-" "Mozilla/5.0 (Windows NT 10.0; arm64) AppleWebKit/537.36 (KHTML, like Gecko) Chrome/96.0.0.0 Safari/537.36"
194.39.149.53 - - [19/Jul/2026:16:10:34 +0000] "POST /wp-cron.php?doing_wp_cron=1784477434.1005909442901611328125 HTTP/1.1" 200 0 "-" "WordPress/7.0.2; https://gradregalia242.com"
167.179.28.137 - - [19/Jul/2026:16:10:27 +0000] "GET / HTTP/2" 200 36293 "https://gradregalia242.com/wishlist/" "Mozilla/5.0 (Windows NT 10.0; Win64; x64) AppleWebKit/537.36 (KHTML, like Gecko) Chrome/150.0.0.0 Safari/537.36"
194.39.149.53 - - [19/Jul/2026:16:10:35 +0000] "POST /wp-cron.php?doing_wp_cron=1784477435.5009260177612304687500 HTTP/1.1" 200 0 "-" "WordPress/7.0.2; https://gradregalia242.com"
45.160.182.214 - - [19/Jul/2026:16:10:47 +0000] "POST /xmlrpc.php HTTP/1.1" 200 403 "-" "Mozilla/5.0 (Linux; Android 10; x86) AppleWebKit/537.36 (KHTML, like Gecko) Firefox/92.0.0.0 Safari/537.36"
185.191.171.14 - - [19/Jul/2026:16:10:59 +0000] "GET /robots.txt HTTP/1.1" 200 163 "-" "Mozilla/5.0 (compatible; SemrushBot/7~bl; +http://www.semrush.com/bot.html)"
85.208.96.197 - - [19/Jul/2026:16:11:02 +0000] "GET /welke-stake-leven-bruikbaar-bij-7xm-gokcasino-playcroco-_-nl-unlock-offer/ HTTP/1.1" 200 39457 "-" "Mozilla/5.0 (compatible; SemrushBot/7~bl; +http://www.semrush.com/bot.html)"
45.160.182.214 - - [19/Jul/2026:16:11:11 +0000] "POST /xmlrpc.php HTTP/1.1" 200 403 "-" "Mozilla/5.0 (Windows NT 10.0; x86) AppleWebKit/537.36 (KHTML, like Gecko) Opera/62.0.0.0 Safari/537.36"
85.208.96.197 - - [19/Jul/2026:16:11:27 +0000] "GET /duke-21-casino-svenska-republiken-claim-free-spins-kungaslottet/ HTTP/1.1" 200 40221 "-" "Mozilla/5.0 (compatible; SemrushBot/7~bl; +http://www.semrush.com/bot.html)"
45.160.182.214 - - [19/Jul/2026:16:11:31 +0000] "POST /xmlrpc.php HTTP/1.1" 200 0 "-" "Mozilla/5.0 (Macintosh; Intel Mac OS X 10_15_7; arm64) AppleWebKit/537.36 (KHTML, like Gecko) Firefox/90.0.0.0 Safari/537.36"
45.160.182.214 - - [19/Jul/2026:16:11:55 +0000] "POST /xmlrpc.php HTTP/1.1" 200 0 "-" "Mozilla/5.0 (Linux; Android 10; x64) AppleWebKit/537.36 (KHTML, like Gecko) Firefox/96.0.0.0 Safari/537.36"
185.191.171.17 - - [19/Jul/2026:16:11:56 +0000] "GET /quels-recevoir-incentive-suffirer-jlph-cassino-encherir-woopwin-france-fr-website-%C2%B7-fr-spin-win/ HTTP/1.1" 200 43605 "-" "Mozilla/5.0 (compatible; SemrushBot/7~bl; +http://www.semrush.com/bot.html)"
45.160.182.214 - - [19/Jul/2026:16:12:16 +0000] "POST /xmlrpc.php HTTP/1.1" 200 403 "-" "Mozilla/5.0 (Linux; Android 10; x86) AppleWebKit/537.36 (KHTML, like Gecko) Chrome/109.0.0.0 Safari/537.36"
194.39.149.53 - - [19/Jul/2026:16:12:39 +0000] "POST /wp-cron.php?doing_wp_cron=1784477559.2181611061096191406250 HTTP/1.1" 200 0 "-" "WordPress/7.0.2; https://gradregalia242.com"
45.160.182.214 - - [19/Jul/2026:16:12:35 +0000] "POST /xmlrpc.php HTTP/1.1" 200 403 "-" "Mozilla/5.0 (Macintosh; Intel Mac OS X 10_15_7; arm64) AppleWebKit/537.36 (KHTML, like Gecko) Firefox/90.0.0.0 Safari/537.36"
45.160.182.214 - - [19/Jul/2026:16:12:55 +0000] "POST /xmlrpc.php HTTP/1.1" 200 403 "-" "Mozilla/5.0 (Windows NT 10.0; arm64) AppleWebKit/537.36 (KHTML, like Gecko) Edge/92.0.0.0 Safari/537.36"
45.160.182.214 - - [19/Jul/2026:16:13:16 +0000] "POST /xmlrpc.php HTTP/1.1" 200 403 "-" "Mozilla/5.0 (X11; Ubuntu; Linux x86_64; x64) AppleWebKit/537.36 (KHTML, like Gecko) Opera/72.0.0.0 Safari/537.36"
194.39.149.53 - - [19/Jul/2026:16:13:35 +0000] "POST /wp-cron.php?doing_wp_cron=1784477615.5420200824737548828125 HTTP/1.1" 200 0 "-" "WordPress/7.0.2; https://gradregalia242.com"
85.208.96.211 - - [19/Jul/2026:16:13:32 +0000] "GET /product/tumbler-20oz/ HTTP/1.1" 200 47542 "-" "Mozilla/5.0 (compatible; SemrushBot/7~bl; +http://www.semrush.com/bot.html)"
45.160.182.214 - - [19/Jul/2026:16:13:36 +0000] "POST /xmlrpc.php HTTP/1.1" 200 403 "-" "Mozilla/5.0 (Linux; Android 10; arm64) AppleWebKit/537.36 (KHTML, like Gecko) Safari/15.0.0.0 Safari/537.36"
200.107.104.233 - - [19/Jul/2026:16:13:54 +0000] "GET /wp-content/uploads/2024/09/IMG_4121.jpeg HTTP/1.1" 200 146910 "-" "Mozilla/5.0 (Windows NT 10.0) AppleWebKit/537.36 (KHTML, like Gecko) Chrome/66.0.3359.819 Safari/537.36"
45.160.182.214 - - [19/Jul/2026:16:13:55 +0000] "POST /xmlrpc.php HTTP/1.1" 200 403 "-" "Mozilla/5.0 (Windows NT 10.0; x64) AppleWebKit/537.36 (KHTML, like Gecko) Edge/99.0.0.0 Safari/537.36"
160.187.117.195 - - [19/Jul/2026:16:14:07 +0000] "GET /product/associate-hood-shield/?add_to_wishlist=11300 HTTP/1.1" 200 0 "-" "Mozilla/5.0 (Macintosh; Intel Mac OS X 10_15_7) AppleWebKit/537.36 (KHTML, like Gecko) Chrome/96.0.4664.110 Safari/537.36"
45.160.182.214 - - [19/Jul/2026:16:14:16 +0000] "POST /xmlrpc.php HTTP/1.1" 200 0 "-" "Mozilla/5.0 (Macintosh; Intel Mac OS X 10_15_7; x86) AppleWebKit/537.36 (KHTML, like Gecko) Safari/13.0.0.0 Safari/537.36"
113.163.168.83 - - [19/Jul/2026:16:14:24 +0000] "GET /product/associate-hood-shield/?add_to_wishlist=11300 HTTP/1.1" 200 0 "-" "Mozilla/5.0 (Windows NT 10.0; Win64; x64) AppleWebKit/537.36 (KHTML, like Gecko) Brave Chrome/77.0.3865.90 Safari/537.36"
45.160.182.214 - - [19/Jul/2026:16:14:36 +0000] "POST /xmlrpc.php HTTP/1.1" 200 0 "-" "Mozilla/5.0 (Linux; Android 10; x64) AppleWebKit/537.36 (KHTML, like Gecko) Chrome/80.0.0.0 Safari/537.36"
72.60.40.175 - - [19/Jul/2026:16:14:37 +0000] "GET /shop/ HTTP/2" 200 323988 "-" "Mozilla/5.0 (Windows NT 10.0; Win64; x64) AppleWebKit/537.36"
194.39.149.53 - - [19/Jul/2026:16:14:48 +0000] "POST /wp-cron.php?doing_wp_cron=1784477688.1278650760650634765625 HTTP/1.1" 200 0 "-" "WordPress/7.0.2; https://gradregalia242.com"
45.160.182.214 - - [19/Jul/2026:16:14:54 +0000] "POST /xmlrpc.php HTTP/1.1" 200 0 "-" "Mozilla/5.0 (Windows NT 6.3; x86) AppleWebKit/537.36 (KHTML, like Gecko) Firefox/71.0.0.0 Safari/537.36"
45.160.182.214 - - [19/Jul/2026:16:15:20 +0000] "POST /xmlrpc.php HTTP/1.1" 200 0 "-" "Mozilla/5.0 (Windows NT 6.3; arm64) AppleWebKit/537.36 (KHTML, like Gecko) Opera/64.0.0.0 Safari/537.36"
85.208.96.198 - - [19/Jul/2026:16:15:22 +0000] "GET /mutatie-wedden-langs-nomadisch-https-www-nl-newlucky-net-nederlands-grondgebied-spin-win/ HTTP/1.1" 200 38766 "-" "Mozilla/5.0 (compatible; SemrushBot/7~bl; +http://www.semrush.com/bot.html)"
194.39.149.53 - - [19/Jul/2026:16:15:34 +0000] "POST /wp-cron.php?doing_wp_cron=1784477734.0013449192047119140625 HTTP/1.1" 200 0 "-" "WordPress/7.0.2; https://gradregalia242.com"
45.160.182.214 - - [19/Jul/2026:16:15:45 +0000] "POST /xmlrpc.php HTTP/1.1" 200 0 "-" "Mozilla/5.0 (X11; Ubuntu; Linux x86_64; x64) AppleWebKit/537.36 (KHTML, like Gecko) Firefox/91.0.0.0 Safari/537.36"
45.160.182.214 - - [19/Jul/2026:16:16:04 +0000] "POST /xmlrpc.php HTTP/1.1" 200 0 "-" "Mozilla/5.0 (Windows NT 6.2; arm64) AppleWebKit/537.36 (KHTML, like Gecko) Firefox/71.0.0.0 Safari/537.36"
91.142.222.105 - - [19/Jul/2026:16:16:06 +0000] "GET /wp-login.php HTTP/2" 200 1941 "-" "Mozilla/5.0 (Linux; Android 13; Pixel 7 Pro) AppleWebKit/537.36 (KHTML, like Gecko) Chrome/150.0.0.0 Mobile Safari/537.36"
91.142.222.105 - - [19/Jul/2026:16:16:13 +0000] "POST /wp-login.php HTTP/2" 200 2085 "https://gradregalia242.com.keeloil.com/wp-login.php" "Mozilla/5.0 (Linux; Android 13; Pixel 7 Pro) AppleWebKit/537.36 (KHTML, like Gecko) Chrome/150.0.0.0 Mobile Safari/537.36"
194.39.149.53 - - [19/Jul/2026:16:16:20 +0000] "POST /wp-cron.php?doing_wp_cron=1784477780.1215569972991943359375 HTTP/1.1" 200 0 "-" "WordPress/7.0.2; https://gradregalia242.com"
45.160.182.214 - - [19/Jul/2026:16:16:24 +0000] "POST /xmlrpc.php HTTP/1.1" 200 0 "-" "Mozilla/5.0 (Windows NT 6.3; x64) AppleWebKit/537.36 (KHTML, like Gecko) Safari/13.0.0.0 Safari/537.36"
45.160.182.214 - - [19/Jul/2026:16:16:48 +0000] "POST /xmlrpc.php HTTP/1.1" 200 0 "-" "Mozilla/5.0 (Macintosh; Intel Mac OS X 10_15_7; x86) AppleWebKit/537.36 (KHTML, like Gecko) Firefox/73.0.0.0 Safari/537.36"
54.39.136.142 - - [19/Jul/2026:16:16:38 +0000] "GET /belichamen-jl77-casino-repareren-maxwin-online-casino-nl-join-now/feed/ HTTP/2" 200 454 "-" "Mozilla/5.0 (compatible; AhrefsBot/7.0; +http://ahrefs.com/robot/)"
194.39.149.53 - - [19/Jul/2026:16:17:03 +0000] "POST /wp-cron.php?doing_wp_cron=1784477823.6001069545745849609375 HTTP/1.1" 200 0 "-" "WordPress/7.0.2; https://gradregalia242.com"
45.160.182.214 - - [19/Jul/2026:16:17:06 +0000] "POST /xmlrpc.php HTTP/1.1" 200 0 "-" "Mozilla/5.0 (Windows NT 6.3; x64) AppleWebKit/537.36 (KHTML, like Gecko) Opera/61.0.0.0 Safari/537.36"
194.39.149.53 - - [19/Jul/2026:16:17:35 +0000] "POST /wp-cron.php?doing_wp_cron=1784477855.7153289318084716796875 HTTP/1.1" 200 0 "-" "WordPress/7.0.2; https://gradregalia242.com"
45.160.182.214 - - [19/Jul/2026:16:17:32 +0000] "POST /xmlrpc.php HTTP/1.1" 200 403 "-" "Mozilla/5.0 (Windows NT 10.0; x64) AppleWebKit/537.36 (KHTML, like Gecko) Chrome/83.0.0.0 Safari/537.36"
45.160.182.214 - - [19/Jul/2026:16:17:50 +0000] "POST /xmlrpc.php HTTP/1.1" 200 403 "-" "Mozilla/5.0 (Windows NT 6.2; x86) AppleWebKit/537.36 (KHTML, like Gecko) Edge/100.0.0.0 Safari/537.36"
185.191.171.16 - - [19/Jul/2026:16:18:07 +0000] "GET /wetten-wahl-entlang-nomadisch-deutschland-spin-to-win-milkiway-casino-review/ HTTP/1.1" 200 41002 "-" "Mozilla/5.0 (compatible; SemrushBot/7~bl; +http://www.semrush.com/bot.html)"
8.217.108.67 - - [19/Jul/2026:16:18:08 +0000] "POST /blog/xmlrpc.php HTTP/2" 404 23092 "-" "Mozilla/5.0 (Linux; Android 12; SM-G998B) AppleWebKit/537.36 (KHTML, like Gecko) Chrome/147.0.0.0 Mobile Safari/537.36"
45.160.182.214 - - [19/Jul/2026:16:18:14 +0000] "POST /xmlrpc.php HTTP/1.1" 200 403 "-" "Mozilla/5.0 (Macintosh; Intel Mac OS X 10_15_7; x64) AppleWebKit/537.36 (KHTML, like Gecko) Chrome/82.0.0.0 Safari/537.36"
8.217.108.67 - - [19/Jul/2026:16:18:25 +0000] "POST /blog/xmlrpc.php HTTP/2" 403 5137 "-" "Mozilla/5.0 (Linux; Android 12; SM-G998B) AppleWebKit/537.36 (KHTML, like Gecko) Chrome/147.0.0.0 Mobile Safari/537.36"
45.160.182.214 - - [19/Jul/2026:16:18:34 +0000] "POST /xmlrpc.php HTTP/1.1" 200 0 "-" "Mozilla/5.0 (Linux; Android 10; arm64) AppleWebKit/537.36 (KHTML, like Gecko) Edge/88.0.0.0 Safari/537.36"
45.160.182.214 - - [19/Jul/2026:16:18:55 +0000] "POST /xmlrpc.php HTTP/1.1" 200 0 "-" "Mozilla/5.0 (Windows NT 6.2; x64) AppleWebKit/537.36 (KHTML, like Gecko) Firefox/100.0.0.0 Safari/537.36"
185.223.152.85 - - [19/Jul/2026:16:18:56 +0000] "POST /wp-login.php HTTP/1.1" 200 2315 "-" "Mozilla/5.0 (Windows NT 10.0; Win64; rv:143.0) Gecko/20100101 Firefox/143.0"
194.39.149.53 - - [19/Jul/2026:16:19:01 +0000] "POST /wp-cron.php?doing_wp_cron=1784477941.3184630870819091796875 HTTP/1.1" 200 0 "-" "WordPress/7.0.2; https://gradregalia242.com"
185.223.152.74 - - [19/Jul/2026:16:18:56 +0000] "POST /wp-login.php HTTP/1.1" 200 2294 "-" "Mozilla/5.0 (Macintosh; Intel Mac OS X 10_15_7) AppleWebKit/605.1.15 Version/17.0 Safari/605.1.15"
113.183.142.119 - - [19/Jul/2026:16:19:14 +0000] "GET /wp-content/uploads/2022/01/WhatsApp-Image-2022-01-30-at-12.07.34-AM-1.jpeg HTTP/1.1" 200 61401 "-" "Mozilla/5.0 (Windows NT 10.0; WOW64) AppleWebKit/537.36 (KHTML, like Gecko) Chrome/91.0.4472.101 Safari/537.36"
45.160.182.214 - - [19/Jul/2026:16:19:13 +0000] "POST /xmlrpc.php HTTP/1.1" 200 0 "-" "Mozilla/5.0 (Linux; Android 10; x64) AppleWebKit/537.36 (KHTML, like Gecko) Safari/11.0.0.0 Safari/537.36"
45.160.182.214 - - [19/Jul/2026:16:19:27 +0000] "POST /xmlrpc.php HTTP/1.1" 200 403 "-" "Mozilla/5.0 (Macintosh; Intel Mac OS X 10_15_7; x64) AppleWebKit/537.36 (KHTML, like Gecko) Safari/12.0.0.0 Safari/537.36"
194.39.149.53 - - [19/Jul/2026:16:19:48 +0000] "POST /wp-cron.php?doing_wp_cron=1784477988.2019119262695312500000 HTTP/1.1" 200 0 "-" "WordPress/7.0.2; https://gradregalia242.com"
45.160.182.214 - - [19/Jul/2026:16:19:43 +0000] "POST /xmlrpc.php HTTP/1.1" 200 403 "-" "Mozilla/5.0 (Windows NT 6.3; x86) AppleWebKit/537.36 (KHTML, like Gecko) Chrome/113.0.0.0 Safari/537.36"
45.160.182.214 - - [19/Jul/2026:16:20:04 +0000] "POST /xmlrpc.php HTTP/1.1" 200 0 "-" "Mozilla/5.0 (Windows NT 10.0; x64) AppleWebKit/537.36 (KHTML, like Gecko) Edge/95.0.0.0 Safari/537.36"
45.160.182.214 - - [19/Jul/2026:16:20:25 +0000] "POST /xmlrpc.php HTTP/1.1" 200 0 "-" "Mozilla/5.0 (Linux; Android 10; x64) AppleWebKit/537.36 (KHTML, like Gecko) Safari/15.0.0.0 Safari/537.36"
45.160.182.214 - - [19/Jul/2026:16:20:43 +0000] "POST /xmlrpc.php HTTP/1.1" 200 0 "-" "Mozilla/5.0 (Windows NT 6.3; x86) AppleWebKit/537.36 (KHTML, like Gecko) Safari/15.0.0.0 Safari/537.36"
194.39.149.53 - - [19/Jul/2026:16:20:48 +0000] "POST /wp-cron.php?doing_wp_cron=1784478048.5263559818267822265625 HTTP/1.1" 200 0 "-" "WordPress/7.0.2; https://gradregalia242.com"
194.39.149.53 - - [19/Jul/2026:16:20:54 +0000] "POST /wp-cron.php?doing_wp_cron=1784478054.0127499103546142578125 HTTP/1.1" 200 0 "-" "WordPress/7.0.2; https://gradregalia242.com"
45.160.182.214 - - [19/Jul/2026:16:21:05 +0000] "POST /xmlrpc.php HTTP/1.1" 200 0 "-" "Mozilla/5.0 (X11; Ubuntu; Linux x86_64; arm64) AppleWebKit/537.36 (KHTML, like Gecko) Edge/98.0.0.0 Safari/537.36"
192.140.149.114 - - [19/Jul/2026:16:21:10 +0000] "GET /product-category/bachelors/page/2/?add_to_wishlist=109244 HTTP/1.1" 200 0 "-" "Mozilla/5.0 (Macintosh; Intel Mac OS X 10_15_6) AppleWebKit/537.36 (KHTML, like Gecko) Chrome/88.0.4324.150 Safari/537.36"
45.160.182.214 - - [19/Jul/2026:16:21:25 +0000] "POST /xmlrpc.php HTTP/1.1" 200 0 "-" "Mozilla/5.0 (Macintosh; Intel Mac OS X 10_15_7; arm64) AppleWebKit/537.36 (KHTML, like Gecko) Edge/88.0.0.0 Safari/537.36"
196.188.177.67 - - [19/Jul/2026:16:21:30 +0000] "GET /product-category/bachelors/page/2/?add_to_wishlist=109244 HTTP/1.1" 200 0 "-" "Mozilla/5.0 (Windows NT 6.1; Win64; x64) AppleWebKit/537.36 (KHTML, like Gecko) Brave Chrome/84.0.4147.105 Safari/537.36"
45.160.182.214 - - [19/Jul/2026:16:21:41 +0000] "POST /xmlrpc.php HTTP/1.1" 200 0 "-" "Mozilla/5.0 (Windows NT 6.2; x86) AppleWebKit/537.36 (KHTML, like Gecko) Firefox/78.0.0.0 Safari/537.36"
45.160.182.214 - - [19/Jul/2026:16:21:56 +0000] "POST /xmlrpc.php HTTP/1.1" 200 0 "-" "Mozilla/5.0 (Linux; Android 10; x86) AppleWebKit/537.36 (KHTML, like Gecko) Edge/99.0.0.0 Safari/537.36"
194.39.149.53 - - [19/Jul/2026:16:22:07 +0000] "POST /wp-cron.php?doing_wp_cron=1784478126.9995849132537841796875 HTTP/1.1" 200 0 "-" "WordPress/7.0.2; https://gradregalia242.com"
45.160.182.214 - - [19/Jul/2026:16:22:14 +0000] "POST /xmlrpc.php HTTP/1.1" 200 0 "-" "Mozilla/5.0 (Linux; Android 10; x86) AppleWebKit/537.36 (KHTML, like Gecko) Safari/10.0.0.0 Safari/537.36"
45.160.182.214 - - [19/Jul/2026:16:22:29 +0000] "POST /xmlrpc.php HTTP/1.1" 200 0 "-" "Mozilla/5.0 (Windows NT 6.3; arm64) AppleWebKit/537.36 (KHTML, like Gecko) Edge/91.0.0.0 Safari/537.36"
194.39.149.53 - - [19/Jul/2026:16:22:31 +0000] "POST /wp-cron.php?doing_wp_cron=1784478151.5213649272918701171875 HTTP/1.1" 200 0 "-" "WordPress/7.0.2; https://gradregalia242.com"
45.160.182.214 - - [19/Jul/2026:16:22:41 +0000] "POST /xmlrpc.php HTTP/1.1" 200 0 "-" "Mozilla/5.0 (Linux; Android 10; x86) AppleWebKit/537.36 (KHTML, like Gecko) Edge/94.0.0.0 Safari/537.36"
72.60.40.175 - - [19/Jul/2026:16:22:47 +0000] "GET /shop/ HTTP/2" 200 323988 "-" "Mozilla/5.0 (Windows NT 10.0; Win64; x64) AppleWebKit/537.36"
45.160.182.214 - - [19/Jul/2026:16:22:55 +0000] "POST /xmlrpc.php HTTP/1.1" 200 0 "-" "Mozilla/5.0 (Windows NT 6.3; x86) AppleWebKit/537.36 (KHTML, like Gecko) Opera/62.0.0.0 Safari/537.36"
85.208.96.206 - - [19/Jul/2026:16:22:53 +0000] "GET /inalt-demnitar-si-angajament-program-de-calculator-manhatancasinoro-com-website-ro-try-your-luck/ HTTP/1.1" 200 45609 "-" "Mozilla/5.0 (compatible; SemrushBot/7~bl; +http://www.semrush.com/bot.html)"
194.39.149.53 - - [19/Jul/2026:16:23:34 +0000] "POST /wp-cron.php?doing_wp_cron=1784478214.3228759765625000000000 HTTP/1.1" 200 0 "-" "WordPress/7.0.2; https://gradregalia242.com"
85.208.96.208 - - [19/Jul/2026:16:23:21 +0000] "GET /hur-tillracklig-ttjl-kassino-forsorja-sig-kreditvardig-spel-casino-quick-norra-europa-play-claim/ HTTP/1.1" 200 39182 "-" "Mozilla/5.0 (compatible; SemrushBot/7~bl; +http://www.semrush.com/bot.html)"
192.241.143.148 - - [19/Jul/2026:16:23:44 +0000] "GET /blog/wp-login.php HTTP/2" 404 23080 "-" "Mozilla/5.0 (Linux; Android 10; SM-G973F) AppleWebKit/537.36 (KHTML, like Gecko) Chrome/147.0.0.0 Mobile Safari/537.36"
45.165.99.224 - - [19/Jul/2026:16:24:28 +0000] "GET /product/country-flag/?add_to_wishlist=13658 HTTP/1.1" 200 54243 "-" "Mozilla/5.0 (Windows NT 6.1; Win64; x64) AppleWebKit/537.36 (KHTML, like Gecko) Chrome/74.0.3729.157 Safari/537.36"
194.39.149.53 - - [19/Jul/2026:16:24:46 +0000] "POST /wp-cron.php?doing_wp_cron=1784478286.6377470493316650390625 HTTP/1.1" 200 0 "-" "WordPress/7.0.2; https://gradregalia242.com"
14.232.225.73 - - [19/Jul/2026:16:24:42 +0000] "GET /product/country-flag/?add_to_wishlist=13658 HTTP/1.1" 200 54399 "-" "Mozilla/5.0 (Windows NT 10.0; Win64; x64) AppleWebKit/537.36 (KHTML, like Gecko) Chrome/85.0.4183.121 Safari/537.36"
194.39.149.53 - - [19/Jul/2026:16:26:02 +0000] "POST /wp-cron.php?doing_wp_cron=1784478362.5493121147155761718750 HTTP/1.1" 200 0 "-" "WordPress/7.0.2; https://gradregalia242.com"
114.119.133.138 - - [19/Jul/2026:16:25:53 +0000] "GET /my-account/ HTTP/1.1" 200 23190 "https://gradregalia242.com/product-category/packages/honor-cord-stole/" "Mozilla/5.0 (Linux; Android 7.0;) AppleWebKit/537.36 (HTML, like Gecko) Mobile Safari/537.36 (compatible; PetalBot;+https://webmaster.petalsearch.com/site/petalbot)"
185.223.152.71 - - [19/Jul/2026:16:26:05 +0000] "POST /wp-login.php HTTP/1.1" 200 2294 "-" "Mozilla/5.0 (Macintosh; Intel Mac OS X 10_15_7) AppleWebKit/605.1.15 Version/17.0 Safari/605.1.15"
185.223.152.88 - - [19/Jul/2026:16:26:05 +0000] "POST /wp-login.php HTTP/1.1" 200 2315 "-" "Mozilla/5.0 (Windows NT 10.0; Win64; x64) AppleWebKit/537.36 Chrome/129.0.0.0 Safari/537.36"
173.252.82.46 - - [19/Jul/2026:16:28:56 +0000] "GET /wp-content/uploads/2022/03/613D9D63-C919-47A0-AF8C-4CDC6B2CBF24-549x684.jpeg HTTP/2" 200 26166 "-" "meta-externalagent/1.1 (+https://developers.facebook.com/docs/sharing/webmasters/crawler)"
189.28.68.185 - - [19/Jul/2026:16:29:31 +0000] "GET /wp-content/uploads/2022/09/74DA87EF-2663-4065-A9A2-BB5070ABD907.jpeg HTTP/1.1" 200 132717 "-" "Mozilla/5.0 (Windows NT 6.3; Win64; x64) AppleWebKit/537.36 (KHTML, like Gecko) Brave Chrome/88.0.4324.182 Safari/537.36"
143.255.85.143 - - [19/Jul/2026:16:32:55 +0000] "GET /wp-content/uploads/2022/08/preview.jpeg HTTP/1.1" 200 54172 "-" "Mozilla/5.0 (Windows NT 6.1; Win64; x64) AppleWebKit/537.36 (KHTML, like Gecko) Chrome/86.0.4240.198 Safari/537.36"
196.64.68.45 - - [19/Jul/2026:16:33:09 +0000] "GET /wp-content/uploads/2022/03/040F4997-013C-4987-946D-663B5B61E44C.jpeg HTTP/1.1" 200 69058 "-" "Mozilla/5.0 (Macintosh; Intel Mac OS X 10_14_6) AppleWebKit/537.36 (KHTML, like Gecko) Chrome/81.0.4044.122 Safari/537.36"
185.223.152.89 - - [19/Jul/2026:16:33:18 +0000] "POST /wp-login.php HTTP/1.1" 200 2315 "-" "Mozilla/5.0 (Macintosh; Intel Mac OS X 10_15_7) AppleWebKit/605.1.15 Version/17.0 Safari/605.1.15"
194.39.149.53 - - [19/Jul/2026:16:33:26 +0000] "POST /wp-cron.php?doing_wp_cron=1784478806.0138790607452392578125 HTTP/1.1" 200 0 "-" "WordPress/7.0.2; https://gradregalia242.com"
185.223.152.67 - - [19/Jul/2026:16:33:18 +0000] "POST /wp-login.php HTTP/1.1" 200 2294 "-" "Mozilla/5.0 (Windows NT 10.0; Win64; x64) AppleWebKit/537.36 Chrome/129.0.0.0 Safari/537.36"
194.39.149.53 - - [19/Jul/2026:16:36:24 +0000] "POST /wp-cron.php?doing_wp_cron=1784478984.7433290481567382812500 HTTP/1.1" 200 0 "-" "WordPress/7.0.2; https://gradregalia242.com"
72.60.40.175 - - [19/Jul/2026:16:36:10 +0000] "GET /shop/ HTTP/2" 200 323988 "-" "Mozilla/5.0 (Windows NT 10.0; Win64; x64) AppleWebKit/537.36"
194.39.149.53 - - [19/Jul/2026:16:39:19 +0000] "POST /wp-cron.php?doing_wp_cron=1784479159.3071649074554443359375 HTTP/1.1" 200 0 "-" "WordPress/7.0.2; https://gradregalia242.com"
185.191.171.16 - - [19/Jul/2026:16:39:12 +0000] "GET /specialitate-actiune-si-fost-optiuni-regiunea-europeana-play-earn-casino-stanleybet/ HTTP/1.1" 200 40779 "-" "Mozilla/5.0 (compatible; SemrushBot/7~bl; +http://www.semrush.com/bot.html)"
185.223.152.77 - - [19/Jul/2026:16:40:40 +0000] "POST /wp-login.php HTTP/1.1" 200 2315 "-" "Mozilla/5.0 (Windows NT 10.0; Win64; rv:143.0) Gecko/20100101 Firefox/143.0"
194.39.149.53 - - [19/Jul/2026:16:40:46 +0000] "POST /wp-cron.php?doing_wp_cron=1784479245.8179149627685546875000 HTTP/1.1" 200 0 "-" "WordPress/7.0.2; https://gradregalia242.com"
185.223.152.66 - - [19/Jul/2026:16:40:40 +0000] "POST /wp-login.php HTTP/1.1" 200 2294 "-" "Mozilla/5.0 (Macintosh; Intel Mac OS X 10_15_7) AppleWebKit/605.1.15 Version/17.0 Safari/605.1.15"
102.253.100.9 - - [19/Jul/2026:16:41:07 +0000] "GET /product/associate-hood-shield/?add_to_wishlist=22276 HTTP/1.1" 200 0 "-" "Mozilla/5.0 (Macintosh; Intel Mac OS X 10_14_6) AppleWebKit/537.36 (KHTML, like Gecko) Chrome/80.0.3987.163 Safari/537.36"
123.27.74.99 - - [19/Jul/2026:16:41:25 +0000] "GET /product/associate-hood-shield/?add_to_wishlist=22276 HTTP/1.1" 200 0 "-" "Mozilla/5.0 (Windows NT 6.3) AppleWebKit/537.36 (KHTML, like Gecko) Chrome/107.0.0.0 Safari/537.36"
194.39.149.53 - - [19/Jul/2026:16:41:51 +0000] "POST /wp-cron.php?doing_wp_cron=1784479311.8044800758361816406250 HTTP/1.1" 200 0 "-" "WordPress/7.0.2; https://gradregalia242.com"
194.39.149.53 - - [19/Jul/2026:16:42:17 +0000] "POST /wp-cron.php?doing_wp_cron=1784479337.1203620433807373046875 HTTP/1.1" 200 0 "-" "WordPress/7.0.2; https://gradregalia242.com"
116.203.133.192 - - [19/Jul/2026:16:42:38 +0000] "POST /xmlrpc.php HTTP/2" 200 186 "-" "Mozilla/5.0 (Windows NT 10.0; Win64; x64) AppleWebKit/537.36 (KHTML, like Gecko) Chrome/147.0.0.0 Safari/537.36 Edg/147.0.0.0"
194.39.149.53 - - [19/Jul/2026:16:42:47 +0000] "POST /wp-cron.php?doing_wp_cron=1784479367.4155540466308593750000 HTTP/1.1" 200 0 "-" "WordPress/7.0.2; https://gradregalia242.com"
72.60.40.175 - - [19/Jul/2026:16:42:42 +0000] "GET /shop/ HTTP/2" 200 323988 "-" "Mozilla/5.0 (Windows NT 10.0; Win64; x64) AppleWebKit/537.36"
160.187.68.132 - - [19/Jul/2026:16:42:50 +0000] "POST /xmlrpc.php HTTP/2" 200 186 "-" "Mozilla/5.0 (Linux; Android 12; SM-G998B) AppleWebKit/537.36 (KHTML, like Gecko) Chrome/147.0.0.0 Mobile Safari/537.36"
185.69.5.103 - - [19/Jul/2026:16:44:04 +0000] "GET /wp-content/uploads/2023/08/IMG_2083.jpeg HTTP/1.1" 200 229376 "-" "Mozilla/5.0 (Windows NT 10.0) AppleWebKit/537.36 (KHTML, like Gecko) Chrome/88.0.4324.190 Safari/537.36"
194.39.149.53 - - [19/Jul/2026:16:44:46 +0000] "POST /wp-cron.php?doing_wp_cron=1784479486.6084749698638916015625 HTTP/1.1" 200 0 "-" "WordPress/7.0.2; https://gradregalia242.com"
185.244.152.198 - - [19/Jul/2026:16:44:44 +0000] "GET /product-category/accessories/page/4/?add_to_wishlist=13654 HTTP/1.1" 200 45492 "-" "Mozilla/5.0 (Windows NT 6.1; Win64; x64) AppleWebKit/537.36 (KHTML, like Gecko) Chrome/101.0.0.0 Safari/537.36"
82.102.193.9 - - [19/Jul/2026:16:44:58 +0000] "GET /product-category/accessories/page/3/?add_to_wishlist=11301 HTTP/1.1" 200 0 "-" "Mozilla/5.0 (Macintosh; Intel Mac OS X 10_14_6) AppleWebKit/537.36 (KHTML, like Gecko) Chrome/80.0.3987.163 Safari/537.36"
200.75.125.42 - - [19/Jul/2026:16:45:12 +0000] "GET /product-category/accessories/page/3/?add_to_wishlist=11301 HTTP/1.1" 200 0 "-" "Mozilla/5.0 (Macintosh; Intel Mac OS X 10_11_6) AppleWebKit/537.36 (KHTML, like Gecko) Brave Chrome/89.0.4389.72 Safari/537.36"
185.192.162.94 - - [19/Jul/2026:16:46:13 +0000] "GET /product-category/bachelors/page/2/?add_to_wishlist=178573 HTTP/1.1" 200 0 "-" "Mozilla/5.0 (Macintosh; Intel Mac OS X 10_15_6) AppleWebKit/537.36 (KHTML, like Gecko) Chrome/88.0.4324.150 Safari/537.36"
194.39.149.53 - - [19/Jul/2026:16:47:26 +0000] "POST /wp-cron.php?doing_wp_cron=1784479646.6141090393066406250000 HTTP/1.1" 200 0 "-" "WordPress/7.0.2; https://gradregalia242.com"
185.223.152.91 - - [19/Jul/2026:16:48:04 +0000] "POST /wp-login.php HTTP/1.1" 200 2315 "-" "Mozilla/5.0 (Windows NT 10.0; Win64; rv:143.0) Gecko/20100101 Firefox/143.0"
194.39.149.53 - - [19/Jul/2026:16:48:06 +0000] "POST /wp-cron.php?doing_wp_cron=1784479686.4076120853424072265625 HTTP/1.1" 200 0 "-" "WordPress/7.0.2; https://gradregalia242.com"
185.223.152.81 - - [19/Jul/2026:16:48:04 +0000] "POST /wp-login.php HTTP/1.1" 200 2294 "-" "Mozilla/5.0 (Windows NT 10.0; Win64; x64) AppleWebKit/537.36 Chrome/129.0.0.0 Safari/537.36"
14.236.64.251 - - [19/Jul/2026:16:48:25 +0000] "GET /wp-content/uploads/2022/01/WhatsApp-Image-2022-01-23-at-8.42.21-PM-1.jpeg HTTP/1.1" 200 18901 "-" "Mozilla/5.0 (Macintosh; Intel Mac OS X 10_7_3) AppleWebKit/537.36 (KHTML, like Gecko, Mediapartners-Google) Chrome/89.0.4389.127 Safari/537.36"
194.39.149.53 - - [19/Jul/2026:16:50:13 +0000] "POST /wp-cron.php?doing_wp_cron=1784479813.5165789127349853515625 HTTP/1.1" 200 0 "-" "WordPress/7.0.2; https://gradregalia242.com"
46.27.49.143 - - [19/Jul/2026:16:50:10 +0000] "GET /wp-login.php HTTP/2" 200 1941 "-" "Mozilla/5.0 (Windows NT 10.0; Win64; x64) AppleWebKit/537.36 (KHTML, like Gecko) Chrome/147.0.0.0 Safari/537.36"
46.27.49.143 - - [19/Jul/2026:16:50:13 +0000] "POST /wp-login.php HTTP/2" 200 2076 "https://gradregalia242.com/wp-login.php" "Mozilla/5.0 (Windows NT 10.0; Win64; x64) AppleWebKit/537.36 (KHTML, like Gecko) Chrome/147.0.0.0 Safari/537.36"
78.101.200.203 - - [19/Jul/2026:16:53:21 +0000] "GET /product/medal-ribbon/?add_to_wishlist=17776 HTTP/1.1" 200 47152 "-" "Mozilla/5.0 (Macintosh; Intel Mac OS X 10_15_6) AppleWebKit/537.36 (KHTML, like Gecko) Brave Chrome/78.0.3904.87 Safari/537.36"
72.60.40.175 - - [19/Jul/2026:16:53:19 +0000] "GET /shop/ HTTP/2" 200 323988 "-" "Mozilla/5.0 (Windows NT 10.0; Win64; x64) AppleWebKit/537.36"
194.39.149.53 - - [19/Jul/2026:16:53:27 +0000] "POST /wp-cron.php?doing_wp_cron=1784480007.1513850688934326171875 HTTP/1.1" 200 0 "-" "WordPress/7.0.2; https://gradregalia242.com"
194.39.149.53 - - [19/Jul/2026:16:54:33 +0000] "POST /wp-cron.php?doing_wp_cron=1784480073.0656130313873291015625 HTTP/1.1" 200 0 "-" "WordPress/7.0.2; https://gradregalia242.com"
35.238.118.195 - - [19/Jul/2026:16:54:30 +0000] "GET /wp-login.php HTTP/2" 200 1941 "-" "Mozilla/5.0 (Windows NT 10.0; Win64; x64) AppleWebKit/537.36 (KHTML, like Gecko) Chrome/147.0.0.0 Safari/537.36"
35.238.118.195 - - [19/Jul/2026:16:54:34 +0000] "POST /wp-login.php HTTP/2" 200 2085 "https://gradregalia242.com.keeloil.com/wp-login.php" "Mozilla/5.0 (Windows NT 10.0; Win64; x64) AppleWebKit/537.36 (KHTML, like Gecko) Chrome/147.0.0.0 Safari/537.36"
185.223.152.88 - - [19/Jul/2026:16:55:27 +0000] "POST /wp-login.php HTTP/1.1" 200 2294 "-" "Mozilla/5.0 (Windows NT 10.0; Win64; x64) AppleWebKit/537.36 Chrome/129.0.0.0 Safari/537.36"
185.223.152.4 - - [19/Jul/2026:16:55:27 +0000] "POST /wp-login.php HTTP/1.1" 200 2315 "-" "Mozilla/5.0 (Windows NT 10.0; Win64; rv:143.0) Gecko/20100101 Firefox/143.0"
194.39.149.53 - - [19/Jul/2026:16:55:58 +0000] "POST /wp-cron.php?doing_wp_cron=1784480158.5293920040130615234375 HTTP/1.1" 200 0 "-" "WordPress/7.0.2; https://gradregalia242.com"
185.191.171.19 - - [19/Jul/2026:16:55:55 +0000] "GET /proff-av-dreamph-cassino-yabby-norge-claim-bonus/ HTTP/1.1" 200 41545 "-" "Mozilla/5.0 (compatible; SemrushBot/7~bl; +http://www.semrush.com/bot.html)"
45.148.10.95 - - [19/Jul/2026:16:56:25 +0000] "GET /.git/config HTTP/1.1" 403 1242 "-" "Mozilla/5.0 (SS; Linux i686) AppleWebKit/537.36 (KHTML, like Gecko) Chrome/128.0.0.0 Safari/537.36"
194.39.149.53 - - [19/Jul/2026:16:57:51 +0000] "POST /wp-cron.php?doing_wp_cron=1784480271.1497769355773925781250 HTTP/1.1" 200 0 "-" "WordPress/7.0.2; https://gradregalia242.com"
190.112.143.74 - - [19/Jul/2026:16:57:47 +0000] "GET /product-category/accessories/page/4/?add_to_wishlist=349573 HTTP/1.1" 200 45393 "-" "Mozilla/5.0 (Windows NT 10.0; WOW64; x64) AppleWebKit/537.36 (KHTML, like Gecko) Chrome/105.0.5118.205 Safari/537.36"
186.6.141.195 - - [19/Jul/2026:16:58:01 +0000] "GET /product-category/accessories/page/3/?add_to_wishlist=240420 HTTP/1.1" 200 44655 "-" "Mozilla/5.0 (Macintosh; Intel Mac OS X 10_15_5) AppleWebKit/537.36 (KHTML, like Gecko) Chrome/101.0.4951.54 Safari/537.36"
72.60.40.175 - - [19/Jul/2026:17:01:45 +0000] "GET /shop/ HTTP/2" 200 323988 "-" "Mozilla/5.0 (Windows NT 10.0; Win64; x64) AppleWebKit/537.36"
194.39.149.53 - - [19/Jul/2026:17:01:49 +0000] "POST /wp-cron.php?doing_wp_cron=1784480509.3419439792633056640625 HTTP/1.1" 200 0 "-" "WordPress/7.0.2; https://gradregalia242.com"
185.223.152.70 - - [19/Jul/2026:17:02:52 +0000] "POST /wp-login.php HTTP/1.1" 200 2315 "-" "Mozilla/5.0 (Windows NT 10.0; Win64; x64) AppleWebKit/537.36 Chrome/129.0.0.0 Safari/537.36"
185.223.152.67 - - [19/Jul/2026:17:02:52 +0000] "POST /wp-login.php HTTP/1.1" 200 2294 "-" "Mozilla/5.0 (Windows NT 10.0; Win64; rv:143.0) Gecko/20100101 Firefox/143.0"
194.39.149.53 - - [19/Jul/2026:17:02:55 +0000] "POST /wp-cron.php?doing_wp_cron=1784480575.4262619018554687500000 HTTP/1.1" 200 0 "-" "WordPress/7.0.2; https://gradregalia242.com"
14.191.34.250 - - [19/Jul/2026:17:07:14 +0000] "GET /wp-content/uploads/2022/02/Red.jpeg HTTP/1.1" 200 25403 "-" "Mozilla/5.0 (Macintosh; Intel Mac OS X 11_3_0) AppleWebKit/537.36 (KHTML, like Gecko) Chrome/89.0.4389.114 Safari/537.36"
194.39.149.53 - - [19/Jul/2026:17:07:50 +0000] "POST /wp-cron.php?doing_wp_cron=1784480870.3434619903564453125000 HTTP/1.1" 200 0 "-" "WordPress/7.0.2; https://gradregalia242.com"
192.241.143.148 - - [19/Jul/2026:17:07:45 +0000] "POST /blog/xmlrpc.php HTTP/2" 404 23088 "-" "Mozilla/5.0 (Windows NT 10.0; Win64; x64) AppleWebKit/537.36 (KHTML, like Gecko) Chrome/147.0.0.0 Safari/537.36"
192.241.143.148 - - [19/Jul/2026:17:07:51 +0000] "POST /blog/xmlrpc.php HTTP/2" 403 5137 "-" "Mozilla/5.0 (Windows NT 10.0; Win64; x64) AppleWebKit/537.36 (KHTML, like Gecko) Chrome/147.0.0.0 Safari/537.36"
178.148.29.216 - - [19/Jul/2026:17:08:18 +0000] "GET /wp-content/uploads/2023/01/C0258777-5C80-4531-A658-3BA98B3C585C.jpeg HTTP/1.1" 200 50679 "-" "Mozilla/5.0 (Macintosh; Intel Mac OS X 10_11_6) AppleWebKit/537.36 (KHTML, like Gecko) Chrome/80.0.3987.87 Safari/537.36"
31.42.184.154 - - [19/Jul/2026:17:08:33 +0000] "GET /blog/wp-login.php HTTP/2" 404 23078 "-" "Mozilla/5.0 (Macintosh; Intel Mac OS X 11_7_10) AppleWebKit/537.36 (KHTML, like Gecko) Chrome/147.0.0.0 Safari/537.36"
194.39.149.53 - - [19/Jul/2026:17:08:39 +0000] "POST /wp-cron.php?doing_wp_cron=1784480919.3071351051330566406250 HTTP/1.1" 200 0 "-" "WordPress/7.0.2; https://gradregalia242.com"
185.191.171.11 - - [19/Jul/2026:17:09:32 +0000] "GET /beveiligingsafdeling-bleekheid-en-kredietwaardig-weddenschap-nl-nv-com-benelux-play-now/ HTTP/1.1" 200 43707 "-" "Mozilla/5.0 (compatible; SemrushBot/7~bl; +http://www.semrush.com/bot.html)"
194.39.149.53 - - [19/Jul/2026:17:09:46 +0000] "POST /wp-cron.php?doing_wp_cron=1784480986.6047830581665039062500 HTTP/1.1" 200 0 "-" "WordPress/7.0.2; https://gradregalia242.com"
185.223.152.88 - - [19/Jul/2026:17:10:20 +0000] "POST /wp-login.php HTTP/1.1" 200 2294 "-" "Mozilla/5.0 (Macintosh; Intel Mac OS X 10_15_7) AppleWebKit/605.1.15 Version/17.0 Safari/605.1.15"
185.223.152.77 - - [19/Jul/2026:17:10:20 +0000] "POST /wp-login.php HTTP/1.1" 200 2315 "-" "Mozilla/5.0 (Windows NT 10.0; Win64; x64) AppleWebKit/537.36 Chrome/129.0.0.0 Safari/537.36"
