202.8.43.204 - - [19/Jul/2026:13:11:08 +0000] "GET /wp-content/plugins/razzi-addons//assets/js/plugins/jquery.coundown.js?ver=1.0 HTTP/3" 200 495 "https://gradregalia242.com/" "Mozilla/5.0 (compatible; AhrefsBot/7.0; +http://ahrefs.com/robot/)"
202.8.43.204 - - [19/Jul/2026:13:11:08 +0000] "GET /wp-content/themes/razzi/assets/js/plugins/isInViewport.min.js?ver=20201012 HTTP/3" 200 1036 "https://gradregalia242.com/" "Mozilla/5.0 (compatible; AhrefsBot/7.0; +http://ahrefs.com/robot/)"
202.8.43.204 - - [19/Jul/2026:13:11:08 +0000] "GET /wp-includes/js/imagesloaded.min.js?ver=5.0.0 HTTP/3" 200 1687 "https://gradregalia242.com/" "Mozilla/5.0 (compatible; AhrefsBot/7.0; +http://ahrefs.com/robot/)"
202.8.43.204 - - [19/Jul/2026:13:11:08 +0000] "GET /wp-includes/js/jquery/jquery.serialize-object.js?ver=0.2-wp HTTP/3" 200 390 "https://gradregalia242.com/" "Mozilla/5.0 (compatible; AhrefsBot/7.0; +http://ahrefs.com/robot/)"
202.8.43.204 - - [19/Jul/2026:13:11:08 +0000] "GET /wp-content/plugins/razzi-addons/modules/products-filter/assets/js/products-filter.js?ver=20210223 HTTP/3" 200 3103 "https://gradregalia242.com/" "Mozilla/5.0 (compatible; AhrefsBot/7.0; +http://ahrefs.com/robot/)"
202.8.43.204 - - [19/Jul/2026:13:11:08 +0000] "GET /wp-content/plugins/woocommerce/assets/js/frontend/order-attribution.min.js?ver=9.7.1 HTTP/3" 200 1006 "https://gradregalia242.com/" "Mozilla/5.0 (compatible; AhrefsBot/7.0; +http://ahrefs.com/robot/)"
202.8.43.204 - - [19/Jul/2026:13:11:08 +0000] "GET /wp-content/plugins/WC_Min_Max_Quantity/assets/js/attrchange.js?ver=1.0 HTTP/3" 200 1382 "https://gradregalia242.com/" "Mozilla/5.0 (compatible; AhrefsBot/7.0; +http://ahrefs.com/robot/)"
202.8.43.204 - - [19/Jul/2026:13:11:08 +0000] "GET /wp-content/plugins/WC_Min_Max_Quantity/assets/js/variation-wcmmq.js?ver=1.0.0 HTTP/3" 200 1092 "https://gradregalia242.com/" "Mozilla/5.0 (compatible; AhrefsBot/7.0; +http://ahrefs.com/robot/)"
202.8.43.204 - - [19/Jul/2026:13:11:08 +0000] "GET /wp-content/plugins/razzi-addons/assets/js/elementor-parallax-widgets.js?ver=1.0 HTTP/3" 200 625 "https://gradregalia242.com/" "Mozilla/5.0 (compatible; AhrefsBot/7.0; +http://ahrefs.com/robot/)"
202.8.43.204 - - [19/Jul/2026:13:11:08 +0000] "GET /wp-content/plugins/woocommerce/assets/js/js-cookie/js.cookie.min.js?ver=2.1.4-wc.9.7.1 HTTP/3" 200 760 "https://gradregalia242.com/" "Mozilla/5.0 (compatible; AhrefsBot/7.0; +http://ahrefs.com/robot/)"
202.8.43.204 - - [19/Jul/2026:13:11:08 +0000] "GET /wp-content/plugins/woo-custom-product-addons-pro/assets/js/frontend.min.js?ver=3.9.2 HTTP/3" 200 8867 "https://gradregalia242.com/" "Mozilla/5.0 (compatible; AhrefsBot/7.0; +http://ahrefs.com/robot/)"
202.8.43.204 - - [19/Jul/2026:13:11:08 +0000] "GET /wp-content/plugins/elementor/assets/lib/swiper/v8/swiper.min.js?ver=8.4.5 HTTP/3" 200 38152 "https://gradregalia242.com/" "Mozilla/5.0 (compatible; AhrefsBot/7.0; +http://ahrefs.com/robot/)"
202.8.43.204 - - [19/Jul/2026:13:11:08 +0000] "GET /wp-content/plugins/elementor/assets/js/frontend-modules.min.js?ver=3.28.3 HTTP/3" 200 14421 "https://gradregalia242.com/" "Mozilla/5.0 (compatible; AhrefsBot/7.0; +http://ahrefs.com/robot/)"
202.8.43.204 - - [19/Jul/2026:13:11:08 +0000] "GET /wp-includes/js/jquery/ui/core.min.js?ver=1.13.3 HTTP/3" 200 6812 "https://gradregalia242.com/" "Mozilla/5.0 (compatible; AhrefsBot/7.0; +http://ahrefs.com/robot/)"
202.8.43.204 - - [19/Jul/2026:13:11:08 +0000] "GET /wp-content/plugins/elementor/assets/js/frontend.min.js?ver=3.28.3 HTTP/3" 200 13098 "https://gradregalia242.com/" "Mozilla/5.0 (compatible; AhrefsBot/7.0; +http://ahrefs.com/robot/)"
202.8.43.204 - - [19/Jul/2026:13:11:08 +0000] "GET /wp-content/plugins/razzi-addons//assets/js/frontend.js?ver=20211231 HTTP/3" 200 4148 "https://gradregalia242.com/" "Mozilla/5.0 (compatible; AhrefsBot/7.0; +http://ahrefs.com/robot/)"
202.8.43.204 - - [19/Jul/2026:13:11:08 +0000] "GET /wp-content/plugins/razzi-addons//assets/js/product-shortcode.js?ver=20170530 HTTP/3" 200 6235 "https://gradregalia242.com/" "Mozilla/5.0 (compatible; AhrefsBot/7.0; +http://ahrefs.com/robot/)"
202.8.43.204 - - [19/Jul/2026:13:11:08 +0000] "GET /wp-content/themes/razzi/assets/js/plugins/notify.min.js?ver=1.0.0 HTTP/3" 200 7000 "https://gradregalia242.com/" "Mozilla/5.0 (compatible; AhrefsBot/7.0; +http://ahrefs.com/robot/)"
202.8.43.204 - - [19/Jul/2026:13:11:08 +0000] "GET /wp-content/themes/razzi/assets/js/scripts.min.js?ver=20211209 HTTP/3" 200 9398 "https://gradregalia242.com/" "Mozilla/5.0 (compatible; AhrefsBot/7.0; +http://ahrefs.com/robot/)"
202.8.43.204 - - [19/Jul/2026:13:11:08 +0000] "GET /wp-content/plugins/woocommerce/assets/js/select2/select2.full.min.js?ver=4.0.3-wc.9.7.1 HTTP/3" 200 19579 "https://gradregalia242.com/" "Mozilla/5.0 (compatible; AhrefsBot/7.0; +http://ahrefs.com/robot/)"
202.8.43.204 - - [19/Jul/2026:13:11:08 +0000] "GET /wp-content/plugins/woo-min-max-quantity-step-control-single/assets/js/custom.js?ver=1.0.0 HTTP/3" 200 3213 "https://gradregalia242.com/" "Mozilla/5.0 (compatible; AhrefsBot/7.0; +http://ahrefs.com/robot/)"
202.8.43.204 - - [19/Jul/2026:13:11:08 +0000] "GET /wp-content/plugins/woocommerce/assets/js/sourcebuster/sourcebuster.min.js?ver=9.7.1 HTTP/3" 200 4609 "https://gradregalia242.com/" "Mozilla/5.0 (compatible; AhrefsBot/7.0; +http://ahrefs.com/robot/)"
202.8.43.204 - - [19/Jul/2026:13:11:08 +0000] "GET /wp-content/plugins/yith-woocommerce-wishlist/assets/js/jquery.selectBox.min.js?ver=1.2.0 HTTP/3" 200 3514 "https://gradregalia242.com/" "Mozilla/5.0 (compatible; AhrefsBot/7.0; +http://ahrefs.com/robot/)"
202.8.43.204 - - [19/Jul/2026:13:11:08 +0000] "GET /wp-content/plugins/yith-woocommerce-wishlist/assets/js/jquery.yith-wcwl.min.js?ver=4.4.0 HTTP/3" 200 6435 "https://gradregalia242.com/" "Mozilla/5.0 (compatible; AhrefsBot/7.0; +http://ahrefs.com/robot/)"
202.8.43.204 - - [19/Jul/2026:13:11:08 +0000] "GET /wp-content/plugins/woocommerce/assets/js/prettyPhoto/jquery.prettyPhoto.min.js?ver=3.1.6 HTTP/3" 200 5401 "https://gradregalia242.com/" "Mozilla/5.0 (compatible; AhrefsBot/7.0; +http://ahrefs.com/robot/)"
202.8.43.204 - - [19/Jul/2026:13:11:08 +0000] "GET /wp-content/plugins/woocommerce/assets/js/frontend/add-to-cart.min.js?ver=9.7.1 HTTP/3" 200 1225 "https://gradregalia242.com/" "Mozilla/5.0 (compatible; AhrefsBot/7.0; +http://ahrefs.com/robot/)"
202.8.43.204 - - [19/Jul/2026:13:11:08 +0000] "GET /wp-content/plugins/woocommerce/assets/js/jquery-blockui/jquery.blockUI.min.js?ver=2.7.0-wc.9.7.1 HTTP/3" 200 3277 "https://gradregalia242.com/" "Mozilla/5.0 (compatible; AhrefsBot/7.0; +http://ahrefs.com/robot/)"
202.8.43.204 - - [19/Jul/2026:13:11:08 +0000] "GET /wp-content/plugins/woocommerce/assets/js/frontend/add-to-cart-variation.min.js?ver=9.7.1 HTTP/3" 200 3703 "https://gradregalia242.com/" "Mozilla/5.0 (compatible; AhrefsBot/7.0; +http://ahrefs.com/robot/)"
202.8.43.204 - - [19/Jul/2026:13:11:08 +0000] "GET /wp-content/plugins/woocommerce/assets/js/selectWoo/selectWoo.full.min.js?ver=1.0.9-wc.9.7.1 HTTP/3" 200 20246 "https://gradregalia242.com/" "Mozilla/5.0 (compatible; AhrefsBot/7.0; +http://ahrefs.com/robot/)"
202.8.43.204 - - [19/Jul/2026:13:11:08 +0000] "GET /wp-content/plugins/mailchimp-for-wp/assets/js/forms.js?ver=4.10.2 HTTP/3" 200 2446 "https://gradregalia242.com/" "Mozilla/5.0 (compatible; AhrefsBot/7.0; +http://ahrefs.com/robot/)"
202.8.43.204 - - [19/Jul/2026:13:11:08 +0000] "GET /wp-content/plugins/woocommerce/assets/js/frontend/woocommerce.min.js?ver=9.7.1 HTTP/3" 200 1241 "https://gradregalia242.com/" "Mozilla/5.0 (compatible; AhrefsBot/7.0; +http://ahrefs.com/robot/)"
202.8.43.204 - - [19/Jul/2026:13:11:08 +0000] "GET /wp-content/plugins/razzi-addons/assets/js/plugins/jarallax.min.js?ver=1.12.8 HTTP/3" 200 4896 "https://gradregalia242.com/" "Mozilla/5.0 (compatible; AhrefsBot/7.0; +http://ahrefs.com/robot/)"
168.100.149.23 - - [19/Jul/2026:13:11:05 +0000] "GET /robots.txt HTTP/2" 200 146 "-" "Mozilla/5.0 (compatible; AhrefsBot/7.0; +http://ahrefs.com/robot/)"
202.8.43.204 - - [19/Jul/2026:13:11:10 +0000] "GET /wp-content/plugins/elementor/assets/js/text-editor.c084ef86600b6f11690d.bundle.min.js HTTP/3" 200 621 "https://gradregalia242.com/" "Mozilla/5.0 (compatible; AhrefsBot/7.0; +http://ahrefs.com/robot/)"
202.8.43.204 - - [19/Jul/2026:13:11:10 +0000] "GET /wp-content/plugins/elementor/assets/js/image-carousel.6167d20b95b33386757b.bundle.min.js HTTP/3" 200 256 "https://gradregalia242.com/" "Mozilla/5.0 (compatible; AhrefsBot/7.0; +http://ahrefs.com/robot/)"
202.8.43.204 - - [19/Jul/2026:13:11:10 +0000] "GET /wp-content/uploads/elementor/google-fonts/fonts/roboto-kfo7cnqeu92fr1me7ksn66agldtyluama3yuba.woff2 HTTP/3" 200 40128 "https://gradregalia242.com/wp-content/uploads/elementor/google-fonts/css/roboto.css?ver=1744118142" "Mozilla/5.0 (compatible; AhrefsBot/7.0; +http://ahrefs.com/robot/)"
202.8.43.204 - - [19/Jul/2026:13:11:10 +0000] "GET /wp-content/uploads/elementor/google-fonts/fonts/jost-92zatbhpnqw73otd4g.woff2 HTTP/3" 200 26576 "https://gradregalia242.com/wp-content/uploads/elementor/google-fonts/css/jost.css?ver=1744118159" "Mozilla/5.0 (compatible; AhrefsBot/7.0; +http://ahrefs.com/robot/)"
202.8.43.204 - - [19/Jul/2026:13:11:10 +0000] "GET /wp-includes/js/wp-emoji-release.min.js?ver=7.0.2 HTTP/3" 200 4974 "https://gradregalia242.com/" "Mozilla/5.0 (compatible; AhrefsBot/7.0; +http://ahrefs.com/robot/)"
51.161.37.75 - - [19/Jul/2026:13:11:53 +0000] "GET /wp-content/uploads/2022/01/res3.jpg HTTP/2" 200 10588 "-" "Mozilla/5.0 (compatible; AhrefsBot/7.0; +http://ahrefs.com/robot/)"
54.39.203.108 - - [19/Jul/2026:13:11:54 +0000] "GET /wp-content/plugins/elementor/assets/lib/swiper/v8/css/swiper.min.css?ver=8.4.5 HTTP/2" 200 4248 "-" "Mozilla/5.0 (compatible; AhrefsBot/7.0; +http://ahrefs.com/robot/)"
15.235.98.85 - - [19/Jul/2026:13:11:55 +0000] "GET /wp-content/plugins/elementor/assets/css/widget-image-carousel.min.css?ver=3.28.3 HTTP/2" 200 163 "-" "Mozilla/5.0 (compatible; AhrefsBot/7.0; +http://ahrefs.com/robot/)"
51.161.37.142 - - [19/Jul/2026:13:11:56 +0000] "GET /wp-includes/js/jquery/ui/core.min.js?ver=1.13.3 HTTP/2" 200 6812 "-" "Mozilla/5.0 (compatible; AhrefsBot/7.0; +http://ahrefs.com/robot/)"
179.238.61.25 - - [19/Jul/2026:13:12:34 +0000] "GET /wp-content/uploads/2022/03/4C84BDFE-A60D-4BD3-8B4A-40A66807E837.jpeg HTTP/1.1" 200 63586 "-" "Mozilla/5.0 (Windows NT 6.1) AppleWebKit/537.36 (KHTML, like Gecko) Chrome/80.0.3987.132 Safari/537.36"
148.113.128.107 - - [19/Jul/2026:13:12:59 +0000] "GET /wp-content/plugins/elementor/assets/js/frontend-modules.min.js?ver=3.28.3 HTTP/2" 200 14421 "-" "Mozilla/5.0 (compatible; AhrefsBot/7.0; +http://ahrefs.com/robot/)"
51.161.65.243 - - [19/Jul/2026:13:13:00 +0000] "GET /wp-content/plugins/elementor/assets/js/frontend.min.js?ver=3.28.3 HTTP/2" 200 13098 "-" "Mozilla/5.0 (compatible; AhrefsBot/7.0; +http://ahrefs.com/robot/)"
167.114.139.206 - - [19/Jul/2026:13:13:01 +0000] "GET /wp-content/plugins/razzi-addons/assets/js/elementor-parallax-widgets.js?ver=1.0 HTTP/2" 200 625 "-" "Mozilla/5.0 (compatible; AhrefsBot/7.0; +http://ahrefs.com/robot/)"
51.161.65.128 - - [19/Jul/2026:13:13:02 +0000] "GET /wp-content/uploads/elementor/google-fonts/css/jost.css?ver=1744118159 HTTP/2" 200 544 "-" "Mozilla/5.0 (compatible; AhrefsBot/7.0; +http://ahrefs.com/robot/)"
51.161.37.98 - - [19/Jul/2026:13:13:03 +0000] "GET /wp-content/plugins/razzi-addons/assets/js/plugins/jarallax.min.js?ver=1.12.8 HTTP/2" 200 4896 "-" "Mozilla/5.0 (compatible; AhrefsBot/7.0; +http://ahrefs.com/robot/)"
15.235.98.102 - - [19/Jul/2026:13:13:04 +0000] "GET /wp-content/plugins/elementor/assets/css/conditionals/e-swiper.min.css?ver=3.28.3 HTTP/2" 200 699 "-" "Mozilla/5.0 (compatible; AhrefsBot/7.0; +http://ahrefs.com/robot/)"
142.44.225.185 - - [19/Jul/2026:13:13:37 +0000] "GET /wp-content/uploads/2022/03/A130E30B-8D05-4173-A180-DC05AAED1731-570x684.jpeg HTTP/2" 200 37203 "-" "Mozilla/5.0 (compatible; AhrefsBot/7.0; +http://ahrefs.com/robot/)"
51.222.168.144 - - [19/Jul/2026:13:13:39 +0000] "GET /wp-content/plugins/razzi-addons//assets/js/product-shortcode.js?ver=20170530 HTTP/2" 200 6235 "-" "Mozilla/5.0 (compatible; AhrefsBot/7.0; +http://ahrefs.com/robot/)"
54.39.210.158 - - [19/Jul/2026:13:13:39 +0000] "GET /wp-content/uploads/2022/01/WhatsApp-Image-2022-01-23-at-8.42.21-PM.jpeg HTTP/2" 200 18901 "-" "Mozilla/5.0 (compatible; AhrefsBot/7.0; +http://ahrefs.com/robot/)"
54.39.210.110 - - [19/Jul/2026:13:13:40 +0000] "GET /wp-content/uploads/2022/05/45589B3E-3882-4D69-A3F2-424BD5000F9A.jpeg HTTP/2" 200 125908 "-" "Mozilla/5.0 (compatible; AhrefsBot/7.0; +http://ahrefs.com/robot/)"
142.44.233.186 - - [19/Jul/2026:13:13:42 +0000] "GET /wp-content/uploads/2022/01/WhatsApp-Image-2022-01-23-at-8.45.57-PM-2-1.jpeg HTTP/2" 200 24114 "-" "Mozilla/5.0 (compatible; AhrefsBot/7.0; +http://ahrefs.com/robot/)"
51.222.168.215 - - [19/Jul/2026:13:13:43 +0000] "GET /wp-content/uploads/2022/01/cover-image.jpg HTTP/2" 200 177030 "-" "Mozilla/5.0 (compatible; AhrefsBot/7.0; +http://ahrefs.com/robot/)"
136.158.78.37 - - [19/Jul/2026:13:13:47 +0000] "GET /product-category/elementary-school/page/2/?add_to_wishlist=109312 HTTP/1.1" 200 0 "-" "Mozilla/5.0 (Windows NT 6.1; WOW64) AppleWebKit/537.36 (KHTML, like Gecko) Chrome/95.0.4638.54 Safari/537.36"
148.113.130.138 - - [19/Jul/2026:13:14:10 +0000] "GET /wp-content/uploads/2022/05/91610773-793A-4D00-AA0C-DF24FC1664D7-570x684.jpeg HTTP/2" 200 44075 "-" "Mozilla/5.0 (compatible; AhrefsBot/7.0; +http://ahrefs.com/robot/)"
142.44.228.196 - - [19/Jul/2026:13:14:11 +0000] "GET /wp-includes/js/wp-emoji-release.min.js?ver=7.0.2 HTTP/2" 200 4974 "-" "Mozilla/5.0 (compatible; AhrefsBot/7.0; +http://ahrefs.com/robot/)"
142.44.225.110 - - [19/Jul/2026:13:14:12 +0000] "GET /wp-content/uploads/elementor/css/post-4261.css?ver=1744473370 HTTP/2" 200 2214 "-" "Mozilla/5.0 (compatible; AhrefsBot/7.0; +http://ahrefs.com/robot/)"
142.44.225.126 - - [19/Jul/2026:13:14:13 +0000] "GET /wp-content/plugins/elementor/assets/js/webpack.runtime.min.js?ver=3.28.3 HTTP/2" 200 2228 "-" "Mozilla/5.0 (compatible; AhrefsBot/7.0; +http://ahrefs.com/robot/)"
54.39.210.40 - - [19/Jul/2026:13:14:14 +0000] "GET /wp-content/uploads/2022/08/1A04A2AB-F231-4E13-AC4D-98244183C68A-570x684.jpeg HTTP/2" 200 53143 "-" "Mozilla/5.0 (compatible; AhrefsBot/7.0; +http://ahrefs.com/robot/)"
142.44.220.91 - - [19/Jul/2026:13:14:17 +0000] "GET /wp-content/uploads/2022/01/Untitled-design.jpg HTTP/2" 200 72608 "-" "Mozilla/5.0 (compatible; AhrefsBot/7.0; +http://ahrefs.com/robot/)"
190.83.123.160 - - [19/Jul/2026:13:14:07 +0000] "GET /product-category/elementary-school/page/2/?add_to_wishlist=109312 HTTP/1.1" 200 0 "-" "Mozilla/5.0 (Windows NT 6.1; Win64; x64) AppleWebKit/537.36 (KHTML, like Gecko) Chrome/89.0.4371.0 Safari/537.36"
15.235.27.26 - - [19/Jul/2026:13:14:18 +0000] "GET /wp-content/uploads/2022/03/996AEFCF-8D54-4F8E-A13D-A2FCBAB02009-570x684.jpeg HTTP/2" 200 35689 "-" "Mozilla/5.0 (compatible; AhrefsBot/7.0; +http://ahrefs.com/robot/)"
142.44.225.226 - - [19/Jul/2026:13:14:20 +0000] "GET /wp-content/uploads/2022/01/WhatsApp-Image-2022-01-23-at-8.43.36-PM.jpeg HTTP/2" 200 29890 "-" "Mozilla/5.0 (compatible; AhrefsBot/7.0; +http://ahrefs.com/robot/)"
72.60.40.175 - - [19/Jul/2026:13:14:14 +0000] "GET /shop/ HTTP/2" 200 323988 "-" "Mozilla/5.0 (Windows NT 10.0; Win64; x64) AppleWebKit/537.36"
194.39.149.53 - - [19/Jul/2026:13:14:23 +0000] "POST /wp-cron.php?doing_wp_cron=1784466863.1052069664001464843750 HTTP/1.1" 200 0 "-" "WordPress/7.0.2; https://gradregalia242.com"
194.39.149.53 - - [19/Jul/2026:13:14:52 +0000] "POST /wp-cron.php?doing_wp_cron=1784466892.5213630199432373046875 HTTP/1.1" 200 0 "-" "WordPress/7.0.2; https://gradregalia242.com"
194.39.149.53 - - [19/Jul/2026:13:15:54 +0000] "POST /wp-cron.php?doing_wp_cron=1784466954.2027759552001953125000 HTTP/1.1" 200 0 "-" "WordPress/7.0.2; https://gradregalia242.com"
45.132.227.123 - - [19/Jul/2026:13:15:48 +0000] "POST /wp-login.php HTTP/1.1" 200 2294 "-" "Mozilla/5.0 (Windows NT 10.0; Win64; rv:143.0) Gecko/20100101 Firefox/143.0"
194.39.149.53 - - [19/Jul/2026:13:15:54 +0000] "POST /wp-cron.php?doing_wp_cron=1784466954.3155028820037841796875 HTTP/1.1" 200 0 "-" "WordPress/7.0.2; https://gradregalia242.com"
172.98.32.204 - - [19/Jul/2026:13:15:48 +0000] "POST /wp-login.php HTTP/1.1" 200 2315 "-" "Mozilla/5.0 (Macintosh; Intel Mac OS X 10_15_7) AppleWebKit/605.1.15 Version/17.0 Safari/605.1.15"
194.39.149.53 - - [19/Jul/2026:13:16:52 +0000] "POST /wp-cron.php?doing_wp_cron=1784467012.5316550731658935546875 HTTP/1.1" 200 0 "-" "WordPress/7.0.2; https://gradregalia242.com"
20.206.107.78 - - [19/Jul/2026:13:16:49 +0000] "GET /adminfuns.php HTTP/1.1" 404 23071 "-" "Mozilla/5.0 (Windows NT 10.0; Win64; x64) AppleWebKit/537.36 (KHTML, like Gecko) Chrome/120.0.0.0 Safari/537.36"
20.206.107.78 - - [19/Jul/2026:13:16:52 +0000] "GET /file.php HTTP/1.1" 404 23054 "-" "Mozilla/5.0 (Windows NT 10.0; Win64; x64) AppleWebKit/537.36 (KHTML, like Gecko) Chrome/120.0.0.0 Safari/537.36"
194.39.149.53 - - [19/Jul/2026:13:16:54 +0000] "POST /wp-admin/admin-ajax.php?action=wp_1_wc_privacy_cleanup&nonce=de1ad30b78 HTTP/1.1" 200 0 "-" "WordPress/7.0.2; https://gradregalia242.com"
194.39.149.53 - - [19/Jul/2026:13:16:59 +0000] "POST /wp-cron.php?doing_wp_cron=1784467019.1453568935394287109375 HTTP/1.1" 200 0 "-" "WordPress/7.0.2; https://gradregalia242.com"
20.206.107.78 - - [19/Jul/2026:13:16:56 +0000] "GET /m.php HTTP/1.1" 404 23059 "-" "Mozilla/5.0 (Windows NT 10.0; Win64; x64) AppleWebKit/537.36 (KHTML, like Gecko) Chrome/120.0.0.0 Safari/537.36"
20.206.107.78 - - [19/Jul/2026:13:16:59 +0000] "GET /wp-admin/css/wp-login.php HTTP/1.1" 302 0 "-" "Mozilla/5.0 (Windows NT 10.0; Win64; x64) AppleWebKit/537.36 (KHTML, like Gecko) Chrome/120.0.0.0 Safari/537.36"
20.206.107.78 - - [19/Jul/2026:13:17:02 +0000] "GET /wk/index.php HTTP/1.1" 301 0 "-" "Mozilla/5.0 (Windows NT 10.0; Win64; x64) AppleWebKit/537.36 (KHTML, like Gecko) Chrome/120.0.0.0 Safari/537.36"
20.206.107.78 - - [19/Jul/2026:13:17:04 +0000] "GET /mini.php HTTP/1.1" 403 5137 "-" "Mozilla/5.0 (Windows NT 10.0; Win64; x64) AppleWebKit/537.36 (KHTML, like Gecko) Chrome/120.0.0.0 Safari/537.36"
20.206.107.78 - - [19/Jul/2026:13:17:04 +0000] "GET /w.php HTTP/1.1" 404 23058 "-" "Mozilla/5.0 (Windows NT 10.0; Win64; x64) AppleWebKit/537.36 (KHTML, like Gecko) Chrome/120.0.0.0 Safari/537.36"
20.206.107.78 - - [19/Jul/2026:13:17:06 +0000] "GET /admin.php HTTP/1.1" 404 23061 "-" "Mozilla/5.0 (Windows NT 10.0; Win64; x64) AppleWebKit/537.36 (KHTML, like Gecko) Chrome/120.0.0.0 Safari/537.36"
20.206.107.78 - - [19/Jul/2026:13:17:09 +0000] "GET /init.php HTTP/1.1" 404 23050 "-" "Mozilla/5.0 (Windows NT 10.0; Win64; x64) AppleWebKit/537.36 (KHTML, like Gecko) Chrome/120.0.0.0 Safari/537.36"
20.206.107.78 - - [19/Jul/2026:13:17:12 +0000] "GET /options.php HTTP/1.1" 404 23074 "-" "Mozilla/5.0 (Windows NT 10.0; Win64; x64) AppleWebKit/537.36 (KHTML, like Gecko) Chrome/120.0.0.0 Safari/537.36"
20.206.107.78 - - [19/Jul/2026:13:17:15 +0000] "GET /wp-includes/js/codemirror/about.php HTTP/1.1" 404 23070 "-" "Mozilla/5.0 (Windows NT 10.0; Win64; x64) AppleWebKit/537.36 (KHTML, like Gecko) Chrome/120.0.0.0 Safari/537.36"
20.206.107.78 - - [19/Jul/2026:13:17:18 +0000] "GET /wp-admin/css/colors/blue/ HTTP/1.1" 404 1251 "-" "Mozilla/5.0 (Windows NT 10.0; Win64; x64) AppleWebKit/537.36 (KHTML, like Gecko) Chrome/120.0.0.0 Safari/537.36"
20.206.107.78 - - [19/Jul/2026:13:17:18 +0000] "GET /wp-includes/Requests/library/ HTTP/1.1" 404 1251 "-" "Mozilla/5.0 (Windows NT 10.0; Win64; x64) AppleWebKit/537.36 (KHTML, like Gecko) Chrome/120.0.0.0 Safari/537.36"
20.206.107.78 - - [19/Jul/2026:13:17:18 +0000] "GET /wp-content/admin.php HTTP/1.1" 200 0 "-" "Mozilla/5.0 (Windows NT 10.0; Win64; x64) AppleWebKit/537.36 (KHTML, like Gecko) Chrome/120.0.0.0 Safari/537.36"
20.206.107.78 - - [19/Jul/2026:13:17:18 +0000] "GET /wp-configs.php HTTP/1.1" 404 23067 "-" "Mozilla/5.0 (Windows NT 10.0; Win64; x64) AppleWebKit/537.36 (KHTML, like Gecko) Chrome/120.0.0.0 Safari/537.36"
20.206.107.78 - - [19/Jul/2026:13:17:21 +0000] "GET /php.php HTTP/1.1" 404 23042 "-" "Mozilla/5.0 (Windows NT 10.0; Win64; x64) AppleWebKit/537.36 (KHTML, like Gecko) Chrome/120.0.0.0 Safari/537.36"
20.206.107.78 - - [19/Jul/2026:13:17:23 +0000] "GET /wp-includes/index.php HTTP/1.1" 301 0 "-" "Mozilla/5.0 (Windows NT 10.0; Win64; x64) AppleWebKit/537.36 (KHTML, like Gecko) Chrome/120.0.0.0 Safari/537.36"
20.206.107.78 - - [19/Jul/2026:13:17:24 +0000] "GET /wp-content/themes/admin.php HTTP/1.1" 200 0 "-" "Mozilla/5.0 (Windows NT 10.0; Win64; x64) AppleWebKit/537.36 (KHTML, like Gecko) Chrome/120.0.0.0 Safari/537.36"
20.206.107.78 - - [19/Jul/2026:13:17:24 +0000] "GET /wp-admin/a.php HTTP/1.1" 302 0 "-" "Mozilla/5.0 (Windows NT 10.0; Win64; x64) AppleWebKit/537.36 (KHTML, like Gecko) Chrome/120.0.0.0 Safari/537.36"
20.206.107.78 - - [19/Jul/2026:13:17:26 +0000] "GET /wp-includes/sitemaps/providers/ HTTP/1.1" 404 1251 "-" "Mozilla/5.0 (Windows NT 10.0; Win64; x64) AppleWebKit/537.36 (KHTML, like Gecko) Chrome/120.0.0.0 Safari/537.36"
20.206.107.78 - - [19/Jul/2026:13:17:27 +0000] "GET /wp-includes/block-bindings/ HTTP/1.1" 404 1251 "-" "Mozilla/5.0 (Windows NT 10.0; Win64; x64) AppleWebKit/537.36 (KHTML, like Gecko) Chrome/120.0.0.0 Safari/537.36"
20.206.107.78 - - [19/Jul/2026:13:17:27 +0000] "GET /wp-includes/Text/about.php HTTP/1.1" 404 23069 "-" "Mozilla/5.0 (Windows NT 10.0; Win64; x64) AppleWebKit/537.36 (KHTML, like Gecko) Chrome/120.0.0.0 Safari/537.36"
194.39.149.53 - - [19/Jul/2026:13:17:34 +0000] "POST /wp-cron.php?doing_wp_cron=1784467053.9024109840393066406250 HTTP/1.1" 200 0 "-" "WordPress/7.0.2; https://gradregalia242.com"
20.206.107.78 - - [19/Jul/2026:13:17:30 +0000] "GET /wp-admin.php HTTP/1.1" 404 23065 "-" "Mozilla/5.0 (Windows NT 10.0; Win64; x64) AppleWebKit/537.36 (KHTML, like Gecko) Chrome/120.0.0.0 Safari/537.36"
20.206.107.78 - - [19/Jul/2026:13:17:34 +0000] "GET /size.php HTTP/1.1" 404 23052 "-" "Mozilla/5.0 (Windows NT 10.0; Win64; x64) AppleWebKit/537.36 (KHTML, like Gecko) Chrome/120.0.0.0 Safari/537.36"
20.206.107.78 - - [19/Jul/2026:13:17:38 +0000] "GET /wp-includes/wp-class.php HTTP/1.1" 404 23065 "-" "Mozilla/5.0 (Windows NT 10.0; Win64; x64) AppleWebKit/537.36 (KHTML, like Gecko) Chrome/120.0.0.0 Safari/537.36"
20.206.107.78 - - [19/Jul/2026:13:17:40 +0000] "GET /403.php HTTP/1.1" 404 23047 "-" "Mozilla/5.0 (Windows NT 10.0; Win64; x64) AppleWebKit/537.36 (KHTML, like Gecko) Chrome/120.0.0.0 Safari/537.36"
20.206.107.78 - - [19/Jul/2026:13:17:43 +0000] "GET /wp-includes/IXR/wp-login.php HTTP/1.1" 404 23085 "-" "Mozilla/5.0 (Windows NT 10.0; Win64; x64) AppleWebKit/537.36 (KHTML, like Gecko) Chrome/120.0.0.0 Safari/537.36"
20.206.107.78 - - [19/Jul/2026:13:17:47 +0000] "GET /wp-admin/includes/index.php HTTP/1.1" 302 0 "-" "Mozilla/5.0 (Windows NT 10.0; Win64; x64) AppleWebKit/537.36 (KHTML, like Gecko) Chrome/120.0.0.0 Safari/537.36"
20.206.107.78 - - [19/Jul/2026:13:17:52 +0000] "GET /wp-admin/js/widgets/index.php HTTP/1.1" 302 0 "-" "Mozilla/5.0 (Windows NT 10.0; Win64; x64) AppleWebKit/537.36 (KHTML, like Gecko) Chrome/120.0.0.0 Safari/537.36"
20.206.107.78 - - [19/Jul/2026:13:17:57 +0000] "GET /plugins.php HTTP/1.1" 404 23065 "-" "Mozilla/5.0 (Windows NT 10.0; Win64; x64) AppleWebKit/537.36 (KHTML, like Gecko) Chrome/120.0.0.0 Safari/537.36"
20.206.107.78 - - [19/Jul/2026:13:17:58 +0000] "GET /wp-includes/js/index.php HTTP/1.1" 301 0 "-" "Mozilla/5.0 (Windows NT 10.0; Win64; x64) AppleWebKit/537.36 (KHTML, like Gecko) Chrome/120.0.0.0 Safari/537.36"
20.206.107.78 - - [19/Jul/2026:13:17:59 +0000] "GET /go.php HTTP/1.1" 404 23055 "-" "Mozilla/5.0 (Windows NT 10.0; Win64; x64) AppleWebKit/537.36 (KHTML, like Gecko) Chrome/120.0.0.0 Safari/537.36"
20.206.107.78 - - [19/Jul/2026:13:18:00 +0000] "GET /aaa.php HTTP/1.1" 404 23042 "-" "Mozilla/5.0 (Windows NT 10.0; Win64; x64) AppleWebKit/537.36 (KHTML, like Gecko) Chrome/120.0.0.0 Safari/537.36"
20.206.107.78 - - [19/Jul/2026:13:18:01 +0000] "GET /getid3-core.php HTTP/1.1" 404 23065 "-" "Mozilla/5.0 (Windows NT 10.0; Win64; x64) AppleWebKit/537.36 (KHTML, like Gecko) Chrome/120.0.0.0 Safari/537.36"
20.206.107.78 - - [19/Jul/2026:13:18:03 +0000] "GET /adminer.php HTTP/1.1" 404 23069 "-" "Mozilla/5.0 (Windows NT 10.0; Win64; x64) AppleWebKit/537.36 (KHTML, like Gecko) Chrome/120.0.0.0 Safari/537.36"
20.206.107.78 - - [19/Jul/2026:13:18:05 +0000] "GET /wp-admin/maint/index.php HTTP/1.1" 302 0 "-" "Mozilla/5.0 (Windows NT 10.0; Win64; x64) AppleWebKit/537.36 (KHTML, like Gecko) Chrome/120.0.0.0 Safari/537.36"
20.206.107.78 - - [19/Jul/2026:13:18:06 +0000] "GET /wp-content/uploads/2024/ HTTP/1.1" 404 1251 "-" "Mozilla/5.0 (Windows NT 10.0; Win64; x64) AppleWebKit/537.36 (KHTML, like Gecko) Chrome/120.0.0.0 Safari/537.36"
20.206.107.78 - - [19/Jul/2026:13:18:06 +0000] "GET /alfa.php HTTP/1.1" 403 5137 "-" "Mozilla/5.0 (Windows NT 10.0; Win64; x64) AppleWebKit/537.36 (KHTML, like Gecko) Chrome/120.0.0.0 Safari/537.36"
20.206.107.78 - - [19/Jul/2026:13:18:06 +0000] "GET /wp-content/uploads/ HTTP/1.1" 404 1251 "-" "Mozilla/5.0 (Windows NT 10.0; Win64; x64) AppleWebKit/537.36 (KHTML, like Gecko) Chrome/120.0.0.0 Safari/537.36"
20.206.107.78 - - [19/Jul/2026:13:18:07 +0000] "GET /wp-content/themes/alera/alpha.php HTTP/1.1" 200 0 "-" "Mozilla/5.0 (Windows NT 10.0; Win64; x64) AppleWebKit/537.36 (KHTML, like Gecko) Chrome/120.0.0.0 Safari/537.36"
20.206.107.78 - - [19/Jul/2026:13:18:07 +0000] "GET /wp-includes/SimplePie/about.php HTTP/1.1" 404 23065 "-" "Mozilla/5.0 (Windows NT 10.0; Win64; x64) AppleWebKit/537.36 (KHTML, like Gecko) Chrome/120.0.0.0 Safari/537.36"
20.206.107.78 - - [19/Jul/2026:13:18:09 +0000] "GET /wp-content/plugins/linkpreview/index.php HTTP/1.1" 403 5135 "-" "Mozilla/5.0 (Windows NT 10.0; Win64; x64) AppleWebKit/537.36 (KHTML, like Gecko) Chrome/120.0.0.0 Safari/537.36"
20.206.107.78 - - [19/Jul/2026:13:18:09 +0000] "GET /edit.php HTTP/1.1" 404 23051 "-" "Mozilla/5.0 (Windows NT 10.0; Win64; x64) AppleWebKit/537.36 (KHTML, like Gecko) Chrome/120.0.0.0 Safari/537.36"
20.206.107.78 - - [19/Jul/2026:13:18:11 +0000] "GET /wp-includes/block-supports/ HTTP/1.1" 404 1251 "-" "Mozilla/5.0 (Windows NT 10.0; Win64; x64) AppleWebKit/537.36 (KHTML, like Gecko) Chrome/120.0.0.0 Safari/537.36"
20.206.107.78 - - [19/Jul/2026:13:18:11 +0000] "GET /wp-content/ HTTP/1.1" 200 0 "-" "Mozilla/5.0 (Windows NT 10.0; Win64; x64) AppleWebKit/537.36 (KHTML, like Gecko) Chrome/120.0.0.0 Safari/537.36"
20.206.107.78 - - [19/Jul/2026:13:18:12 +0000] "GET /file5.php HTTP/1.1" 404 23062 "-" "Mozilla/5.0 (Windows NT 10.0; Win64; x64) AppleWebKit/537.36 (KHTML, like Gecko) Chrome/120.0.0.0 Safari/537.36"
20.206.107.78 - - [19/Jul/2026:13:18:15 +0000] "GET /sf.php HTTP/1.1" 404 23054 "-" "Mozilla/5.0 (Windows NT 10.0; Win64; x64) AppleWebKit/537.36 (KHTML, like Gecko) Chrome/120.0.0.0 Safari/537.36"
20.206.107.78 - - [19/Jul/2026:13:18:18 +0000] "GET /404.php HTTP/1.1" 404 23042 "-" "Mozilla/5.0 (Windows NT 10.0; Win64; x64) AppleWebKit/537.36 (KHTML, like Gecko) Chrome/120.0.0.0 Safari/537.36"
20.206.107.78 - - [19/Jul/2026:13:18:23 +0000] "GET /wp-admin/js/widgets/ HTTP/1.1" 404 1251 "-" "Mozilla/5.0 (Windows NT 10.0; Win64; x64) AppleWebKit/537.36 (KHTML, like Gecko) Chrome/120.0.0.0 Safari/537.36"
20.206.107.78 - - [19/Jul/2026:13:18:23 +0000] "GET /wso.php HTTP/1.1" 403 5137 "-" "Mozilla/5.0 (Windows NT 10.0; Win64; x64) AppleWebKit/537.36 (KHTML, like Gecko) Chrome/120.0.0.0 Safari/537.36"
20.206.107.78 - - [19/Jul/2026:13:18:23 +0000] "GET /ioxi-o.php HTTP/1.1" 404 23063 "-" "Mozilla/5.0 (Windows NT 10.0; Win64; x64) AppleWebKit/537.36 (KHTML, like Gecko) Chrome/120.0.0.0 Safari/537.36"
194.39.149.53 - - [19/Jul/2026:13:18:34 +0000] "POST /wp-cron.php?doing_wp_cron=1784467114.6209120750427246093750 HTTP/1.1" 200 0 "-" "WordPress/7.0.2; https://gradregalia242.com"
20.206.107.78 - - [19/Jul/2026:13:18:29 +0000] "GET /file56.php HTTP/1.1" 404 23060 "-" "Mozilla/5.0 (Windows NT 10.0; Win64; x64) AppleWebKit/537.36 (KHTML, like Gecko) Chrome/120.0.0.0 Safari/537.36"
20.206.107.78 - - [19/Jul/2026:13:18:35 +0000] "GET /wp-includes/PHPMailer/admin.php HTTP/1.1" 404 23066 "-" "Mozilla/5.0 (Windows NT 10.0; Win64; x64) AppleWebKit/537.36 (KHTML, like Gecko) Chrome/120.0.0.0 Safari/537.36"
20.206.107.78 - - [19/Jul/2026:13:18:40 +0000] "GET /wp-admin/css/index.php HTTP/1.1" 302 0 "-" "Mozilla/5.0 (Windows NT 10.0; Win64; x64) AppleWebKit/537.36 (KHTML, like Gecko) Chrome/120.0.0.0 Safari/537.36"
20.206.107.78 - - [19/Jul/2026:13:18:43 +0000] "GET /wp-content/edit.php HTTP/1.1" 200 0 "-" "Mozilla/5.0 (Windows NT 10.0; Win64; x64) AppleWebKit/537.36 (KHTML, like Gecko) Chrome/120.0.0.0 Safari/537.36"
20.206.107.78 - - [19/Jul/2026:13:18:44 +0000] "GET /2.php HTTP/1.1" 404 23059 "-" "Mozilla/5.0 (Windows NT 10.0; Win64; x64) AppleWebKit/537.36 (KHTML, like Gecko) Chrome/120.0.0.0 Safari/537.36"
20.206.107.78 - - [19/Jul/2026:13:18:49 +0000] "GET /wp-content/uploads/admin.php HTTP/1.1" 200 0 "-" "Mozilla/5.0 (Windows NT 10.0; Win64; x64) AppleWebKit/537.36 (KHTML, like Gecko) Chrome/120.0.0.0 Safari/537.36"
20.206.107.78 - - [19/Jul/2026:13:18:53 +0000] "GET /mah.php HTTP/1.1" 403 5137 "-" "Mozilla/5.0 (Windows NT 10.0; Win64; x64) AppleWebKit/537.36 (KHTML, like Gecko) Chrome/120.0.0.0 Safari/537.36"
20.206.107.78 - - [19/Jul/2026:13:18:54 +0000] "GET /send.php HTTP/1.1" 404 23050 "-" "Mozilla/5.0 (Windows NT 10.0; Win64; x64) AppleWebKit/537.36 (KHTML, like Gecko) Chrome/120.0.0.0 Safari/537.36"
20.206.107.78 - - [19/Jul/2026:13:19:03 +0000] "GET /wp-content/plugins/dummyyummy/wp-signup.php HTTP/1.1" 403 5137 "-" "Mozilla/5.0 (Windows NT 10.0; Win64; x64) AppleWebKit/537.36 (KHTML, like Gecko) Chrome/120.0.0.0 Safari/537.36"
20.206.107.78 - - [19/Jul/2026:13:19:03 +0000] "GET /wp-includes/js/crop/ HTTP/1.1" 404 1251 "-" "Mozilla/5.0 (Windows NT 10.0; Win64; x64) AppleWebKit/537.36 (KHTML, like Gecko) Chrome/120.0.0.0 Safari/537.36"
20.206.107.78 - - [19/Jul/2026:13:19:03 +0000] "GET /about.php HTTP/1.1" 404 23059 "-" "Mozilla/5.0 (Windows NT 10.0; Win64; x64) AppleWebKit/537.36 (KHTML, like Gecko) Chrome/120.0.0.0 Safari/537.36"
20.206.107.78 - - [19/Jul/2026:13:19:09 +0000] "GET /wp-content/themes/index.php HTTP/1.1" 200 0 "-" "Mozilla/5.0 (Windows NT 10.0; Win64; x64) AppleWebKit/537.36 (KHTML, like Gecko) Chrome/120.0.0.0 Safari/537.36"
20.206.107.78 - - [19/Jul/2026:13:19:11 +0000] "GET /wp-file.php HTTP/1.1" 404 23068 "-" "Mozilla/5.0 (Windows NT 10.0; Win64; x64) AppleWebKit/537.36 (KHTML, like Gecko) Chrome/120.0.0.0 Safari/537.36"
20.206.107.78 - - [19/Jul/2026:13:19:16 +0000] "GET /sid3.php HTTP/1.1" 404 23051 "-" "Mozilla/5.0 (Windows NT 10.0; Win64; x64) AppleWebKit/537.36 (KHTML, like Gecko) Chrome/120.0.0.0 Safari/537.36"
20.206.107.78 - - [19/Jul/2026:13:19:19 +0000] "GET /themes.php HTTP/1.1" 404 23057 "-" "Mozilla/5.0 (Windows NT 10.0; Win64; x64) AppleWebKit/537.36 (KHTML, like Gecko) Chrome/120.0.0.0 Safari/537.36"
20.206.107.78 - - [19/Jul/2026:13:19:22 +0000] "GET /wp-content/plugins/index.php HTTP/1.1" 200 0 "-" "Mozilla/5.0 (Windows NT 10.0; Win64; x64) AppleWebKit/537.36 (KHTML, like Gecko) Chrome/120.0.0.0 Safari/537.36"
20.206.107.78 - - [19/Jul/2026:13:19:22 +0000] "GET /admin/controller/extension/extension/ HTTP/1.1" 404 23074 "-" "Mozilla/5.0 (Windows NT 10.0; Win64; x64) AppleWebKit/537.36 (KHTML, like Gecko) Chrome/120.0.0.0 Safari/537.36"
20.206.107.78 - - [19/Jul/2026:13:19:24 +0000] "GET /wp-includes/css/dist/widgets/ HTTP/1.1" 404 1251 "-" "Mozilla/5.0 (Windows NT 10.0; Win64; x64) AppleWebKit/537.36 (KHTML, like Gecko) Chrome/120.0.0.0 Safari/537.36"
20.206.107.78 - - [19/Jul/2026:13:19:25 +0000] "GET /wp-admin/images/index.php HTTP/1.1" 302 0 "-" "Mozilla/5.0 (Windows NT 10.0; Win64; x64) AppleWebKit/537.36 (KHTML, like Gecko) Chrome/120.0.0.0 Safari/537.36"
20.206.107.78 - - [19/Jul/2026:13:19:27 +0000] "GET /num.php HTTP/1.1" 404 23043 "-" "Mozilla/5.0 (Windows NT 10.0; Win64; x64) AppleWebKit/537.36 (KHTML, like Gecko) Chrome/120.0.0.0 Safari/537.36"
20.206.107.78 - - [19/Jul/2026:13:19:30 +0000] "GET /wp-admin/css/colors/ocean/ HTTP/1.1" 404 1251 "-" "Mozilla/5.0 (Windows NT 10.0; Win64; x64) AppleWebKit/537.36 (KHTML, like Gecko) Chrome/120.0.0.0 Safari/537.36"
20.206.107.78 - - [19/Jul/2026:13:19:30 +0000] "GET /wp-content/et-cache/ HTTP/1.1" 200 0 "-" "Mozilla/5.0 (Windows NT 10.0; Win64; x64) AppleWebKit/537.36 (KHTML, like Gecko) Chrome/120.0.0.0 Safari/537.36"
194.39.149.53 - - [19/Jul/2026:13:19:34 +0000] "POST /wp-cron.php?doing_wp_cron=1784467174.5288779735565185546875 HTTP/1.1" 200 0 "-" "WordPress/7.0.2; https://gradregalia242.com"
20.206.107.78 - - [19/Jul/2026:13:19:31 +0000] "GET /wp-admin/images/admin.php HTTP/1.1" 302 0 "-" "Mozilla/5.0 (Windows NT 10.0; Win64; x64) AppleWebKit/537.36 (KHTML, like Gecko) Chrome/120.0.0.0 Safari/537.36"
20.206.107.78 - - [19/Jul/2026:13:19:35 +0000] "GET /wp-content/upgrade/index.php HTTP/1.1" 200 0 "-" "Mozilla/5.0 (Windows NT 10.0; Win64; x64) AppleWebKit/537.36 (KHTML, like Gecko) Chrome/120.0.0.0 Safari/537.36"
20.206.107.78 - - [19/Jul/2026:13:19:35 +0000] "GET /wp-includes/SimplePie/index.php HTTP/1.1" 301 0 "-" "Mozilla/5.0 (Windows NT 10.0; Win64; x64) AppleWebKit/537.36 (KHTML, like Gecko) Chrome/120.0.0.0 Safari/537.36"
20.206.107.78 - - [19/Jul/2026:13:19:38 +0000] "GET /gifclass.php HTTP/1.1" 404 23067 "-" "Mozilla/5.0 (Windows NT 10.0; Win64; x64) AppleWebKit/537.36 (KHTML, like Gecko) Chrome/120.0.0.0 Safari/537.36"
20.206.107.78 - - [19/Jul/2026:13:19:41 +0000] "GET /wp-includes/certificates/ HTTP/1.1" 404 1251 "-" "Mozilla/5.0 (Windows NT 10.0; Win64; x64) AppleWebKit/537.36 (KHTML, like Gecko) Chrome/120.0.0.0 Safari/537.36"
72.167.132.114 - - [19/Jul/2026:13:19:39 +0000] "GET /wp-login.php HTTP/2" 200 1941 "-" "Mozilla/5.0 (Windows NT 10.0; Win64; x64) AppleWebKit/537.36 (KHTML, like Gecko) Chrome/147.0.0.0 Safari/537.36"
20.206.107.78 - - [19/Jul/2026:13:19:41 +0000] "GET /222.php HTTP/1.1" 404 23042 "-" "Mozilla/5.0 (Windows NT 10.0; Win64; x64) AppleWebKit/537.36 (KHTML, like Gecko) Chrome/120.0.0.0 Safari/537.36"
20.206.107.78 - - [19/Jul/2026:13:19:46 +0000] "GET /wp-content/plugins/admin.php HTTP/1.1" 200 0 "-" "Mozilla/5.0 (Windows NT 10.0; Win64; x64) AppleWebKit/537.36 (KHTML, like Gecko) Chrome/120.0.0.0 Safari/537.36"
72.167.132.114 - - [19/Jul/2026:13:19:42 +0000] "POST /wp-login.php HTTP/2" 200 2085 "https://gradregalia242.com.keeloil.com/wp-login.php" "Mozilla/5.0 (Windows NT 10.0; Win64; x64) AppleWebKit/537.36 (KHTML, like Gecko) Chrome/147.0.0.0 Safari/537.36"
20.206.107.78 - - [19/Jul/2026:13:19:46 +0000] "GET /css/index.php HTTP/1.1" 301 0 "-" "Mozilla/5.0 (Windows NT 10.0; Win64; x64) AppleWebKit/537.36 (KHTML, like Gecko) Chrome/120.0.0.0 Safari/537.36"
20.206.107.78 - - [19/Jul/2026:13:19:50 +0000] "GET /wp-cron.php HTTP/1.1" 200 0 "-" "Mozilla/5.0 (Windows NT 10.0; Win64; x64) AppleWebKit/537.36 (KHTML, like Gecko) Chrome/120.0.0.0 Safari/537.36"
20.206.107.78 - - [19/Jul/2026:13:19:50 +0000] "GET /wp-block.php HTTP/1.1" 404 23066 "-" "Mozilla/5.0 (Windows NT 10.0; Win64; x64) AppleWebKit/537.36 (KHTML, like Gecko) Chrome/120.0.0.0 Safari/537.36"
20.206.107.78 - - [19/Jul/2026:13:19:54 +0000] "GET /wp-includes/fonts/admin.php HTTP/1.1" 404 23081 "-" "Mozilla/5.0 (Windows NT 10.0; Win64; x64) AppleWebKit/537.36 (KHTML, like Gecko) Chrome/120.0.0.0 Safari/537.36"
20.206.107.78 - - [19/Jul/2026:13:19:57 +0000] "GET /wp-admin/css/colors/modern/ HTTP/1.1" 404 1251 "-" "Mozilla/5.0 (Windows NT 10.0; Win64; x64) AppleWebKit/537.36 (KHTML, like Gecko) Chrome/120.0.0.0 Safari/537.36"
20.206.107.78 - - [19/Jul/2026:13:19:57 +0000] "GET /classwithtostring.php HTTP/1.1" 404 23066 "-" "Mozilla/5.0 (Windows NT 10.0; Win64; x64) AppleWebKit/537.36 (KHTML, like Gecko) Chrome/120.0.0.0 Safari/537.36"
20.206.107.78 - - [19/Jul/2026:13:20:03 +0000] "GET /test1.php HTTP/1.1" 404 23061 "-" "Mozilla/5.0 (Windows NT 10.0; Win64; x64) AppleWebKit/537.36 (KHTML, like Gecko) Chrome/120.0.0.0 Safari/537.36"
20.206.107.78 - - [19/Jul/2026:13:20:11 +0000] "GET /wp-admin/images/ HTTP/1.1" 404 1251 "-" "Mozilla/5.0 (Windows NT 10.0; Win64; x64) AppleWebKit/537.36 (KHTML, like Gecko) Chrome/120.0.0.0 Safari/537.36"
20.206.107.78 - - [19/Jul/2026:13:20:11 +0000] "GET /images/index.php HTTP/1.1" 301 0 "-" "Mozilla/5.0 (Windows NT 10.0; Win64; x64) AppleWebKit/537.36 (KHTML, like Gecko) Chrome/120.0.0.0 Safari/537.36"
20.206.107.78 - - [19/Jul/2026:13:20:16 +0000] "GET /wp-includes/rest-api/fields/ HTTP/1.1" 404 1251 "-" "Mozilla/5.0 (Windows NT 10.0; Win64; x64) AppleWebKit/537.36 (KHTML, like Gecko) Chrome/120.0.0.0 Safari/537.36"
20.206.107.78 - - [19/Jul/2026:13:20:16 +0000] "GET /asd.php HTTP/1.1" 404 23041 "-" "Mozilla/5.0 (Windows NT 10.0; Win64; x64) AppleWebKit/537.36 (KHTML, like Gecko) Chrome/120.0.0.0 Safari/537.36"
20.206.107.78 - - [19/Jul/2026:13:20:23 +0000] "GET /wp-includes/customize/index.php HTTP/1.1" 301 0 "-" "Mozilla/5.0 (Windows NT 10.0; Win64; x64) AppleWebKit/537.36 (KHTML, like Gecko) Chrome/120.0.0.0 Safari/537.36"
20.206.107.78 - - [19/Jul/2026:13:20:25 +0000] "GET /wp-content/plugins/core-plugin/include.php HTTP/1.1" 403 5137 "-" "Mozilla/5.0 (Windows NT 10.0; Win64; x64) AppleWebKit/537.36 (KHTML, like Gecko) Chrome/120.0.0.0 Safari/537.36"
20.206.107.78 - - [19/Jul/2026:13:20:25 +0000] "GET /atomlib.php HTTP/1.1" 404 23069 "-" "Mozilla/5.0 (Windows NT 10.0; Win64; x64) AppleWebKit/537.36 (KHTML, like Gecko) Chrome/120.0.0.0 Safari/537.36"
20.206.107.78 - - [19/Jul/2026:13:20:28 +0000] "GET /wp-includes/html-api/ HTTP/1.1" 404 1251 "-" "Mozilla/5.0 (Windows NT 10.0; Win64; x64) AppleWebKit/537.36 (KHTML, like Gecko) Chrome/120.0.0.0 Safari/537.36"
20.206.107.78 - - [19/Jul/2026:13:20:28 +0000] "GET /wp-admin/js/ HTTP/1.1" 404 1251 "-" "Mozilla/5.0 (Windows NT 10.0; Win64; x64) AppleWebKit/537.36 (KHTML, like Gecko) Chrome/120.0.0.0 Safari/537.36"
20.206.107.78 - - [19/Jul/2026:13:20:28 +0000] "GET /wp-includes/IXR/chosen.php HTTP/1.1" 403 5137 "-" "Mozilla/5.0 (Windows NT 10.0; Win64; x64) AppleWebKit/537.36 (KHTML, like Gecko) Chrome/120.0.0.0 Safari/537.36"
20.206.107.78 - - [19/Jul/2026:13:20:28 +0000] "GET /wp-admin/css/colors/ectoplasm/ HTTP/1.1" 404 1251 "-" "Mozilla/5.0 (Windows NT 10.0; Win64; x64) AppleWebKit/537.36 (KHTML, like Gecko) Chrome/120.0.0.0 Safari/537.36"
20.206.107.78 - - [19/Jul/2026:13:20:29 +0000] "GET /wp-includes/blocks/block/ HTTP/1.1" 404 1251 "-" "Mozilla/5.0 (Windows NT 10.0; Win64; x64) AppleWebKit/537.36 (KHTML, like Gecko) Chrome/120.0.0.0 Safari/537.36"
20.206.107.78 - - [19/Jul/2026:13:20:29 +0000] "GET /wp-includes/pomo/ HTTP/1.1" 404 1251 "-" "Mozilla/5.0 (Windows NT 10.0; Win64; x64) AppleWebKit/537.36 (KHTML, like Gecko) Chrome/120.0.0.0 Safari/537.36"
20.206.107.78 - - [19/Jul/2026:13:20:29 +0000] "GET /wp-includes/rest-api/ HTTP/1.1" 404 1251 "-" "Mozilla/5.0 (Windows NT 10.0; Win64; x64) AppleWebKit/537.36 (KHTML, like Gecko) Chrome/120.0.0.0 Safari/537.36"
20.206.107.78 - - [19/Jul/2026:13:20:29 +0000] "GET /inputs.php HTTP/1.1" 404 23063 "-" "Mozilla/5.0 (Windows NT 10.0; Win64; x64) AppleWebKit/537.36 (KHTML, like Gecko) Chrome/120.0.0.0 Safari/537.36"
20.206.107.78 - - [19/Jul/2026:13:20:32 +0000] "GET /wp-content/index.php HTTP/1.1" 200 0 "-" "Mozilla/5.0 (Windows NT 10.0; Win64; x64) AppleWebKit/537.36 (KHTML, like Gecko) Chrome/120.0.0.0 Safari/537.36"
194.39.149.53 - - [19/Jul/2026:13:20:36 +0000] "POST /wp-cron.php?doing_wp_cron=1784467236.5215599536895751953125 HTTP/1.1" 200 0 "-" "WordPress/7.0.2; https://gradregalia242.com"
20.206.107.78 - - [19/Jul/2026:13:20:32 +0000] "GET /wp-admin/network/index.php HTTP/1.1" 302 0 "-" "Mozilla/5.0 (Windows NT 10.0; Win64; x64) AppleWebKit/537.36 (KHTML, like Gecko) Chrome/120.0.0.0 Safari/537.36"
20.206.107.78 - - [19/Jul/2026:13:20:37 +0000] "GET /wp-content/1.php HTTP/1.1" 200 0 "-" "Mozilla/5.0 (Windows NT 10.0; Win64; x64) AppleWebKit/537.36 (KHTML, like Gecko) Chrome/120.0.0.0 Safari/537.36"
20.206.107.78 - - [19/Jul/2026:13:20:37 +0000] "GET /plugin.php HTTP/1.1" 404 23059 "-" "Mozilla/5.0 (Windows NT 10.0; Win64; x64) AppleWebKit/537.36 (KHTML, like Gecko) Chrome/120.0.0.0 Safari/537.36"
20.206.107.78 - - [19/Jul/2026:13:20:42 +0000] "GET /1.php HTTP/1.1" 404 23060 "-" "Mozilla/5.0 (Windows NT 10.0; Win64; x64) AppleWebKit/537.36 (KHTML, like Gecko) Chrome/120.0.0.0 Safari/537.36"
20.206.107.78 - - [19/Jul/2026:13:20:47 +0000] "GET /gg.php HTTP/1.1" 404 23054 "-" "Mozilla/5.0 (Windows NT 10.0; Win64; x64) AppleWebKit/537.36 (KHTML, like Gecko) Chrome/120.0.0.0 Safari/537.36"
20.206.107.78 - - [19/Jul/2026:13:20:50 +0000] "GET /wp-includes/images/crystal/ HTTP/1.1" 404 1251 "-" "Mozilla/5.0 (Windows NT 10.0; Win64; x64) AppleWebKit/537.36 (KHTML, like Gecko) Chrome/120.0.0.0 Safari/537.36"
20.206.107.78 - - [19/Jul/2026:13:20:51 +0000] "GET /aa.php HTTP/1.1" 404 23054 "-" "Mozilla/5.0 (Windows NT 10.0; Win64; x64) AppleWebKit/537.36 (KHTML, like Gecko) Chrome/120.0.0.0 Safari/537.36"
20.206.107.78 - - [19/Jul/2026:13:20:53 +0000] "GET /wp-content/languages/index.php HTTP/1.1" 200 0 "-" "Mozilla/5.0 (Windows NT 10.0; Win64; x64) AppleWebKit/537.36 (KHTML, like Gecko) Chrome/120.0.0.0 Safari/537.36"
20.206.107.78 - - [19/Jul/2026:13:20:53 +0000] "GET /wp.php HTTP/1.1" 404 23054 "-" "Mozilla/5.0 (Windows NT 10.0; Win64; x64) AppleWebKit/537.36 (KHTML, like Gecko) Chrome/120.0.0.0 Safari/537.36"
20.206.107.78 - - [19/Jul/2026:13:20:57 +0000] "GET /wp-includes/blocks/about.php HTTP/1.1" 404 23086 "-" "Mozilla/5.0 (Windows NT 10.0; Win64; x64) AppleWebKit/537.36 (KHTML, like Gecko) Chrome/120.0.0.0 Safari/537.36"
20.206.107.78 - - [19/Jul/2026:13:21:00 +0000] "GET /wp-admin/file.php HTTP/1.1" 302 0 "-" "Mozilla/5.0 (Windows NT 10.0; Win64; x64) AppleWebKit/537.36 (KHTML, like Gecko) Chrome/120.0.0.0 Safari/537.36"
20.206.107.78 - - [19/Jul/2026:13:21:03 +0000] "GET /wp-admin/user/index.php HTTP/1.1" 302 0 "-" "Mozilla/5.0 (Windows NT 10.0; Win64; x64) AppleWebKit/537.36 (KHTML, like Gecko) Chrome/120.0.0.0 Safari/537.36"
20.206.107.78 - - [19/Jul/2026:13:21:08 +0000] "GET /wp-content/plugins/WordPressCore/ HTTP/1.1" 403 5137 "-" "Mozilla/5.0 (Windows NT 10.0; Win64; x64) AppleWebKit/537.36 (KHTML, like Gecko) Chrome/120.0.0.0 Safari/537.36"
20.206.107.78 - - [19/Jul/2026:13:21:09 +0000] "GET /wp-admin/css/colors/blue/admin.php HTTP/1.1" 302 0 "-" "Mozilla/5.0 (Windows NT 10.0; Win64; x64) AppleWebKit/537.36 (KHTML, like Gecko) Chrome/120.0.0.0 Safari/537.36"
20.206.107.78 - - [19/Jul/2026:13:21:19 +0000] "GET /index/function.php HTTP/1.1" 404 23043 "-" "Mozilla/5.0 (Windows NT 10.0; Win64; x64) AppleWebKit/537.36 (KHTML, like Gecko) Chrome/120.0.0.0 Safari/537.36"
20.206.107.78 - - [19/Jul/2026:13:21:22 +0000] "GET /wp-includes/PHPMailer/ HTTP/1.1" 404 1251 "-" "Mozilla/5.0 (Windows NT 10.0; Win64; x64) AppleWebKit/537.36 (KHTML, like Gecko) Chrome/120.0.0.0 Safari/537.36"
20.206.107.78 - - [19/Jul/2026:13:21:22 +0000] "GET /wp-includes/css/ HTTP/1.1" 404 1251 "-" "Mozilla/5.0 (Windows NT 10.0; Win64; x64) AppleWebKit/537.36 (KHTML, like Gecko) Chrome/120.0.0.0 Safari/537.36"
194.39.149.53 - - [19/Jul/2026:13:22:05 +0000] "POST /wp-cron.php?doing_wp_cron=1784467325.2085590362548828125000 HTTP/1.1" 200 0 "-" "WordPress/7.0.2; https://gradregalia242.com"
51.222.168.54 - - [19/Jul/2026:13:22:02 +0000] "GET /tabular-array-secret-plan-and-hot-trader-options-%C2%B7-australia-get-started-https-casino-kangaroo-com/feed/ HTTP/2" 200 494 "-" "Mozilla/5.0 (compatible; AhrefsBot/7.0; +http://ahrefs.com/robot/)"
194.39.149.53 - - [19/Jul/2026:13:23:36 +0000] "POST /wp-cron.php?doing_wp_cron=1784467416.8035209178924560546875 HTTP/1.1" 200 0 "-" "WordPress/7.0.2; https://gradregalia242.com"
72.60.40.175 - - [19/Jul/2026:13:23:24 +0000] "GET /shop/ HTTP/2" 200 323988 "-" "Mozilla/5.0 (Windows NT 10.0; Win64; x64) AppleWebKit/537.36"
45.132.227.136 - - [19/Jul/2026:13:27:13 +0000] "POST /wp-login.php HTTP/1.1" 200 2315 "-" "Mozilla/5.0 (Windows NT 10.0; Win64; x64) AppleWebKit/537.36 Chrome/129.0.0.0 Safari/537.36"
194.39.149.53 - - [19/Jul/2026:13:27:18 +0000] "POST /wp-cron.php?doing_wp_cron=1784467637.9183969497680664062500 HTTP/1.1" 200 0 "-" "WordPress/7.0.2; https://gradregalia242.com"
172.98.32.196 - - [19/Jul/2026:13:27:13 +0000] "POST /wp-login.php HTTP/1.1" 200 2294 "-" "Mozilla/5.0 (Macintosh; Intel Mac OS X 10_15_7) AppleWebKit/605.1.15 Version/17.0 Safari/605.1.15"
103.162.209.110 - - [19/Jul/2026:13:27:08 +0000] "GET /product-category/elementary-school/page/2/?add_to_wishlist=109226 HTTP/1.1" 200 0 "-" "Mozilla/5.0 (Macintosh; Intel Mac OS X 10_10) AppleWebKit/537.36 (KHTML, like Gecko) Chrome/93.0.4612.206 Safari/537.36"
157.100.142.188 - - [19/Jul/2026:13:27:27 +0000] "GET /product-category/elementary-school/page/2/?add_to_wishlist=109226 HTTP/1.1" 200 0 "-" "Mozilla/5.0 (Macintosh; Intel Mac OS X 10_7_3) AppleWebKit/537.36 (KHTML, like Gecko, Mediapartners-Google) Chrome/88.0.4324.175 Safari/537.36"
188.133.64.247 - - [19/Jul/2026:13:29:58 +0000] "GET /wp-content/uploads/2022/03/94C04A52-65C1-4B36-8EFB-9E91F6B0C0CB.jpeg HTTP/1.1" 200 34007 "-" "Mozilla/5.0 (Windows NT 6.1) AppleWebKit/537.36 (KHTML, like Gecko) Chrome/74.0.3729.131 Safari/537.36"
65.60.38.74 - - [19/Jul/2026:13:30:23 +0000] "GET /wp-login.php HTTP/2" 200 1941 "-" "Mozilla/5.0 (Windows NT 10.0; Win64; x64) AppleWebKit/537.36 (KHTML, like Gecko) Chrome/147.0.0.0 Safari/537.36"
65.60.38.74 - - [19/Jul/2026:13:30:25 +0000] "POST /wp-login.php HTTP/2" 200 2085 "https://gradregalia242.com.keeloil.com/wp-login.php" "Mozilla/5.0 (Windows NT 10.0; Win64; x64) AppleWebKit/537.36 (KHTML, like Gecko) Chrome/147.0.0.0 Safari/537.36"
194.39.149.53 - - [19/Jul/2026:13:30:34 +0000] "POST /wp-cron.php?doing_wp_cron=1784467834.7050011157989501953125 HTTP/1.1" 200 0 "-" "WordPress/7.0.2; https://gradregalia242.com"
68.178.160.25 - - [19/Jul/2026:13:30:31 +0000] "GET /wp-login.php HTTP/2" 200 1941 "-" "Mozilla/5.0 (Windows NT 10.0; Win64; x64) AppleWebKit/537.36 (KHTML, like Gecko) Chrome/147.0.0.0 Safari/537.36"
68.178.160.25 - - [19/Jul/2026:13:30:36 +0000] "POST /wp-login.php HTTP/2" 200 2085 "https://gradregalia242.com.keeloil.com/wp-login.php" "Mozilla/5.0 (Windows NT 10.0; Win64; x64) AppleWebKit/537.36 (KHTML, like Gecko) Chrome/147.0.0.0 Safari/537.36"
194.39.149.53 - - [19/Jul/2026:13:33:17 +0000] "POST /wp-cron.php?doing_wp_cron=1784467997.5517280101776123046875 HTTP/1.1" 200 0 "-" "WordPress/7.0.2; https://gradregalia242.com"
72.60.40.175 - - [19/Jul/2026:13:33:15 +0000] "GET /shop/ HTTP/2" 200 323988 "-" "Mozilla/5.0 (Windows NT 10.0; Win64; x64) AppleWebKit/537.36"
182.48.94.0 - - [19/Jul/2026:13:33:18 +0000] "GET /product-category/accessories/page/5/?add_to_wishlist=85961 HTTP/1.1" 200 40609 "-" "Mozilla/5.0 (Macintosh; Intel Mac OS X 10_15_3) AppleWebKit/537.36 (KHTML, like Gecko) Chrome/80.0.3987.132 Safari/537.36\tChrome Generic"
194.39.149.53 - - [19/Jul/2026:13:34:34 +0000] "POST /wp-cron.php?doing_wp_cron=1784468074.0060191154479980468750 HTTP/1.1" 200 0 "-" "WordPress/7.0.2; https://gradregalia242.com"
185.191.171.18 - - [19/Jul/2026:13:34:30 +0000] "GET /proc-dela-obraz-fotografie-blackjack-dub-konzumovat-jiny-vyhlaska-ze-jack-dub-synot-tip-review-_-cz-deposit-play/ HTTP/1.1" 200 40715 "-" "Mozilla/5.0 (compatible; SemrushBot/7~bl; +http://www.semrush.com/bot.html)"
170.84.219.250 - - [19/Jul/2026:13:35:49 +0000] "GET /product-category/elementary-school/page/2/?add_to_wishlist=235058 HTTP/1.1" 200 0 "-" "Mozilla/5.0 (Windows NT 10.0; Win64; x64) AppleWebKit/537.36 (KHTML, like Gecko) Brave Chrome/89.0.4389.72 Safari/537.36"
194.39.149.53 - - [19/Jul/2026:13:36:06 +0000] "POST /wp-cron.php?doing_wp_cron=1784468166.0097310543060302734375 HTTP/1.1" 200 0 "-" "WordPress/7.0.2; https://gradregalia242.com"
51.195.39.149 - - [19/Jul/2026:13:36:03 +0000] "GET /blog-verify HTTP/2" 404 148644 "-" "Mozilla/5.0 (Macintosh; Intel Mac OS X 10.15; rv:150.0) Gecko/20100101 Firefox/150.0"
51.195.39.149 - - [19/Jul/2026:13:36:06 +0000] "GET /blog-verify HTTP/2" 404 148700 "-" "Mozilla/5.0 (Windows NT 10.0; Win64; x64) AppleWebKit/537.36 (KHTML, like Gecko) Chrome/149.0.0.0 Safari/537.36"
51.195.39.149 - - [19/Jul/2026:13:36:11 +0000] "GET /assets/images/accesson.php HTTP/2" 404 148659 "-" "Mozilla/5.0 (Macintosh; Intel Mac OS X 10_15_7) AppleWebKit/537.36 (KHTML, like Gecko) Chrome/146.0.0.0 Safari/537.36"
109.172.169.245 - - [19/Jul/2026:13:36:07 +0000] "GET /product-category/elementary-school/page/2/?add_to_wishlist=235058 HTTP/1.1" 200 0 "-" "Mozilla/5.0 (Macintosh; Intel Mac OS X 10_14_5) AppleWebKit/537.36 (KHTML, like Gecko) Chrome/101.0.4951.54 Safari/537.36"
51.195.39.149 - - [19/Jul/2026:13:36:16 +0000] "GET /assets/images/accesson.php HTTP/2" 404 148715 "-" "Mozilla/5.0 (Macintosh; Intel Mac OS X 10_15_7) AppleWebKit/537.36 (KHTML, like Gecko) Chrome/146.0.0.0 Safari/537.36"
194.39.149.53 - - [19/Jul/2026:13:36:40 +0000] "POST /wp-cron.php?doing_wp_cron=1784468200.4052801132202148437500 HTTP/1.1" 200 0 "-" "WordPress/7.0.2; https://gradregalia242.com"
177.22.238.62 - - [19/Jul/2026:13:37:20 +0000] "GET /wp-content/uploads/2022/01/WhatsApp-Image-2022-01-30-at-12.07.31-AM-1.jpeg HTTP/1.1" 200 42758 "-" "Mozilla/5.0 (Macintosh; Intel Mac OS X 10_15_7) AppleWebKit/537.36 (KHTML, like Gecko) Chrome/100.0.4889.0 Safari/537.36"
194.39.149.53 - - [19/Jul/2026:13:38:05 +0000] "POST /wp-cron.php?doing_wp_cron=1784468285.3266780376434326171875 HTTP/1.1" 200 0 "-" "WordPress/7.0.2; https://gradregalia242.com"
