188.40.21.48 - - [20/Jul/2026:05:27:50 +0000] "GET /product-category/grad-decor/?add_to_wishlist=145635 HTTP/1.1" 200 65481 "-" "Mozilla/5.0 (compatible; SERankingBacklinksBot/1.0; +https://seranking.com/backlinks-crawler)"
188.40.21.48 - - [20/Jul/2026:05:27:54 +0000] "GET /product-category/grad-decor/?add_to_wishlist=145653 HTTP/1.1" 200 65481 "-" "Mozilla/5.0 (compatible; SERankingBacklinksBot/1.0; +https://seranking.com/backlinks-crawler)"
188.40.21.48 - - [20/Jul/2026:05:27:57 +0000] "GET /product-category/grad-decor/?add_to_wishlist=145687 HTTP/1.1" 200 65481 "-" "Mozilla/5.0 (compatible; SERankingBacklinksBot/1.0; +https://seranking.com/backlinks-crawler)"
188.40.21.48 - - [20/Jul/2026:05:28:01 +0000] "GET /product-category/grad-decor/?add_to_wishlist=145709 HTTP/1.1" 200 65519 "-" "Mozilla/5.0 (compatible; SERankingBacklinksBot/1.0; +https://seranking.com/backlinks-crawler)"
188.40.21.48 - - [20/Jul/2026:05:28:05 +0000] "GET /product-category/grad-decor/?add_to_wishlist=145721 HTTP/1.1" 200 65481 "-" "Mozilla/5.0 (compatible; SERankingBacklinksBot/1.0; +https://seranking.com/backlinks-crawler)"
188.40.21.48 - - [20/Jul/2026:05:28:09 +0000] "GET /product-category/grad-decor/?add_to_wishlist=145743 HTTP/1.1" 200 65481 "-" "Mozilla/5.0 (compatible; SERankingBacklinksBot/1.0; +https://seranking.com/backlinks-crawler)"
188.40.21.48 - - [20/Jul/2026:05:28:13 +0000] "GET /product-category/grad-decor/?add_to_wishlist=168190 HTTP/1.1" 200 65481 "-" "Mozilla/5.0 (compatible; SERankingBacklinksBot/1.0; +https://seranking.com/backlinks-crawler)"
188.40.21.48 - - [20/Jul/2026:05:23:21 +0000] "GET /product-category/bachelors/?add_to_wishlist=86904 HTTP/1.1" 200 65481 "-" "Mozilla/5.0 (compatible; SERankingBacklinksBot/1.0; +https://seranking.com/backlinks-crawler)"
188.40.21.48 - - [20/Jul/2026:05:23:25 +0000] "GET /product-category/bachelors/?add_to_wishlist=87719 HTTP/1.1" 200 65481 "-" "Mozilla/5.0 (compatible; SERankingBacklinksBot/1.0; +https://seranking.com/backlinks-crawler)"
188.40.21.48 - - [20/Jul/2026:05:23:32 +0000] "GET /product-category/doctoral/?add_to_wishlist=116844 HTTP/1.1" 200 65481 "-" "Mozilla/5.0 (compatible; SERankingBacklinksBot/1.0; +https://seranking.com/backlinks-crawler)"
188.40.21.48 - - [20/Jul/2026:05:23:35 +0000] "GET /product-category/doctoral/?add_to_wishlist=142659 HTTP/1.1" 200 65481 "-" "Mozilla/5.0 (compatible; SERankingBacklinksBot/1.0; +https://seranking.com/backlinks-crawler)"
72.60.40.175 - - [20/Jul/2026:05:23:36 +0000] "GET /shop/ HTTP/2" 200 234401 "-" "Mozilla/5.0 (Windows NT 10.0; Win64; x64) AppleWebKit/537.36"
188.40.21.48 - - [20/Jul/2026:05:23:40 +0000] "GET /product-category/doctoral/?add_to_wishlist=143096 HTTP/1.1" 200 65481 "-" "Mozilla/5.0 (compatible; SERankingBacklinksBot/1.0; +https://seranking.com/backlinks-crawler)"
188.40.21.48 - - [20/Jul/2026:05:23:44 +0000] "GET /product-category/doctoral/?add_to_wishlist=143144 HTTP/1.1" 200 65481 "-" "Mozilla/5.0 (compatible; SERankingBacklinksBot/1.0; +https://seranking.com/backlinks-crawler)"
188.40.21.48 - - [20/Jul/2026:05:23:48 +0000] "GET /product-category/doctoral/?add_to_wishlist=143153 HTTP/1.1" 200 65481 "-" "Mozilla/5.0 (compatible; SERankingBacklinksBot/1.0; +https://seranking.com/backlinks-crawler)"
188.40.21.48 - - [20/Jul/2026:05:23:54 +0000] "GET /product-category/packages/?add_to_wishlist=108680 HTTP/1.1" 200 65481 "-" "Mozilla/5.0 (compatible; SERankingBacklinksBot/1.0; +https://seranking.com/backlinks-crawler)"
188.40.21.48 - - [20/Jul/2026:05:24:00 +0000] "GET /product-category/packages/?add_to_wishlist=109023 HTTP/1.1" 200 65481 "-" "Mozilla/5.0 (compatible; SERankingBacklinksBot/1.0; +https://seranking.com/backlinks-crawler)"
186.194.253.71 - - [20/Jul/2026:05:24:03 +0000] "GET /wp-content/uploads/2022/03/2978831F-33CB-4917-B87C-C9533E6ED12E.jpeg HTTP/1.1" 200 142237 "-" "Mozilla/5.0 (Macintosh; Intel Mac OS X 10_11_6) AppleWebKit/537.36 (KHTML, like Gecko) Brave Chrome/79.0.3945.88 Safari/537.36"
188.40.21.48 - - [20/Jul/2026:05:24:06 +0000] "GET /product-category/packages/?add_to_wishlist=109157 HTTP/1.1" 200 65481 "-" "Mozilla/5.0 (compatible; SERankingBacklinksBot/1.0; +https://seranking.com/backlinks-crawler)"
188.40.21.48 - - [20/Jul/2026:05:28:16 +0000] "GET /product-category/grad-decor/?add_to_wishlist=168226 HTTP/1.1" 200 65519 "-" "Mozilla/5.0 (compatible; SERankingBacklinksBot/1.0; +https://seranking.com/backlinks-crawler)"
188.40.21.48 - - [20/Jul/2026:05:28:20 +0000] "GET /product-category/grad-decor/?add_to_wishlist=168230 HTTP/1.1" 200 65481 "-" "Mozilla/5.0 (compatible; SERankingBacklinksBot/1.0; +https://seranking.com/backlinks-crawler)"
188.40.21.48 - - [20/Jul/2026:05:28:23 +0000] "GET /product-category/grad-decor/?add_to_wishlist=168255 HTTP/1.1" 200 65481 "-" "Mozilla/5.0 (compatible; SERankingBacklinksBot/1.0; +https://seranking.com/backlinks-crawler)"
188.40.21.48 - - [20/Jul/2026:05:28:27 +0000] "GET /product-category/grad-decor/?add_to_wishlist=178535 HTTP/1.1" 200 65481 "-" "Mozilla/5.0 (compatible; SERankingBacklinksBot/1.0; +https://seranking.com/backlinks-crawler)"
188.40.21.48 - - [20/Jul/2026:05:28:31 +0000] "GET /product-category/grad-decor/?add_to_wishlist=231667 HTTP/1.1" 200 65481 "-" "Mozilla/5.0 (compatible; SERankingBacklinksBot/1.0; +https://seranking.com/backlinks-crawler)"
188.40.21.48 - - [20/Jul/2026:05:28:34 +0000] "GET /product-category/kindercare/?add_to_wishlist=108698 HTTP/1.1" 200 65481 "-" "Mozilla/5.0 (compatible; SERankingBacklinksBot/1.0; +https://seranking.com/backlinks-crawler)"
188.40.21.48 - - [20/Jul/2026:05:28:38 +0000] "GET /product-category/kindercare/?add_to_wishlist=109041 HTTP/1.1" 200 65481 "-" "Mozilla/5.0 (compatible; SERankingBacklinksBot/1.0; +https://seranking.com/backlinks-crawler)"
188.40.21.48 - - [20/Jul/2026:05:28:41 +0000] "GET /product-category/kindercare/?add_to_wishlist=109065 HTTP/1.1" 200 65481 "-" "Mozilla/5.0 (compatible; SERankingBacklinksBot/1.0; +https://seranking.com/backlinks-crawler)"
188.40.21.48 - - [20/Jul/2026:05:28:45 +0000] "GET /product-category/kindercare/?add_to_wishlist=142475 HTTP/1.1" 200 65481 "-" "Mozilla/5.0 (compatible; SERankingBacklinksBot/1.0; +https://seranking.com/backlinks-crawler)"
188.40.21.48 - - [20/Jul/2026:05:28:48 +0000] "GET /product-category/kindercare/?add_to_wishlist=142533 HTTP/1.1" 200 65481 "-" "Mozilla/5.0 (compatible; SERankingBacklinksBot/1.0; +https://seranking.com/backlinks-crawler)"
194.39.149.53 - - [20/Jul/2026:05:28:50 +0000] "POST /wp-cron.php?doing_wp_cron=1784525330.2229039669036865234375 HTTP/1.1" 200 0 "-" "WordPress/7.0.2; https://gradregalia242.com"
5.161.225.162 - - [20/Jul/2026:05:28:48 +0000] "POST /xmlrpc.php HTTP/2" 200 186 "-" "Mozilla/5.0 (Macintosh; Intel Mac OS X 14_6_0) AppleWebKit/537.36 (KHTML, like Gecko) Chrome/147.0.0.0 Safari/537.36"
188.40.21.48 - - [20/Jul/2026:05:28:52 +0000] "GET /product-category/kindercare/gown-kindercare-pre-k/ HTTP/1.1" 200 65481 "-" "Mozilla/5.0 (compatible; SERankingBacklinksBot/1.0; +https://seranking.com/backlinks-crawler)"
189.90.28.123 - - [20/Jul/2026:05:28:53 +0000] "GET /product-category/elementary-school/page/2/ HTTP/1.1" 200 65481 "-" "Mozilla/5.0 (Macintosh; Intel Mac OS X 10_15_3) AppleWebKit/537.36 (KHTML, like Gecko) Brave Chrome/86.0.4240.99 Safari/537.36"
188.40.21.48 - - [20/Jul/2026:05:28:56 +0000] "GET /product/bachelors-gown-cap-tassel-stole-set-matte/ HTTP/1.1" 200 65481 "-" "Mozilla/5.0 (compatible; SERankingBacklinksBot/1.0; +https://seranking.com/backlinks-crawler)"
188.40.21.48 - - [20/Jul/2026:05:28:59 +0000] "GET /product/customize-stock-stole-60/?add-to-cart=17776 HTTP/1.1" 200 65481 "-" "Mozilla/5.0 (compatible; SERankingBacklinksBot/1.0; +https://seranking.com/backlinks-crawler)"
188.40.21.48 - - [20/Jul/2026:05:29:03 +0000] "GET /product/kings-counsel-barrister-bag-with-initials/ HTTP/1.1" 200 65519 "-" "Mozilla/5.0 (compatible; SERankingBacklinksBot/1.0; +https://seranking.com/backlinks-crawler)"
188.40.21.48 - - [20/Jul/2026:05:29:07 +0000] "GET /product-category/accessories/?add_to_wishlist=109329 HTTP/1.1" 200 65519 "-" "Mozilla/5.0 (compatible; SERankingBacklinksBot/1.0; +https://seranking.com/backlinks-crawler)"
188.40.21.48 - - [20/Jul/2026:05:29:10 +0000] "GET /product-category/accessories/?add_to_wishlist=142276 HTTP/1.1" 200 65481 "-" "Mozilla/5.0 (compatible; SERankingBacklinksBot/1.0; +https://seranking.com/backlinks-crawler)"
188.40.21.48 - - [20/Jul/2026:05:29:14 +0000] "GET /product-category/accessories/?add_to_wishlist=142500 HTTP/1.1" 200 65481 "-" "Mozilla/5.0 (compatible; SERankingBacklinksBot/1.0; +https://seranking.com/backlinks-crawler)"
188.40.21.48 - - [20/Jul/2026:05:29:18 +0000] "GET /product-category/accessories/?add_to_wishlist=143379 HTTP/1.1" 200 65481 "-" "Mozilla/5.0 (compatible; SERankingBacklinksBot/1.0; +https://seranking.com/backlinks-crawler)"
188.40.21.48 - - [20/Jul/2026:05:29:22 +0000] "GET /product-category/accessories/?add_to_wishlist=145564 HTTP/1.1" 200 65481 "-" "Mozilla/5.0 (compatible; SERankingBacklinksBot/1.0; +https://seranking.com/backlinks-crawler)"
188.40.21.48 - - [20/Jul/2026:05:29:26 +0000] "GET /product-category/accessories/?add_to_wishlist=235443 HTTP/1.1" 200 65525 "-" "Mozilla/5.0 (compatible; SERankingBacklinksBot/1.0; +https://seranking.com/backlinks-crawler)"
188.40.21.48 - - [20/Jul/2026:05:29:30 +0000] "GET /product-category/accessories/?add_to_wishlist=240403 HTTP/1.1" 200 65481 "-" "Mozilla/5.0 (compatible; SERankingBacklinksBot/1.0; +https://seranking.com/backlinks-crawler)"
102.222.146.50 - - [20/Jul/2026:05:29:33 +0000] "GET /wp-content/uploads/2022/02/purple-stole.jpeg HTTP/1.1" 200 25321 "-" "Mozilla/5.0 (Windows NT 10.0; Win64; x64) AppleWebKit/537.36 (KHTML, like Gecko) Chrome/101.0.4951.67 Safari/537.36"
188.40.21.48 - - [20/Jul/2026:05:29:33 +0000] "GET /product-category/accessories/?add_to_wishlist=240420 HTTP/1.1" 200 65481 "-" "Mozilla/5.0 (compatible; SERankingBacklinksBot/1.0; +https://seranking.com/backlinks-crawler)"
188.40.21.48 - - [20/Jul/2026:05:29:37 +0000] "GET /product-category/accessories/?add_to_wishlist=349573 HTTP/1.1" 200 65525 "-" "Mozilla/5.0 (compatible; SERankingBacklinksBot/1.0; +https://seranking.com/backlinks-crawler)"
188.40.21.48 - - [20/Jul/2026:05:29:41 +0000] "GET /product-category/doctoral/tam/?add_to_wishlist=22193 HTTP/1.1" 200 65481 "-" "Mozilla/5.0 (compatible; SERankingBacklinksBot/1.0; +https://seranking.com/backlinks-crawler)"
188.40.21.48 - - [20/Jul/2026:05:29:47 +0000] "GET /product-category/doctoral/tam/?add_to_wishlist=22195 HTTP/1.1" 200 65481 "-" "Mozilla/5.0 (compatible; SERankingBacklinksBot/1.0; +https://seranking.com/backlinks-crawler)"
188.40.21.48 - - [20/Jul/2026:05:29:50 +0000] "GET /product/customize-stole-72-2/?add_to_wishlist=142454 HTTP/1.1" 200 65481 "-" "Mozilla/5.0 (compatible; SERankingBacklinksBot/1.0; +https://seranking.com/backlinks-crawler)"
188.40.21.48 - - [20/Jul/2026:05:29:53 +0000] "GET /product/kindercare-gown-cap-tassel-stole-set-shiny/ HTTP/1.1" 200 65525 "-" "Mozilla/5.0 (compatible; SERankingBacklinksBot/1.0; +https://seranking.com/backlinks-crawler)"
188.40.21.48 - - [20/Jul/2026:05:29:57 +0000] "GET /product-category/accessories/mugs/?add-to-cart=168190 HTTP/1.1" 200 65481 "-" "Mozilla/5.0 (compatible; SERankingBacklinksBot/1.0; +https://seranking.com/backlinks-crawler)"
188.40.21.48 - - [20/Jul/2026:05:30:01 +0000] "GET /product-category/accessories/mugs/?add-to-cart=231664 HTTP/1.1" 200 65481 "-" "Mozilla/5.0 (compatible; SERankingBacklinksBot/1.0; +https://seranking.com/backlinks-crawler)"
188.40.21.48 - - [20/Jul/2026:05:30:05 +0000] "GET /product-category/doctoral/tam/?add_to_wishlist=143144 HTTP/1.1" 200 65481 "-" "Mozilla/5.0 (compatible; SERankingBacklinksBot/1.0; +https://seranking.com/backlinks-crawler)"
188.40.21.48 - - [20/Jul/2026:05:30:08 +0000] "GET /product-category/doctoral/tam/?add_to_wishlist=143153 HTTP/1.1" 200 65481 "-" "Mozilla/5.0 (compatible; SERankingBacklinksBot/1.0; +https://seranking.com/backlinks-crawler)"
188.40.21.48 - - [20/Jul/2026:05:30:12 +0000] "GET /product-category/legal-attire/?add_to_wishlist=235720 HTTP/1.1" 200 65481 "-" "Mozilla/5.0 (compatible; SERankingBacklinksBot/1.0; +https://seranking.com/backlinks-crawler)"
188.40.21.48 - - [20/Jul/2026:05:30:16 +0000] "GET /product-category/legal-attire/?add_to_wishlist=235762 HTTP/1.1" 200 65481 "-" "Mozilla/5.0 (compatible; SERankingBacklinksBot/1.0; +https://seranking.com/backlinks-crawler)"
188.40.21.48 - - [20/Jul/2026:05:30:19 +0000] "GET /product-category/legal-attire/?add_to_wishlist=240252 HTTP/1.1" 200 65519 "-" "Mozilla/5.0 (compatible; SERankingBacklinksBot/1.0; +https://seranking.com/backlinks-crawler)"
188.40.21.48 - - [20/Jul/2026:05:30:23 +0000] "GET /product-category/legal-attire/?add_to_wishlist=240277 HTTP/1.1" 200 65525 "-" "Mozilla/5.0 (compatible; SERankingBacklinksBot/1.0; +https://seranking.com/backlinks-crawler)"
72.60.40.175 - - [20/Jul/2026:05:30:25 +0000] "GET /shop/ HTTP/2" 200 234401 "-" "Mozilla/5.0 (Windows NT 10.0; Win64; x64) AppleWebKit/537.36"
188.40.21.48 - - [20/Jul/2026:05:30:27 +0000] "GET /product-category/legal-attire/?add_to_wishlist=240317 HTTP/1.1" 200 65481 "-" "Mozilla/5.0 (compatible; SERankingBacklinksBot/1.0; +https://seranking.com/backlinks-crawler)"
188.40.21.48 - - [20/Jul/2026:05:30:31 +0000] "GET /product-category/legal-attire/?add_to_wishlist=240339 HTTP/1.1" 200 65481 "-" "Mozilla/5.0 (compatible; SERankingBacklinksBot/1.0; +https://seranking.com/backlinks-crawler)"
188.40.21.48 - - [20/Jul/2026:05:30:35 +0000] "GET /product-category/legal-attire/?add_to_wishlist=240376 HTTP/1.1" 200 65481 "-" "Mozilla/5.0 (compatible; SERankingBacklinksBot/1.0; +https://seranking.com/backlinks-crawler)"
188.40.21.48 - - [20/Jul/2026:05:30:39 +0000] "GET /product-category/legal-attire/?add_to_wishlist=247179 HTTP/1.1" 200 65481 "-" "Mozilla/5.0 (compatible; SERankingBacklinksBot/1.0; +https://seranking.com/backlinks-crawler)"
188.40.21.48 - - [20/Jul/2026:05:30:43 +0000] "GET /product-category/legal-attire/?add_to_wishlist=261610 HTTP/1.1" 200 65525 "-" "Mozilla/5.0 (compatible; SERankingBacklinksBot/1.0; +https://seranking.com/backlinks-crawler)"
188.40.21.48 - - [20/Jul/2026:05:30:47 +0000] "GET /product-category/legal-attire/?add_to_wishlist=349542 HTTP/1.1" 200 65481 "-" "Mozilla/5.0 (compatible; SERankingBacklinksBot/1.0; +https://seranking.com/backlinks-crawler)"
188.40.21.48 - - [20/Jul/2026:05:30:51 +0000] "GET /product-category/legal-attire/?add_to_wishlist=349559 HTTP/1.1" 200 65481 "-" "Mozilla/5.0 (compatible; SERankingBacklinksBot/1.0; +https://seranking.com/backlinks-crawler)"
188.40.21.48 - - [20/Jul/2026:05:30:56 +0000] "GET /product-category/legal-attire/?add_to_wishlist=349573 HTTP/1.1" 200 65519 "-" "Mozilla/5.0 (compatible; SERankingBacklinksBot/1.0; +https://seranking.com/backlinks-crawler)"
188.40.21.48 - - [20/Jul/2026:05:31:00 +0000] "GET /product-category/legal-attire/?add_to_wishlist=349584 HTTP/1.1" 200 65481 "-" "Mozilla/5.0 (compatible; SERankingBacklinksBot/1.0; +https://seranking.com/backlinks-crawler)"
188.40.21.48 - - [20/Jul/2026:05:31:04 +0000] "GET /product-category/legal-attire/?add_to_wishlist=349658 HTTP/1.1" 200 65519 "-" "Mozilla/5.0 (compatible; SERankingBacklinksBot/1.0; +https://seranking.com/backlinks-crawler)"
188.40.21.48 - - [20/Jul/2026:05:31:07 +0000] "GET /product-category/legal-attire/?add_to_wishlist=354333 HTTP/1.1" 200 65481 "-" "Mozilla/5.0 (compatible; SERankingBacklinksBot/1.0; +https://seranking.com/backlinks-crawler)"
188.40.21.48 - - [20/Jul/2026:05:31:12 +0000] "GET /product-category/legal-attire/?add_to_wishlist=354400 HTTP/1.1" 200 65481 "-" "Mozilla/5.0 (compatible; SERankingBacklinksBot/1.0; +https://seranking.com/backlinks-crawler)"
188.40.21.48 - - [20/Jul/2026:05:31:16 +0000] "GET /product/custom-doctoral-graduation-gown-and-tam-set/ HTTP/1.1" 200 65481 "-" "Mozilla/5.0 (compatible; SERankingBacklinksBot/1.0; +https://seranking.com/backlinks-crawler)"
188.40.21.48 - - [20/Jul/2026:05:31:20 +0000] "GET /product-category/doctoral/gown/?add_to_wishlist=142659 HTTP/1.1" 200 65481 "-" "Mozilla/5.0 (compatible; SERankingBacklinksBot/1.0; +https://seranking.com/backlinks-crawler)"
188.40.21.48 - - [20/Jul/2026:05:31:23 +0000] "GET /product-category/doctoral/gown/?add_to_wishlist=143096 HTTP/1.1" 200 65481 "-" "Mozilla/5.0 (compatible; SERankingBacklinksBot/1.0; +https://seranking.com/backlinks-crawler)"
188.40.21.48 - - [20/Jul/2026:05:31:27 +0000] "GET /product-category/doctoral/hood/?add_to_wishlist=116844 HTTP/1.1" 200 65481 "-" "Mozilla/5.0 (compatible; SERankingBacklinksBot/1.0; +https://seranking.com/backlinks-crawler)"
188.40.21.48 - - [20/Jul/2026:05:31:30 +0000] "GET /product-category/doctoral/tassel/?add_to_wishlist=22200 HTTP/1.1" 200 65481 "-" "Mozilla/5.0 (compatible; SERankingBacklinksBot/1.0; +https://seranking.com/backlinks-crawler)"
188.40.21.48 - - [20/Jul/2026:05:31:34 +0000] "GET /product-category/stoles-sashes-2/?add_to_wishlist=13502 HTTP/1.1" 200 65481 "-" "Mozilla/5.0 (compatible; SERankingBacklinksBot/1.0; +https://seranking.com/backlinks-crawler)"
188.40.21.48 - - [20/Jul/2026:05:31:38 +0000] "GET /product-category/stoles-sashes-2/?add_to_wishlist=13666 HTTP/1.1" 200 65481 "-" "Mozilla/5.0 (compatible; SERankingBacklinksBot/1.0; +https://seranking.com/backlinks-crawler)"
188.40.21.48 - - [20/Jul/2026:05:31:42 +0000] "GET /product-category/stoles-sashes-2/?add_to_wishlist=71576 HTTP/1.1" 200 65481 "-" "Mozilla/5.0 (compatible; SERankingBacklinksBot/1.0; +https://seranking.com/backlinks-crawler)"
188.40.21.48 - - [20/Jul/2026:05:31:46 +0000] "GET /product-category/stoles-sashes-2/?add_to_wishlist=71593 HTTP/1.1" 200 65481 "-" "Mozilla/5.0 (compatible; SERankingBacklinksBot/1.0; +https://seranking.com/backlinks-crawler)"
188.40.21.48 - - [20/Jul/2026:05:31:49 +0000] "GET /product-category/stoles-sashes-2/?add_to_wishlist=80483 HTTP/1.1" 200 65481 "-" "Mozilla/5.0 (compatible; SERankingBacklinksBot/1.0; +https://seranking.com/backlinks-crawler)"
188.40.21.48 - - [20/Jul/2026:05:31:53 +0000] "GET /product/bachelors-gown-cap-tassel-diploma-cover-shiny/ HTTP/1.1" 200 65481 "-" "Mozilla/5.0 (compatible; SERankingBacklinksBot/1.0; +https://seranking.com/backlinks-crawler)"
188.40.21.48 - - [20/Jul/2026:05:31:56 +0000] "GET /product/customize-stock-stole-60/?add_to_wishlist=11301 HTTP/1.1" 200 65481 "-" "Mozilla/5.0 (compatible; SERankingBacklinksBot/1.0; +https://seranking.com/backlinks-crawler)"
188.40.21.48 - - [20/Jul/2026:05:32:00 +0000] "GET /product/customize-stock-stole-60/?add_to_wishlist=17776 HTTP/1.1" 200 65481 "-" "Mozilla/5.0 (compatible; SERankingBacklinksBot/1.0; +https://seranking.com/backlinks-crawler)"
188.40.21.48 - - [20/Jul/2026:05:32:04 +0000] "GET /product/customize-stock-stole-60/?add_to_wishlist=17924 HTTP/1.1" 200 65481 "-" "Mozilla/5.0 (compatible; SERankingBacklinksBot/1.0; +https://seranking.com/backlinks-crawler)"
188.40.21.48 - - [20/Jul/2026:05:32:08 +0000] "GET /product/customize-stock-stole-60/?add_to_wishlist=17942 HTTP/1.1" 200 65525 "-" "Mozilla/5.0 (compatible; SERankingBacklinksBot/1.0; +https://seranking.com/backlinks-crawler)"
194.39.149.53 - - [20/Jul/2026:05:32:10 +0000] "POST /wp-cron.php?doing_wp_cron=1784525530.5551490783691406250000 HTTP/1.1" 200 0 "-" "WordPress/7.0.2; https://gradregalia242.com"
103.187.169.251 - - [20/Jul/2026:05:32:06 +0000] "GET /wp-login.php HTTP/2" 200 1940 "-" "Mozilla/5.0 (Windows NT 10.0; Win64; x64) AppleWebKit/537.36 (KHTML, like Gecko) Chrome/147.0.0.0 Safari/537.36"
188.40.21.48 - - [20/Jul/2026:05:32:12 +0000] "GET /product/customize-stock-stole-60/?add_to_wishlist=85839 HTTP/1.1" 200 65481 "-" "Mozilla/5.0 (compatible; SERankingBacklinksBot/1.0; +https://seranking.com/backlinks-crawler)"
103.187.169.251 - - [20/Jul/2026:05:32:11 +0000] "POST /wp-login.php HTTP/2" 200 2075 "https://gradregalia242.com/wp-login.php" "Mozilla/5.0 (Windows NT 10.0; Win64; x64) AppleWebKit/537.36 (KHTML, like Gecko) Chrome/147.0.0.0 Safari/537.36"
188.40.21.48 - - [20/Jul/2026:05:32:16 +0000] "GET /product/customize-stock-stole-60/?add_to_wishlist=85875 HTTP/1.1" 200 65481 "-" "Mozilla/5.0 (compatible; SERankingBacklinksBot/1.0; +https://seranking.com/backlinks-crawler)"
188.40.21.48 - - [20/Jul/2026:05:32:20 +0000] "GET /product/junior-and-iu-gown-cap-tassel-stole-set-matte/ HTTP/1.1" 200 65481 "-" "Mozilla/5.0 (compatible; SERankingBacklinksBot/1.0; +https://seranking.com/backlinks-crawler)"
188.40.21.48 - - [20/Jul/2026:05:32:24 +0000] "GET /product-category/stoles-sashes-2/?add_to_wishlist=142276 HTTP/1.1" 200 65481 "-" "Mozilla/5.0 (compatible; SERankingBacklinksBot/1.0; +https://seranking.com/backlinks-crawler)"
188.40.21.48 - - [20/Jul/2026:05:32:28 +0000] "GET /product-category/stoles-sashes-2/?add_to_wishlist=142454 HTTP/1.1" 200 65481 "-" "Mozilla/5.0 (compatible; SERankingBacklinksBot/1.0; +https://seranking.com/backlinks-crawler)"
188.40.21.48 - - [20/Jul/2026:05:32:31 +0000] "GET /product-category/stoles-sashes-2/?add_to_wishlist=142475 HTTP/1.1" 200 65481 "-" "Mozilla/5.0 (compatible; SERankingBacklinksBot/1.0; +https://seranking.com/backlinks-crawler)"
188.40.21.48 - - [20/Jul/2026:05:32:35 +0000] "GET /product-category/stoles-sashes-2/?add_to_wishlist=142500 HTTP/1.1" 200 65481 "-" "Mozilla/5.0 (compatible; SERankingBacklinksBot/1.0; +https://seranking.com/backlinks-crawler)"
188.40.21.48 - - [20/Jul/2026:05:32:39 +0000] "GET /product-category/stoles-sashes-2/?add_to_wishlist=142533 HTTP/1.1" 200 65481 "-" "Mozilla/5.0 (compatible; SERankingBacklinksBot/1.0; +https://seranking.com/backlinks-crawler)"
188.40.21.48 - - [20/Jul/2026:05:32:42 +0000] "GET /product-category/stoles-sashes-2/?add_to_wishlist=143641 HTTP/1.1" 200 65481 "-" "Mozilla/5.0 (compatible; SERankingBacklinksBot/1.0; +https://seranking.com/backlinks-crawler)"
188.40.21.48 - - [20/Jul/2026:05:32:46 +0000] "GET /product-category/stoles-sashes-2/?add_to_wishlist=143701 HTTP/1.1" 200 65481 "-" "Mozilla/5.0 (compatible; SERankingBacklinksBot/1.0; +https://seranking.com/backlinks-crawler)"
188.40.21.48 - - [20/Jul/2026:05:32:49 +0000] "GET /product-category/stoles-sashes-2/?add_to_wishlist=145223 HTTP/1.1" 200 65481 "-" "Mozilla/5.0 (compatible; SERankingBacklinksBot/1.0; +https://seranking.com/backlinks-crawler)"
188.40.21.48 - - [20/Jul/2026:05:32:53 +0000] "GET /product-category/stoles-sashes-2/?add_to_wishlist=145564 HTTP/1.1" 200 65481 "-" "Mozilla/5.0 (compatible; SERankingBacklinksBot/1.0; +https://seranking.com/backlinks-crawler)"
188.40.21.48 - - [20/Jul/2026:05:32:57 +0000] "GET /product/customize-stock-stole-60/?add_to_wishlist=142500 HTTP/1.1" 200 65481 "-" "Mozilla/5.0 (compatible; SERankingBacklinksBot/1.0; +https://seranking.com/backlinks-crawler)"
188.40.21.48 - - [20/Jul/2026:05:33:01 +0000] "GET /product/gown-cap-tassel-honor-cord-diploma-cover-shiny/ HTTP/1.1" 200 65481 "-" "Mozilla/5.0 (compatible; SERankingBacklinksBot/1.0; +https://seranking.com/backlinks-crawler)"
188.40.21.48 - - [20/Jul/2026:05:33:04 +0000] "GET /product-category/accessories/mugs/?add_to_wishlist=168190 HTTP/1.1" 200 65481 "-" "Mozilla/5.0 (compatible; SERankingBacklinksBot/1.0; +https://seranking.com/backlinks-crawler)"
188.40.21.48 - - [20/Jul/2026:05:33:08 +0000] "GET /product-category/accessories/mugs/?add_to_wishlist=231664 HTTP/1.1" 200 65519 "-" "Mozilla/5.0 (compatible; SERankingBacklinksBot/1.0; +https://seranking.com/backlinks-crawler)"
188.40.21.48 - - [20/Jul/2026:05:33:12 +0000] "GET /product-category/accessories/mugs/?add_to_wishlist=231667 HTTP/1.1" 200 65481 "-" "Mozilla/5.0 (compatible; SERankingBacklinksBot/1.0; +https://seranking.com/backlinks-crawler)"
188.40.21.48 - - [20/Jul/2026:05:33:15 +0000] "GET /product-category/elementary-school/?add_to_wishlist=56609 HTTP/1.1" 200 65481 "-" "Mozilla/5.0 (compatible; SERankingBacklinksBot/1.0; +https://seranking.com/backlinks-crawler)"
188.40.21.48 - - [20/Jul/2026:05:33:18 +0000] "GET /product-category/accessories/medals/?add_to_wishlist=79236 HTTP/1.1" 200 65481 "-" "Mozilla/5.0 (compatible; SERankingBacklinksBot/1.0; +https://seranking.com/backlinks-crawler)"
188.40.21.48 - - [20/Jul/2026:05:33:22 +0000] "GET /product-category/elementary-school/?add_to_wishlist=109191 HTTP/1.1" 200 65481 "-" "Mozilla/5.0 (compatible; SERankingBacklinksBot/1.0; +https://seranking.com/backlinks-crawler)"
188.40.21.48 - - [20/Jul/2026:05:33:26 +0000] "GET /product-category/elementary-school/?add_to_wishlist=109208 HTTP/1.1" 200 65481 "-" "Mozilla/5.0 (compatible; SERankingBacklinksBot/1.0; +https://seranking.com/backlinks-crawler)"
188.40.21.48 - - [20/Jul/2026:05:33:29 +0000] "GET /product-category/elementary-school/?add_to_wishlist=109226 HTTP/1.1" 200 65481 "-" "Mozilla/5.0 (compatible; SERankingBacklinksBot/1.0; +https://seranking.com/backlinks-crawler)"
188.40.21.48 - - [20/Jul/2026:05:33:33 +0000] "GET /product-category/elementary-school/?add_to_wishlist=109244 HTTP/1.1" 200 65481 "-" "Mozilla/5.0 (compatible; SERankingBacklinksBot/1.0; +https://seranking.com/backlinks-crawler)"
188.40.21.48 - - [20/Jul/2026:05:33:37 +0000] "GET /product-category/elementary-school/?add_to_wishlist=109294 HTTP/1.1" 200 65481 "-" "Mozilla/5.0 (compatible; SERankingBacklinksBot/1.0; +https://seranking.com/backlinks-crawler)"
188.40.21.48 - - [20/Jul/2026:05:33:40 +0000] "GET /product-category/elementary-school/?add_to_wishlist=109312 HTTP/1.1" 200 65481 "-" "Mozilla/5.0 (compatible; SERankingBacklinksBot/1.0; +https://seranking.com/backlinks-crawler)"
188.40.21.48 - - [20/Jul/2026:05:33:44 +0000] "GET /product-category/elementary-school/?add_to_wishlist=168279 HTTP/1.1" 200 65481 "-" "Mozilla/5.0 (compatible; SERankingBacklinksBot/1.0; +https://seranking.com/backlinks-crawler)"
188.40.21.48 - - [20/Jul/2026:05:33:47 +0000] "GET /product-category/elementary-school/?add_to_wishlist=168522 HTTP/1.1" 200 65481 "-" "Mozilla/5.0 (compatible; SERankingBacklinksBot/1.0; +https://seranking.com/backlinks-crawler)"
188.40.21.48 - - [20/Jul/2026:05:33:51 +0000] "GET /product-category/elementary-school/?add_to_wishlist=172125 HTTP/1.1" 200 65481 "-" "Mozilla/5.0 (compatible; SERankingBacklinksBot/1.0; +https://seranking.com/backlinks-crawler)"
188.40.21.48 - - [20/Jul/2026:05:33:55 +0000] "GET /product-category/elementary-school/?add_to_wishlist=172141 HTTP/1.1" 200 65481 "-" "Mozilla/5.0 (compatible; SERankingBacklinksBot/1.0; +https://seranking.com/backlinks-crawler)"
188.40.21.48 - - [20/Jul/2026:05:33:58 +0000] "GET /product-category/elementary-school/?add_to_wishlist=178527 HTTP/1.1" 200 65481 "-" "Mozilla/5.0 (compatible; SERankingBacklinksBot/1.0; +https://seranking.com/backlinks-crawler)"
188.40.21.48 - - [20/Jul/2026:05:34:03 +0000] "GET /product-category/elementary-school/?add_to_wishlist=178531 HTTP/1.1" 200 65481 "-" "Mozilla/5.0 (compatible; SERankingBacklinksBot/1.0; +https://seranking.com/backlinks-crawler)"
188.40.21.48 - - [20/Jul/2026:05:34:07 +0000] "GET /product-category/elementary-school/?add_to_wishlist=178573 HTTP/1.1" 200 65525 "-" "Mozilla/5.0 (compatible; SERankingBacklinksBot/1.0; +https://seranking.com/backlinks-crawler)"
188.40.21.48 - - [20/Jul/2026:05:34:10 +0000] "GET /product-category/elementary-school/?add_to_wishlist=178577 HTTP/1.1" 200 65481 "-" "Mozilla/5.0 (compatible; SERankingBacklinksBot/1.0; +https://seranking.com/backlinks-crawler)"
188.40.21.48 - - [20/Jul/2026:05:34:15 +0000] "GET /product-category/elementary-school/?add_to_wishlist=235058 HTTP/1.1" 200 65525 "-" "Mozilla/5.0 (compatible; SERankingBacklinksBot/1.0; +https://seranking.com/backlinks-crawler)"
188.40.21.48 - - [20/Jul/2026:05:34:19 +0000] "GET /product/basic-grad-package-gown-cap-tassel-printed-stole/ HTTP/1.1" 200 65508 "-" "Mozilla/5.0 (compatible; SERankingBacklinksBot/1.0; +https://seranking.com/backlinks-crawler)"
188.40.21.48 - - [20/Jul/2026:05:34:22 +0000] "GET /product-category/accessories/signets/?add_to_wishlist=13663 HTTP/1.1" 200 65481 "-" "Mozilla/5.0 (compatible; SERankingBacklinksBot/1.0; +https://seranking.com/backlinks-crawler)"
188.40.21.48 - - [20/Jul/2026:05:34:26 +0000] "GET /product-category/grad-decor/balloons/?add_to_wishlist=13656 HTTP/1.1" 200 65481 "-" "Mozilla/5.0 (compatible; SERankingBacklinksBot/1.0; +https://seranking.com/backlinks-crawler)"
102.36.143.31 - - [20/Jul/2026:05:34:27 +0000] "GET /product-category/bachelors/page/2/?add_to_wishlist=109208 HTTP/1.1" 200 65481 "-" "Mozilla/5.0 (Windows NT 6.3; WOW64) AppleWebKit/537.36 (KHTML, like Gecko) Chrome/85.0.4183.121 Safari/537.36"
188.40.21.48 - - [20/Jul/2026:05:34:29 +0000] "GET /product-category/grad-decor/balloons/?add_to_wishlist=145617 HTTP/1.1" 200 65519 "-" "Mozilla/5.0 (compatible; SERankingBacklinksBot/1.0; +https://seranking.com/backlinks-crawler)"
188.40.21.48 - - [20/Jul/2026:05:34:33 +0000] "GET /product-category/grad-decor/balloons/?add_to_wishlist=145635 HTTP/1.1" 200 65481 "-" "Mozilla/5.0 (compatible; SERankingBacklinksBot/1.0; +https://seranking.com/backlinks-crawler)"
72.60.40.175 - - [20/Jul/2026:05:34:35 +0000] "GET /shop/ HTTP/2" 200 234401 "-" "Mozilla/5.0 (Windows NT 10.0; Win64; x64) AppleWebKit/537.36"
188.40.21.48 - - [20/Jul/2026:05:34:36 +0000] "GET /product-category/grad-decor/balloons/?add_to_wishlist=145653 HTTP/1.1" 200 65481 "-" "Mozilla/5.0 (compatible; SERankingBacklinksBot/1.0; +https://seranking.com/backlinks-crawler)"
188.40.21.48 - - [20/Jul/2026:05:34:40 +0000] "GET /product-category/grad-decor/balloons/?add_to_wishlist=145687 HTTP/1.1" 200 65481 "-" "Mozilla/5.0 (compatible; SERankingBacklinksBot/1.0; +https://seranking.com/backlinks-crawler)"
188.40.21.48 - - [20/Jul/2026:05:34:44 +0000] "GET /product-category/grad-decor/balloons/?add_to_wishlist=145709 HTTP/1.1" 200 65481 "-" "Mozilla/5.0 (compatible; SERankingBacklinksBot/1.0; +https://seranking.com/backlinks-crawler)"
188.40.21.48 - - [20/Jul/2026:05:34:48 +0000] "GET /product-category/grad-decor/balloons/?add_to_wishlist=145721 HTTP/1.1" 200 65481 "-" "Mozilla/5.0 (compatible; SERankingBacklinksBot/1.0; +https://seranking.com/backlinks-crawler)"
188.40.21.48 - - [20/Jul/2026:05:34:51 +0000] "GET /product-category/grad-decor/balloons/?add_to_wishlist=145743 HTTP/1.1" 200 65481 "-" "Mozilla/5.0 (compatible; SERankingBacklinksBot/1.0; +https://seranking.com/backlinks-crawler)"
57.141.0.48 - - [20/Jul/2026:05:34:55 +0000] "GET /geen-maximum-uitbetaling-limiet-langs-bijna-aanmoediging-_-koninkrijk-belgie-sign-up-today-https-www-casinobetfirst-be-com/ HTTP/2" 200 233889 "-" "Mozilla/5.0 (Windows NT 10.0; Win64; x64) AppleWebKit/537.36 (KHTML, like Gecko) Chrome/145.0.0.0 Safari/537.36 (compatible; meta-externalagent/1.1 (+https://developers.facebook.com/docs/sharing/webmasters/crawler))"
188.40.21.48 - - [20/Jul/2026:05:34:55 +0000] "GET /product/deluxe-grad-package-gown-cap-tassel-stole-gift-set/ HTTP/1.1" 200 65481 "-" "Mozilla/5.0 (compatible; SERankingBacklinksBot/1.0; +https://seranking.com/backlinks-crawler)"
188.40.21.48 - - [20/Jul/2026:05:34:59 +0000] "GET /product/gown-cap-tassel-honor-cord-diploma-cover-set-matte/ HTTP/1.1" 200 65481 "-" "Mozilla/5.0 (compatible; SERankingBacklinksBot/1.0; +https://seranking.com/backlinks-crawler)"
188.40.21.48 - - [20/Jul/2026:05:35:02 +0000] "GET /product/junior-senior-gown-cap-tassel-stole-set-shiny-copy/ HTTP/1.1" 200 65481 "-" "Mozilla/5.0 (compatible; SERankingBacklinksBot/1.0; +https://seranking.com/backlinks-crawler)"
188.40.21.48 - - [20/Jul/2026:05:35:06 +0000] "GET /product/bachelors-gown-cap-tassel-stole-set-shiny-copy-copy/ HTTP/1.1" 200 65481 "-" "Mozilla/5.0 (compatible; SERankingBacklinksBot/1.0; +https://seranking.com/backlinks-crawler)"
188.40.21.48 - - [20/Jul/2026:05:35:09 +0000] "GET /product-category/kindercare/cap-gown-tassel-kindercare-pre-k/ HTTP/1.1" 200 65481 "-" "Mozilla/5.0 (compatible; SERankingBacklinksBot/1.0; +https://seranking.com/backlinks-crawler)"
188.40.21.48 - - [20/Jul/2026:05:35:14 +0000] "GET /product/custom-graduation-mug-officially-hoter-by-one-degree/ HTTP/1.1" 200 65481 "-" "Mozilla/5.0 (compatible; SERankingBacklinksBot/1.0; +https://seranking.com/backlinks-crawler)"
188.40.21.48 - - [20/Jul/2026:05:35:18 +0000] "GET /product/custom-graduation-mug-the-tassel-was-worth-the-hassel/ HTTP/1.1" 200 65481 "-" "Mozilla/5.0 (compatible; SERankingBacklinksBot/1.0; +https://seranking.com/backlinks-crawler)"
188.40.21.48 - - [20/Jul/2026:05:35:21 +0000] "GET /product/bachelors-gown-cap-tassel-diploma-cover-set-matte-copy/ HTTP/1.1" 200 65481 "-" "Mozilla/5.0 (compatible; SERankingBacklinksBot/1.0; +https://seranking.com/backlinks-crawler)"
193.43.145.105 - - [20/Jul/2026:05:35:22 +0000] "GET /wp-content/uploads/2022/08/1A04A2AB-F231-4E13-AC4D-98244183C68A.jpeg HTTP/1.1" 200 97758 "-" "Mozilla/5.0 (Macintosh; Intel Mac OS X 10_13_3) AppleWebKit/537.36 (KHTML, like Gecko) Chrome/67.0.3396.2 Safari/537.36"
188.40.21.48 - - [20/Jul/2026:05:35:25 +0000] "GET /product-category/kindercare/cap-gown-tassel-stole-kindercare-pre-k/ HTTP/1.1" 200 65481 "-" "Mozilla/5.0 (compatible; SERankingBacklinksBot/1.0; +https://seranking.com/backlinks-crawler)"
188.40.21.48 - - [20/Jul/2026:05:35:29 +0000] "GET /cart/?remove_item=a0c4f8cbdeeed1ecae8379fe06ec3cc6&_wpnonce=e4db963323 HTTP/1.1" 200 65481 "-" "Mozilla/5.0 (compatible; SERankingBacklinksBot/1.0; +https://seranking.com/backlinks-crawler)"
188.40.21.48 - - [20/Jul/2026:05:35:32 +0000] "GET /cart/?remove_item=ce7ad73cc186aac92877b600d58cc4ce&_wpnonce=475e65979e HTTP/1.1" 200 65481 "-" "Mozilla/5.0 (compatible; SERankingBacklinksBot/1.0; +https://seranking.com/backlinks-crawler)"
188.40.21.48 - - [20/Jul/2026:05:35:36 +0000] "GET /product/econ-grad-package-gown-cap-tassel-printed-stole-diploma-cover/ HTTP/1.1" 200 65481 "-" "Mozilla/5.0 (compatible; SERankingBacklinksBot/1.0; +https://seranking.com/backlinks-crawler)"
188.40.21.48 - - [20/Jul/2026:05:35:39 +0000] "GET /product/elite-grad-package-gown-cap-tassel-diploma-cover-stole-gift-set/ HTTP/1.1" 200 65481 "-" "Mozilla/5.0 (compatible; SERankingBacklinksBot/1.0; +https://seranking.com/backlinks-crawler)"
188.40.21.48 - - [20/Jul/2026:05:35:43 +0000] "GET /product-category/bachelors/cap-gown-tassel-hood-bachelors/?add-to-cart=22136 HTTP/1.1" 200 65481 "-" "Mozilla/5.0 (compatible; SERankingBacklinksBot/1.0; +https://seranking.com/backlinks-crawler)"
194.39.149.53 - - [20/Jul/2026:05:35:45 +0000] "POST /wp-cron.php?doing_wp_cron=1784525745.1053590774536132812500 HTTP/1.1" 200 0 "-" "WordPress/7.0.2; https://gradregalia242.com"
163.227.186.27 - - [20/Jul/2026:05:35:43 +0000] "GET /wp-login.php HTTP/2" 200 1940 "-" "Mozilla/5.0 (Windows NT 10.0; Win64; x64) AppleWebKit/537.36 (KHTML, like Gecko) Chrome/147.0.0.0 Safari/537.36"
188.40.21.48 - - [20/Jul/2026:05:35:47 +0000] "GET /product-category/bachelors/cap-gown-tassel-hood-bachelors/?add_to_wishlist=22136 HTTP/1.1" 200 65481 "-" "Mozilla/5.0 (compatible; SERankingBacklinksBot/1.0; +https://seranking.com/backlinks-crawler)"
163.227.186.27 - - [20/Jul/2026:05:35:47 +0000] "POST /wp-login.php HTTP/2" 200 2084 "https://gradregalia242.com.keeloil.com/wp-login.php" "Mozilla/5.0 (Windows NT 10.0; Win64; x64) AppleWebKit/537.36 (KHTML, like Gecko) Chrome/147.0.0.0 Safari/537.36"
188.40.21.48 - - [20/Jul/2026:05:35:51 +0000] "GET /product-category/elementary-school/gown-elementary-school/?add_to_wishlist=85978 HTTP/1.1" 200 65481 "-" "Mozilla/5.0 (compatible; SERankingBacklinksBot/1.0; +https://seranking.com/backlinks-crawler)"
188.40.21.48 - - [20/Jul/2026:05:35:55 +0000] "GET /product-category/elementary-school/gown-elementary-school/?add_to_wishlist=87176 HTTP/1.1" 200 65481 "-" "Mozilla/5.0 (compatible; SERankingBacklinksBot/1.0; +https://seranking.com/backlinks-crawler)"
188.40.21.48 - - [20/Jul/2026:05:35:58 +0000] "GET /product-category/bachelors/cap-gown-tassel-stole-bachelors/?add_to_wishlist=108680 HTTP/1.1" 200 65481 "-" "Mozilla/5.0 (compatible; SERankingBacklinksBot/1.0; +https://seranking.com/backlinks-crawler)"
188.40.21.48 - - [20/Jul/2026:05:36:02 +0000] "GET /product-category/bachelors/cap-gown-tassel-stole-bachelors/?add_to_wishlist=109023 HTTP/1.1" 200 65481 "-" "Mozilla/5.0 (compatible; SERankingBacklinksBot/1.0; +https://seranking.com/backlinks-crawler)"
188.40.21.48 - - [20/Jul/2026:05:36:13 +0000] "GET /product-category/packages/cap-gown-tassel-diploma-cover-packages/?add_to_wishlist=109208 HTTP/1.1" 200 65481 "-" "Mozilla/5.0 (compatible; SERankingBacklinksBot/1.0; +https://seranking.com/backlinks-crawler)"
188.40.21.48 - - [20/Jul/2026:05:36:18 +0000] "GET /product-category/packages/cap-gown-tassel-diploma-cover-packages/?add_to_wishlist=109244 HTTP/1.1" 200 65481 "-" "Mozilla/5.0 (compatible; SERankingBacklinksBot/1.0; +https://seranking.com/backlinks-crawler)"
57.141.0.20 - - [20/Jul/2026:05:36:21 +0000] "GET /berlin-am-meer-ibas-und-ecogra-beschwerdeprozess/ HTTP/2" 200 233889 "-" "Mozilla/5.0 (Windows NT 10.0; Win64; x64) AppleWebKit/537.36 (KHTML, like Gecko) Chrome/145.0.0.0 Safari/537.36 (compatible; meta-externalagent/1.1 (+https://developers.facebook.com/docs/sharing/webmasters/crawler))"
188.40.21.48 - - [20/Jul/2026:05:36:23 +0000] "GET /product-category/packages/cap-gown-tassel-diploma-cover-packages/?add_to_wishlist=109278 HTTP/1.1" 200 65481 "-" "Mozilla/5.0 (compatible; SERankingBacklinksBot/1.0; +https://seranking.com/backlinks-crawler)"
188.40.21.48 - - [20/Jul/2026:05:36:29 +0000] "GET /product/completion-grad-package-imprinted-printed-stole-diploma-cover-tumbler-gift-bag/ HTTP/1.1" 200 65525 "-" "Mozilla/5.0 (compatible; SERankingBacklinksBot/1.0; +https://seranking.com/backlinks-crawler)"
57.141.0.36 - - [20/Jul/2026:05:36:31 +0000] "GET /casinobonussen-voor-desktopgebruikers-in-heel-nederland-claim-free-spins-nl-24casino-com/ HTTP/2" 200 233889 "-" "Mozilla/5.0 (Windows NT 10.0; Win64; x64) AppleWebKit/537.36 (KHTML, like Gecko) Chrome/145.0.0.0 Safari/537.36 (compatible; meta-externalagent/1.1 (+https://developers.facebook.com/docs/sharing/webmasters/crawler))"
188.40.21.48 - - [20/Jul/2026:05:36:37 +0000] "GET /product-category/kindercare-pre-k/cap-gown-tassel-kindercare-pre-k/?add_to_wishlist=109041 HTTP/1.1" 200 65481 "-" "Mozilla/5.0 (compatible; SERankingBacklinksBot/1.0; +https://seranking.com/backlinks-crawler)"
188.40.21.48 - - [20/Jul/2026:05:36:41 +0000] "GET /product-category/kindercare-pre-k/cap-gown-tassel-kindercare-pre-k/?add_to_wishlist=109065 HTTP/1.1" 200 65481 "-" "Mozilla/5.0 (compatible; SERankingBacklinksBot/1.0; +https://seranking.com/backlinks-crawler)"
188.40.21.48 - - [20/Jul/2026:05:36:45 +0000] "GET /product-category/packages/cap-gown-tassel-honor-cord-diploma-cover/?add_to_wishlist=109294 HTTP/1.1" 200 65481 "-" "Mozilla/5.0 (compatible; SERankingBacklinksBot/1.0; +https://seranking.com/backlinks-crawler)"
188.40.21.48 - - [20/Jul/2026:05:36:48 +0000] "GET /product-category/packages/cap-gown-tassel-honor-cord-diploma-cover/?add_to_wishlist=109312 HTTP/1.1" 200 65481 "-" "Mozilla/5.0 (compatible; SERankingBacklinksBot/1.0; +https://seranking.com/backlinks-crawler)"
188.40.21.48 - - [20/Jul/2026:05:36:53 +0000] "GET /product-category/stoles-sashes-2/country-flag-stole-stoles-sashes-2/?add_to_wishlist=13502 HTTP/1.1" 200 65481 "-" "Mozilla/5.0 (compatible; SERankingBacklinksBot/1.0; +https://seranking.com/backlinks-crawler)"
188.40.21.48 - - [20/Jul/2026:05:36:57 +0000] "GET /product-category/stoles-sashes-2/country-flag-stole-stoles-sashes-2/?add_to_wishlist=13666 HTTP/1.1" 200 65481 "-" "Mozilla/5.0 (compatible; SERankingBacklinksBot/1.0; +https://seranking.com/backlinks-crawler)"
188.40.21.48 - - [20/Jul/2026:05:37:01 +0000] "GET /product-category/stoles-sashes-2/country-flag-stole-stoles-sashes-2/?add_to_wishlist=145564 HTTP/1.1" 200 65481 "-" "Mozilla/5.0 (compatible; SERankingBacklinksBot/1.0; +https://seranking.com/backlinks-crawler)"
188.40.21.48 - - [20/Jul/2026:05:37:05 +0000] "GET /product-category/elementary-school/cap-gown-tassel-elementary-school/?add_to_wishlist=109117 HTTP/1.1" 200 65481 "-" "Mozilla/5.0 (compatible; SERankingBacklinksBot/1.0; +https://seranking.com/backlinks-crawler)"
188.40.21.48 - - [20/Jul/2026:05:37:08 +0000] "GET /product-category/elementary-school/cap-gown-tassel-elementary-school/?add_to_wishlist=109135 HTTP/1.1" 200 65481 "-" "Mozilla/5.0 (compatible; SERankingBacklinksBot/1.0; +https://seranking.com/backlinks-crawler)"
188.40.21.48 - - [20/Jul/2026:05:37:12 +0000] "GET /product/platinum-grad-package-gown-cap-tassel-diploma-cover-stole-honor-cord-gift-set-copy/ HTTP/1.1" 200 65481 "-" "Mozilla/5.0 (compatible; SERankingBacklinksBot/1.0; +https://seranking.com/backlinks-crawler)"
36.50.183.105 - - [20/Jul/2026:05:37:12 +0000] "GET /product-category/packages/page/2/?add_to_wishlist=178527 HTTP/1.1" 200 65481 "-" "Mozilla/5.0 (Windows NT 10.0) AppleWebKit/537.36 (KHTML, like Gecko) Chrome/85.0.4121.813 Safari/537.36"
188.40.21.48 - - [20/Jul/2026:05:37:16 +0000] "GET /product/galaxy-grad-package-gown-cap-tassel-diploma-cover-printed-stole-honor-cord-gift-set/ HTTP/1.1" 200 65481 "-" "Mozilla/5.0 (compatible; SERankingBacklinksBot/1.0; +https://seranking.com/backlinks-crawler)"
188.40.21.48 - - [20/Jul/2026:05:37:20 +0000] "GET /product-category/kindercare-pre-k/cap-gown-tassel-stole-kindercare-pre-k/?add_to_wishlist=94976 HTTP/1.1" 200 65481 "-" "Mozilla/5.0 (compatible; SERankingBacklinksBot/1.0; +https://seranking.com/backlinks-crawler)"
188.40.21.48 - - [20/Jul/2026:05:37:24 +0000] "GET /product-category/kindercare-pre-k/cap-gown-tassel-stole-kindercare-pre-k/?add_to_wishlist=108698 HTTP/1.1" 200 65481 "-" "Mozilla/5.0 (compatible; SERankingBacklinksBot/1.0; +https://seranking.com/backlinks-crawler)"
188.40.21.48 - - [20/Jul/2026:05:37:30 +0000] "GET /product-category/elementary-school/cap-gown-tassel-stole-elementary-school/?add_to_wishlist=108612 HTTP/1.1" 200 65481 "-" "Mozilla/5.0 (compatible; SERankingBacklinksBot/1.0; +https://seranking.com/backlinks-crawler)"
188.40.21.48 - - [20/Jul/2026:05:37:35 +0000] "GET /product-category/elementary-school/cap-gown-tassel-stole-elementary-school/?add_to_wishlist=108987 HTTP/1.1" 200 65481 "-" "Mozilla/5.0 (compatible; SERankingBacklinksBot/1.0; +https://seranking.com/backlinks-crawler)"
188.40.21.48 - - [20/Jul/2026:05:37:39 +0000] "GET /product-category/junior-secondary-high-schools/cap-junior-secondary-high-schools/?add-to-cart=19317 HTTP/1.1" 200 65481 "-" "Mozilla/5.0 (compatible; SERankingBacklinksBot/1.0; +https://seranking.com/backlinks-crawler)"
188.40.21.48 - - [20/Jul/2026:05:37:43 +0000] "GET /product-category/junior-secondary-high-schools/cap-gown-tassel-diploma-cover/?add_to_wishlist=109191 HTTP/1.1" 200 65481 "-" "Mozilla/5.0 (compatible; SERankingBacklinksBot/1.0; +https://seranking.com/backlinks-crawler)"
188.40.21.48 - - [20/Jul/2026:05:37:48 +0000] "GET /product-category/junior-secondary-high-schools/cap-gown-tassel-diploma-cover/?add_to_wishlist=109208 HTTP/1.1" 200 65481 "-" "Mozilla/5.0 (compatible; SERankingBacklinksBot/1.0; +https://seranking.com/backlinks-crawler)"
188.40.21.48 - - [20/Jul/2026:05:37:52 +0000] "GET /product-category/junior-secondary-high-schools/cap-junior-secondary-high-schools/?add_to_wishlist=17743 HTTP/1.1" 200 65481 "-" "Mozilla/5.0 (compatible; SERankingBacklinksBot/1.0; +https://seranking.com/backlinks-crawler)"
188.40.21.48 - - [20/Jul/2026:05:37:56 +0000] "GET /product-category/junior-secondary-high-schools/cap-junior-secondary-high-schools/?add_to_wishlist=19317 HTTP/1.1" 200 65481 "-" "Mozilla/5.0 (compatible; SERankingBacklinksBot/1.0; +https://seranking.com/backlinks-crawler)"
188.40.21.48 - - [20/Jul/2026:05:38:00 +0000] "GET /product-category/junior-secondary-high-schools/gown-junior-secondary-high-schools/?add_to_wishlist=86633 HTTP/1.1" 200 65481 "-" "Mozilla/5.0 (compatible; SERankingBacklinksBot/1.0; +https://seranking.com/backlinks-crawler)"
94.154.43.188 - - [20/Jul/2026:05:38:25 +0000] "GET / HTTP/1.1" 200 40080 "-" "Mozilla/5.0 (Windows NT 10.0; Win64; x64) AppleWebKit/537.36 (KHTML, like Gecko) Chrome/147.0.0.0 Safari/537.36"
94.154.43.177 - - [20/Jul/2026:05:38:25 +0000] "GET / HTTP/1.1" 200 40068 "-" "Mozilla/5.0 (Windows NT 10.0; Win64; x64) AppleWebKit/537.36 (KHTML, like Gecko) Chrome/147.0.0.0 Safari/537.36"
94.154.43.188 - - [20/Jul/2026:05:38:25 +0000] "GET / HTTP/1.1" 400 52 "-" "Mozilla/5.0 (Windows NT 10.0; Win64; x64) AppleWebKit/537.36 (KHTML, like Gecko) Chrome/147.0.0.0 Safari/537.36"
94.154.43.183 - - [20/Jul/2026:05:38:26 +0000] "GET / HTTP/1.1" 401 36 "-" "Mozilla/5.0 (Windows NT 10.0; Win64; x64) AppleWebKit/537.36 (KHTML, like Gecko) Chrome/147.0.0.0 Safari/537.36"
94.154.43.229 - - [20/Jul/2026:05:38:26 +0000] "GET / HTTP/1.1" 401 36 "-" "Mozilla/5.0 (Windows NT 10.0; Win64; x64) AppleWebKit/537.36 (KHTML, like Gecko) Chrome/147.0.0.0 Safari/537.36"
94.154.43.185 - - [20/Jul/2026:05:38:27 +0000] "GET / HTTP/1.1" 401 36 "-" "Mozilla/5.0 (Windows NT 10.0; Win64; x64) AppleWebKit/537.36 (KHTML, like Gecko) Chrome/147.0.0.0 Safari/537.36"
94.154.43.186 - - [20/Jul/2026:05:38:25 +0000] "GET / HTTP/1.1" 200 233889 "-" "Mozilla/5.0 (Windows NT 10.0; Win64; x64) AppleWebKit/537.36 (KHTML, like Gecko) Chrome/147.0.0.0 Safari/537.36"
94.154.43.178 - - [20/Jul/2026:05:38:25 +0000] "GET / HTTP/1.1" 200 233889 "-" "Mozilla/5.0 (Windows NT 10.0; Win64; x64) AppleWebKit/537.36 (KHTML, like Gecko) Chrome/147.0.0.0 Safari/537.36"
94.154.43.179 - - [20/Jul/2026:05:38:27 +0000] "GET / HTTP/1.1" 200 233889 "-" "Mozilla/5.0 (Windows NT 10.0; Win64; x64) AppleWebKit/537.36 (KHTML, like Gecko) Chrome/147.0.0.0 Safari/537.36"
14.191.231.142 - - [20/Jul/2026:05:39:30 +0000] "GET /wp-content/uploads/2022/03/4D78C019-0C04-44C8-94C2-3BA6CE8CFA03.jpeg HTTP/1.1" 200 91938 "-" "Mozilla/5.0 (Windows NT 10.0) AppleWebKit/537.36 (KHTML, like Gecko) Chrome/75.0.3770.100 ADG/11.0.2510 AOLBUILD/11.0.2510 Safari/537.36"
181.67.176.15 - - [20/Jul/2026:05:40:07 +0000] "GET /wp-content/uploads/2022/02/black-background-tassel-topper-graduation-cap-topper-graduation-cap-tassel-topper-tassel-toppers-546621_1000x1000.jpeg HTTP/1.1" 200 51717 "-" "Mozilla/5.0 (Windows NT 6.1; Win64; x64) AppleWebKit/537.36 (KHTML, like Gecko) Chrome/81.0.4044.122 Safari/537.36"
95.92.3.133 - - [20/Jul/2026:05:41:40 +0000] "GET /shop/?add_to_wishlist=240403 HTTP/1.1" 200 65506 "-" "Mozilla/5.0 (Windows NT 10.0; Win64; x64) AppleWebKit/537.36 (KHTML, like Gecko) Chrome/133.0.6943.98 Safari/537.36"
15.235.27.129 - - [20/Jul/2026:05:43:14 +0000] "GET /professional-and-learn-of-voslot-casino-%C2%B7-ie-try-your-luck-casino-fatfruit/feed/ HTTP/2" 200 57278 "-" "Mozilla/5.0 (compatible; AhrefsBot/7.0; +http://ahrefs.com/robot/)"
72.60.40.175 - - [20/Jul/2026:05:43:52 +0000] "GET /shop/ HTTP/2" 200 234401 "-" "Mozilla/5.0 (Windows NT 10.0; Win64; x64) AppleWebKit/537.36"
213.230.88.65 - - [20/Jul/2026:05:44:39 +0000] "GET /product-category/accessories/page/3/?add_to_wishlist=235443 HTTP/1.1" 200 65481 "-" "Mozilla/5.0 (Macintosh; Intel Mac OS X 10_13_6) AppleWebKit/537.36 (KHTML, like Gecko) Brave Chrome/78.0.3904.108 Safari/537.36"
168.181.247.131 - - [20/Jul/2026:05:44:44 +0000] "GET /wp-content/uploads/2023/01/A57549BF-08C2-424D-9642-5ADC4AEB99B2.jpeg HTTP/1.1" 200 52227 "-" "Mozilla/5.0 (Windows NT 6.1) AppleWebKit/537.36 (KHTML, like Gecko) Chrome/95.0.4638.69 Safari/537.36"
187.111.159.56 - - [20/Jul/2026:05:45:18 +0000] "GET /product-category/legal-attire/page/2/?add_to_wishlist=349559 HTTP/1.1" 200 65481 "-" "Mozilla/5.0 (Windows NT 6.3; Win64; x64) AppleWebKit/537.36 (KHTML, like Gecko) Chrome/85.0.4183.83 Safari/537.36"
189.147.210.127 - - [20/Jul/2026:05:45:37 +0000] "GET /product-category/packages/page/2/?add_to_wishlist=108680 HTTP/1.1" 200 65481 "-" "Mozilla/5.0 (Windows NT 6.1; Win64; x64) AppleWebKit/537.36 (KHTML, like Gecko) Chrome/103.0.0.0 Safari/537.36"
181.61.245.42 - - [20/Jul/2026:05:45:40 +0000] "GET /product/junior-and-iu-gown-cap-tassel-stole-set-matte/?add_to_wishlist=178531 HTTP/1.1" 200 65481 "-" "Mozilla/5.0 (Windows NT 6.1; Win64; x64) AppleWebKit/537.36 (KHTML, like Gecko) Chrome/84.0.4147.105 Safari/537.36"
185.191.171.12 - - [20/Jul/2026:05:45:45 +0000] "GET /robots.txt HTTP/1.1" 200 65481 "-" "Mozilla/5.0 (compatible; SemrushBot/7~bl; +http://www.semrush.com/bot.html)"
85.208.96.210 - - [20/Jul/2026:05:45:45 +0000] "GET /story-adjustment-mental-process-weiss-casino-canadian-federation-register-free/ HTTP/1.1" 200 65481 "-" "Mozilla/5.0 (compatible; SemrushBot/7~bl; +http://www.semrush.com/bot.html)"
14.184.170.5 - - [20/Jul/2026:05:45:55 +0000] "GET /wp-content/uploads/2022/01/WhatsApp-Image-2022-01-23-at-8.42.22-PM-1.jpeg HTTP/1.1" 200 19344 "-" "Mozilla/5.0 (Windows NT 6.1; WOW64) AppleWebKit/537.36 (KHTML, like Gecko) Chrome/73.0.3683.75 ADG/11.0.2414 AOLBUILD/11.0.2414 Safari/537.36"
154.208.41.39 - - [20/Jul/2026:05:47:10 +0000] "GET /product-category/accessories/page/4/?add_to_wishlist=17807 HTTP/1.1" 200 65481 "-" "Mozilla/5.0 (Windows NT 6.3; Win64; x64) AppleWebKit/537.36 (KHTML, like Gecko) Chrome/100.0.3478.83 Safari/537.36"
142.44.233.5 - - [20/Jul/2026:05:47:24 +0000] "GET /how-reactive-cost-bwin-gambling-casino-s-customer-affirm-australian-region-collect-bonus-joker-online-casino/feed/ HTTP/2" 200 57278 "-" "Mozilla/5.0 (compatible; AhrefsBot/7.0; +http://ahrefs.com/robot/)"
142.44.220.133 - - [20/Jul/2026:05:47:40 +0000] "GET /professional-and-learn-of-voslot-casino-%C2%B7-ie-try-your-luck-casino-fatfruit/feed/ HTTP/2" 200 57278 "-" "Mozilla/5.0 (compatible; AhrefsBot/7.0; +http://ahrefs.com/robot/)"
45.148.10.95 - - [20/Jul/2026:05:48:19 +0000] "GET /.git/config HTTP/1.1" 404 3418 "-" "Mozilla/5.0 (Macintosh; Intel Mac OS X 10.11; rv:78.0) Gecko/20100101 Firefox/78.0"
