172.171.198.214 - - [19/Jul/2026:19:14:12 +0000] "GET /bolt.php HTTP/1.1" 401 36 "-" "-"
172.171.198.214 - - [19/Jul/2026:19:14:12 +0000] "GET /ws83.php HTTP/1.1" 401 36 "-" "-"
172.171.198.214 - - [19/Jul/2026:19:14:13 +0000] "GET /menu.php HTTP/1.1" 401 36 "-" "-"
172.171.198.214 - - [19/Jul/2026:19:14:13 +0000] "GET /b.php HTTP/1.1" 401 36 "-" "-"
172.171.198.214 - - [19/Jul/2026:19:14:13 +0000] "GET /edit.php HTTP/1.1" 401 36 "-" "-"
172.171.198.214 - - [19/Jul/2026:19:14:13 +0000] "GET /wp-blogs.php HTTP/1.1" 401 36 "-" "-"
172.171.198.214 - - [19/Jul/2026:19:14:13 +0000] "GET /term.php HTTP/1.1" 401 36 "-" "-"
172.171.198.214 - - [19/Jul/2026:19:14:14 +0000] "GET /jp.php HTTP/1.1" 401 36 "-" "-"
172.171.198.214 - - [19/Jul/2026:19:14:14 +0000] "GET /ws75.php HTTP/1.1" 401 36 "-" "-"
172.171.198.214 - - [19/Jul/2026:19:14:14 +0000] "GET /asasx.php HTTP/1.1" 401 36 "-" "-"
172.171.198.214 - - [19/Jul/2026:19:14:14 +0000] "GET /Sanskrit.php HTTP/1.1" 401 36 "-" "-"
172.171.198.214 - - [19/Jul/2026:19:14:14 +0000] "GET /solo1.php HTTP/1.1" 401 36 "-" "-"
172.171.198.214 - - [19/Jul/2026:19:14:15 +0000] "GET /gifclass.php HTTP/1.1" 401 36 "-" "-"
172.171.198.214 - - [19/Jul/2026:19:14:15 +0000] "GET /fone1.php HTTP/1.1" 401 36 "-" "-"
172.171.198.214 - - [19/Jul/2026:19:14:15 +0000] "GET /file61.php HTTP/1.1" 401 36 "-" "-"
172.171.198.214 - - [19/Jul/2026:19:14:15 +0000] "GET /666.php HTTP/1.1" 401 36 "-" "-"
172.171.198.214 - - [19/Jul/2026:19:14:15 +0000] "GET /tx79.php HTTP/1.1" 401 36 "-" "-"
172.171.198.214 - - [19/Jul/2026:19:14:15 +0000] "GET /sadcut1.php HTTP/1.1" 401 36 "-" "-"
172.171.198.214 - - [19/Jul/2026:19:14:16 +0000] "GET /wp-good.php HTTP/1.1" 401 36 "-" "-"
172.171.198.214 - - [19/Jul/2026:19:14:16 +0000] "GET /casp1.php HTTP/1.1" 401 36 "-" "-"
172.171.198.214 - - [19/Jul/2026:19:14:16 +0000] "GET /ortasekerli1.php HTTP/1.1" 401 36 "-" "-"
172.171.198.214 - - [19/Jul/2026:19:14:16 +0000] "GET /8.php HTTP/1.1" 401 36 "-" "-"
172.171.198.214 - - [19/Jul/2026:19:14:16 +0000] "GET /wp-the.php HTTP/1.1" 401 36 "-" "-"
172.171.198.214 - - [19/Jul/2026:19:14:16 +0000] "GET /packsin1.php HTTP/1.1" 401 36 "-" "-"
172.171.198.214 - - [19/Jul/2026:19:14:17 +0000] "GET /classwithtostring.php HTTP/1.1" 401 36 "-" "-"
172.171.198.214 - - [19/Jul/2026:19:14:17 +0000] "GET /wp-content/OMrMKfSU.php HTTP/1.1" 401 36 "-" "-"
172.171.198.214 - - [19/Jul/2026:19:14:17 +0000] "GET /wmore1.php HTTP/1.1" 401 36 "-" "-"
172.171.198.214 - - [19/Jul/2026:19:14:17 +0000] "GET /about.php HTTP/1.1" 401 36 "-" "-"
172.171.198.214 - - [19/Jul/2026:19:14:17 +0000] "GET /jlex.php HTTP/1.1" 401 36 "-" "-"
172.171.198.214 - - [19/Jul/2026:19:14:17 +0000] "GET /ws80.php HTTP/1.1" 401 36 "-" "-"
172.171.198.214 - - [19/Jul/2026:19:14:18 +0000] "GET /a7.php HTTP/1.1" 401 36 "-" "-"
172.171.198.214 - - [19/Jul/2026:19:14:18 +0000] "GET /100.php HTTP/1.1" 401 36 "-" "-"
172.171.198.214 - - [19/Jul/2026:19:14:18 +0000] "GET /ws.php HTTP/1.1" 401 36 "-" "-"
172.171.198.214 - - [19/Jul/2026:19:14:18 +0000] "GET /zc-942.php HTTP/1.1" 401 36 "-" "-"
172.171.198.214 - - [19/Jul/2026:19:14:18 +0000] "GET /wp5.php HTTP/1.1" 401 36 "-" "-"
172.171.198.214 - - [19/Jul/2026:19:14:19 +0000] "GET /wziar1.php HTTP/1.1" 401 36 "-" "-"
172.171.198.214 - - [19/Jul/2026:19:14:19 +0000] "GET /8daf1238_1774208172.php HTTP/1.1" 401 36 "-" "-"
172.171.198.214 - - [19/Jul/2026:19:14:19 +0000] "GET /CDX1.php HTTP/1.1" 401 36 "-" "-"
172.171.198.214 - - [19/Jul/2026:19:14:19 +0000] "GET /wp.php HTTP/1.1" 401 36 "-" "-"
172.171.198.214 - - [19/Jul/2026:19:14:57 +0000] "GET /new3.php HTTP/1.1" 401 36 "-" "-"
172.171.198.214 - - [19/Jul/2026:19:14:57 +0000] "GET /CDX2.php HTTP/1.1" 401 36 "-" "-"
172.171.198.214 - - [19/Jul/2026:19:14:58 +0000] "GET /qiumnpor3orjwr6me3zmgqCdefault.php HTTP/1.1" 401 36 "-" "-"
172.171.198.214 - - [19/Jul/2026:19:14:58 +0000] "GET /albin.php HTTP/1.1" 401 36 "-" "-"
172.171.198.214 - - [19/Jul/2026:19:14:58 +0000] "GET /gpt-sh.php HTTP/1.1" 401 36 "-" "-"
172.171.198.214 - - [19/Jul/2026:19:14:58 +0000] "GET /8573.php HTTP/1.1" 401 36 "-" "-"
172.171.198.214 - - [19/Jul/2026:19:14:58 +0000] "GET /a4.php HTTP/1.1" 401 36 "-" "-"
172.171.198.214 - - [19/Jul/2026:19:14:58 +0000] "GET /z60.php HTTP/1.1" 401 36 "-" "-"
172.171.198.214 - - [19/Jul/2026:19:14:58 +0000] "GET /xyn.php HTTP/1.1" 401 36 "-" "-"
172.171.198.214 - - [19/Jul/2026:19:14:58 +0000] "GET /elp.php HTTP/1.1" 401 36 "-" "-"
172.171.198.214 - - [19/Jul/2026:19:14:59 +0000] "GET /ws58.php HTTP/1.1" 401 36 "-" "-"
172.171.198.214 - - [19/Jul/2026:19:14:59 +0000] "GET /vx.php HTTP/1.1" 401 36 "-" "-"
172.171.198.214 - - [19/Jul/2026:19:14:59 +0000] "GET /motu.php HTTP/1.1" 401 36 "-" "-"
172.171.198.214 - - [19/Jul/2026:19:14:59 +0000] "GET /ckk.php HTTP/1.1" 401 36 "-" "-"
172.171.198.214 - - [19/Jul/2026:19:14:59 +0000] "GET /166.php HTTP/1.1" 401 36 "-" "-"
172.171.198.214 - - [19/Jul/2026:19:14:59 +0000] "GET /ww.php HTTP/1.1" 401 36 "-" "-"
172.171.198.214 - - [19/Jul/2026:19:14:59 +0000] "GET /wp-p2r3q9c8k4.php HTTP/1.1" 401 36 "-" "-"
172.171.198.214 - - [19/Jul/2026:19:14:59 +0000] "GET /users.php HTTP/1.1" 401 36 "-" "-"
172.171.198.214 - - [19/Jul/2026:19:14:59 +0000] "GET /0x.php HTTP/1.1" 401 36 "-" "-"
172.171.198.214 - - [19/Jul/2026:19:15:00 +0000] "GET /baixy.php HTTP/1.1" 401 36 "-" "-"
172.171.198.214 - - [19/Jul/2026:19:15:00 +0000] "GET /zu.php HTTP/1.1" 401 36 "-" "-"
172.171.198.214 - - [19/Jul/2026:19:15:00 +0000] "GET /kbfr.php HTTP/1.1" 401 36 "-" "-"
172.171.198.214 - - [19/Jul/2026:19:15:00 +0000] "GET /f35.php HTTP/1.1" 401 36 "-" "-"
172.171.198.214 - - [19/Jul/2026:19:15:00 +0000] "GET /click.php HTTP/1.1" 401 36 "-" "-"
172.171.198.214 - - [19/Jul/2026:19:15:00 +0000] "GET /a332.php HTTP/1.1" 401 36 "-" "-"
172.171.198.214 - - [19/Jul/2026:19:15:00 +0000] "GET /bootstrap.php HTTP/1.1" 401 36 "-" "-"
172.171.198.214 - - [19/Jul/2026:19:15:00 +0000] "GET /f2.php HTTP/1.1" 401 36 "-" "-"
172.171.198.214 - - [19/Jul/2026:19:15:01 +0000] "GET /to.php HTTP/1.1" 401 36 "-" "-"
172.171.198.214 - - [19/Jul/2026:19:15:01 +0000] "GET /inege.php HTTP/1.1" 401 36 "-" "-"
172.171.198.214 - - [19/Jul/2026:19:15:01 +0000] "GET /thui.php HTTP/1.1" 401 36 "-" "-"
172.171.198.214 - - [19/Jul/2026:19:15:01 +0000] "GET /fresh3.php HTTP/1.1" 401 36 "-" "-"
172.171.198.214 - - [19/Jul/2026:19:15:01 +0000] "GET /selesai.php HTTP/1.1" 401 36 "-" "-"
172.171.198.214 - - [19/Jul/2026:19:15:01 +0000] "GET /xs.php HTTP/1.1" 401 36 "-" "-"
172.171.198.214 - - [19/Jul/2026:19:15:01 +0000] "GET /maraz.php HTTP/1.1" 401 36 "-" "-"
172.171.198.214 - - [19/Jul/2026:19:15:01 +0000] "GET /ws66.php HTTP/1.1" 401 36 "-" "-"
172.171.198.214 - - [19/Jul/2026:19:15:02 +0000] "GET /erty.php HTTP/1.1" 401 36 "-" "-"
172.171.198.214 - - [19/Jul/2026:19:15:02 +0000] "GET /24.php HTTP/1.1" 401 36 "-" "-"
172.171.198.214 - - [19/Jul/2026:19:15:02 +0000] "GET /bzjdlofz.php HTTP/1.1" 401 36 "-" "-"
172.171.198.214 - - [19/Jul/2026:19:15:02 +0000] "GET /sbhu.php HTTP/1.1" 401 36 "-" "-"
172.171.198.214 - - [19/Jul/2026:19:15:02 +0000] "GET /fetch.php HTTP/1.1" 401 36 "-" "-"
172.171.198.214 - - [19/Jul/2026:19:15:02 +0000] "GET /tfm.php HTTP/1.1" 401 36 "-" "-"
172.171.198.214 - - [19/Jul/2026:19:15:02 +0000] "GET /ak.php HTTP/1.1" 401 36 "-" "-"
172.171.198.214 - - [19/Jul/2026:19:15:03 +0000] "GET /wp-style.php HTTP/1.1" 401 36 "-" "-"
172.171.198.214 - - [19/Jul/2026:19:15:03 +0000] "GET /error_log.php HTTP/1.1" 401 36 "-" "-"
172.171.198.214 - - [19/Jul/2026:19:15:03 +0000] "GET /0x0x.php HTTP/1.1" 401 36 "-" "-"
172.171.198.214 - - [19/Jul/2026:19:15:03 +0000] "GET /0byte.php HTTP/1.1" 401 36 "-" "-"
172.171.198.214 - - [19/Jul/2026:19:15:03 +0000] "GET /logs1.php HTTP/1.1" 401 36 "-" "-"
172.171.198.214 - - [19/Jul/2026:19:15:03 +0000] "GET /35.php HTTP/1.1" 401 36 "-" "-"
172.171.198.214 - - [19/Jul/2026:19:15:03 +0000] "GET /lanka.php HTTP/1.1" 401 36 "-" "-"
172.171.198.214 - - [19/Jul/2026:19:15:03 +0000] "GET /knmt.php HTTP/1.1" 401 36 "-" "-"
172.171.198.214 - - [19/Jul/2026:19:15:04 +0000] "GET /ioxi.php HTTP/1.1" 401 36 "-" "-"
172.171.198.214 - - [19/Jul/2026:19:15:04 +0000] "GET /lkui.php HTTP/1.1" 401 36 "-" "-"
172.171.198.214 - - [19/Jul/2026:19:15:04 +0000] "GET /grsiuk.php HTTP/1.1" 401 36 "-" "-"
172.171.198.214 - - [19/Jul/2026:19:15:04 +0000] "GET /wp-admin/css/colors/blue/about.php HTTP/1.1" 401 36 "-" "-"
172.171.198.214 - - [19/Jul/2026:19:15:04 +0000] "GET /Geforce.php HTTP/1.1" 401 36 "-" "-"
172.171.198.214 - - [19/Jul/2026:19:15:04 +0000] "GET /easy.php HTTP/1.1" 401 36 "-" "-"
172.171.198.214 - - [19/Jul/2026:19:15:04 +0000] "GET /s1.php HTTP/1.1" 401 36 "-" "-"
172.171.198.214 - - [19/Jul/2026:19:15:05 +0000] "GET /cc13.php HTTP/1.1" 401 36 "-" "-"
172.171.198.214 - - [19/Jul/2026:19:15:05 +0000] "GET /06.php HTTP/1.1" 401 36 "-" "-"
172.171.198.214 - - [19/Jul/2026:19:15:05 +0000] "GET /t.php HTTP/1.1" 401 36 "-" "-"
172.171.198.214 - - [19/Jul/2026:19:15:05 +0000] "GET /export.php HTTP/1.1" 401 36 "-" "-"
172.171.198.214 - - [19/Jul/2026:19:15:05 +0000] "GET /xxw.php HTTP/1.1" 401 36 "-" "-"
172.171.198.214 - - [19/Jul/2026:19:15:05 +0000] "GET /num.php HTTP/1.1" 401 36 "-" "-"
172.171.198.214 - - [19/Jul/2026:19:15:05 +0000] "GET /403.php HTTP/1.1" 401 36 "-" "-"
172.171.198.214 - - [19/Jul/2026:19:15:06 +0000] "GET /ccu.php HTTP/1.1" 401 36 "-" "-"
172.171.198.214 - - [19/Jul/2026:19:15:06 +0000] "GET /xsox.php HTTP/1.1" 401 36 "-" "-"
172.171.198.214 - - [19/Jul/2026:19:15:06 +0000] "GET /gk.php HTTP/1.1" 401 36 "-" "-"
172.171.198.214 - - [19/Jul/2026:19:15:06 +0000] "GET /zoo.php HTTP/1.1" 401 36 "-" "-"
172.171.198.214 - - [19/Jul/2026:19:15:06 +0000] "GET /zxekqlxb.php HTTP/1.1" 401 36 "-" "-"
172.171.198.214 - - [19/Jul/2026:19:15:06 +0000] "GET /wp-scr1pts.php HTTP/1.1" 401 36 "-" "-"
172.171.198.214 - - [19/Jul/2026:19:15:06 +0000] "GET /shlo.php HTTP/1.1" 401 36 "-" "-"
172.171.198.214 - - [19/Jul/2026:19:15:07 +0000] "GET /gdn.php HTTP/1.1" 401 36 "-" "-"
172.171.198.214 - - [19/Jul/2026:19:15:07 +0000] "GET /6bcwiqwj.php HTTP/1.1" 401 36 "-" "-"
172.171.198.214 - - [19/Jul/2026:19:15:07 +0000] "GET /mar.php HTTP/1.1" 401 36 "-" "-"
172.171.198.214 - - [19/Jul/2026:19:15:07 +0000] "GET /ws69.php HTTP/1.1" 401 36 "-" "-"
172.171.198.214 - - [19/Jul/2026:19:15:07 +0000] "GET /amp.php HTTP/1.1" 401 36 "-" "-"
172.171.198.214 - - [19/Jul/2026:19:15:07 +0000] "GET /gettest.php HTTP/1.1" 401 36 "-" "-"
172.171.198.214 - - [19/Jul/2026:19:15:07 +0000] "GET /Jcrop.php HTTP/1.1" 401 36 "-" "-"
172.171.198.214 - - [19/Jul/2026:19:15:08 +0000] "GET /wp-act.php HTTP/1.1" 401 36 "-" "-"
172.171.198.214 - - [19/Jul/2026:19:15:08 +0000] "GET /wp-link10.php HTTP/1.1" 401 36 "-" "-"
172.171.198.214 - - [19/Jul/2026:19:15:08 +0000] "GET /ff1.php HTTP/1.1" 401 36 "-" "-"
172.171.198.214 - - [19/Jul/2026:19:15:08 +0000] "GET /lib.php HTTP/1.1" 401 36 "-" "-"
172.171.198.214 - - [19/Jul/2026:19:15:08 +0000] "GET /Ov-Simple1.php HTTP/1.1" 401 36 "-" "-"
172.171.198.214 - - [19/Jul/2026:19:15:08 +0000] "GET /ccs.php HTTP/1.1" 401 36 "-" "-"
172.171.198.214 - - [19/Jul/2026:19:15:08 +0000] "GET /mini.php HTTP/1.1" 401 36 "-" "-"
172.171.198.214 - - [19/Jul/2026:19:15:08 +0000] "GET /xr.php HTTP/1.1" 401 36 "-" "-"
172.171.198.214 - - [19/Jul/2026:19:15:09 +0000] "GET /rtx.php HTTP/1.1" 401 36 "-" "-"
172.171.198.214 - - [19/Jul/2026:19:15:09 +0000] "GET /h2a2ck.php HTTP/1.1" 401 36 "-" "-"
172.171.198.214 - - [19/Jul/2026:19:15:09 +0000] "GET /cytyr.php HTTP/1.1" 401 36 "-" "-"
172.171.198.214 - - [19/Jul/2026:19:15:09 +0000] "GET /h02ugyh.php HTTP/1.1" 401 36 "-" "-"
172.171.198.214 - - [19/Jul/2026:19:15:09 +0000] "GET /66.php HTTP/1.1" 401 36 "-" "-"
172.171.198.214 - - [19/Jul/2026:19:15:09 +0000] "GET /init.php HTTP/1.1" 401 36 "-" "-"
172.171.198.214 - - [19/Jul/2026:19:15:09 +0000] "GET /ava.php HTTP/1.1" 401 36 "-" "-"
172.171.198.214 - - [19/Jul/2026:19:15:10 +0000] "GET /inc.php HTTP/1.1" 401 36 "-" "-"
172.171.198.214 - - [19/Jul/2026:19:15:10 +0000] "GET /ws68.php HTTP/1.1" 401 36 "-" "-"
172.171.198.214 - - [19/Jul/2026:19:15:10 +0000] "GET /w1px.php HTTP/1.1" 401 36 "-" "-"
172.171.198.214 - - [19/Jul/2026:19:15:10 +0000] "GET /ms.php HTTP/1.1" 401 36 "-" "-"
172.171.198.214 - - [19/Jul/2026:19:15:10 +0000] "GET /asax.php HTTP/1.1" 401 36 "-" "-"
172.171.198.214 - - [19/Jul/2026:19:15:10 +0000] "GET /galer.php HTTP/1.1" 401 36 "-" "-"
172.171.198.214 - - [19/Jul/2026:19:15:10 +0000] "GET /fs.php HTTP/1.1" 401 36 "-" "-"
172.171.198.214 - - [19/Jul/2026:19:15:10 +0000] "GET /browse.php HTTP/1.1" 401 36 "-" "-"
172.171.198.214 - - [19/Jul/2026:19:15:11 +0000] "GET /global.php HTTP/1.1" 401 36 "-" "-"
172.171.198.214 - - [19/Jul/2026:19:15:11 +0000] "GET /R57.php HTTP/1.1" 401 36 "-" "-"
185.223.152.249 - - [19/Jul/2026:19:17:28 +0000] "POST /wp-login.php HTTP/1.1" 200 2315 "-" "Mozilla/5.0 (Macintosh; Intel Mac OS X 10_15_7) AppleWebKit/605.1.15 Version/17.0 Safari/605.1.15"
194.39.149.53 - - [19/Jul/2026:19:17:33 +0000] "POST /wp-cron.php?doing_wp_cron=1784488653.7958219051361083984375 HTTP/1.1" 200 0 "-" "WordPress/7.0.2; https://gradregalia242.com"
185.223.152.77 - - [19/Jul/2026:19:17:28 +0000] "POST /wp-login.php HTTP/1.1" 200 2294 "-" "Mozilla/5.0 (Windows NT 10.0; Win64; x64) AppleWebKit/537.36 Chrome/129.0.0.0 Safari/537.36"
109.68.161.68 - - [19/Jul/2026:19:18:00 +0000] "GET /wp-login.php HTTP/2" 200 1941 "-" "Mozilla/5.0 (Linux; Android 10; SM-G973F) AppleWebKit/537.36 (KHTML, like Gecko) Chrome/147.0.0.0 Mobile Safari/537.36"
109.68.161.68 - - [19/Jul/2026:19:18:02 +0000] "POST /wp-login.php HTTP/2" 200 2085 "https://gradregalia242.com.keeloil.com/wp-login.php" "Mozilla/5.0 (Linux; Android 10; SM-G973F) AppleWebKit/537.36 (KHTML, like Gecko) Chrome/147.0.0.0 Mobile Safari/537.36"
14.161.105.48 - - [19/Jul/2026:19:18:22 +0000] "GET /wp-content/uploads/2022/05/C9CF5880-1E55-436D-BAD6-5E4E8DDF6CF8.jpeg HTTP/1.1" 200 53534 "-" "Mozilla/5.0 (Windows NT 10.0; Win64; x64) AppleWebKit/537.36 (KHTML, like Gecko) Chrome/80.0.3987.132 Safari/537.36"
194.39.149.53 - - [19/Jul/2026:19:18:50 +0000] "POST /wp-cron.php?doing_wp_cron=1784488730.1180419921875000000000 HTTP/1.1" 200 0 "-" "WordPress/7.0.2; https://gradregalia242.com"
45.76.153.27 - - [19/Jul/2026:19:18:48 +0000] "GET /wp-login.php HTTP/2" 200 1941 "-" "Mozilla/5.0 (Windows NT 10.0; Win64; x64) AppleWebKit/537.36 (KHTML, like Gecko) Chrome/147.0.0.0 Safari/537.36"
45.76.153.27 - - [19/Jul/2026:19:18:51 +0000] "POST /wp-login.php HTTP/2" 200 2076 "https://gradregalia242.com/wp-login.php" "Mozilla/5.0 (Windows NT 10.0; Win64; x64) AppleWebKit/537.36 (KHTML, like Gecko) Chrome/147.0.0.0 Safari/537.36"
194.39.149.53 - - [19/Jul/2026:19:22:13 +0000] "POST /wp-cron.php?doing_wp_cron=1784488933.1458880901336669921875 HTTP/1.1" 200 0 "-" "WordPress/7.0.2; https://gradregalia242.com"
157.66.47.83 - - [19/Jul/2026:19:22:12 +0000] "GET /wp-login.php HTTP/2" 200 1941 "-" "Mozilla/5.0 (Windows NT 10.0; Win64; x64) AppleWebKit/537.36 (KHTML, like Gecko) Chrome/147.0.0.0 Safari/537.36"
157.66.47.83 - - [19/Jul/2026:19:22:14 +0000] "POST /wp-login.php HTTP/2" 200 2085 "https://gradregalia242.com.keeloil.com/wp-login.php" "Mozilla/5.0 (Windows NT 10.0; Win64; x64) AppleWebKit/537.36 (KHTML, like Gecko) Chrome/147.0.0.0 Safari/537.36"
72.60.40.175 - - [19/Jul/2026:19:24:01 +0000] "GET /shop/ HTTP/2" 200 234401 "-" "Mozilla/5.0 (Windows NT 10.0; Win64; x64) AppleWebKit/537.36"
157.20.244.214 - - [19/Jul/2026:19:24:01 +0000] "GET /wp-content/uploads/2024/08/IMG_3990.jpeg HTTP/1.1" 200 38026 "-" "Mozilla/5.0 (Macintosh; Intel Mac OS X 10_15_2) AppleWebKit/537.36 (KHTML, like Gecko) Chrome/77.0.3865.90 Safari/537.36"
185.191.171.5 - - [19/Jul/2026:19:24:14 +0000] "GET /toneelspeler-eerbetoon-meter-netherlands-play-instantly-casino-kajot/ HTTP/1.1" 200 65519 "-" "Mozilla/5.0 (compatible; SemrushBot/7~bl; +http://www.semrush.com/bot.html)"
38.211.64.21 - - [19/Jul/2026:19:24:57 +0000] "GET /product-category/elementary-school/page/2/?add_to_wishlist=178531 HTTP/1.1" 200 65481 "-" "Mozilla/5.0 (Windows NT 10.0; Win64; x64) AppleWebKit/537.36 (KHTML, like Gecko) Chrome/99.0.4844.84 Safari/537.36"
185.223.152.4 - - [19/Jul/2026:19:24:59 +0000] "POST /wp-login.php HTTP/1.1" 200 2315 "-" "Mozilla/5.0 (Windows NT 10.0; Win64; rv:143.0) Gecko/20100101 Firefox/143.0"
194.39.149.53 - - [19/Jul/2026:19:25:01 +0000] "POST /wp-cron.php?doing_wp_cron=1784489101.8081400394439697265625 HTTP/1.1" 200 0 "-" "WordPress/7.0.2; https://gradregalia242.com"
185.223.152.91 - - [19/Jul/2026:19:24:59 +0000] "POST /wp-login.php HTTP/1.1" 200 2294 "-" "Mozilla/5.0 (Windows NT 10.0; Win64; x64) AppleWebKit/537.36 Chrome/129.0.0.0 Safari/537.36"
85.208.96.209 - - [19/Jul/2026:19:25:46 +0000] "GET /hva-legemliggjor-tilbaketrekning-begrenser-astatin-hypebet-gamblingcasino-casino-luckyspins-no-deposit-play/ HTTP/1.1" 200 65519 "-" "Mozilla/5.0 (compatible; SemrushBot/7~bl; +http://www.semrush.com/bot.html)"
194.39.149.53 - - [19/Jul/2026:19:26:15 +0000] "POST /wp-cron.php?doing_wp_cron=1784489175.3750760555267333984375 HTTP/1.1" 200 0 "-" "WordPress/7.0.2; https://gradregalia242.com"
150.95.80.135 - - [19/Jul/2026:19:26:13 +0000] "POST /xmlrpc.php HTTP/2" 200 186 "-" "Mozilla/5.0 (Linux; Android 13; Pixel 7) AppleWebKit/537.36 (KHTML, like Gecko) Chrome/147.0.0.0 Mobile Safari/537.36"
194.39.149.53 - - [19/Jul/2026:19:29:40 +0000] "POST /wp-cron.php?doing_wp_cron=1784489380.2734301090240478515625 HTTP/1.1" 200 0 "-" "WordPress/7.0.2; https://gradregalia242.com"
5.161.225.162 - - [19/Jul/2026:19:29:38 +0000] "GET /wp-login.php HTTP/2" 200 1941 "-" "Mozilla/5.0 (X11; Fedora; Linux x86_64) AppleWebKit/537.36 (KHTML, like Gecko) Chrome/150.0.0.0 Safari/537.36"
5.161.225.162 - - [19/Jul/2026:19:29:41 +0000] "POST /wp-login.php HTTP/2" 200 2085 "https://gradregalia242.com.keeloil.com/wp-login.php" "Mozilla/5.0 (X11; Fedora; Linux x86_64) AppleWebKit/537.36 (KHTML, like Gecko) Chrome/150.0.0.0 Safari/537.36"
44.206.65.8 - - [19/Jul/2026:19:31:33 +0000] "GET /wp-content/uploads/2022/03/4CA79B93-9C3C-491C-A1A7-16F423C53DAF-130x156.jpeg HTTP/1.1" 200 9198 "-" "Mozilla/5.0 AppleWebKit/537.36 (KHTML, like Gecko; compatible; Amazonbot/0.1; +https://developer.amazon.com/support/amazonbot) Chrome/119.0.6045.214 Safari/537.36"
113.170.118.227 - - [19/Jul/2026:19:31:45 +0000] "GET /product/grad-package-1/?add_to_wishlist=85927 HTTP/1.1" 200 65481 "-" "Mozilla/5.0 (Macintosh; Intel Mac OS X 10_14_6) AppleWebKit/537.36 (KHTML, like Gecko) Chrome/88.0.4324.150 Safari/537.36"
44.208.193.63 - - [19/Jul/2026:19:32:00 +0000] "GET /wp-json/oembed/1.0/embed?format=xml&url=https://gradregalia242.com/product/customize-classic-trim-stole-72/ HTTP/1.1" 200 65481 "-" "Mozilla/5.0 AppleWebKit/537.36 (KHTML, like Gecko; compatible; Amazonbot/0.1; +https://developer.amazon.com/support/amazonbot) Chrome/119.0.6045.214 Safari/537.36"
194.39.149.53 - - [19/Jul/2026:19:32:32 +0000] "POST /wp-cron.php?doing_wp_cron=1784489552.3234729766845703125000 HTTP/1.1" 200 0 "-" "WordPress/7.0.2; https://gradregalia242.com"
185.223.152.87 - - [19/Jul/2026:19:32:30 +0000] "POST /wp-login.php HTTP/1.1" 200 2315 "-" "Mozilla/5.0 (Windows NT 10.0; Win64; rv:143.0) Gecko/20100101 Firefox/143.0"
185.223.152.78 - - [19/Jul/2026:19:32:30 +0000] "POST /wp-login.php HTTP/1.1" 200 2294 "-" "Mozilla/5.0 (Macintosh; Intel Mac OS X 10_15_7) AppleWebKit/605.1.15 Version/17.0 Safari/605.1.15"
85.208.96.199 - - [19/Jul/2026:19:32:57 +0000] "GET /wegsturen-atoomnummer-53-weddenschap-jl77-gokcasino-langs-mijn-zwervend-apparaat-%C2%B7-be-deposit-play-oria/ HTTP/1.1" 200 65481 "-" "Mozilla/5.0 (compatible; SemrushBot/7~bl; +http://www.semrush.com/bot.html)"
54.210.155.69 - - [19/Jul/2026:19:33:14 +0000] "GET /wp-json/oembed/1.0/embed?url=https://gradregalia242.com/product/customize-classic-trim-stole-72/ HTTP/1.1" 200 65481 "-" "Mozilla/5.0 AppleWebKit/537.36 (KHTML, like Gecko; compatible; Amazonbot/0.1; +https://developer.amazon.com/support/amazonbot) Chrome/119.0.6045.214 Safari/537.36"
72.60.40.175 - - [19/Jul/2026:19:33:42 +0000] "GET /shop/ HTTP/2" 200 234401 "-" "Mozilla/5.0 (Windows NT 10.0; Win64; x64) AppleWebKit/537.36"
85.208.96.208 - - [19/Jul/2026:19:34:25 +0000] "GET /wie-viele-ruckwette-arrangement-crazywin-glucksspielkasino-knacken-deutschland-start-playing-instant/ HTTP/1.1" 200 65481 "-" "Mozilla/5.0 (compatible; SemrushBot/7~bl; +http://www.semrush.com/bot.html)"
189.159.185.4 - - [19/Jul/2026:19:36:33 +0000] "GET /product-category/accessories/year-signet/?add_to_wishlist=13663 HTTP/1.1" 200 65481 "-" "Mozilla/5.0 (Macintosh; Intel Mac OS X 11_3_0) AppleWebKit/537.36 (KHTML, like Gecko) Chrome/89.0.4389.114 Safari/537.36"
23.22.105.143 - - [19/Jul/2026:19:37:21 +0000] "GET /wp-content/uploads/2022/03/gs-stoleav-wht_2__jpg-130x156.webp HTTP/1.1" 200 1242 "-" "Mozilla/5.0 AppleWebKit/537.36 (KHTML, like Gecko; compatible; Amazonbot/0.1; +https://developer.amazon.com/support/amazonbot) Chrome/119.0.6045.214 Safari/537.36"
194.39.149.53 - - [19/Jul/2026:19:37:29 +0000] "POST /wp-cron.php?doing_wp_cron=1784489849.4221251010894775390625 HTTP/1.1" 200 0 "-" "WordPress/7.0.2; https://gradregalia242.com"
178.128.96.51 - - [19/Jul/2026:19:37:27 +0000] "GET /wp-login.php HTTP/1.1" 200 1941 "-" "Mozilla/5.0 (Macintosh; Intel Mac OS X 13_6_1) AppleWebKit/605.1.15 (KHTML, like Gecko) Version/17.1 Safari/605.1.15"
178.128.96.51 - - [19/Jul/2026:19:37:47 +0000] "GET /wp-admin/ HTTP/1.1" 302 0 "https://t.co/" "Mozilla/5.0 (X11; Linux x86_64) AppleWebKit/537.36 (KHTML, like Gecko) Chrome/120.0.0.0 Safari/537.36"
34.225.24.180 - - [19/Jul/2026:19:38:01 +0000] "GET /wp-json/oembed/1.0/embed?url=https://gradregalia242.com/product/matte-cap-tassel-honor-cord-stole/ HTTP/1.1" 200 65525 "-" "Mozilla/5.0 AppleWebKit/537.36 (KHTML, like Gecko; compatible; Amazonbot/0.1; +https://developer.amazon.com/support/amazonbot) Chrome/119.0.6045.214 Safari/537.36"
34.231.77.232 - - [19/Jul/2026:19:38:05 +0000] "GET /wp-content/uploads/2022/03/gs-stoleav-fst_2__jpg-130x156.webp HTTP/1.1" 200 2180 "-" "Mozilla/5.0 AppleWebKit/537.36 (KHTML, like Gecko; compatible; Amazonbot/0.1; +https://developer.amazon.com/support/amazonbot) Chrome/119.0.6045.214 Safari/537.36"
178.128.96.51 - - [19/Jul/2026:19:38:02 +0000] "GET /wp-login.php?redirect_to=https%3A%2F%2Fgradregalia242.com%2Fwp-admin%2F&reauth=1 HTTP/1.1" 200 1941 "https://t.co/" "Mozilla/5.0 (X11; Linux x86_64) AppleWebKit/537.36 (KHTML, like Gecko) Chrome/120.0.0.0 Safari/537.36"
178.128.96.51 - - [19/Jul/2026:19:38:12 +0000] "GET /wp-admin/ HTTP/1.1" 302 0 "-" "Mozilla/5.0 (Macintosh; Intel Mac OS X 10_15_7; rv:120.0) Gecko/20100101 Firefox/120.0"
178.128.96.51 - - [19/Jul/2026:19:38:23 +0000] "GET /wp-login.php?redirect_to=https%3A%2F%2Fwww.gradregalia242.com.keeloil.com%2Fwp-admin%2F&reauth=1 HTTP/1.1" 200 1952 "-" "Mozilla/5.0 (Macintosh; Intel Mac OS X 10_15_7; rv:120.0) Gecko/20100101 Firefox/120.0"
66.249.84.140 - - [19/Jul/2026:19:38:40 +0000] "GET /google5e8fec772593c568.html HTTP/1.1" 200 57278 "-" "Mozilla/5.0 (compatible; Google-Site-Verification/1.0)"
66.249.84.142 - - [19/Jul/2026:19:38:40 +0000] "GET /google604b0511d04290ce.html HTTP/1.1" 200 53 "-" "Mozilla/5.0 (compatible; Google-Site-Verification/1.0)"
66.249.84.141 - - [19/Jul/2026:19:38:40 +0000] "GET / HTTP/1.1" 200 57278 "-" "Mozilla/5.0 (compatible; Google-Site-Verification/1.0)"
64.233.173.97 - - [19/Jul/2026:19:38:40 +0000] "GET / HTTP/1.1" 200 57278 "-" "Mozilla/5.0 (compatible; Google-Site-Verification/1.0)"
66.249.84.142 - - [19/Jul/2026:19:38:40 +0000] "GET / HTTP/1.1" 200 57278 "-" "Mozilla/5.0 (compatible; Google-Site-Verification/1.0)"
66.249.84.141 - - [19/Jul/2026:19:38:40 +0000] "GET /?cachebuster=3944906112 HTTP/1.1" 200 57278 "-" "Mozilla/5.0 (compatible; Google-Site-Verification/1.0)"
64.233.173.102 - - [19/Jul/2026:19:38:41 +0000] "GET /google604b0511d04290ce.html HTTP/1.1" 200 53 "-" "Mozilla/5.0 (compatible; Google-Site-Verification/1.0)"
64.233.173.97 - - [19/Jul/2026:19:38:41 +0000] "GET /google5e8fec772593c568.html HTTP/1.1" 200 57278 "-" "Mozilla/5.0 (compatible; Google-Site-Verification/1.0)"
154.255.244.244 - - [19/Jul/2026:19:38:47 +0000] "GET /wp-content/uploads/2022/02/C7628CE0-4730-48F7-A4D0-81BA103336F3.jpeg HTTP/1.1" 200 80422 "-" "Mozilla/5.0 (Windows NT 6.1; WOW64) AppleWebKit/537.36 (KHTML, like Gecko) Chrome/77.0.4000.0 Iron Safari/537.36"
66.249.79.205 - - [19/Jul/2026:19:39:12 +0000] "GET /wishlist/ HTTP/1.1" 200 57458 "-" "Mozilla/5.0 (Linux; Android 6.0.1; Nexus 5X Build/MMB29P) AppleWebKit/537.36 (KHTML, like Gecko) Chrome/99.0.4844.84 Mobile Safari/537.36 (compatible; Googlebot/2.1; +http://www.google.com/bot.html)"
66.249.79.205 - - [19/Jul/2026:19:39:13 +0000] "GET /wishlist/ HTTP/1.1" 200 57457 "-" "Mozilla/5.0 (compatible; Googlebot/2.1; +http://www.google.com/bot.html)"
66.249.79.206 - - [19/Jul/2026:19:39:14 +0000] "GET /api/v3/ajax/member/users/listings-favorites-collections-map?listing_ids%5B%5D=1790774795 HTTP/1.1" 200 57241 "https://gradregalia242.com/wishlist/" "Mozilla/5.0 AppleWebKit/537.36 (KHTML, like Gecko; compatible; Googlebot/2.1; +http://www.google.com/bot.html) Chrome/149.0.7827.200 Safari/537.36"
66.249.79.204 - - [19/Jul/2026:19:39:15 +0000] "GET /api/v3/ajax/bespoke/public/neu/specs/catnav-mobile?log_performance_metrics=false&specs%5Bcatnav-mobile%5D%5B%5D=CategoryNav_V2_Mobile_ApiSpec_CategoryNav&specs%5Bcatnav-mobile%5D%5B1%5D%5Bmott_version%5D=&specs%5Bcatnav-mobile%5D%5B1%5D%5Bshow_sales%5D=false&specs%5Bcatnav-mobile%5D%5B1%5D%5Bcatnav_gift_guide%5D=control&specs%5Bcatnav-mobile%5D%5B1%5D%5Bgifting_catnav_flyout_js%5D=false&specs%5Bcatnav-mobile%5D%5B1%5D%5Bshould_show_registry_on_nav%5D=false&specs%5Bcatnav-mobile%5D%5B1%5D%5Bshould_use_gifting_taxos_in_nav_flyout%5D=false&specs%5Bcatnav-mobile%5D%5B1%5D%5Blocale%5D=&specs%5Bcatnav-mobile%5D%5B1%5D%5Bshould_use_buyer_taxo%5D=false HTTP/1.1" 200 57278 "https://gradregalia242.com/wishlist/" "Mozilla/5.0 (Linux; Android 6.0.1; Nexus 5X Build/MMB29P) AppleWebKit/537.36 (KHTML, like Gecko) Chrome/149.0.7827.200 Mobile Safari/537.36 (compatible; Googlebot/2.1; +http://www.google.com/bot.html)"
66.249.79.204 - - [19/Jul/2026:19:39:16 +0000] "GET /api/v3/ajax/member/users/listings-favorites-collections-map?listing_ids%5B%5D=1790774795 HTTP/1.1" 200 57278 "https://gradregalia242.com/wishlist/" "Mozilla/5.0 (Linux; Android 6.0.1; Nexus 5X Build/MMB29P) AppleWebKit/537.36 (KHTML, like Gecko) Chrome/149.0.7827.200 Mobile Safari/537.36 (compatible; Googlebot/2.1; +http://www.google.com/bot.html)"
54.39.210.198 - - [19/Jul/2026:19:39:17 +0000] "GET /product/double-color-tassel-and-signet/ HTTP/2" 200 57278 "-" "Mozilla/5.0 (compatible; AhrefsBot/7.0; +http://ahrefs.com/robot/)"
185.223.152.88 - - [19/Jul/2026:19:40:09 +0000] "POST /wp-login.php HTTP/1.1" 200 2315 "-" "Mozilla/5.0 (Macintosh; Intel Mac OS X 10_15_7) AppleWebKit/605.1.15 Version/17.0 Safari/605.1.15"
194.39.149.53 - - [19/Jul/2026:19:40:12 +0000] "POST /wp-cron.php?doing_wp_cron=1784490012.4127550125122070312500 HTTP/1.1" 200 0 "-" "WordPress/7.0.2; https://gradregalia242.com"
185.223.152.90 - - [19/Jul/2026:19:40:09 +0000] "POST /wp-login.php HTTP/1.1" 200 2294 "-" "Mozilla/5.0 (Windows NT 10.0; Win64; rv:143.0) Gecko/20100101 Firefox/143.0"
14.191.17.125 - - [19/Jul/2026:19:41:22 +0000] "GET /wp-content/uploads/2022/01/WhatsApp-Image-2022-01-23-at-8.42.24-PM.jpeg HTTP/1.1" 200 17966 "-" "Mozilla/5.0 (Macintosh; Intel Mac OS X 10_15_7) AppleWebKit/537.36 (KHTML, like Gecko) Chrome/94.0.4606.61 Safari/537.36"
54.39.0.28 - - [19/Jul/2026:19:42:33 +0000] "GET /product/double-color-tassel-and-signet/ HTTP/2" 200 57278 "-" "Mozilla/5.0 (compatible; AhrefsBot/7.0; +http://ahrefs.com/robot/)"
72.60.40.175 - - [19/Jul/2026:19:43:41 +0000] "GET /shop/ HTTP/2" 200 234401 "-" "Mozilla/5.0 (Windows NT 10.0; Win64; x64) AppleWebKit/537.36"
66.249.79.205 - - [19/Jul/2026:19:44:40 +0000] "GET /sitemap.xml HTTP/1.1" 200 217 "-" "Mozilla/5.0 (compatible; Googlebot/2.1; +http://www.google.com/bot.html)"
66.249.79.204 - - [19/Jul/2026:19:44:50 +0000] "GET /wishlist/sitemap.xml HTTP/1.1" 200 224 "-" "Mozilla/5.0 (compatible; Googlebot/2.1; +http://www.google.com/bot.html)"
66.249.79.206 - - [19/Jul/2026:19:45:09 +0000] "GET /shop/sitemap.xml HTTP/1.1" 200 219 "-" "Mozilla/5.0 (compatible; Googlebot/2.1; +http://www.google.com/bot.html)"
81.91.184.57 - - [19/Jul/2026:19:46:22 +0000] "GET /wp-content/uploads/2022/01/C8B752BC-C963-4C04-9318-3468C3EB46E9.jpeg HTTP/1.1" 200 14878 "-" "Mozilla/5.0 (Macintosh; Intel Mac OS X 10_10_5) AppleWebKit/537.36 (KHTML, like Gecko) Brave Chrome/86.0.4240.75 Safari/537.36"
185.223.152.66 - - [19/Jul/2026:19:47:42 +0000] "POST /wp-login.php HTTP/1.1" 200 2315 "-" "Mozilla/5.0 (Macintosh; Intel Mac OS X 10_15_7) AppleWebKit/605.1.15 Version/17.0 Safari/605.1.15"
194.39.149.53 - - [19/Jul/2026:19:47:45 +0000] "POST /wp-cron.php?doing_wp_cron=1784490465.2415049076080322265625 HTTP/1.1" 200 0 "-" "WordPress/7.0.2; https://gradregalia242.com"
185.223.152.67 - - [19/Jul/2026:19:47:42 +0000] "POST /wp-login.php HTTP/1.1" 200 2294 "-" "Mozilla/5.0 (Macintosh; Intel Mac OS X 10_15_7) AppleWebKit/605.1.15 Version/17.0 Safari/605.1.15"
194.39.149.53 - - [19/Jul/2026:19:47:50 +0000] "POST /wp-cron.php HTTP/1.1" 200 0 "-" "WordPress/7.0.2; https://gradregalia242.com"
194.39.149.53 - - [19/Jul/2026:19:47:51 +0000] "GET / HTTP/1.1" 200 65481 "-" "WordPress/7.0.2; https://gradregalia242.com"
194.39.149.53 - - [19/Jul/2026:19:47:51 +0000] "GET / HTTP/1.1" 200 65481 "-" "WordPress/7.0.2; https://gradregalia242.com"
194.39.149.53 - - [19/Jul/2026:19:47:51 +0000] "GET / HTTP/1.1" 200 65481 "-" "WordPress/7.0.2; https://gradregalia242.com"
194.39.149.53 - - [19/Jul/2026:19:47:51 +0000] "GET / HTTP/1.1" 200 65481 "-" "WordPress/7.0.2; https://gradregalia242.com"
129.222.206.228 - - [19/Jul/2026:19:49:18 +0000] "GET /wp-content/uploads/2023/08/IMG_2070-scaled.jpeg HTTP/1.1" 200 299501 "-" "Mozilla/5.0 (Macintosh; Intel Mac OS X 10_13_4) AppleWebKit/537.36 (KHTML, like Gecko) Chrome/67.0.3396.6 Safari/537.36"
194.39.149.53 - - [19/Jul/2026:19:49:55 +0000] "POST /wp-cron.php?doing_wp_cron=1784490595.6331789493560791015625 HTTP/1.1" 200 0 "-" "WordPress/7.0.2; https://gradregalia242.com"
66.70.255.14 - - [19/Jul/2026:19:49:53 +0000] "GET /wp-login.php HTTP/2" 200 1941 "-" "Mozilla/5.0 (Windows NT 10.0; Win64; x64) AppleWebKit/537.36 (KHTML, like Gecko) Chrome/147.0.0.0 Safari/537.36"
66.70.255.14 - - [19/Jul/2026:19:49:56 +0000] "POST /wp-login.php HTTP/2" 200 2085 "https://gradregalia242.com.keeloil.com/wp-login.php" "Mozilla/5.0 (Windows NT 10.0; Win64; x64) AppleWebKit/537.36 (KHTML, like Gecko) Chrome/147.0.0.0 Safari/537.36"
123.18.58.89 - - [19/Jul/2026:19:50:33 +0000] "GET /wp-content/uploads/2022/05/414AAD44-4072-41D2-839D-7B5794D80A91.jpeg HTTP/1.1" 200 81374 "-" "Mozilla/5.0 (Windows NT 6.3; WOW64) AppleWebKit/537.36 (KHTML, like Gecko) Chrome/92.0.4515.131 Safari/537.36"
194.39.149.53 - - [19/Jul/2026:19:50:36 +0000] "POST /wp-cron.php?doing_wp_cron=1784490636.6251640319824218750000 HTTP/1.1" 200 0 "-" "WordPress/7.0.2; https://gradregalia242.com"
145.239.64.13 - - [19/Jul/2026:19:50:33 +0000] "POST /xmlrpc.php HTTP/2" 200 186 "-" "Mozilla/5.0 (iPhone; CPU iPhone OS 17_7_2 like Mac OS X) AppleWebKit/605.1.15 (KHTML, like Gecko) CriOS/147.0.7871.34 Mobile/15E148 Safari/604.1"
119.73.99.106 - - [19/Jul/2026:19:51:23 +0000] "GET /wp-content/uploads/2023/02/F429F90E-CA63-4D53-888C-9D4F5F7EDC95.jpeg HTTP/1.1" 200 34744 "-" "Mozilla/5.0 (Macintosh; Intel Mac OS X 10_12_6) AppleWebKit/537.36 (KHTML, like Gecko) Chrome/96.0.4664.110 Safari/537.36"
194.39.149.53 - - [19/Jul/2026:19:51:35 +0000] "POST /wp-cron.php?doing_wp_cron=1784490695.0428199768066406250000 HTTP/1.1" 200 0 "-" "WordPress/7.0.2; https://gradregalia242.com"
91.142.222.105 - - [19/Jul/2026:19:51:33 +0000] "GET /wp-login.php HTTP/2" 200 1941 "-" "Mozilla/5.0 (Windows NT 10.0; Win64; x64) AppleWebKit/537.36 (KHTML, like Gecko) Chrome/147.0.0.0 Safari/537.36"
91.142.222.105 - - [19/Jul/2026:19:51:35 +0000] "POST /wp-login.php HTTP/2" 200 2076 "https://gradregalia242.com/wp-login.php" "Mozilla/5.0 (Windows NT 10.0; Win64; x64) AppleWebKit/537.36 (KHTML, like Gecko) Chrome/147.0.0.0 Safari/537.36"
72.60.40.175 - - [19/Jul/2026:19:52:35 +0000] "GET /shop/ HTTP/2" 200 234401 "-" "Mozilla/5.0 (Windows NT 10.0; Win64; x64) AppleWebKit/537.36"
32.193.54.32 - - [19/Jul/2026:19:53:02 +0000] "GET /robots.txt HTTP/1.1" 200 65525 "-" "Mozilla/5.0 (Macintosh; Intel Mac OS X 10_10_1) AppleWebKit/600.2.5 (KHTML, like Gecko) Version/8.0.2 Safari/600.2.5 (Gort)"
114.119.136.160 - - [19/Jul/2026:19:53:34 +0000] "GET /product-category/bachelors/cap-bachelors HTTP/1.1" 200 57241 "https://gradregalia242.com/product-category/accessories/certificate-holder" "Mozilla/5.0 (Linux; Android 7.0;) AppleWebKit/537.36 (HTML, like Gecko) Mobile Safari/537.36 (compatible; PetalBot;+https://webmaster.petalsearch.com/site/petalbot)"
194.39.149.53 - - [19/Jul/2026:19:54:36 +0000] "POST /wp-cron.php?doing_wp_cron=1784490876.4994370937347412109375 HTTP/1.1" 200 0 "-" "WordPress/7.0.2; https://gradregalia242.com"
157.66.26.183 - - [19/Jul/2026:19:54:35 +0000] "GET /wp-login.php HTTP/2" 200 1941 "-" "Mozilla/5.0 (Windows NT 10.0; Win64; x64) AppleWebKit/537.36 (KHTML, like Gecko) Chrome/147.0.0.0 Safari/537.36"
157.66.26.183 - - [19/Jul/2026:19:54:38 +0000] "POST /wp-login.php HTTP/2" 200 2085 "https://gradregalia242.com.keeloil.com/wp-login.php" "Mozilla/5.0 (Windows NT 10.0; Win64; x64) AppleWebKit/537.36 (KHTML, like Gecko) Chrome/147.0.0.0 Safari/537.36"
114.119.136.160 - - [19/Jul/2026:19:54:54 +0000] "GET /product-category/accessories/medals/ HTTP/1.1" 200 57278 "https://gradregalia242.com/product-category/packages/honor-cord-stole/" "Mozilla/5.0 (Linux; Android 7.0;) AppleWebKit/537.36 (HTML, like Gecko) Mobile Safari/537.36 (compatible; PetalBot;+https://webmaster.petalsearch.com/site/petalbot)"
160.187.68.132 - - [19/Jul/2026:19:55:03 +0000] "GET /wp-login.php HTTP/2" 200 1941 "-" "Mozilla/5.0 (Linux; Android 11; Redmi Note 9) AppleWebKit/537.36 (KHTML, like Gecko) Chrome/150.0.0.0 Mobile Safari/537.36"
185.223.152.70 - - [19/Jul/2026:19:55:07 +0000] "POST /wp-login.php HTTP/1.1" 200 2315 "-" "Mozilla/5.0 (Macintosh; Intel Mac OS X 10_15_7) AppleWebKit/605.1.15 Version/17.0 Safari/605.1.15"
185.223.152.73 - - [19/Jul/2026:19:55:07 +0000] "POST /wp-login.php HTTP/1.1" 200 2294 "-" "Mozilla/5.0 (Windows NT 10.0; Win64; rv:143.0) Gecko/20100101 Firefox/143.0"
160.187.68.132 - - [19/Jul/2026:19:55:08 +0000] "POST /wp-login.php HTTP/2" 200 2085 "https://gradregalia242.com.keeloil.com/wp-login.php" "Mozilla/5.0 (Linux; Android 11; Redmi Note 9) AppleWebKit/537.36 (KHTML, like Gecko) Chrome/150.0.0.0 Mobile Safari/537.36"
145.223.130.26 - - [19/Jul/2026:19:55:59 +0000] "GET /product/completion-grad-package-imprinted-printed-stole-diploma-cover-tumbler/?add_to_wishlist=109294 HTTP/1.1" 200 57278 "-" "Mozilla/5.0 (iPhone; CPU iPhone OS 17_0 like Mac OS X) AppleWebKit/605.1.15 (KHTML, like Gecko) Version/17.0 Mobile/15E148 Safari/172.1"
185.216.73.55 - - [19/Jul/2026:20:01:06 +0000] "GET /product/associate-hood-shield/?add_to_wishlist=17776 HTTP/1.1" 200 65519 "-" "Mozilla/5.0 (Macintosh; Intel Mac OS X 11_3_0) AppleWebKit/537.36 (KHTML, like Gecko) Brave Chrome/89.0.4389.114 Safari/537.36"
185.223.152.81 - - [19/Jul/2026:20:02:44 +0000] "POST /wp-login.php HTTP/1.1" 200 2315 "-" "Mozilla/5.0 (Windows NT 10.0; Win64; x64) AppleWebKit/537.36 Chrome/129.0.0.0 Safari/537.36"
194.39.149.53 - - [19/Jul/2026:20:02:47 +0000] "POST /wp-cron.php?doing_wp_cron=1784491367.6529920101165771484375 HTTP/1.1" 200 0 "-" "WordPress/7.0.2; https://gradregalia242.com"
185.223.152.74 - - [19/Jul/2026:20:02:44 +0000] "POST /wp-login.php HTTP/1.1" 200 2294 "-" "Mozilla/5.0 (Windows NT 10.0; Win64; x64) AppleWebKit/537.36 Chrome/129.0.0.0 Safari/537.36"
74.7.241.179 - - [19/Jul/2026:20:02:57 +0000] "GET /robots.txt HTTP/2" 200 57278 "-" "Mozilla/5.0 (Macintosh; Intel Mac OS X 10_15_7) AppleWebKit/537.36 (KHTML, like Gecko) Chrome/131.0.0.0 Safari/537.36; compatible; OAI-SearchBot/1.4; robots.txt; +https://openai.com/searchbot"
74.7.227.131 - - [19/Jul/2026:20:02:57 +0000] "GET /wp-sitemap.xml HTTP/2" 200 57278 "-" "Mozilla/5.0 AppleWebKit/537.36 (KHTML, like Gecko; compatible; GPTBot/1.4; +https://openai.com/gptbot)"
74.7.227.131 - - [19/Jul/2026:20:03:00 +0000] "GET /osdd.php HTTP/2" 200 57278 "https://gradregalia242.com/wp-sitemap.xml" "Mozilla/5.0 AppleWebKit/537.36 (KHTML, like Gecko; compatible; GPTBot/1.4; +https://openai.com/gptbot)"
74.7.227.131 - - [19/Jul/2026:20:03:03 +0000] "GET /legal/ip HTTP/2" 200 57276 "https://gradregalia242.com/wp-sitemap.xml" "Mozilla/5.0 AppleWebKit/537.36 (KHTML, like Gecko; compatible; GPTBot/1.4; +https://openai.com/gptbot)"
74.7.227.131 - - [19/Jul/2026:20:03:06 +0000] "GET /legal/privacy HTTP/2" 200 57278 "https://gradregalia242.com/wp-sitemap.xml" "Mozilla/5.0 AppleWebKit/537.36 (KHTML, like Gecko; compatible; GPTBot/1.4; +https://openai.com/gptbot)"
74.7.227.131 - - [19/Jul/2026:20:03:08 +0000] "GET /legal/cookies-and-tracking-technologies HTTP/2" 200 57278 "https://gradregalia242.com/wp-sitemap.xml" "Mozilla/5.0 AppleWebKit/537.36 (KHTML, like Gecko; compatible; GPTBot/1.4; +https://openai.com/gptbot)"
72.60.40.175 - - [19/Jul/2026:20:03:41 +0000] "GET /shop/ HTTP/2" 200 234401 "-" "Mozilla/5.0 (Windows NT 10.0; Win64; x64) AppleWebKit/537.36"
45.71.151.130 - - [19/Jul/2026:20:06:56 +0000] "GET /wp-content/uploads/2022/03/65622991-B95A-4731-998A-EBA8E77FDCF8.jpeg HTTP/1.1" 200 45694 "-" "Mozilla/5.0 (Macintosh; Intel Mac OS X 10_13_5) AppleWebKit/537.36 (KHTML, like Gecko) Chrome/67.0.3396.87 Safari/537.36"
181.116.56.251 - - [19/Jul/2026:20:08:33 +0000] "GET /wp-content/uploads/2022/05/BEE8FFA7-A22C-4F79-BC69-8DF3438F9450.jpeg HTTP/1.1" 200 57393 "-" "Mozilla/5.0 (Macintosh; Intel Mac OS X 11_1_0) AppleWebKit/537.36 (KHTML, like Gecko) Brave Chrome/87.0.4280.67 Safari/537.36"
85.208.96.204 - - [19/Jul/2026:20:10:08 +0000] "GET /robots.txt HTTP/1.1" 200 65481 "-" "Mozilla/5.0 (compatible; SemrushBot/7~bl; +http://www.semrush.com/bot.html)"
85.208.96.211 - - [19/Jul/2026:20:10:08 +0000] "GET /slots-en-liberalist-pot-casino-hotwins-europa-deposit-play/ HTTP/1.1" 200 65481 "-" "Mozilla/5.0 (compatible; SemrushBot/7~bl; +http://www.semrush.com/bot.html)"
181.59.3.89 - - [19/Jul/2026:20:10:30 +0000] "GET /product/kings-counsel-barrister-bag-with-initials/?add_to_wishlist=235762 HTTP/1.1" 200 65525 "-" "Mozilla/5.0 (Windows NT 6.3; Win64; x64) AppleWebKit/537.36 (KHTML, like Gecko) Chrome/105.0.0.0 Safari/537.36"
185.223.152.70 - - [19/Jul/2026:20:10:27 +0000] "POST /wp-login.php HTTP/1.1" 200 2315 "-" "Mozilla/5.0 (Macintosh; Intel Mac OS X 10_15_7) AppleWebKit/605.1.15 Version/17.0 Safari/605.1.15"
194.39.149.53 - - [19/Jul/2026:20:10:30 +0000] "POST /wp-cron.php?doing_wp_cron=1784491830.4065411090850830078125 HTTP/1.1" 200 0 "-" "WordPress/7.0.2; https://gradregalia242.com"
185.223.152.71 - - [19/Jul/2026:20:10:27 +0000] "POST /wp-login.php HTTP/1.1" 200 2294 "-" "Mozilla/5.0 (Windows NT 10.0; Win64; x64) AppleWebKit/537.36 Chrome/129.0.0.0 Safari/537.36"
194.39.149.53 - - [19/Jul/2026:20:11:17 +0000] "POST /wp-cron.php?doing_wp_cron=1784491877.7215430736541748046875 HTTP/1.1" 200 0 "-" "WordPress/7.0.2; https://gradregalia242.com"
212.47.76.178 - - [19/Jul/2026:20:11:15 +0000] "POST /xmlrpc.php HTTP/2" 200 186 "-" "Mozilla/5.0 (X11; Fedora; Linux x86_64) AppleWebKit/537.36 (KHTML, like Gecko) Chrome/147.0.0.0 Safari/537.36"
54.39.136.63 - - [19/Jul/2026:20:11:22 +0000] "GET /product/diploma-cover/feed/ HTTP/2" 200 57241 "-" "Mozilla/5.0 (compatible; AhrefsBot/7.0; +http://ahrefs.com/robot/)"
102.208.97.35 - - [19/Jul/2026:20:11:39 +0000] "GET /wp-content/uploads/2022/02/graduation-1.jpeg HTTP/1.1" 200 36065 "-" "Mozilla/5.0 (Windows NT 10.0; Win64; x64) AppleWebKit/537.36 (KHTML, like Gecko) Chrome/93.0.4564.0 Safari/537.36"
191.180.171.249 - - [19/Jul/2026:20:11:53 +0000] "GET /wp-content/uploads/2022/02/graduation-1.jpeg HTTP/1.1" 200 36065 "-" "Mozilla/5.0 (Windows NT 6.1; Win64; x64) AppleWebKit/537.36 (KHTML, like Gecko) Chrome/68.0.3440.75 Safari/537.36"
51.161.37.231 - - [19/Jul/2026:20:12:40 +0000] "GET /product/diploma-cover/feed/ HTTP/2" 200 57278 "-" "Mozilla/5.0 (compatible; AhrefsBot/7.0; +http://ahrefs.com/robot/)"
66.249.79.204 - - [19/Jul/2026:20:13:05 +0000] "GET / HTTP/1.1" 200 57278 "-" "Mozilla/5.0 (Linux; Android 6.0.1; Nexus 5X Build/MMB29P) AppleWebKit/537.36 (KHTML, like Gecko) Chrome/150.0.7871.124 Mobile Safari/537.36 (compatible; Googlebot/2.1; +http://www.google.com/bot.html)"
102.0.19.187 - - [19/Jul/2026:20:13:40 +0000] "GET /wp-content/uploads/2024/09/IMG_4221.jpeg HTTP/1.1" 200 102138 "-" "Mozilla/5.0 (Macintosh; Intel Mac OS X 10_15_4) AppleWebKit/537.36 (KHTML, like Gecko) Chrome/98.0.4758.80 Safari/537.36"
72.60.40.175 - - [19/Jul/2026:20:14:04 +0000] "GET /shop/ HTTP/2" 200 234401 "-" "Mozilla/5.0 (Windows NT 10.0; Win64; x64) AppleWebKit/537.36"
24.69.174.169 - - [19/Jul/2026:20:14:33 +0000] "GET /payments/config.json HTTP/2" 403 5137 "-" "Mozilla/5.0 (Macintosh; Intel Mac OS X 10_15_7) AppleWebKit/537.36 (KHTML, like Gecko) Chrome/120.0.0.0 Safari/537.36"
66.249.79.204 - - [19/Jul/2026:20:14:45 +0000] "GET /api/v3/ajax/member/users/listings-favorites-collections-map?listing_ids%5B%5D=1790774795 HTTP/1.1" 200 57276 "https://gradregalia242.com/" "Mozilla/5.0 (Linux; Android 6.0.1; Nexus 5X Build/MMB29P) AppleWebKit/537.36 (KHTML, like Gecko) Chrome/150.0.7871.124 Mobile Safari/537.36 (compatible; Googlebot/2.1; +http://www.google.com/bot.html)"
66.249.79.204 - - [19/Jul/2026:20:14:45 +0000] "GET /api/v3/ajax/bespoke/public/neu/specs/catnav-mobile?log_performance_metrics=false&specs%5Bcatnav-mobile%5D%5B%5D=CategoryNav_V2_Mobile_ApiSpec_CategoryNav&specs%5Bcatnav-mobile%5D%5B1%5D%5Bmott_version%5D=&specs%5Bcatnav-mobile%5D%5B1%5D%5Bshow_sales%5D=false&specs%5Bcatnav-mobile%5D%5B1%5D%5Bcatnav_gift_guide%5D=control&specs%5Bcatnav-mobile%5D%5B1%5D%5Bgifting_catnav_flyout_js%5D=false&specs%5Bcatnav-mobile%5D%5B1%5D%5Bshould_show_registry_on_nav%5D=false&specs%5Bcatnav-mobile%5D%5B1%5D%5Bshould_use_gifting_taxos_in_nav_flyout%5D=false&specs%5Bcatnav-mobile%5D%5B1%5D%5Blocale%5D=&specs%5Bcatnav-mobile%5D%5B1%5D%5Bshould_use_buyer_taxo%5D=false HTTP/1.1" 200 57278 "https://gradregalia242.com/" "Mozilla/5.0 (Linux; Android 6.0.1; Nexus 5X Build/MMB29P) AppleWebKit/537.36 (KHTML, like Gecko) Chrome/150.0.7871.124 Mobile Safari/537.36 (compatible; Googlebot/2.1; +http://www.google.com/bot.html)"
66.249.79.205 - - [19/Jul/2026:20:14:53 +0000] "GET /favicon.ico HTTP/1.1" 404 1251 "-" "Googlebot-Image/1.0"
54.39.0.17 - - [19/Jul/2026:20:15:37 +0000] "GET /ojeblikkelig-udbetalinger-garanteret-%C2%B7-kongeriget-danmark-collect-bonus-online-casino-wisho/feed/ HTTP/2" 200 57278 "-" "Mozilla/5.0 (compatible; AhrefsBot/7.0; +http://ahrefs.com/robot/)"
148.113.128.150 - - [19/Jul/2026:20:17:24 +0000] "GET /ojeblikkelig-udbetalinger-garanteret-%C2%B7-kongeriget-danmark-collect-bonus-online-casino-wisho/feed/ HTTP/2" 200 57278 "-" "Mozilla/5.0 (compatible; AhrefsBot/7.0; +http://ahrefs.com/robot/)"
185.223.152.82 - - [19/Jul/2026:20:18:10 +0000] "POST /wp-login.php HTTP/1.1" 200 2315 "-" "Mozilla/5.0 (Windows NT 10.0; Win64; rv:143.0) Gecko/20100101 Firefox/143.0"
185.223.152.82 - - [19/Jul/2026:20:18:10 +0000] "POST /wp-login.php HTTP/1.1" 200 2294 "-" "Mozilla/5.0 (Windows NT 10.0; Win64; x64) AppleWebKit/537.36 Chrome/129.0.0.0 Safari/537.36"
194.39.149.53 - - [19/Jul/2026:20:18:19 +0000] "POST /wp-cron.php?doing_wp_cron=1784492299.5393700599670410156250 HTTP/1.1" 200 0 "-" "WordPress/7.0.2; https://gradregalia242.com"
17.22.237.199 - - [19/Jul/2026:20:18:35 +0000] "GET /product/primary-cap-only-matte/feed/ HTTP/2" 200 65525 "-" "Mozilla/5.0 (Macintosh; Intel Mac OS X 10_15_7) AppleWebKit/605.1.15 (KHTML, like Gecko) Version/17.4 Safari/605.1.15 (Applebot/0.1; +http://www.apple.com/go/applebot)"
217.149.164.56 - - [19/Jul/2026:20:22:15 +0000] "GET /product-category/junior-secondary-high-schools/page/2/?add_to_wishlist=235058 HTTP/1.1" 200 65481 "-" "Mozilla/5.0 (Windows NT 6.1; Win64; x64) AppleWebKit/537.36 (KHTML, like Gecko) Chrome/80.0.3987.132 Safari/537.36"
194.39.149.53 - - [19/Jul/2026:20:22:32 +0000] "POST /wp-cron.php?doing_wp_cron=1784492552.7422640323638916015625 HTTP/1.1" 200 0 "-" "WordPress/7.0.2; https://gradregalia242.com"
199.189.225.40 - - [19/Jul/2026:20:22:28 +0000] "GET /wp-login.php HTTP/2" 200 1941 "-" "Mozilla/5.0 (X11; CrOS x86_64 14541.0.0) AppleWebKit/537.36 (KHTML, like Gecko) Chrome/150.0.0.0 Safari/537.36"
199.189.225.40 - - [19/Jul/2026:20:22:33 +0000] "POST /wp-login.php HTTP/2" 200 2085 "https://gradregalia242.com.keeloil.com/wp-login.php" "Mozilla/5.0 (X11; CrOS x86_64 14541.0.0) AppleWebKit/537.36 (KHTML, like Gecko) Chrome/150.0.0.0 Safari/537.36"
72.60.40.175 - - [19/Jul/2026:20:23:22 +0000] "GET /shop/ HTTP/2" 200 234401 "-" "Mozilla/5.0 (Windows NT 10.0; Win64; x64) AppleWebKit/537.36"
85.208.96.203 - - [19/Jul/2026:20:24:05 +0000] "GET /limity-dostawcy-_-netherlands-spin-to-win-online-casino-malina/ HTTP/1.1" 200 65481 "-" "Mozilla/5.0 (compatible; SemrushBot/7~bl; +http://www.semrush.com/bot.html)"
179.26.193.240 - - [19/Jul/2026:20:24:21 +0000] "GET /wp-content/uploads/2022/01/WhatsApp-Image-2022-01-29-at-5.04.26-PM.jpeg HTTP/1.1" 200 130211 "-" "Mozilla/5.0 (Windows NT 6.1; Win64; x64) AppleWebKit/537.36 (KHTML, like Gecko) Chrome/75.0.3770.142 Safari/537.36"
194.39.149.53 - - [19/Jul/2026:20:25:10 +0000] "POST /wp-cron.php?doing_wp_cron=1784492710.8173980712890625000000 HTTP/1.1" 200 0 "-" "WordPress/7.0.2; https://gradregalia242.com"
103.75.185.95 - - [19/Jul/2026:20:25:01 +0000] "GET /wp-login.php HTTP/2" 200 1941 "-" "Mozilla/5.0 (Windows NT 10.0; Win64; x64) AppleWebKit/537.36 (KHTML, like Gecko) Chrome/147.0.0.0 Safari/537.36"
103.75.185.95 - - [19/Jul/2026:20:25:11 +0000] "POST /wp-login.php HTTP/2" 200 2076 "https://gradregalia242.com/wp-login.php" "Mozilla/5.0 (Windows NT 10.0; Win64; x64) AppleWebKit/537.36 (KHTML, like Gecko) Chrome/147.0.0.0 Safari/537.36"
194.39.149.53 - - [19/Jul/2026:20:25:56 +0000] "POST /wp-cron.php?doing_wp_cron=1784492756.5069360733032226562500 HTTP/1.1" 200 0 "-" "WordPress/7.0.2; https://gradregalia242.com"
185.223.152.82 - - [19/Jul/2026:20:25:53 +0000] "POST /wp-login.php HTTP/1.1" 200 2294 "-" "Mozilla/5.0 (Macintosh; Intel Mac OS X 10_15_7) AppleWebKit/605.1.15 Version/17.0 Safari/605.1.15"
185.223.152.90 - - [19/Jul/2026:20:25:53 +0000] "POST /wp-login.php HTTP/1.1" 200 2315 "-" "Mozilla/5.0 (Windows NT 10.0; Win64; rv:143.0) Gecko/20100101 Firefox/143.0"
192.241.143.148 - - [19/Jul/2026:20:26:03 +0000] "GET /wp-login.php HTTP/2" 200 1941 "-" "Mozilla/5.0 (Linux; Android 11; Redmi Note 9) AppleWebKit/537.36 (KHTML, like Gecko) Chrome/147.0.0.0 Mobile Safari/537.36"
192.241.143.148 - - [19/Jul/2026:20:26:05 +0000] "POST /wp-login.php HTTP/2" 200 2085 "https://gradregalia242.com.keeloil.com/wp-login.php" "Mozilla/5.0 (Linux; Android 11; Redmi Note 9) AppleWebKit/537.36 (KHTML, like Gecko) Chrome/147.0.0.0 Mobile Safari/537.36"
194.39.149.53 - - [19/Jul/2026:20:28:19 +0000] "POST /wp-cron.php?doing_wp_cron=1784492899.1379621028900146484375 HTTP/1.1" 200 0 "-" "WordPress/7.0.2; https://gradregalia242.com"
157.66.26.183 - - [19/Jul/2026:20:28:15 +0000] "GET /wp-login.php HTTP/2" 200 1941 "-" "Mozilla/5.0 (Windows NT 10.0; Win64; x64) AppleWebKit/537.36 (KHTML, like Gecko) Chrome/147.0.0.0 Safari/537.36"
157.66.26.183 - - [19/Jul/2026:20:28:20 +0000] "POST /wp-login.php HTTP/2" 200 2085 "https://gradregalia242.com.keeloil.com/wp-login.php" "Mozilla/5.0 (Windows NT 10.0; Win64; x64) AppleWebKit/537.36 (KHTML, like Gecko) Chrome/147.0.0.0 Safari/537.36"
194.39.149.53 - - [19/Jul/2026:20:31:58 +0000] "POST /wp-cron.php?doing_wp_cron=1784493118.3683249950408935546875 HTTP/1.1" 200 0 "-" "WordPress/7.0.2; https://gradregalia242.com"
144.217.254.10 - - [19/Jul/2026:20:31:56 +0000] "GET /wp-login.php HTTP/2" 200 1941 "-" "Mozilla/5.0 (Linux; Android 11; Redmi Note 9) AppleWebKit/537.36 (KHTML, like Gecko) Chrome/147.0.0.0 Mobile Safari/537.36"
144.217.254.10 - - [19/Jul/2026:20:31:58 +0000] "POST /wp-login.php HTTP/2" 200 2110 "https://gradregalia242.com/wp-login.php" "Mozilla/5.0 (Linux; Android 11; Redmi Note 9) AppleWebKit/537.36 (KHTML, like Gecko) Chrome/147.0.0.0 Mobile Safari/537.36"
80.66.66.66 - - [19/Jul/2026:20:33:41 +0000] "GET / HTTP/1.1" 200 65481 "-" "Mozilla/5.0 (X11; Linux x86_64) AppleWebKit/537.36 (KHTML, like Gecko) Chrome/133.0.0.0 Safari/537.36"
80.66.66.66 - - [19/Jul/2026:20:33:44 +0000] "GET /wp-admin/install.php HTTP/1.1" 403 1242 "-" "Mozilla/5.0 (Macintosh; Intel Mac OS X 10_15_7) AppleWebKit/605.1.15 (KHTML, like Gecko) Version/17.1.2 Safari/605.1.15"
80.66.66.66 - - [19/Jul/2026:20:33:49 +0000] "GET /feed/ HTTP/1.1" 200 65481 "-" "Mozilla/5.0 (X11; Linux x86_64; rv:142.0) Gecko/20100101 Firefox/142.0"
80.66.66.66 - - [19/Jul/2026:20:33:52 +0000] "GET /?feed=rss2 HTTP/1.1" 200 65481 "-" "Mozilla/5.0 (Macintosh; Intel Mac OS X 10.15; rv:102.0) Gecko/20100101 Firefox/102.0"
72.60.40.175 - - [19/Jul/2026:20:34:49 +0000] "GET /shop/ HTTP/2" 200 234401 "-" "Mozilla/5.0 (Windows NT 10.0; Win64; x64) AppleWebKit/537.36"
179.42.112.182 - - [19/Jul/2026:20:35:34 +0000] "GET /wp-content/uploads/2022/01/WhatsApp-Image-2022-01-23-at-8.42.24-PM-1.jpeg HTTP/1.1" 200 17987 "-" "Mozilla/5.0 (Macintosh; Intel Mac OS X 10_14_5) AppleWebKit/537.36 (KHTML, like Gecko) Chrome/89.0.4389.90 Safari/537.36"
