100.42.189.89 - - [19/Jul/2026:19:42:30 +0000] "GET /wp-login.php HTTP/2" 200 2184 "-" "Mozilla/5.0 (Linux; Android 12; SM-G998B) AppleWebKit/537.36 (KHTML, like Gecko) Chrome/150.0.0.0 Mobile Safari/537.36"
100.42.189.89 - - [19/Jul/2026:19:42:35 +0000] "POST /wp-login.php HTTP/2" 200 2329 "https://mail.blackhat-unlock.com/wp-login.php" "Mozilla/5.0 (Linux; Android 12; SM-G998B) AppleWebKit/537.36 (KHTML, like Gecko) Chrome/150.0.0.0 Mobile Safari/537.36"
46.27.49.143 - - [19/Jul/2026:19:42:34 +0000] "POST /wp-login.php HTTP/2" 200 2319 "https://blackhat-unlock.com/wp-login.php" "Mozilla/5.0 (iPhone; CPU iPhone OS 18_5_0 like Mac OS X) AppleWebKit/605.1.15 (KHTML, like Gecko) CriOS/147.0.7871.34 Mobile/15E148 Safari/604.1"
91.92.243.239 - - [19/Jul/2026:19:42:54 +0000] "POST /wp-login.php HTTP/1.1" 403 19352 "-" "Mozilla/5.0"
91.92.243.239 - - [19/Jul/2026:19:42:54 +0000] "POST /wp-login.php HTTP/1.1" 403 19352 "-" "Mozilla/5.0"
72.60.40.175 - - [19/Jul/2026:19:43:38 +0000] "GET /shop/ HTTP/2" 200 234009 "-" "Mozilla/5.0 (Windows NT 10.0; Win64; x64) AppleWebKit/537.36"
91.92.243.239 - - [19/Jul/2026:19:45:31 +0000] "POST /wp-login.php HTTP/1.1" 403 19352 "-" "Mozilla/5.0"
91.92.243.239 - - [19/Jul/2026:19:45:31 +0000] "POST /wp-login.php HTTP/1.1" 403 19352 "-" "Mozilla/5.0"
194.39.149.53 - - [19/Jul/2026:19:47:52 +0000] "POST /wp-cron.php?doing_wp_cron=1784490472.1329290866851806640625 HTTP/1.1" 200 0 "-" "WordPress/7.0.2; https://blackhat-unlock.com"
185.223.152.82 - - [19/Jul/2026:19:47:48 +0000] "POST /wp-login.php HTTP/1.1" 200 2536 "-" "Mozilla/5.0 (Macintosh; Intel Mac OS X 10_15_7) AppleWebKit/605.1.15 Version/17.0 Safari/605.1.15"
91.92.243.239 - - [19/Jul/2026:19:48:39 +0000] "POST /wp-login.php HTTP/1.1" 403 19352 "-" "Mozilla/5.0"
91.92.243.239 - - [19/Jul/2026:19:48:39 +0000] "POST /wp-login.php HTTP/1.1" 403 19352 "-" "Mozilla/5.0"
194.39.149.53 - - [19/Jul/2026:19:50:52 +0000] "POST /wp-cron.php?doing_wp_cron=1784490652.4466381072998046875000 HTTP/1.1" 200 0 "-" "WordPress/7.0.2; https://blackhat-unlock.com"
185.223.152.93 - - [19/Jul/2026:19:50:49 +0000] "POST /wp-login.php HTTP/1.1" 200 2536 "-" "edge|Mozilla/5.0 (Windows; Windows NT 10.0; WOW64; en-US) AppleWebKit/601.10 (KHTML, like Gecko) Chrome/50.0.3571.120 Safari/600.7 Edge/17.63649"
91.92.243.239 - - [19/Jul/2026:19:51:09 +0000] "POST /wp-login.php HTTP/1.1" 403 19352 "-" "Mozilla/5.0"
91.92.243.239 - - [19/Jul/2026:19:51:09 +0000] "POST /wp-login.php HTTP/1.1" 403 19352 "-" "Mozilla/5.0"
72.60.40.175 - - [19/Jul/2026:19:52:32 +0000] "GET /shop/ HTTP/2" 200 234009 "-" "Mozilla/5.0 (Windows NT 10.0; Win64; x64) AppleWebKit/537.36"
91.92.243.239 - - [19/Jul/2026:19:54:17 +0000] "POST /wp-login.php HTTP/1.1" 403 19352 "-" "Mozilla/5.0"
91.92.243.239 - - [19/Jul/2026:19:54:17 +0000] "POST /wp-login.php HTTP/1.1" 403 19352 "-" "Mozilla/5.0"
194.39.149.53 - - [19/Jul/2026:19:55:14 +0000] "POST /wp-cron.php?doing_wp_cron=1784490914.3133959770202636718750 HTTP/1.1" 200 0 "-" "WordPress/7.0.2; https://blackhat-unlock.com"
185.223.152.66 - - [19/Jul/2026:19:55:13 +0000] "POST /wp-login.php HTTP/1.1" 200 2536 "-" "Mozilla/5.0 (Windows NT 10.0; Win64; rv:143.0) Gecko/20100101 Firefox/143.0"
91.92.243.239 - - [19/Jul/2026:19:56:52 +0000] "POST /wp-login.php HTTP/1.1" 403 19352 "-" "Mozilla/5.0"
91.92.243.239 - - [19/Jul/2026:19:56:52 +0000] "POST /wp-login.php HTTP/1.1" 403 19352 "-" "Mozilla/5.0"
91.92.243.239 - - [19/Jul/2026:19:59:53 +0000] "POST /wp-login.php HTTP/1.1" 403 19352 "-" "Mozilla/5.0"
91.92.243.239 - - [19/Jul/2026:19:59:53 +0000] "POST /wp-login.php HTTP/1.1" 403 19352 "-" "Mozilla/5.0"
91.92.243.239 - - [19/Jul/2026:20:02:20 +0000] "POST /wp-login.php HTTP/1.1" 403 19352 "-" "Mozilla/5.0"
91.92.243.239 - - [19/Jul/2026:20:02:20 +0000] "POST /wp-login.php HTTP/1.1" 403 19352 "-" "Mozilla/5.0"
194.39.149.53 - - [19/Jul/2026:20:02:57 +0000] "POST /wp-cron.php?doing_wp_cron=1784491377.0201299190521240234375 HTTP/1.1" 200 0 "-" "WordPress/7.0.2; https://blackhat-unlock.com"
185.223.152.71 - - [19/Jul/2026:20:02:49 +0000] "POST /wp-login.php HTTP/1.1" 200 2536 "-" "Mozilla/5.0 (Windows NT 10.0; Win64; x64) AppleWebKit/537.36 Chrome/129.0.0.0 Safari/537.36"
72.60.40.175 - - [19/Jul/2026:20:03:38 +0000] "GET /shop/ HTTP/2" 200 234009 "-" "Mozilla/5.0 (Windows NT 10.0; Win64; x64) AppleWebKit/537.36"
194.39.149.53 - - [19/Jul/2026:20:03:47 +0000] "POST /wp-cron.php?doing_wp_cron=1784491427.7455239295959472656250 HTTP/1.1" 200 0 "-" "WordPress/7.0.2; https://blackhat-unlock.com"
23.94.155.123 - - [19/Jul/2026:20:03:45 +0000] "GET /wp-login.php HTTP/1.1" 200 2400 "-" "Mozilla/5.0 (Macintosh; Intel Mac OS X 10_15_7) AppleWebKit/605.1.15 Version/17.0 Safari/605.1.15"
23.94.155.123 - - [19/Jul/2026:20:03:48 +0000] "GET /?author=1 HTTP/1.1" 200 65490 "-" "Mozilla/5.0 (Macintosh; Intel Mac OS X 10_15_7) AppleWebKit/605.1.15 Version/17.0 Safari/605.1.15"
23.94.155.123 - - [19/Jul/2026:20:03:49 +0000] "GET /?rest_route=/wp/v2/users HTTP/1.1" 200 65490 "-" "Mozilla/5.0 (Windows NT 10.0; Win64; rv:143.0) Gecko/20100101 Firefox/143.0"
23.94.155.123 - - [19/Jul/2026:20:03:50 +0000] "GET /feed HTTP/1.1" 200 65490 "-" "Mozilla/5.0 (Windows NT 10.0; Win64; rv:143.0) Gecko/20100101 Firefox/143.0"
91.92.243.239 - - [19/Jul/2026:20:05:25 +0000] "POST /wp-login.php HTTP/1.1" 403 19352 "-" "Mozilla/5.0"
91.92.243.239 - - [19/Jul/2026:20:05:25 +0000] "POST /wp-login.php HTTP/1.1" 403 19352 "-" "Mozilla/5.0"
66.249.64.160 - - [19/Jul/2026:20:06:21 +0000] "GET /shop/sitemap-12.xml HTTP/1.1" 200 57285 "-" "Mozilla/5.0 (compatible; Googlebot/2.1; +http://www.google.com/bot.html)"
91.92.243.239 - - [19/Jul/2026:20:07:55 +0000] "POST /wp-login.php HTTP/1.1" 403 19352 "-" "Mozilla/5.0"
91.92.243.239 - - [19/Jul/2026:20:07:55 +0000] "POST /wp-login.php HTTP/1.1" 403 19352 "-" "Mozilla/5.0"
194.39.149.53 - - [19/Jul/2026:20:08:45 +0000] "POST /wp-cron.php?doing_wp_cron=1784491725.3372209072113037109375 HTTP/1.1" 200 0 "-" "WordPress/7.0.2; https://blackhat-unlock.com"
188.245.152.176 - - [19/Jul/2026:20:08:39 +0000] "POST /xmlrpc.php HTTP/2" 200 186 "-" "Mozilla/5.0 (Windows NT 10.0; Win64; x64) AppleWebKit/537.36 (KHTML, like Gecko) Chrome/147.0.0.0 Safari/537.36 Edg/147.0.0.0"
45.150.79.142 - - [19/Jul/2026:20:09:08 +0000] "POST /xmlrpc.php HTTP/2" 200 186 "-" "Mozilla/5.0 (X11; Linux x86_64) AppleWebKit/537.36 (KHTML, like Gecko) Chrome/147.0.0.0 Safari/537.36 Edg/147.0.0.0"
8.217.108.67 - - [19/Jul/2026:20:10:14 +0000] "GET /wp/wp-login.php HTTP/2" 200 57285 "-" "Mozilla/5.0 (iPhone; CPU iPhone OS 18_7_2 like Mac OS X) AppleWebKit/605.1.15 (KHTML, like Gecko) CriOS/147.0.7871.34 Mobile/15E148 Safari/604.1"
194.39.149.53 - - [19/Jul/2026:20:10:34 +0000] "POST /wp-cron.php?doing_wp_cron=1784491834.7364029884338378906250 HTTP/1.1" 200 0 "-" "WordPress/7.0.2; https://blackhat-unlock.com"
185.223.152.76 - - [19/Jul/2026:20:10:33 +0000] "POST /wp-login.php HTTP/1.1" 200 2536 "-" "Mozilla/5.0 (Windows NT 10.0; Win64; x64) AppleWebKit/537.36 Chrome/129.0.0.0 Safari/537.36"
185.223.152.105 - - [19/Jul/2026:20:10:39 +0000] "POST /wp-login.php HTTP/1.1" 200 2536 "-" "Dalvik/2.1.0 (Linux; U; Android 5.1; I-S6 Build/LMY47I)"
91.92.243.239 - - [19/Jul/2026:20:10:58 +0000] "POST /wp-login.php HTTP/1.1" 403 19352 "-" "Mozilla/5.0"
91.92.243.239 - - [19/Jul/2026:20:10:58 +0000] "POST /wp-login.php HTTP/1.1" 403 19352 "-" "Mozilla/5.0"
74.7.230.24 - - [19/Jul/2026:20:12:04 +0000] "GET /robots.txt HTTP/2" 200 57285 "-" "Mozilla/5.0 (Macintosh; Intel Mac OS X 10_15_7) AppleWebKit/537.36 (KHTML, like Gecko) Chrome/131.0.0.0 Safari/537.36; compatible; OAI-SearchBot/1.4; robots.txt; +https://openai.com/searchbot"
74.7.227.138 - - [19/Jul/2026:20:12:04 +0000] "GET /wp-sitemap.xml HTTP/2" 200 57285 "-" "Mozilla/5.0 AppleWebKit/537.36 (KHTML, like Gecko; compatible; GPTBot/1.4; +https://openai.com/gptbot)"
74.7.227.138 - - [19/Jul/2026:20:12:07 +0000] "GET /legal/privacy HTTP/2" 200 57285 "https://blackhat-unlock.com/wp-sitemap.xml" "Mozilla/5.0 AppleWebKit/537.36 (KHTML, like Gecko; compatible; GPTBot/1.4; +https://openai.com/gptbot)"
74.7.227.138 - - [19/Jul/2026:20:12:09 +0000] "GET /legal/cookies-and-tracking-technologies HTTP/2" 200 57285 "https://blackhat-unlock.com/wp-sitemap.xml" "Mozilla/5.0 AppleWebKit/537.36 (KHTML, like Gecko; compatible; GPTBot/1.4; +https://openai.com/gptbot)"
74.7.227.138 - - [19/Jul/2026:20:12:12 +0000] "GET /osdd.php HTTP/2" 200 57285 "https://blackhat-unlock.com/wp-sitemap.xml" "Mozilla/5.0 AppleWebKit/537.36 (KHTML, like Gecko; compatible; GPTBot/1.4; +https://openai.com/gptbot)"
74.7.227.138 - - [19/Jul/2026:20:12:14 +0000] "GET /legal/ip HTTP/2" 200 57285 "https://blackhat-unlock.com/wp-sitemap.xml" "Mozilla/5.0 AppleWebKit/537.36 (KHTML, like Gecko; compatible; GPTBot/1.4; +https://openai.com/gptbot)"
194.39.149.53 - - [19/Jul/2026:20:13:23 +0000] "POST /wp-cron.php?doing_wp_cron=1784492003.8419649600982666015625 HTTP/1.1" 200 0 "-" "WordPress/7.0.2; https://blackhat-unlock.com"
120.72.98.5 - - [19/Jul/2026:20:13:21 +0000] "GET /wp-login.php HTTP/2" 200 2184 "-" "Mozilla/5.0 (Windows NT 10.0; Win64; x64) AppleWebKit/537.36 (KHTML, like Gecko) Chrome/150.0.0.0 Safari/537.36 Edg/150.0.0.0"
120.72.98.5 - - [19/Jul/2026:20:13:25 +0000] "POST /wp-login.php HTTP/2" 200 2329 "https://mail.blackhat-unlock.com/wp-login.php" "Mozilla/5.0 (Windows NT 10.0; Win64; x64) AppleWebKit/537.36 (KHTML, like Gecko) Chrome/150.0.0.0 Safari/537.36 Edg/150.0.0.0"
91.92.243.239 - - [19/Jul/2026:20:13:32 +0000] "POST /wp-login.php HTTP/1.1" 403 19352 "-" "Mozilla/5.0"
91.92.243.239 - - [19/Jul/2026:20:13:32 +0000] "POST /wp-login.php HTTP/1.1" 403 19352 "-" "Mozilla/5.0"
72.60.40.175 - - [19/Jul/2026:20:14:01 +0000] "GET /shop/ HTTP/2" 200 234009 "-" "Mozilla/5.0 (Windows NT 10.0; Win64; x64) AppleWebKit/537.36"
91.92.243.239 - - [19/Jul/2026:20:16:43 +0000] "POST /wp-login.php HTTP/1.1" 403 19352 "-" "Mozilla/5.0"
91.92.243.239 - - [19/Jul/2026:20:16:43 +0000] "POST /wp-login.php HTTP/1.1" 403 19352 "-" "Mozilla/5.0"
194.39.149.53 - - [19/Jul/2026:20:18:28 +0000] "POST /wp-cron.php?doing_wp_cron=1784492308.3130888938903808593750 HTTP/1.1" 200 0 "-" "WordPress/7.0.2; https://blackhat-unlock.com"
185.223.152.76 - - [19/Jul/2026:20:18:16 +0000] "POST /wp-login.php HTTP/1.1" 200 2536 "-" "Mozilla/5.0 (Windows NT 10.0; Win64; rv:143.0) Gecko/20100101 Firefox/143.0"
91.92.243.239 - - [19/Jul/2026:20:19:12 +0000] "POST /wp-login.php HTTP/1.1" 403 19352 "-" "Mozilla/5.0"
91.92.243.239 - - [19/Jul/2026:20:19:12 +0000] "POST /wp-login.php HTTP/1.1" 403 19352 "-" "Mozilla/5.0"
50.114.15.173 - - [19/Jul/2026:20:21:51 +0000] "GET / HTTP/2" 200 57285 "-" "Mozilla/5.0 (Macintosh; Intel Mac OS X 10_15_7) AppleWebKit/537.36 (KHTML, like Gecko) Chrome/146.0.0.0 Safari/537.36"
91.92.243.239 - - [19/Jul/2026:20:22:19 +0000] "POST /wp-login.php HTTP/1.1" 403 19352 "-" "Mozilla/5.0"
91.92.243.239 - - [19/Jul/2026:20:22:19 +0000] "POST /wp-login.php HTTP/1.1" 403 19352 "-" "Mozilla/5.0"
72.60.40.175 - - [19/Jul/2026:20:23:19 +0000] "GET /shop/ HTTP/2" 200 234009 "-" "Mozilla/5.0 (Windows NT 10.0; Win64; x64) AppleWebKit/537.36"
91.92.243.239 - - [19/Jul/2026:20:24:55 +0000] "POST /wp-login.php HTTP/1.1" 403 19352 "-" "Mozilla/5.0"
91.92.243.239 - - [19/Jul/2026:20:24:55 +0000] "POST /wp-login.php HTTP/1.1" 403 19352 "-" "Mozilla/5.0"
194.39.149.53 - - [19/Jul/2026:20:26:04 +0000] "POST /wp-cron.php?doing_wp_cron=1784492764.5307350158691406250000 HTTP/1.1" 200 0 "-" "WordPress/7.0.2; https://blackhat-unlock.com"
185.223.152.82 - - [19/Jul/2026:20:25:59 +0000] "POST /wp-login.php HTTP/1.1" 200 2536 "-" "Mozilla/5.0 (Windows NT 10.0; Win64; rv:143.0) Gecko/20100101 Firefox/143.0"
91.92.243.239 - - [19/Jul/2026:20:28:10 +0000] "POST /wp-login.php HTTP/1.1" 403 19352 "-" "Mozilla/5.0"
91.92.243.239 - - [19/Jul/2026:20:28:10 +0000] "POST /wp-login.php HTTP/1.1" 403 19352 "-" "Mozilla/5.0"
91.92.243.239 - - [19/Jul/2026:20:30:48 +0000] "POST /wp-login.php HTTP/1.1" 403 19352 "-" "Mozilla/5.0"
91.92.243.239 - - [19/Jul/2026:20:30:48 +0000] "POST /wp-login.php HTTP/1.1" 403 19352 "-" "Mozilla/5.0"
91.92.243.239 - - [19/Jul/2026:20:34:00 +0000] "POST /wp-login.php HTTP/1.1" 403 19352 "-" "Mozilla/5.0"
91.92.243.239 - - [19/Jul/2026:20:34:00 +0000] "POST /wp-login.php HTTP/1.1" 403 19352 "-" "Mozilla/5.0"
72.60.40.175 - - [19/Jul/2026:20:34:45 +0000] "GET /shop/ HTTP/2" 200 234009 "-" "Mozilla/5.0 (Windows NT 10.0; Win64; x64) AppleWebKit/537.36"
91.92.243.239 - - [19/Jul/2026:20:36:28 +0000] "POST /wp-login.php HTTP/1.1" 403 19352 "-" "Mozilla/5.0"
91.92.243.239 - - [19/Jul/2026:20:36:28 +0000] "POST /wp-login.php HTTP/1.1" 403 19352 "-" "Mozilla/5.0"
194.39.149.53 - - [19/Jul/2026:20:36:37 +0000] "POST /wp-cron.php?doing_wp_cron=1784493397.0551149845123291015625 HTTP/1.1" 200 0 "-" "WordPress/7.0.2; https://blackhat-unlock.com"
8.217.108.67 - - [19/Jul/2026:20:36:33 +0000] "GET /wp-login.php HTTP/2" 200 2184 "-" "Mozilla/5.0 (Windows NT 10.0; WOW64) AppleWebKit/537.36 (KHTML, like Gecko) Chrome/147.0.0.0 Safari/537.36"
8.217.108.67 - - [19/Jul/2026:20:36:37 +0000] "POST /wp-login.php HTTP/2" 200 2319 "https://blackhat-unlock.com/wp-login.php" "Mozilla/5.0 (Windows NT 10.0; WOW64) AppleWebKit/537.36 (KHTML, like Gecko) Chrome/147.0.0.0 Safari/537.36"
157.55.39.223 - - [19/Jul/2026:20:38:39 +0000] "GET /robots.txt HTTP/2" 200 57240 "-" "Mozilla/5.0 AppleWebKit/537.36 (KHTML, like Gecko; compatible; bingbot/2.0; +http://www.bing.com/bingbot.htm) Chrome/116.0.1938.76 Safari/537.36"
194.39.149.53 - - [19/Jul/2026:20:38:45 +0000] "POST /wp-cron.php?doing_wp_cron=1784493524.9279680252075195312500 HTTP/1.1" 200 0 "-" "WordPress/7.0.2; https://blackhat-unlock.com"
185.223.152.101 - - [19/Jul/2026:20:38:43 +0000] "POST /wp-login.php HTTP/1.1" 200 2536 "-" "Mozilla/5.0 (Windows; U; Windows NT 5.1; en-US; rv:1.8b5) Gecko/20051006 Firefox/1.4.1"
52.167.144.146 - - [19/Jul/2026:20:38:48 +0000] "GET /sitemaps.xml HTTP/2" 200 57240 "-" "Mozilla/5.0 AppleWebKit/537.36 (KHTML, like Gecko; compatible; bingbot/2.0; +http://www.bing.com/bingbot.htm) Chrome/116.0.1938.76 Safari/537.36"
91.92.243.239 - - [19/Jul/2026:20:39:20 +0000] "POST /wp-login.php HTTP/1.1" 403 19352 "-" "Mozilla/5.0"
91.92.243.239 - - [19/Jul/2026:20:39:20 +0000] "POST /wp-login.php HTTP/1.1" 403 19352 "-" "Mozilla/5.0"
91.92.243.239 - - [19/Jul/2026:20:41:46 +0000] "POST /wp-login.php HTTP/1.1" 403 19352 "-" "Mozilla/5.0"
91.92.243.239 - - [19/Jul/2026:20:41:46 +0000] "POST /wp-login.php HTTP/1.1" 403 19352 "-" "Mozilla/5.0"
194.39.149.53 - - [19/Jul/2026:20:42:46 +0000] "POST /wp-cron.php?doing_wp_cron=1784493766.2334520816802978515625 HTTP/1.1" 200 0 "-" "WordPress/7.0.2; https://blackhat-unlock.com"
89.216.62.195 - - [19/Jul/2026:20:42:43 +0000] "GET /wp-login.php HTTP/2" 200 2184 "-" "Mozilla/5.0 (Linux; Android 13; Pixel 7) AppleWebKit/537.36 (KHTML, like Gecko) Chrome/150.0.0.0 Mobile Safari/537.36"
89.216.62.195 - - [19/Jul/2026:20:42:47 +0000] "POST /wp-login.php HTTP/2" 200 2329 "https://mail.blackhat-unlock.com/wp-login.php" "Mozilla/5.0 (Linux; Android 13; Pixel 7) AppleWebKit/537.36 (KHTML, like Gecko) Chrome/150.0.0.0 Mobile Safari/537.36"
23.23.214.190 - - [19/Jul/2026:20:43:03 +0000] "GET /wp-json/wp/v2/product/1344 HTTP/1.1" 200 65490 "-" "Mozilla/5.0 AppleWebKit/537.36 (KHTML, like Gecko; compatible; Amazonbot/0.1; +https://developer.amazon.com/support/amazonbot) Chrome/119.0.6045.214 Safari/537.36"
72.60.40.175 - - [19/Jul/2026:20:44:19 +0000] "GET /shop/ HTTP/2" 200 234009 "-" "Mozilla/5.0 (Windows NT 10.0; Win64; x64) AppleWebKit/537.36"
91.92.243.239 - - [19/Jul/2026:20:44:53 +0000] "POST /wp-login.php HTTP/1.1" 403 19352 "-" "Mozilla/5.0"
91.92.243.239 - - [19/Jul/2026:20:44:53 +0000] "POST /wp-login.php HTTP/1.1" 403 19352 "-" "Mozilla/5.0"
194.39.149.53 - - [19/Jul/2026:20:46:41 +0000] "POST /wp-cron.php?doing_wp_cron=1784494000.8616259098052978515625 HTTP/1.1" 200 0 "-" "WordPress/7.0.2; https://blackhat-unlock.com"
3.7.185.37 - - [19/Jul/2026:20:46:37 +0000] "POST /xmlrpc.php HTTP/2" 200 186 "-" "Mozilla/5.0 (Macintosh; Intel Mac OS X 13_6_9) AppleWebKit/537.36 (KHTML, like Gecko) Chrome/147.0.0.0 Safari/537.36"
91.92.241.196 - - [19/Jul/2026:20:46:58 +0000] "GET /.env HTTP/1.1" 403 5812 "-" "Mozilla/5.0 (Windows NT 10.0; Win64; x64) AppleWebKit/537.36"
91.92.241.196 - - [19/Jul/2026:20:46:59 +0000] "GET /.env.production HTTP/1.1" 403 5806 "-" "Mozilla/5.0 (Windows NT 10.0; Win64; x64) AppleWebKit/537.36"
91.92.241.196 - - [19/Jul/2026:20:47:01 +0000] "GET /api/.env HTTP/1.1" 403 5812 "-" "Mozilla/5.0 (Windows NT 10.0; Win64; x64) AppleWebKit/537.36"
91.92.241.196 - - [19/Jul/2026:20:47:02 +0000] "GET /.aws/credentials HTTP/1.1" 403 5812 "-" "Mozilla/5.0 (Windows NT 10.0; Win64; x64) AppleWebKit/537.36"
91.92.243.239 - - [19/Jul/2026:20:47:27 +0000] "POST /wp-login.php HTTP/1.1" 403 19352 "-" "Mozilla/5.0"
91.92.243.239 - - [19/Jul/2026:20:47:27 +0000] "POST /wp-login.php HTTP/1.1" 403 19352 "-" "Mozilla/5.0"
194.39.149.53 - - [19/Jul/2026:20:47:34 +0000] "POST /wp-cron.php?doing_wp_cron=1784494054.6118340492248535156250 HTTP/1.1" 200 0 "-" "WordPress/7.0.2; https://blackhat-unlock.com"
120.72.98.5 - - [19/Jul/2026:20:47:32 +0000] "POST /xmlrpc.php HTTP/2" 200 186 "-" "Mozilla/5.0 (Linux; Android 13; SM-S918B) AppleWebKit/537.36 (KHTML, like Gecko) Chrome/147.0.0.0 Mobile Safari/537.36"
91.92.243.239 - - [19/Jul/2026:20:50:29 +0000] "POST /wp-login.php HTTP/1.1" 403 19352 "-" "Mozilla/5.0"
91.92.243.239 - - [19/Jul/2026:20:50:29 +0000] "POST /wp-login.php HTTP/1.1" 403 19352 "-" "Mozilla/5.0"
91.92.243.239 - - [19/Jul/2026:20:53:04 +0000] "POST /wp-login.php HTTP/1.1" 403 19352 "-" "Mozilla/5.0"
91.92.243.239 - - [19/Jul/2026:20:53:04 +0000] "POST /wp-login.php HTTP/1.1" 403 19352 "-" "Mozilla/5.0"
72.60.40.175 - - [19/Jul/2026:20:54:21 +0000] "GET /shop/ HTTP/2" 200 234009 "-" "Mozilla/5.0 (Windows NT 10.0; Win64; x64) AppleWebKit/537.36"
194.39.149.53 - - [19/Jul/2026:20:55:56 +0000] "POST /wp-cron.php?doing_wp_cron=1784494556.0358409881591796875000 HTTP/1.1" 200 0 "-" "WordPress/7.0.2; https://blackhat-unlock.com"
185.223.152.97 - - [19/Jul/2026:20:55:52 +0000] "POST /wp-login.php HTTP/1.1" 200 2536 "-" "chrome|Mozilla/5.0 (Linux; U; Linux i642 x86_64) AppleWebKit/601.12 (KHTML, like Gecko) Chrome/48.0.2117.158 Safari/601"
91.92.243.239 - - [19/Jul/2026:20:56:20 +0000] "POST /wp-login.php HTTP/1.1" 403 19352 "-" "Mozilla/5.0"
91.92.243.239 - - [19/Jul/2026:20:56:20 +0000] "POST /wp-login.php HTTP/1.1" 403 19352 "-" "Mozilla/5.0"
66.249.64.173 - - [19/Jul/2026:20:58:43 +0000] "GET /shop/sitemap-3.xml HTTP/1.1" 200 57285 "-" "Mozilla/5.0 (compatible; Googlebot/2.1; +http://www.google.com/bot.html)"
91.92.243.239 - - [19/Jul/2026:20:58:52 +0000] "POST /wp-login.php HTTP/1.1" 403 19352 "-" "Mozilla/5.0"
91.92.243.239 - - [19/Jul/2026:20:58:52 +0000] "POST /wp-login.php HTTP/1.1" 403 19352 "-" "Mozilla/5.0"
91.92.243.239 - - [19/Jul/2026:21:01:59 +0000] "POST /wp-login.php HTTP/1.1" 403 19352 "-" "Mozilla/5.0"
91.92.243.239 - - [19/Jul/2026:21:01:59 +0000] "POST /wp-login.php HTTP/1.1" 403 19352 "-" "Mozilla/5.0"
72.60.40.175 - - [19/Jul/2026:21:03:44 +0000] "GET /shop/ HTTP/2" 200 234009 "-" "Mozilla/5.0 (Windows NT 10.0; Win64; x64) AppleWebKit/537.36"
45.117.83.212 - - [19/Jul/2026:21:04:00 +0000] "GET /wp/wp-login.php HTTP/2" 200 57285 "-" "Mozilla/5.0 (X11; Linux x86_64) AppleWebKit/537.36 (KHTML, like Gecko) Chrome/147.0.0.0 Safari/537.36"
91.92.243.239 - - [19/Jul/2026:21:04:36 +0000] "POST /wp-login.php HTTP/1.1" 403 19352 "-" "Mozilla/5.0"
91.92.243.239 - - [19/Jul/2026:21:04:36 +0000] "POST /wp-login.php HTTP/1.1" 403 19352 "-" "Mozilla/5.0"
66.249.64.160 - - [19/Jul/2026:21:05:27 +0000] "GET /shop/sitemap-34.xml HTTP/1.1" 200 57285 "-" "Mozilla/5.0 (compatible; Googlebot/2.1; +http://www.google.com/bot.html)"
91.92.243.239 - - [19/Jul/2026:21:07:47 +0000] "POST /wp-login.php HTTP/1.1" 403 19352 "-" "Mozilla/5.0"
91.92.243.239 - - [19/Jul/2026:21:07:47 +0000] "POST /wp-login.php HTTP/1.1" 403 19352 "-" "Mozilla/5.0"
66.249.64.174 - - [19/Jul/2026:21:09:45 +0000] "GET /shop/sitemap-9.xml HTTP/1.1" 200 57285 "-" "Mozilla/5.0 (compatible; Googlebot/2.1; +http://www.google.com/bot.html)"
91.92.243.239 - - [19/Jul/2026:21:10:15 +0000] "POST /wp-login.php HTTP/1.1" 403 19352 "-" "Mozilla/5.0"
91.92.243.239 - - [19/Jul/2026:21:10:15 +0000] "POST /wp-login.php HTTP/1.1" 403 19352 "-" "Mozilla/5.0"
194.39.149.53 - - [19/Jul/2026:21:12:04 +0000] "POST /wp-cron.php?doing_wp_cron=1784495524.0118188858032226562500 HTTP/1.1" 200 0 "-" "WordPress/7.0.2; https://blackhat-unlock.com"
185.223.152.96 - - [19/Jul/2026:21:11:57 +0000] "POST /wp-login.php HTTP/1.1" 200 2536 "-" "edge|Mozilla/5.0 (Windows NT 10.3; Win64; x64; en-US) AppleWebKit/534.7 (KHTML, like Gecko) Chrome/53.0.1032.198 Safari/533.8 Edge/14.75992"
194.39.149.53 - - [19/Jul/2026:21:13:00 +0000] "POST /wp-cron.php?doing_wp_cron=1784495580.7113449573516845703125 HTTP/1.1" 200 0 "-" "WordPress/7.0.2; https://blackhat-unlock.com"
45.117.83.212 - - [19/Jul/2026:21:12:59 +0000] "GET /wp-login.php HTTP/2" 200 2184 "-" "Mozilla/5.0 (Macintosh; Intel Mac OS X 11_7_10) AppleWebKit/537.36 (KHTML, like Gecko) Chrome/150.0.0.0 Safari/537.36"
45.117.83.212 - - [19/Jul/2026:21:13:02 +0000] "POST /wp-login.php HTTP/2" 200 2329 "https://mail.blackhat-unlock.com/wp-login.php" "Mozilla/5.0 (Macintosh; Intel Mac OS X 11_7_10) AppleWebKit/537.36 (KHTML, like Gecko) Chrome/150.0.0.0 Safari/537.36"
91.92.243.239 - - [19/Jul/2026:21:13:24 +0000] "POST /wp-login.php HTTP/1.1" 403 19352 "-" "Mozilla/5.0"
91.92.243.239 - - [19/Jul/2026:21:13:24 +0000] "POST /wp-login.php HTTP/1.1" 403 19352 "-" "Mozilla/5.0"
72.60.40.175 - - [19/Jul/2026:21:14:21 +0000] "GET /shop/ HTTP/2" 200 234009 "-" "Mozilla/5.0 (Windows NT 10.0; Win64; x64) AppleWebKit/537.36"
91.92.243.239 - - [19/Jul/2026:21:15:58 +0000] "POST /wp-login.php HTTP/1.1" 403 19352 "-" "Mozilla/5.0"
91.92.243.239 - - [19/Jul/2026:21:15:58 +0000] "POST /wp-login.php HTTP/1.1" 403 19352 "-" "Mozilla/5.0"
91.92.243.239 - - [19/Jul/2026:21:18:58 +0000] "POST /wp-login.php HTTP/1.1" 403 19352 "-" "Mozilla/5.0"
91.92.243.239 - - [19/Jul/2026:21:18:59 +0000] "POST /wp-login.php HTTP/1.1" 403 19352 "-" "Mozilla/5.0"
194.39.149.53 - - [19/Jul/2026:21:21:06 +0000] "POST /wp-cron.php?doing_wp_cron=1784496066.3287630081176757812500 HTTP/1.1" 200 0 "-" "WordPress/7.0.2; https://blackhat-unlock.com"
100.42.189.89 - - [19/Jul/2026:21:21:03 +0000] "GET /wp-login.php HTTP/2" 200 2184 "-" "Mozilla/5.0 (iPhone; CPU iPhone OS 17_7_2 like Mac OS X) AppleWebKit/605.1.15 (KHTML, like Gecko) CriOS/147.0.7871.34 Mobile/15E148 Safari/604.1"
100.42.189.89 - - [19/Jul/2026:21:21:06 +0000] "POST /wp-login.php HTTP/2" 200 2319 "https://blackhat-unlock.com/wp-login.php" "Mozilla/5.0 (iPhone; CPU iPhone OS 17_7_2 like Mac OS X) AppleWebKit/605.1.15 (KHTML, like Gecko) CriOS/147.0.7871.34 Mobile/15E148 Safari/604.1"
91.92.243.239 - - [19/Jul/2026:21:21:24 +0000] "POST /wp-login.php HTTP/1.1" 403 19352 "-" "Mozilla/5.0"
91.92.243.239 - - [19/Jul/2026:21:21:24 +0000] "POST /wp-login.php HTTP/1.1" 403 19352 "-" "Mozilla/5.0"
66.249.64.173 - - [19/Jul/2026:21:21:59 +0000] "GET /shop/sitemap-18.xml HTTP/1.1" 200 57285 "-" "Mozilla/5.0 (compatible; Googlebot/2.1; +http://www.google.com/bot.html)"
72.60.40.175 - - [19/Jul/2026:21:23:30 +0000] "GET /shop/ HTTP/2" 200 234009 "-" "Mozilla/5.0 (Windows NT 10.0; Win64; x64) AppleWebKit/537.36"
91.92.243.239 - - [19/Jul/2026:21:24:27 +0000] "POST /wp-login.php HTTP/1.1" 403 19352 "-" "Mozilla/5.0"
91.92.243.239 - - [19/Jul/2026:21:24:27 +0000] "POST /wp-login.php HTTP/1.1" 403 19352 "-" "Mozilla/5.0"
194.39.149.53 - - [19/Jul/2026:21:25:31 +0000] "POST /wp-cron.php?doing_wp_cron=1784496331.7110149860382080078125 HTTP/1.1" 200 0 "-" "WordPress/7.0.2; https://blackhat-unlock.com"
68.183.22.192 - - [19/Jul/2026:21:25:28 +0000] "POST /xmlrpc.php HTTP/2" 200 186 "-" "Mozilla/5.0 (Linux; Android 14; Pixel 8) AppleWebKit/537.36 (KHTML, like Gecko) Chrome/147.0.0.0 Mobile Safari/537.36"
91.92.243.239 - - [19/Jul/2026:21:27:08 +0000] "POST /wp-login.php HTTP/1.1" 403 19352 "-" "Mozilla/5.0"
91.92.243.239 - - [19/Jul/2026:21:27:08 +0000] "POST /wp-login.php HTTP/1.1" 403 19352 "-" "Mozilla/5.0"
66.249.64.173 - - [19/Jul/2026:21:28:02 +0000] "GET /shop/sitemap-24.xml HTTP/1.1" 200 57284 "-" "Mozilla/5.0 (compatible; Googlebot/2.1; +http://www.google.com/bot.html)"
91.92.243.239 - - [19/Jul/2026:21:30:49 +0000] "POST /wp-login.php HTTP/1.1" 403 19352 "-" "Mozilla/5.0"
91.92.243.239 - - [19/Jul/2026:21:30:49 +0000] "POST /wp-login.php HTTP/1.1" 403 19352 "-" "Mozilla/5.0"
194.39.149.53 - - [19/Jul/2026:21:33:11 +0000] "POST /wp-cron.php?doing_wp_cron=1784496791.1947369575500488281250 HTTP/1.1" 200 0 "-" "WordPress/7.0.2; https://blackhat-unlock.com"
152.228.213.32 - - [19/Jul/2026:21:33:08 +0000] "POST /xmlrpc.php HTTP/2" 200 186 "-" "Mozilla/5.0 (iPhone; CPU iPhone OS 18_7_2 like Mac OS X) AppleWebKit/605.1.15 (KHTML, like Gecko) CriOS/147.0.7871.34 Mobile/15E148 Safari/604.1"
91.92.243.239 - - [19/Jul/2026:21:37:08 +0000] "POST /wp-login.php HTTP/1.1" 403 19352 "-" "Mozilla/5.0"
91.92.243.239 - - [19/Jul/2026:21:37:08 +0000] "POST /wp-login.php HTTP/1.1" 403 19352 "-" "Mozilla/5.0"
91.92.243.239 - - [19/Jul/2026:21:39:38 +0000] "POST /wp-login.php HTTP/1.1" 403 19352 "-" "Mozilla/5.0"
91.92.243.239 - - [19/Jul/2026:21:39:38 +0000] "POST /wp-login.php HTTP/1.1" 403 19352 "-" "Mozilla/5.0"
194.39.149.53 - - [19/Jul/2026:21:41:37 +0000] "POST /wp-cron.php?doing_wp_cron=1784497296.9682109355926513671875 HTTP/1.1" 200 0 "-" "WordPress/7.0.2; https://blackhat-unlock.com"
5.161.225.162 - - [19/Jul/2026:21:41:34 +0000] "GET /wp-login.php HTTP/2" 200 2184 "-" "Mozilla/5.0 (X11; Linux x86_64) AppleWebKit/537.36 (KHTML, like Gecko) Chrome/150.0.0.0 Safari/537.36"
5.161.225.162 - - [19/Jul/2026:21:41:37 +0000] "POST /wp-login.php HTTP/2" 200 2329 "https://mail.blackhat-unlock.com/wp-login.php" "Mozilla/5.0 (X11; Linux x86_64) AppleWebKit/537.36 (KHTML, like Gecko) Chrome/150.0.0.0 Safari/537.36"
72.60.40.175 - - [19/Jul/2026:21:42:40 +0000] "GET /shop/ HTTP/2" 200 234009 "-" "Mozilla/5.0 (Windows NT 10.0; Win64; x64) AppleWebKit/537.36"
91.92.243.239 - - [19/Jul/2026:21:42:42 +0000] "POST /wp-login.php HTTP/1.1" 403 19352 "-" "Mozilla/5.0"
91.92.243.239 - - [19/Jul/2026:21:42:42 +0000] "POST /wp-login.php HTTP/1.1" 403 19352 "-" "Mozilla/5.0"
91.92.243.239 - - [19/Jul/2026:21:45:14 +0000] "POST /wp-login.php HTTP/1.1" 403 19352 "-" "Mozilla/5.0"
91.92.243.239 - - [19/Jul/2026:21:45:14 +0000] "POST /wp-login.php HTTP/1.1" 403 19352 "-" "Mozilla/5.0"
72.60.40.175 - - [19/Jul/2026:21:46:02 +0000] "GET /shop/ HTTP/2" 200 234009 "-" "Mozilla/5.0 (Windows NT 10.0; Win64; x64) AppleWebKit/537.36"
91.92.243.239 - - [19/Jul/2026:21:48:21 +0000] "POST /wp-login.php HTTP/1.1" 403 19352 "-" "Mozilla/5.0"
91.92.243.239 - - [19/Jul/2026:21:48:21 +0000] "POST /wp-login.php HTTP/1.1" 403 19352 "-" "Mozilla/5.0"
91.92.243.239 - - [19/Jul/2026:21:50:52 +0000] "POST /wp-login.php HTTP/1.1" 403 19352 "-" "Mozilla/5.0"
91.92.243.239 - - [19/Jul/2026:21:50:52 +0000] "POST /wp-login.php HTTP/1.1" 403 19352 "-" "Mozilla/5.0"
152.228.213.32 - - [19/Jul/2026:21:52:30 +0000] "GET /wp/wp-login.php HTTP/2" 200 57285 "-" "Mozilla/5.0 (X11; Fedora; Linux x86_64) AppleWebKit/537.36 (KHTML, like Gecko) Chrome/147.0.0.0 Safari/537.36"
72.60.40.175 - - [19/Jul/2026:21:53:24 +0000] "GET /shop/ HTTP/2" 200 234009 "-" "Mozilla/5.0 (Windows NT 10.0; Win64; x64) AppleWebKit/537.36"
91.92.243.239 - - [19/Jul/2026:21:54:05 +0000] "POST /wp-login.php HTTP/1.1" 403 19352 "-" "Mozilla/5.0"
91.92.243.239 - - [19/Jul/2026:21:54:05 +0000] "POST /wp-login.php HTTP/1.1" 403 19352 "-" "Mozilla/5.0"
52.167.144.237 - - [19/Jul/2026:21:55:25 +0000] "GET /sitemaps.xml HTTP/2" 200 57284 "-" "Mozilla/5.0 AppleWebKit/537.36 (KHTML, like Gecko; compatible; bingbot/2.0; +http://www.bing.com/bingbot.htm) Chrome/116.0.1938.76 Safari/537.36"
66.249.64.174 - - [19/Jul/2026:21:55:34 +0000] "GET /shop/sitemap-6.xml HTTP/1.1" 200 57284 "-" "Mozilla/5.0 (compatible; Googlebot/2.1; +http://www.google.com/bot.html)"
91.92.243.239 - - [19/Jul/2026:21:56:40 +0000] "POST /wp-login.php HTTP/1.1" 403 19352 "-" "Mozilla/5.0"
91.92.243.239 - - [19/Jul/2026:21:56:40 +0000] "POST /wp-login.php HTTP/1.1" 403 19352 "-" "Mozilla/5.0"
72.1.138.29 - - [19/Jul/2026:21:56:59 +0000] "GET / HTTP/1.1" 200 57240 "-" "Mozilla/5.0 (Windows NT 10.0; Win64; x64) AppleWebKit/537.36 (KHTML, like Gecko) Chrome/129.0.0.0 Safari/537.3"
72.1.138.29 - - [19/Jul/2026:21:57:00 +0000] "GET /sitemap.xml HTTP/1.1" 200 211 "https://blackhat-unlock.com" "Mozilla/5.0 (Windows NT 10.0; Win64; x64) AppleWebKit/537.36 (KHTML, like Gecko) Chrome/129.0.0.0 Safari/537.3"
91.92.243.239 - - [19/Jul/2026:21:59:40 +0000] "POST /wp-login.php HTTP/1.1" 403 19352 "-" "Mozilla/5.0"
91.92.243.239 - - [19/Jul/2026:21:59:40 +0000] "POST /wp-login.php HTTP/1.1" 403 19352 "-" "Mozilla/5.0"
66.249.64.173 - - [19/Jul/2026:21:59:59 +0000] "GET /shop/sitemap-22.xml HTTP/1.1" 200 57285 "-" "Mozilla/5.0 (compatible; Googlebot/2.1; +http://www.google.com/bot.html)"
91.92.243.239 - - [19/Jul/2026:22:02:12 +0000] "POST /wp-login.php HTTP/1.1" 403 19352 "-" "Mozilla/5.0"
91.92.243.239 - - [19/Jul/2026:22:02:12 +0000] "POST /wp-login.php HTTP/1.1" 403 19352 "-" "Mozilla/5.0"
194.39.149.53 - - [19/Jul/2026:22:02:38 +0000] "POST /wp-cron.php?doing_wp_cron=1784498558.3995180130004882812500 HTTP/1.1" 200 0 "-" "WordPress/7.0.2; https://blackhat-unlock.com"
182.93.93.93 - - [19/Jul/2026:22:02:36 +0000] "POST /xmlrpc.php HTTP/2" 200 186 "-" "Mozilla/5.0 (iPhone; CPU iPhone OS 18_6_1 like Mac OS X) AppleWebKit/605.1.15 (KHTML, like Gecko) CriOS/147.0.7871.34 Mobile/15E148 Safari/604.1"
72.60.40.175 - - [19/Jul/2026:22:03:46 +0000] "GET /shop/ HTTP/2" 200 234009 "-" "Mozilla/5.0 (Windows NT 10.0; Win64; x64) AppleWebKit/537.36"
91.92.243.239 - - [19/Jul/2026:22:05:20 +0000] "POST /wp-login.php HTTP/1.1" 403 19352 "-" "Mozilla/5.0"
91.92.243.239 - - [19/Jul/2026:22:05:20 +0000] "POST /wp-login.php HTTP/1.1" 403 19352 "-" "Mozilla/5.0"
91.92.243.239 - - [19/Jul/2026:22:07:49 +0000] "POST /wp-login.php HTTP/1.1" 403 19352 "-" "Mozilla/5.0"
91.92.243.239 - - [19/Jul/2026:22:07:49 +0000] "POST /wp-login.php HTTP/1.1" 403 19352 "-" "Mozilla/5.0"
194.39.149.53 - - [19/Jul/2026:22:10:03 +0000] "POST /wp-cron.php?doing_wp_cron=1784499003.4469339847564697265625 HTTP/1.1" 200 0 "-" "WordPress/7.0.2; https://blackhat-unlock.com"
100.42.189.89 - - [19/Jul/2026:22:09:50 +0000] "GET /wp-login.php HTTP/2" 200 2184 "-" "Mozilla/5.0 (Linux; Android 11; Redmi Note 10 Pro) AppleWebKit/537.36 (KHTML, like Gecko) Chrome/150.0.0.0 Mobile Safari/537.36"
100.42.189.89 - - [19/Jul/2026:22:10:05 +0000] "POST /wp-login.php HTTP/2" 200 2329 "https://mail.blackhat-unlock.com/wp-login.php" "Mozilla/5.0 (Linux; Android 11; Redmi Note 10 Pro) AppleWebKit/537.36 (KHTML, like Gecko) Chrome/150.0.0.0 Mobile Safari/537.36"
91.92.243.239 - - [19/Jul/2026:22:10:51 +0000] "POST /wp-login.php HTTP/1.1" 403 19352 "-" "Mozilla/5.0"
91.92.243.239 - - [19/Jul/2026:22:10:51 +0000] "POST /wp-login.php HTTP/1.1" 403 19352 "-" "Mozilla/5.0"
91.92.243.239 - - [19/Jul/2026:22:13:27 +0000] "POST /wp-login.php HTTP/1.1" 403 19352 "-" "Mozilla/5.0"
91.92.243.239 - - [19/Jul/2026:22:13:28 +0000] "POST /wp-login.php HTTP/1.1" 403 19352 "-" "Mozilla/5.0"
72.60.40.175 - - [19/Jul/2026:22:15:17 +0000] "GET /shop/ HTTP/2" 200 234009 "-" "Mozilla/5.0 (Windows NT 10.0; Win64; x64) AppleWebKit/537.36"
91.92.243.239 - - [19/Jul/2026:22:16:40 +0000] "POST /wp-login.php HTTP/1.1" 403 19352 "-" "Mozilla/5.0"
91.92.243.239 - - [19/Jul/2026:22:16:40 +0000] "POST /wp-login.php HTTP/1.1" 403 19352 "-" "Mozilla/5.0"
91.92.243.239 - - [19/Jul/2026:22:19:08 +0000] "POST /wp-login.php HTTP/1.1" 403 19352 "-" "Mozilla/5.0"
91.92.243.239 - - [19/Jul/2026:22:19:08 +0000] "POST /wp-login.php HTTP/1.1" 403 19352 "-" "Mozilla/5.0"
194.39.149.53 - - [19/Jul/2026:22:21:33 +0000] "POST /wp-cron.php?doing_wp_cron=1784499693.5186109542846679687500 HTTP/1.1" 200 0 "-" "WordPress/7.0.2; https://blackhat-unlock.com"
117.0.21.154 - - [19/Jul/2026:22:21:25 +0000] "GET /wp-login.php HTTP/2" 200 2184 "-" "Mozilla/5.0 (iPhone; CPU iPhone OS 18_6_1 like Mac OS X) AppleWebKit/605.1.15 (KHTML, like Gecko) CriOS/147.0.7871.34 Mobile/15E148 Safari/604.1"
117.0.21.154 - - [19/Jul/2026:22:21:34 +0000] "POST /wp-login.php HTTP/2" 200 2319 "https://blackhat-unlock.com/wp-login.php" "Mozilla/5.0 (iPhone; CPU iPhone OS 18_6_1 like Mac OS X) AppleWebKit/605.1.15 (KHTML, like Gecko) CriOS/147.0.7871.34 Mobile/15E148 Safari/604.1"
91.92.243.239 - - [19/Jul/2026:22:22:13 +0000] "POST /wp-login.php HTTP/1.1" 403 19352 "-" "Mozilla/5.0"
91.92.243.239 - - [19/Jul/2026:22:22:13 +0000] "POST /wp-login.php HTTP/1.1" 403 19352 "-" "Mozilla/5.0"
72.60.40.175 - - [19/Jul/2026:22:23:16 +0000] "GET /shop/ HTTP/2" 200 234009 "-" "Mozilla/5.0 (Windows NT 10.0; Win64; x64) AppleWebKit/537.36"
91.92.243.239 - - [19/Jul/2026:22:24:46 +0000] "POST /wp-login.php HTTP/1.1" 403 19352 "-" "Mozilla/5.0"
91.92.243.239 - - [19/Jul/2026:22:24:46 +0000] "POST /wp-login.php HTTP/1.1" 403 19352 "-" "Mozilla/5.0"
3.94.40.182 - - [19/Jul/2026:22:25:25 +0000] "GET /robots.txt HTTP/1.1" 200 65490 "-" "Mozilla/5.0 AppleWebKit/537.36 (KHTML, like Gecko; compatible; Amazonbot/0.1; +https://developer.amazon.com/support/amazonbot) Chrome/119.0.6045.214 Safari/537.36"
52.45.15.233 - - [19/Jul/2026:22:25:30 +0000] "GET /contact-us/embed/ HTTP/1.1" 200 65490 "-" "Mozilla/5.0 AppleWebKit/537.36 (KHTML, like Gecko; compatible; Amazonbot/0.1; +https://developer.amazon.com/support/amazonbot) Chrome/119.0.6045.214 Safari/537.36"
54.224.96.227 - - [19/Jul/2026:22:26:34 +0000] "GET /robots.txt HTTP/1.1" 200 65490 "-" "Mozilla/5.0 (Macintosh; Intel Mac OS X 10_10_1) AppleWebKit/600.2.5 (KHTML, like Gecko) Version/8.0.2 Safari/600.2.5 (Gort)"
91.92.243.239 - - [19/Jul/2026:22:27:55 +0000] "POST /wp-login.php HTTP/1.1" 403 19352 "-" "Mozilla/5.0"
91.92.243.239 - - [19/Jul/2026:22:27:55 +0000] "POST /wp-login.php HTTP/1.1" 403 19352 "-" "Mozilla/5.0"
91.92.243.239 - - [19/Jul/2026:22:30:24 +0000] "POST /wp-login.php HTTP/1.1" 403 19352 "-" "Mozilla/5.0"
91.92.243.239 - - [19/Jul/2026:22:30:24 +0000] "POST /wp-login.php HTTP/1.1" 403 19352 "-" "Mozilla/5.0"
91.92.243.239 - - [19/Jul/2026:22:33:32 +0000] "POST /wp-login.php HTTP/1.1" 403 19352 "-" "Mozilla/5.0"
91.92.243.239 - - [19/Jul/2026:22:33:32 +0000] "POST /wp-login.php HTTP/1.1" 403 19352 "-" "Mozilla/5.0"
72.60.40.175 - - [19/Jul/2026:22:34:12 +0000] "GET /shop/ HTTP/2" 200 234009 "-" "Mozilla/5.0 (Windows NT 10.0; Win64; x64) AppleWebKit/537.36"
44.210.213.220 - - [19/Jul/2026:22:34:23 +0000] "GET /product/global-clean-energy/feed/ HTTP/1.1" 200 65490 "-" "Mozilla/5.0 AppleWebKit/537.36 (KHTML, like Gecko; compatible; Amazonbot/0.1; +https://developer.amazon.com/support/amazonbot) Chrome/119.0.6045.214 Safari/537.36"
91.92.243.239 - - [19/Jul/2026:22:36:04 +0000] "POST /wp-login.php HTTP/1.1" 403 19352 "-" "Mozilla/5.0"
91.92.243.239 - - [19/Jul/2026:22:36:04 +0000] "POST /wp-login.php HTTP/1.1" 403 19352 "-" "Mozilla/5.0"
91.92.243.239 - - [19/Jul/2026:22:39:03 +0000] "POST /wp-login.php HTTP/1.1" 403 19352 "-" "Mozilla/5.0"
91.92.243.239 - - [19/Jul/2026:22:39:03 +0000] "POST /wp-login.php HTTP/1.1" 403 19352 "-" "Mozilla/5.0"
54.156.248.117 - - [19/Jul/2026:22:40:05 +0000] "GET /wp-json/oembed/1.0/embed?url=https://blackhat-unlock.com/product/the-pink-stuff/ HTTP/1.1" 200 65490 "-" "Mozilla/5.0 AppleWebKit/537.36 (KHTML, like Gecko; compatible; Amazonbot/0.1; +https://developer.amazon.com/support/amazonbot) Chrome/119.0.6045.214 Safari/537.36"
91.92.243.239 - - [19/Jul/2026:22:41:24 +0000] "POST /wp-login.php HTTP/1.1" 403 19352 "-" "Mozilla/5.0"
91.92.243.239 - - [19/Jul/2026:22:41:24 +0000] "POST /wp-login.php HTTP/1.1" 403 19352 "-" "Mozilla/5.0"
72.60.40.175 - - [19/Jul/2026:22:44:19 +0000] "GET /shop/ HTTP/2" 200 234009 "-" "Mozilla/5.0 (Windows NT 10.0; Win64; x64) AppleWebKit/537.36"
91.92.243.239 - - [19/Jul/2026:22:44:32 +0000] "POST /wp-login.php HTTP/1.1" 403 19352 "-" "Mozilla/5.0"
91.92.243.239 - - [19/Jul/2026:22:44:32 +0000] "POST /wp-login.php HTTP/1.1" 403 19352 "-" "Mozilla/5.0"
91.92.243.239 - - [19/Jul/2026:22:47:06 +0000] "POST /wp-login.php HTTP/1.1" 403 19352 "-" "Mozilla/5.0"
91.92.243.239 - - [19/Jul/2026:22:47:06 +0000] "POST /wp-login.php HTTP/1.1" 403 19352 "-" "Mozilla/5.0"
194.39.149.53 - - [19/Jul/2026:22:47:47 +0000] "POST /wp-cron.php?doing_wp_cron=1784501267.0099339485168457031250 HTTP/1.1" 200 0 "-" "WordPress/7.0.2; https://blackhat-unlock.com"
178.105.191.160 - - [19/Jul/2026:22:47:44 +0000] "GET /wp-login.php HTTP/2" 200 2184 "-" "Mozilla/5.0 (iPhone; CPU iPhone OS 18_5_0 like Mac OS X) AppleWebKit/605.1.15 (KHTML, like Gecko) CriOS/147.0.7871.34 Mobile/15E148 Safari/604.1"
178.105.191.160 - - [19/Jul/2026:22:47:47 +0000] "POST /wp-login.php HTTP/2" 200 2319 "https://blackhat-unlock.com/wp-login.php" "Mozilla/5.0 (iPhone; CPU iPhone OS 18_5_0 like Mac OS X) AppleWebKit/605.1.15 (KHTML, like Gecko) CriOS/147.0.7871.34 Mobile/15E148 Safari/604.1"
91.92.243.239 - - [19/Jul/2026:22:50:04 +0000] "POST /wp-login.php HTTP/1.1" 403 19352 "-" "Mozilla/5.0"
91.92.243.239 - - [19/Jul/2026:22:50:04 +0000] "POST /wp-login.php HTTP/1.1" 403 19352 "-" "Mozilla/5.0"
91.92.243.239 - - [19/Jul/2026:22:52:29 +0000] "POST /wp-login.php HTTP/1.1" 403 19352 "-" "Mozilla/5.0"
91.92.243.239 - - [19/Jul/2026:22:52:29 +0000] "POST /wp-login.php HTTP/1.1" 403 19352 "-" "Mozilla/5.0"
72.60.40.175 - - [19/Jul/2026:22:52:53 +0000] "GET /shop/ HTTP/2" 200 234009 "-" "Mozilla/5.0 (Windows NT 10.0; Win64; x64) AppleWebKit/537.36"
91.92.243.239 - - [19/Jul/2026:22:55:43 +0000] "POST /wp-login.php HTTP/1.1" 403 19352 "-" "Mozilla/5.0"
91.92.243.239 - - [19/Jul/2026:22:55:43 +0000] "POST /wp-login.php HTTP/1.1" 403 19352 "-" "Mozilla/5.0"
66.249.64.173 - - [19/Jul/2026:22:58:06 +0000] "GET /shop/sitemap-29.xml HTTP/1.1" 200 57284 "-" "Mozilla/5.0 (compatible; Googlebot/2.1; +http://www.google.com/bot.html)"
91.92.243.239 - - [19/Jul/2026:22:58:15 +0000] "POST /wp-login.php HTTP/1.1" 403 19352 "-" "Mozilla/5.0"
91.92.243.239 - - [19/Jul/2026:22:58:15 +0000] "POST /wp-login.php HTTP/1.1" 403 19352 "-" "Mozilla/5.0"
194.39.149.53 - - [19/Jul/2026:22:58:26 +0000] "POST /wp-cron.php?doing_wp_cron=1784501906.0249691009521484375000 HTTP/1.1" 200 0 "-" "WordPress/7.0.2; https://blackhat-unlock.com"
66.94.101.63 - - [19/Jul/2026:22:58:17 +0000] "GET /wp-login.php HTTP/2" 200 2184 "-" "Mozilla/5.0 (Linux; Android 14; Pixel 8) AppleWebKit/537.36 (KHTML, like Gecko) Chrome/150.0.0.0 Mobile Safari/537.36"
66.94.101.63 - - [19/Jul/2026:22:58:26 +0000] "POST /wp-login.php HTTP/2" 200 2329 "https://mail.blackhat-unlock.com/wp-login.php" "Mozilla/5.0 (Linux; Android 14; Pixel 8) AppleWebKit/537.36 (KHTML, like Gecko) Chrome/150.0.0.0 Mobile Safari/537.36"
91.92.243.239 - - [19/Jul/2026:23:01:21 +0000] "POST /wp-login.php HTTP/1.1" 403 19352 "-" "Mozilla/5.0"
91.92.243.239 - - [19/Jul/2026:23:01:21 +0000] "POST /wp-login.php HTTP/1.1" 403 19352 "-" "Mozilla/5.0"
66.249.64.174 - - [19/Jul/2026:23:03:05 +0000] "GET /shop/sitemap-36.xml HTTP/1.1" 200 57285 "-" "Mozilla/5.0 (compatible; Googlebot/2.1; +http://www.google.com/bot.html)"
72.60.40.175 - - [19/Jul/2026:23:03:06 +0000] "GET /shop/ HTTP/2" 200 234009 "-" "Mozilla/5.0 (Windows NT 10.0; Win64; x64) AppleWebKit/537.36"
91.92.243.239 - - [19/Jul/2026:23:03:55 +0000] "POST /wp-login.php HTTP/1.1" 403 19352 "-" "Mozilla/5.0"
91.92.243.239 - - [19/Jul/2026:23:03:55 +0000] "POST /wp-login.php HTTP/1.1" 403 19352 "-" "Mozilla/5.0"
66.249.64.174 - - [19/Jul/2026:23:07:07 +0000] "GET /shop/sitemap-26.xml HTTP/1.1" 200 57240 "-" "Mozilla/5.0 (compatible; Googlebot/2.1; +http://www.google.com/bot.html)"
91.92.243.239 - - [19/Jul/2026:23:07:08 +0000] "POST /wp-login.php HTTP/1.1" 403 19352 "-" "Mozilla/5.0"
91.92.243.239 - - [19/Jul/2026:23:07:08 +0000] "POST /wp-login.php HTTP/1.1" 403 19352 "-" "Mozilla/5.0"
91.92.243.239 - - [19/Jul/2026:23:09:37 +0000] "POST /wp-login.php HTTP/1.1" 403 19352 "-" "Mozilla/5.0"
91.92.243.239 - - [19/Jul/2026:23:09:37 +0000] "POST /wp-login.php HTTP/1.1" 403 19352 "-" "Mozilla/5.0"
91.92.243.239 - - [19/Jul/2026:23:12:45 +0000] "POST /wp-login.php HTTP/1.1" 403 19352 "-" "Mozilla/5.0"
91.92.243.239 - - [19/Jul/2026:23:12:45 +0000] "POST /wp-login.php HTTP/1.1" 403 19352 "-" "Mozilla/5.0"
91.92.243.239 - - [19/Jul/2026:23:15:11 +0000] "POST /wp-login.php HTTP/1.1" 403 19352 "-" "Mozilla/5.0"
91.92.243.239 - - [19/Jul/2026:23:15:11 +0000] "POST /wp-login.php HTTP/1.1" 403 19352 "-" "Mozilla/5.0"
72.60.40.175 - - [19/Jul/2026:23:16:09 +0000] "GET /shop/ HTTP/2" 200 234009 "-" "Mozilla/5.0 (Windows NT 10.0; Win64; x64) AppleWebKit/537.36"
91.92.243.239 - - [19/Jul/2026:23:18:11 +0000] "POST /wp-login.php HTTP/1.1" 403 19352 "-" "Mozilla/5.0"
91.92.243.239 - - [19/Jul/2026:23:18:11 +0000] "POST /wp-login.php HTTP/1.1" 403 19352 "-" "Mozilla/5.0"
91.92.243.239 - - [19/Jul/2026:23:20:33 +0000] "POST /wp-login.php HTTP/1.1" 403 19352 "-" "Mozilla/5.0"
91.92.243.239 - - [19/Jul/2026:23:20:33 +0000] "POST /wp-login.php HTTP/1.1" 403 19352 "-" "Mozilla/5.0"
91.92.243.239 - - [19/Jul/2026:23:23:34 +0000] "POST /wp-login.php HTTP/1.1" 403 19352 "-" "Mozilla/5.0"
91.92.243.239 - - [19/Jul/2026:23:23:34 +0000] "POST /wp-login.php HTTP/1.1" 403 19352 "-" "Mozilla/5.0"
91.92.243.239 - - [19/Jul/2026:23:26:02 +0000] "POST /wp-login.php HTTP/1.1" 403 19352 "-" "Mozilla/5.0"
91.92.243.239 - - [19/Jul/2026:23:26:02 +0000] "POST /wp-login.php HTTP/1.1" 403 19352 "-" "Mozilla/5.0"
91.92.243.239 - - [19/Jul/2026:23:29:04 +0000] "POST /wp-login.php HTTP/1.1" 403 19352 "-" "Mozilla/5.0"
91.92.243.239 - - [19/Jul/2026:23:29:04 +0000] "POST /wp-login.php HTTP/1.1" 403 19352 "-" "Mozilla/5.0"
91.92.243.239 - - [19/Jul/2026:23:31:32 +0000] "POST /wp-login.php HTTP/1.1" 403 19352 "-" "Mozilla/5.0"
91.92.243.239 - - [19/Jul/2026:23:31:32 +0000] "POST /wp-login.php HTTP/1.1" 403 19352 "-" "Mozilla/5.0"
72.60.40.175 - - [19/Jul/2026:23:34:18 +0000] "GET /shop/ HTTP/2" 200 234009 "-" "Mozilla/5.0 (Windows NT 10.0; Win64; x64) AppleWebKit/537.36"
91.92.243.239 - - [19/Jul/2026:23:34:46 +0000] "POST /wp-login.php HTTP/1.1" 403 19352 "-" "Mozilla/5.0"
91.92.243.239 - - [19/Jul/2026:23:34:46 +0000] "POST /wp-login.php HTTP/1.1" 403 19352 "-" "Mozilla/5.0"
194.39.149.53 - - [19/Jul/2026:23:36:41 +0000] "POST /wp-cron.php?doing_wp_cron=1784504201.7233839035034179687500 HTTP/1.1" 200 0 "-" "WordPress/7.0.2; https://blackhat-unlock.com"
217.61.143.92 - - [19/Jul/2026:23:36:39 +0000] "GET /wp-login.php HTTP/2" 200 2184 "-" "Mozilla/5.0 (Linux; Android 14; SM-S928B) AppleWebKit/537.36 (KHTML, like Gecko) Chrome/150.0.0.0 Mobile Safari/537.36"
217.61.143.92 - - [19/Jul/2026:23:36:43 +0000] "POST /wp-login.php HTTP/2" 200 2329 "https://mail.blackhat-unlock.com/wp-login.php" "Mozilla/5.0 (Linux; Android 14; SM-S928B) AppleWebKit/537.36 (KHTML, like Gecko) Chrome/150.0.0.0 Mobile Safari/537.36"
91.92.243.239 - - [19/Jul/2026:23:37:19 +0000] "POST /wp-login.php HTTP/1.1" 403 19352 "-" "Mozilla/5.0"
91.92.243.239 - - [19/Jul/2026:23:37:19 +0000] "POST /wp-login.php HTTP/1.1" 403 19352 "-" "Mozilla/5.0"
91.92.243.239 - - [19/Jul/2026:23:40:22 +0000] "POST /wp-login.php HTTP/1.1" 403 19352 "-" "Mozilla/5.0"
91.92.243.239 - - [19/Jul/2026:23:40:23 +0000] "POST /wp-login.php HTTP/1.1" 403 19352 "-" "Mozilla/5.0"
91.92.243.239 - - [19/Jul/2026:23:42:56 +0000] "POST /wp-login.php HTTP/1.1" 403 19352 "-" "Mozilla/5.0"
91.92.243.239 - - [19/Jul/2026:23:42:56 +0000] "POST /wp-login.php HTTP/1.1" 403 19352 "-" "Mozilla/5.0"
72.60.40.175 - - [19/Jul/2026:23:43:33 +0000] "GET /shop/ HTTP/2" 200 234009 "-" "Mozilla/5.0 (Windows NT 10.0; Win64; x64) AppleWebKit/537.36"
91.92.243.239 - - [19/Jul/2026:23:46:07 +0000] "POST /wp-login.php HTTP/1.1" 403 19352 "-" "Mozilla/5.0"
91.92.243.239 - - [19/Jul/2026:23:46:07 +0000] "POST /wp-login.php HTTP/1.1" 403 19352 "-" "Mozilla/5.0"
91.92.243.239 - - [19/Jul/2026:23:48:36 +0000] "POST /wp-login.php HTTP/1.1" 403 19352 "-" "Mozilla/5.0"
91.92.243.239 - - [19/Jul/2026:23:48:36 +0000] "POST /wp-login.php HTTP/1.1" 403 19352 "-" "Mozilla/5.0"
91.92.243.239 - - [19/Jul/2026:23:51:40 +0000] "POST /wp-login.php HTTP/1.1" 403 19352 "-" "Mozilla/5.0"
91.92.243.239 - - [19/Jul/2026:23:51:40 +0000] "POST /wp-login.php HTTP/1.1" 403 19352 "-" "Mozilla/5.0"
44.197.76.210 - - [19/Jul/2026:23:52:38 +0000] "GET /2020/08/15/our-proprietary-enables-quality/embed/ HTTP/1.1" 200 65490 "-" "Mozilla/5.0 AppleWebKit/537.36 (KHTML, like Gecko; compatible; Amazonbot/0.1; +https://developer.amazon.com/support/amazonbot) Chrome/119.0.6045.214 Safari/537.36"
194.39.149.53 - - [19/Jul/2026:23:54:06 +0000] "POST /wp-cron.php?doing_wp_cron=1784505246.2482209205627441406250 HTTP/1.1" 200 0 "-" "WordPress/7.0.2; https://blackhat-unlock.com"
217.69.10.182 - - [19/Jul/2026:23:54:00 +0000] "GET /wp-login.php HTTP/1.1" 200 2184 "-" "Mozilla/5.0 (X11; Linux x86_64) AppleWebKit/537.36 (KHTML, like Gecko) Chrome/143.0.0.0 Safari/537.36"
91.92.243.239 - - [19/Jul/2026:23:54:10 +0000] "POST /wp-login.php HTTP/1.1" 403 19352 "-" "Mozilla/5.0"
91.92.243.239 - - [19/Jul/2026:23:54:10 +0000] "POST /wp-login.php HTTP/1.1" 403 19352 "-" "Mozilla/5.0"
72.60.40.175 - - [19/Jul/2026:23:54:58 +0000] "GET /shop/ HTTP/2" 200 234009 "-" "Mozilla/5.0 (Windows NT 10.0; Win64; x64) AppleWebKit/537.36"
91.92.243.239 - - [19/Jul/2026:23:57:13 +0000] "POST /wp-login.php HTTP/1.1" 403 19352 "-" "Mozilla/5.0"
91.92.243.239 - - [19/Jul/2026:23:57:13 +0000] "POST /wp-login.php HTTP/1.1" 403 19352 "-" "Mozilla/5.0"
91.92.243.239 - - [19/Jul/2026:23:59:34 +0000] "POST /wp-login.php HTTP/1.1" 403 19352 "-" "Mozilla/5.0"
91.92.243.239 - - [19/Jul/2026:23:59:34 +0000] "POST /wp-login.php HTTP/1.1" 403 19352 "-" "Mozilla/5.0"
72.60.40.175 - - [20/Jul/2026:00:02:02 +0000] "GET /shop/ HTTP/2" 200 234009 "-" "Mozilla/5.0 (Windows NT 10.0; Win64; x64) AppleWebKit/537.36"
91.92.243.239 - - [20/Jul/2026:00:02:36 +0000] "POST /wp-login.php HTTP/1.1" 403 19352 "-" "Mozilla/5.0"
91.92.243.239 - - [20/Jul/2026:00:02:36 +0000] "POST /wp-login.php HTTP/1.1" 403 19352 "-" "Mozilla/5.0"
91.92.243.239 - - [20/Jul/2026:00:05:06 +0000] "POST /wp-login.php HTTP/1.1" 403 19352 "-" "Mozilla/5.0"
91.92.243.239 - - [20/Jul/2026:00:05:07 +0000] "POST /wp-login.php HTTP/1.1" 403 19352 "-" "Mozilla/5.0"
91.92.243.239 - - [20/Jul/2026:00:08:12 +0000] "POST /wp-login.php HTTP/1.1" 403 19352 "-" "Mozilla/5.0"
91.92.243.239 - - [20/Jul/2026:00:08:12 +0000] "POST /wp-login.php HTTP/1.1" 403 19352 "-" "Mozilla/5.0"
91.92.243.239 - - [20/Jul/2026:00:10:39 +0000] "POST /wp-login.php HTTP/1.1" 403 19352 "-" "Mozilla/5.0"
91.92.243.239 - - [20/Jul/2026:00:10:39 +0000] "POST /wp-login.php HTTP/1.1" 403 19352 "-" "Mozilla/5.0"
194.39.149.53 - - [20/Jul/2026:00:10:49 +0000] "POST /wp-cron.php?doing_wp_cron=1784506249.5042009353637695312500 HTTP/1.1" 200 0 "-" "WordPress/7.0.2; https://blackhat-unlock.com"
124.55.178.99 - - [20/Jul/2026:00:10:45 +0000] "GET /wp-login.php HTTP/2" 200 2184 "-" "Mozilla/5.0 (Windows NT 10.0; Win64; x64) AppleWebKit/537.36 (KHTML, like Gecko) Chrome/147.0.0.0 Safari/537.36"
124.55.178.99 - - [20/Jul/2026:00:10:50 +0000] "POST /wp-login.php HTTP/2" 200 2319 "https://blackhat-unlock.com/wp-login.php" "Mozilla/5.0 (Windows NT 10.0; Win64; x64) AppleWebKit/537.36 (KHTML, like Gecko) Chrome/147.0.0.0 Safari/537.36"
72.60.40.175 - - [20/Jul/2026:00:12:30 +0000] "GET /shop/ HTTP/2" 200 234009 "-" "Mozilla/5.0 (Windows NT 10.0; Win64; x64) AppleWebKit/537.36"
91.92.243.239 - - [20/Jul/2026:00:13:49 +0000] "POST /wp-login.php HTTP/1.1" 403 19352 "-" "Mozilla/5.0"
91.92.243.239 - - [20/Jul/2026:00:13:49 +0000] "POST /wp-login.php HTTP/1.1" 403 19352 "-" "Mozilla/5.0"
91.92.243.239 - - [20/Jul/2026:00:16:23 +0000] "POST /wp-login.php HTTP/1.1" 403 19352 "-" "Mozilla/5.0"
91.92.243.239 - - [20/Jul/2026:00:16:23 +0000] "POST /wp-login.php HTTP/1.1" 403 19352 "-" "Mozilla/5.0"
66.249.64.173 - - [20/Jul/2026:00:18:17 +0000] "GET /shop/sitemap-32.xml HTTP/1.1" 200 57285 "-" "Mozilla/5.0 (compatible; Googlebot/2.1; +http://www.google.com/bot.html)"
91.92.243.239 - - [20/Jul/2026:00:19:31 +0000] "POST /wp-login.php HTTP/1.1" 403 19352 "-" "Mozilla/5.0"
91.92.243.239 - - [20/Jul/2026:00:19:31 +0000] "POST /wp-login.php HTTP/1.1" 403 19352 "-" "Mozilla/5.0"
72.60.40.175 - - [20/Jul/2026:00:21:45 +0000] "GET /shop/ HTTP/2" 200 234009 "-" "Mozilla/5.0 (Windows NT 10.0; Win64; x64) AppleWebKit/537.36"
91.92.243.239 - - [20/Jul/2026:00:22:01 +0000] "POST /wp-login.php HTTP/1.1" 403 19352 "-" "Mozilla/5.0"
91.92.243.239 - - [20/Jul/2026:00:22:01 +0000] "POST /wp-login.php HTTP/1.1" 403 19352 "-" "Mozilla/5.0"
91.92.243.239 - - [20/Jul/2026:00:25:11 +0000] "POST /wp-login.php HTTP/1.1" 403 19352 "-" "Mozilla/5.0"
91.92.243.239 - - [20/Jul/2026:00:25:11 +0000] "POST /wp-login.php HTTP/1.1" 403 19352 "-" "Mozilla/5.0"
91.92.243.239 - - [20/Jul/2026:00:27:41 +0000] "POST /wp-login.php HTTP/1.1" 403 19352 "-" "Mozilla/5.0"
91.92.243.239 - - [20/Jul/2026:00:27:41 +0000] "POST /wp-login.php HTTP/1.1" 403 19352 "-" "Mozilla/5.0"
63.141.227.138 - - [20/Jul/2026:00:29:17 +0000] "GET /606976/admin.php?520&d_time HTTP/1.1" 200 234009 "-" "Mozilla/5.0 (Windows NT 10.0; Win64; x64) AppleWebKit/537.36 (KHTML, like Gecko) Chrome/136.0.0.0 Safari/537.36 Edg/136.0.0.0"
103.215.75.19 - - [20/Jul/2026:00:30:00 +0000] "GET / HTTP/2" 400 52 "-" "Mozilla/5.0 (X11; Linux x86_64) AppleWebKit/537.36 (KHTML, like Gecko) Chrome/130.0.0.0 Safari/537.36"
