136.144.33.83 - - [20/Jul/2026:04:43:55 +0000] "POST /wp-login.php HTTP/1.1" 200 0 "https://blackhat-unlock.com/wp-admin/" "Mozilla/5.0 (Windows NT 10.0; Win64; x64) AppleWebKit/537.36 (KHTML, like Gecko) Chrome/90.0.4430.85 Safari/537.36"
91.92.243.239 - - [20/Jul/2026:04:43:55 +0000] "POST /wp-login.php HTTP/1.1" 200 0 "-" "Mozilla/5.0"
91.92.243.239 - - [20/Jul/2026:04:43:55 +0000] "POST /wp-login.php HTTP/1.1" 200 0 "-" "Mozilla/5.0"
203.6.210.250 - - [20/Jul/2026:04:44:15 +0000] "POST /xmlrpc.php HTTP/1.1" 200 0 "-" "Jetpack by WordPress.com (Jetpack 12.1; WordPress 6.3)"
172.245.102.91 - - [20/Jul/2026:04:44:11 +0000] "POST /admin HTTP/1.1" 200 0 "https://blackhat-unlock.com/wp-admin/" "Mozilla/5.0 (Windows NT 10.0; Win64; x64) AppleWebKit/537.36 (KHTML, like Gecko) Chrome/90.0.4430.85 Safari/537.36"
203.6.210.250 - - [20/Jul/2026:04:44:27 +0000] "POST /xmlrpc.php HTTP/1.1" 200 0 "-" "WordPress.com; https://wordpress.com"
203.6.210.250 - - [20/Jul/2026:04:44:37 +0000] "POST /xmlrpc.php HTTP/1.1" 200 0 "-" "Jetpack by WordPress.com"
138.68.97.234 - - [20/Jul/2026:04:44:24 +0000] "POST /wp-login.php HTTP/1.1" 200 0 "-" "Mozilla/5.0"
203.6.210.250 - - [20/Jul/2026:04:44:47 +0000] "POST /xmlrpc.php HTTP/1.1" 200 0 "-" "Jetpack by WordPress.com (Jetpack 12.1; WordPress 6.3)"
136.144.33.83 - - [20/Jul/2026:04:44:40 +0000] "POST /wp-login.php HTTP/1.1" 200 0 "https://blackhat-unlock.com/wp-admin/" "Mozilla/5.0 (Windows NT 10.0; Win64; x64) AppleWebKit/537.36 (KHTML, like Gecko) Chrome/90.0.4430.85 Safari/537.36"
203.6.210.250 - - [20/Jul/2026:04:44:59 +0000] "POST /xmlrpc.php HTTP/1.1" 200 0 "-" "Jetpack by WordPress.com"
136.144.33.68 - - [20/Jul/2026:04:44:55 +0000] "POST /admin HTTP/1.1" 200 0 "https://blackhat-unlock.com/wp-admin/" "Mozilla/5.0 (Windows NT 10.0; Win64; x64) AppleWebKit/537.36 (KHTML, like Gecko) Chrome/90.0.4430.85 Safari/537.36"
203.6.210.250 - - [20/Jul/2026:04:45:09 +0000] "POST /xmlrpc.php HTTP/1.1" 200 0 "-" "Jetpack by WordPress.com (Jetpack 13.0; WordPress 6.4)"
203.6.210.250 - - [20/Jul/2026:04:45:19 +0000] "POST /xmlrpc.php HTTP/1.1" 200 0 "-" "WordPress.com; https://wordpress.com"
203.6.210.250 - - [20/Jul/2026:04:45:30 +0000] "POST /xmlrpc.php HTTP/1.1" 200 0 "-" "WordPress.com; https://wordpress.com"
136.144.33.58 - - [20/Jul/2026:04:45:26 +0000] "POST /wp-login.php HTTP/1.1" 200 0 "https://blackhat-unlock.com/wp-admin/" "Mozilla/5.0 (Windows NT 10.0; Win64; x64) AppleWebKit/537.36 (KHTML, like Gecko) Chrome/90.0.4430.85 Safari/537.36"
203.6.210.250 - - [20/Jul/2026:04:45:40 +0000] "POST /xmlrpc.php HTTP/1.1" 200 0 "-" "WordPress.com; https://wordpress.com"
203.6.210.250 - - [20/Jul/2026:04:45:51 +0000] "POST /xmlrpc.php HTTP/1.1" 200 0 "-" "WordPress.com; https://wordpress.com"
136.144.33.67 - - [20/Jul/2026:04:45:41 +0000] "POST /admin HTTP/1.1" 200 0 "https://blackhat-unlock.com/wp-admin/" "Mozilla/5.0 (Windows NT 10.0; Win64; x64) AppleWebKit/537.36 (KHTML, like Gecko) Chrome/90.0.4430.85 Safari/537.36"
203.6.210.250 - - [20/Jul/2026:04:46:02 +0000] "POST /xmlrpc.php HTTP/1.1" 200 0 "-" "Jetpack/13.0; WordPress/6.4; http://site59075417.com"
136.144.33.75 - - [20/Jul/2026:04:46:00 +0000] "POST /wp-login.php HTTP/1.1" 200 0 "https://blackhat-unlock.com/wp-admin/" "Mozilla/5.0 (Windows NT 10.0; Win64; x64) AppleWebKit/537.36 (KHTML, like Gecko) Chrome/90.0.4430.85 Safari/537.36"
136.144.33.60 - - [20/Jul/2026:04:46:15 +0000] "POST /admin HTTP/1.1" 200 65490 "https://blackhat-unlock.com/wp-admin/" "Mozilla/5.0 (Windows NT 10.0; Win64; x64) AppleWebKit/537.36 (KHTML, like Gecko) Chrome/90.0.4430.85 Safari/537.36"
203.6.210.250 - - [20/Jul/2026:04:46:12 +0000] "POST /xmlrpc.php HTTP/1.1" 200 0 "-" "Jetpack by WordPress.com"
194.39.149.53 - - [20/Jul/2026:04:46:19 +0000] "POST /wp-cron.php?doing_wp_cron=1784522779.2213869094848632812500 HTTP/1.1" 200 0 "-" "WordPress/7.0.2; https://blackhat-unlock.com"
136.144.33.92 - - [20/Jul/2026:04:46:23 +0000] "POST /wp-login.php HTTP/1.1" 200 2556 "https://blackhat-unlock.com/wp-admin/" "Mozilla/5.0 (Windows NT 10.0; Win64; x64) AppleWebKit/537.36 (KHTML, like Gecko) Chrome/90.0.4430.85 Safari/537.36"
136.144.33.92 - - [20/Jul/2026:04:46:26 +0000] "POST /admin HTTP/1.1" 200 65490 "https://blackhat-unlock.com/wp-admin/" "Mozilla/5.0 (Windows NT 10.0; Win64; x64) AppleWebKit/537.36 (KHTML, like Gecko) Chrome/90.0.4430.85 Safari/537.36"
203.6.210.250 - - [20/Jul/2026:04:46:23 +0000] "POST /xmlrpc.php HTTP/1.1" 200 0 "-" "Jetpack/12.5; WordPress/6.2; http://site41716874.com"
91.92.243.239 - - [20/Jul/2026:04:46:32 +0000] "POST /wp-login.php HTTP/1.1" 403 19352 "-" "Mozilla/5.0"
91.92.243.239 - - [20/Jul/2026:04:46:32 +0000] "POST /wp-login.php HTTP/1.1" 403 19352 "-" "Mozilla/5.0"
172.245.102.94 - - [20/Jul/2026:04:46:31 +0000] "POST /wp-login.php HTTP/1.1" 200 2560 "https://blackhat-unlock.com/wp-admin/" "Mozilla/5.0 (Windows NT 10.0; Win64; x64) AppleWebKit/537.36 (KHTML, like Gecko) Chrome/90.0.4430.85 Safari/537.36"
172.245.102.94 - - [20/Jul/2026:04:46:34 +0000] "POST /admin HTTP/1.1" 200 65490 "https://blackhat-unlock.com/wp-admin/" "Mozilla/5.0 (Windows NT 10.0; Win64; x64) AppleWebKit/537.36 (KHTML, like Gecko) Chrome/90.0.4430.85 Safari/537.36"
203.6.210.250 - - [20/Jul/2026:04:46:34 +0000] "POST /xmlrpc.php HTTP/1.1" 200 0 "-" "Jetpack/12.5; WordPress/6.3; http://site78884599.com"
136.144.33.84 - - [20/Jul/2026:04:46:41 +0000] "POST /wp-login.php HTTP/1.1" 200 2571 "https://blackhat-unlock.com/wp-admin/" "Mozilla/5.0 (Windows NT 10.0; Win64; x64) AppleWebKit/537.36 (KHTML, like Gecko) Chrome/90.0.4430.85 Safari/537.36"
136.144.33.84 - - [20/Jul/2026:04:46:42 +0000] "POST /admin HTTP/1.1" 200 65490 "https://blackhat-unlock.com/wp-admin/" "Mozilla/5.0 (Windows NT 10.0; Win64; x64) AppleWebKit/537.36 (KHTML, like Gecko) Chrome/90.0.4430.85 Safari/537.36"
136.144.33.89 - - [20/Jul/2026:04:46:49 +0000] "POST /wp-login.php HTTP/1.1" 200 2560 "https://blackhat-unlock.com/wp-admin/" "Mozilla/5.0 (Windows NT 10.0; Win64; x64) AppleWebKit/537.36 (KHTML, like Gecko) Chrome/90.0.4430.85 Safari/537.36"
136.144.33.89 - - [20/Jul/2026:04:46:50 +0000] "POST /admin HTTP/1.1" 200 65490 "https://blackhat-unlock.com/wp-admin/" "Mozilla/5.0 (Windows NT 10.0; Win64; x64) AppleWebKit/537.36 (KHTML, like Gecko) Chrome/90.0.4430.85 Safari/537.36"
203.6.210.250 - - [20/Jul/2026:04:46:44 +0000] "POST /xmlrpc.php HTTP/1.1" 200 0 "-" "Jetpack by WordPress.com"
203.6.210.250 - - [20/Jul/2026:04:46:55 +0000] "POST /xmlrpc.php HTTP/1.1" 200 0 "-" "WordPress.com; https://wordpress.com"
203.6.210.250 - - [20/Jul/2026:04:47:06 +0000] "POST /xmlrpc.php HTTP/1.1" 200 0 "-" "Jetpack by WordPress.com (Jetpack 12.0; WordPress 6.4)"
203.6.210.250 - - [20/Jul/2026:04:47:17 +0000] "POST /xmlrpc.php HTTP/1.1" 200 0 "-" "Jetpack by WordPress.com (Jetpack 12.1; WordPress 6.3)"
203.6.210.250 - - [20/Jul/2026:04:47:28 +0000] "POST /xmlrpc.php HTTP/1.1" 200 0 "-" "Jetpack by WordPress.com"
45.148.10.120 - - [20/Jul/2026:04:47:35 +0000] "GET /.git/config HTTP/1.1" 400 52 "-" "Mozilla/5.0 (Linux; Android 6.0.1; SM-G900H Build/MMB29K) AppleWebKit/537.36 (KHTML, like Gecko) Chrome/52.0.2743.98 Mobile Safari/537.36"
203.6.210.250 - - [20/Jul/2026:04:47:39 +0000] "POST /xmlrpc.php HTTP/1.1" 200 0 "-" "WordPress.com; https://wordpress.com"
203.6.210.250 - - [20/Jul/2026:04:47:49 +0000] "POST /xmlrpc.php HTTP/1.1" 200 0 "-" "WordPress.com; https://wordpress.com"
203.6.210.250 - - [20/Jul/2026:04:47:59 +0000] "POST /xmlrpc.php HTTP/1.1" 200 0 "-" "Jetpack by WordPress.com"
203.6.210.250 - - [20/Jul/2026:04:48:10 +0000] "POST /xmlrpc.php HTTP/1.1" 200 0 "-" "Jetpack by WordPress.com"
203.6.210.250 - - [20/Jul/2026:04:48:20 +0000] "POST /xmlrpc.php HTTP/1.1" 200 0 "-" "Jetpack by WordPress.com (Jetpack 13.0; WordPress 6.4)"
203.6.210.250 - - [20/Jul/2026:04:48:31 +0000] "POST /xmlrpc.php HTTP/1.1" 200 0 "-" "Jetpack by WordPress.com"
203.6.210.250 - - [20/Jul/2026:04:48:42 +0000] "POST /xmlrpc.php HTTP/1.1" 200 0 "-" "Jetpack by WordPress.com"
203.6.210.250 - - [20/Jul/2026:04:48:53 +0000] "POST /xmlrpc.php HTTP/1.1" 200 0 "-" "Jetpack by WordPress.com (Jetpack 12.0; WordPress 6.4)"
203.6.210.250 - - [20/Jul/2026:04:49:03 +0000] "POST /xmlrpc.php HTTP/1.1" 200 0 "-" "WordPress.com; https://wordpress.com"
45.148.10.120 - - [20/Jul/2026:04:49:17 +0000] "GET /.git/config HTTP/1.1" 401 53 "-" "Mozilla/5.0 (Linux; Android 9; Mi A2) AppleWebKit/537.36 (KHTML, like Gecko) Chrome/76.0.3809.111 Mobile Safari/537.36"
203.6.210.250 - - [20/Jul/2026:04:49:15 +0000] "POST /xmlrpc.php HTTP/1.1" 200 0 "-" "WordPress.com; https://wordpress.com"
203.6.210.250 - - [20/Jul/2026:04:49:25 +0000] "POST /xmlrpc.php HTTP/1.1" 200 0 "-" "Jetpack by WordPress.com"
91.92.243.239 - - [20/Jul/2026:04:49:32 +0000] "POST /wp-login.php HTTP/1.1" 403 19352 "-" "Mozilla/5.0"
91.92.243.239 - - [20/Jul/2026:04:49:33 +0000] "POST /wp-login.php HTTP/1.1" 403 19352 "-" "Mozilla/5.0"
203.6.210.250 - - [20/Jul/2026:04:49:36 +0000] "POST /xmlrpc.php HTTP/1.1" 200 0 "-" "WordPress.com; https://wordpress.com"
203.6.210.250 - - [20/Jul/2026:04:49:46 +0000] "POST /xmlrpc.php HTTP/1.1" 200 0 "-" "Jetpack by WordPress.com (Jetpack 13.0; WordPress 6.4)"
203.6.210.250 - - [20/Jul/2026:04:49:57 +0000] "POST /xmlrpc.php HTTP/1.1" 200 0 "-" "Jetpack/12.0; WordPress/6.4; http://site49314667.com"
194.39.149.53 - - [20/Jul/2026:04:50:07 +0000] "POST /wp-cron.php?doing_wp_cron=1784523007.2041471004486083984375 HTTP/1.1" 200 0 "-" "WordPress/7.0.2; https://blackhat-unlock.com"
143.198.37.30 - - [20/Jul/2026:04:50:05 +0000] "POST /wp-login.php HTTP/1.1" 200 7338 "-" "Mozilla/5.0"
203.6.210.250 - - [20/Jul/2026:04:50:08 +0000] "POST /xmlrpc.php HTTP/1.1" 200 0 "-" "WordPress.com; https://wordpress.com"
203.6.210.250 - - [20/Jul/2026:04:50:18 +0000] "POST /xmlrpc.php HTTP/1.1" 200 0 "-" "Jetpack by WordPress.com"
203.6.210.250 - - [20/Jul/2026:04:50:29 +0000] "POST /xmlrpc.php HTTP/1.1" 200 0 "-" "WordPress.com; https://wordpress.com"
203.6.210.250 - - [20/Jul/2026:04:50:40 +0000] "POST /xmlrpc.php HTTP/1.1" 200 0 "-" "Jetpack by WordPress.com (Jetpack 12.0; WordPress 6.1)"
203.6.210.250 - - [20/Jul/2026:04:50:50 +0000] "POST /xmlrpc.php HTTP/1.1" 200 0 "-" "Jetpack/12.1; WordPress/6.1; http://site22060449.com"
203.6.210.250 - - [20/Jul/2026:04:51:01 +0000] "POST /xmlrpc.php HTTP/1.1" 200 0 "-" "Jetpack/12.0; WordPress/6.1; http://site37926083.com"
203.6.210.250 - - [20/Jul/2026:04:51:12 +0000] "POST /xmlrpc.php HTTP/1.1" 200 0 "-" "Jetpack by WordPress.com"
203.6.210.250 - - [20/Jul/2026:04:51:22 +0000] "POST /xmlrpc.php HTTP/1.1" 200 0 "-" "WordPress.com; https://wordpress.com"
203.6.210.250 - - [20/Jul/2026:04:51:33 +0000] "POST /xmlrpc.php HTTP/1.1" 200 0 "-" "Jetpack by WordPress.com (Jetpack 12.5; WordPress 6.4)"
45.148.10.120 - - [20/Jul/2026:04:51:45 +0000] "GET /.git/config HTTP/1.1" 403 1242 "-" "Mozilla/5.0 (Windows NT 6.1; Win64; x64) AppleWebKit/537.36 (KHTML, like Gecko) Chrome/77.0.3865.19 Safari/537.36"
45.148.10.120 - - [20/Jul/2026:04:51:47 +0000] "GET /.git/config HTTP/1.1" 403 1242 "-" "Mozilla/5.0 (webOS/1.3; U; en-US) AppleWebKit/525.27.1 (KHTML, like Gecko) Version/1.0 Safari/525.27.1 Desktop/1.0"
203.6.210.250 - - [20/Jul/2026:04:51:44 +0000] "POST /xmlrpc.php HTTP/1.1" 200 0 "-" "Jetpack by WordPress.com (Jetpack 12.5; WordPress 6.4)"
3.216.227.216 - - [20/Jul/2026:04:51:51 +0000] "GET /wp-json/wp/v2/categories/3 HTTP/1.1" 200 65490 "-" "Mozilla/5.0 AppleWebKit/537.36 (KHTML, like Gecko; compatible; Amazonbot/0.1; +https://developer.amazon.com/support/amazonbot) Chrome/119.0.6045.214 Safari/537.36"
107.22.208.39 - - [20/Jul/2026:04:51:53 +0000] "GET /wp-json/oembed/1.0/embed?format=xml&url=https://blackhat-unlock.com/product/global-clean-energy/ HTTP/1.1" 200 65490 "-" "Mozilla/5.0 AppleWebKit/537.36 (KHTML, like Gecko; compatible; Amazonbot/0.1; +https://developer.amazon.com/support/amazonbot) Chrome/119.0.6045.214 Safari/537.36"
91.92.243.239 - - [20/Jul/2026:04:51:58 +0000] "POST /wp-login.php HTTP/1.1" 403 19352 "-" "Mozilla/5.0"
91.92.243.239 - - [20/Jul/2026:04:51:59 +0000] "POST /wp-login.php HTTP/1.1" 403 19352 "-" "Mozilla/5.0"
194.39.149.53 - - [20/Jul/2026:04:51:59 +0000] "POST /wp-cron.php?doing_wp_cron=1784523119.6229209899902343750000 HTTP/1.1" 200 0 "-" "WordPress/7.0.2; https://blackhat-unlock.com"
138.68.97.234 - - [20/Jul/2026:04:51:58 +0000] "POST /wp-login.php HTTP/1.1" 200 7350 "-" "Mozilla/5.0"
203.6.210.250 - - [20/Jul/2026:04:51:55 +0000] "POST /xmlrpc.php HTTP/1.1" 200 0 "-" "Jetpack by WordPress.com (Jetpack 12.0; WordPress 6.2)"
203.6.210.250 - - [20/Jul/2026:04:52:05 +0000] "POST /xmlrpc.php HTTP/1.1" 200 0 "-" "Jetpack by WordPress.com"
203.6.210.250 - - [20/Jul/2026:04:52:15 +0000] "POST /xmlrpc.php HTTP/1.1" 200 0 "-" "Jetpack by WordPress.com"
203.6.210.250 - - [20/Jul/2026:04:52:26 +0000] "POST /xmlrpc.php HTTP/1.1" 200 0 "-" "Jetpack/12.1; WordPress/6.3; http://site69765773.com"
203.6.210.250 - - [20/Jul/2026:04:52:37 +0000] "POST /xmlrpc.php HTTP/1.1" 200 0 "-" "WordPress.com; https://wordpress.com"
203.6.210.250 - - [20/Jul/2026:04:52:47 +0000] "POST /xmlrpc.php HTTP/1.1" 200 0 "-" "WordPress.com; https://wordpress.com"
203.6.210.250 - - [20/Jul/2026:04:52:58 +0000] "POST /xmlrpc.php HTTP/1.1" 200 0 "-" "Jetpack/12.1; WordPress/6.4; http://site71087855.com"
203.6.210.250 - - [20/Jul/2026:04:53:08 +0000] "POST /xmlrpc.php HTTP/1.1" 200 0 "-" "Jetpack by WordPress.com (Jetpack 12.1; WordPress 6.1)"
72.60.40.175 - - [20/Jul/2026:04:53:23 +0000] "GET /shop/ HTTP/2" 200 234009 "-" "Mozilla/5.0 (Windows NT 10.0; Win64; x64) AppleWebKit/537.36"
203.6.210.250 - - [20/Jul/2026:04:53:19 +0000] "POST /xmlrpc.php HTTP/1.1" 200 0 "-" "Jetpack by WordPress.com"
203.6.210.250 - - [20/Jul/2026:04:53:30 +0000] "POST /xmlrpc.php HTTP/1.1" 200 0 "-" "Jetpack by WordPress.com (Jetpack 12.0; WordPress 6.4)"
203.6.210.250 - - [20/Jul/2026:04:53:40 +0000] "POST /xmlrpc.php HTTP/1.1" 200 0 "-" "Jetpack by WordPress.com (Jetpack 13.0; WordPress 6.1)"
203.6.210.250 - - [20/Jul/2026:04:53:51 +0000] "POST /xmlrpc.php HTTP/1.1" 200 0 "-" "Jetpack/12.5; WordPress/6.3; http://site24711056.com"
203.6.210.250 - - [20/Jul/2026:04:54:02 +0000] "POST /xmlrpc.php HTTP/1.1" 200 0 "-" "Jetpack by WordPress.com"
203.6.210.250 - - [20/Jul/2026:04:54:12 +0000] "POST /xmlrpc.php HTTP/1.1" 200 0 "-" "Jetpack by WordPress.com"
203.6.210.250 - - [20/Jul/2026:04:54:23 +0000] "POST /xmlrpc.php HTTP/1.1" 200 0 "-" "Jetpack by WordPress.com"
188.138.102.156 - - [20/Jul/2026:04:54:36 +0000] "POST /wp/xmlrpc.php HTTP/2" 200 57240 "-" "Mozilla/5.0 (Windows NT 10.0) AppleWebKit/537.36 (KHTML, like Gecko) Chrome/147.0.0.0 Safari/537.36"
188.138.102.156 - - [20/Jul/2026:04:54:37 +0000] "POST /wp/xmlrpc.php HTTP/2" 403 5137 "-" "Mozilla/5.0 (Windows NT 10.0) AppleWebKit/537.36 (KHTML, like Gecko) Chrome/147.0.0.0 Safari/537.36"
203.6.210.250 - - [20/Jul/2026:04:54:34 +0000] "POST /xmlrpc.php HTTP/1.1" 200 0 "-" "Jetpack by WordPress.com"
194.39.149.53 - - [20/Jul/2026:04:54:42 +0000] "POST /wp-cron.php?doing_wp_cron=1784523282.2316908836364746093750 HTTP/1.1" 200 0 "-" "WordPress/7.0.2; https://blackhat-unlock.com"
134.122.40.246 - - [20/Jul/2026:04:54:40 +0000] "POST /wp-login.php HTTP/1.1" 200 7338 "-" "Mozilla/5.0"
203.6.210.250 - - [20/Jul/2026:04:54:44 +0000] "POST /xmlrpc.php HTTP/1.1" 200 0 "-" "WordPress.com; https://wordpress.com"
203.6.210.250 - - [20/Jul/2026:04:54:56 +0000] "POST /xmlrpc.php HTTP/1.1" 200 0 "-" "WordPress.com; https://wordpress.com"
91.92.243.239 - - [20/Jul/2026:04:55:03 +0000] "POST /wp-login.php HTTP/1.1" 403 19352 "-" "Mozilla/5.0"
91.92.243.239 - - [20/Jul/2026:04:55:03 +0000] "POST /wp-login.php HTTP/1.1" 403 19352 "-" "Mozilla/5.0"
203.6.210.250 - - [20/Jul/2026:04:55:06 +0000] "POST /xmlrpc.php HTTP/1.1" 200 0 "-" "Jetpack by WordPress.com"
203.6.210.250 - - [20/Jul/2026:04:55:17 +0000] "POST /xmlrpc.php HTTP/1.1" 200 0 "-" "Jetpack/13.0; WordPress/6.2; http://site26681898.com"
203.6.210.250 - - [20/Jul/2026:04:55:27 +0000] "POST /xmlrpc.php HTTP/1.1" 200 0 "-" "WordPress.com; https://wordpress.com"
203.6.210.250 - - [20/Jul/2026:04:55:38 +0000] "POST /xmlrpc.php HTTP/1.1" 200 0 "-" "Jetpack by WordPress.com (Jetpack 12.0; WordPress 6.1)"
203.6.210.250 - - [20/Jul/2026:04:55:48 +0000] "POST /xmlrpc.php HTTP/1.1" 200 0 "-" "WordPress.com; https://wordpress.com"
203.6.210.250 - - [20/Jul/2026:04:55:59 +0000] "POST /xmlrpc.php HTTP/1.1" 200 0 "-" "Jetpack by WordPress.com (Jetpack 12.5; WordPress 6.2)"
203.6.210.250 - - [20/Jul/2026:04:56:10 +0000] "POST /xmlrpc.php HTTP/1.1" 200 0 "-" "Jetpack by WordPress.com"
45.148.10.120 - - [20/Jul/2026:04:56:18 +0000] "GET /.git/config HTTP/1.1" 401 53 "-" "Mozilla/5.0 (Windows NT 5.1; rv:38.0) Gecko/20100101 Firefox/38.0 SeaMonkey/2.35"
203.6.210.250 - - [20/Jul/2026:04:56:20 +0000] "POST /xmlrpc.php HTTP/1.1" 200 0 "-" "WordPress.com; https://wordpress.com"
203.6.210.250 - - [20/Jul/2026:04:56:31 +0000] "POST /xmlrpc.php HTTP/1.1" 200 0 "-" "Jetpack by WordPress.com"
203.6.210.250 - - [20/Jul/2026:04:56:42 +0000] "POST /xmlrpc.php HTTP/1.1" 200 0 "-" "WordPress.com; https://wordpress.com"
203.6.210.250 - - [20/Jul/2026:04:56:52 +0000] "POST /xmlrpc.php HTTP/1.1" 200 0 "-" "Jetpack by WordPress.com (Jetpack 12.0; WordPress 6.2)"
161.248.188.39 - - [20/Jul/2026:04:57:01 +0000] "GET /wp-login.php HTTP/2" 200 2184 "-" "Mozilla/5.0 (Windows NT 10.0) AppleWebKit/537.36 (KHTML, like Gecko) Chrome/147.0.0.0 Safari/537.36"
194.39.149.53 - - [20/Jul/2026:04:57:02 +0000] "POST /wp-cron.php?doing_wp_cron=1784523422.7779679298400878906250 HTTP/1.1" 200 0 "-" "WordPress/7.0.2; https://blackhat-unlock.com"
161.248.188.39 - - [20/Jul/2026:04:57:05 +0000] "POST /wp-login.php HTTP/2" 200 2319 "https://blackhat-unlock.com/wp-login.php" "Mozilla/5.0 (Windows NT 10.0) AppleWebKit/537.36 (KHTML, like Gecko) Chrome/147.0.0.0 Safari/537.36"
203.6.210.250 - - [20/Jul/2026:04:57:03 +0000] "POST /xmlrpc.php HTTP/1.1" 200 0 "-" "Jetpack/12.5; WordPress/6.4; http://site97767394.com"
203.6.210.250 - - [20/Jul/2026:04:57:14 +0000] "POST /xmlrpc.php HTTP/1.1" 200 0 "-" "Jetpack/13.0; WordPress/6.1; http://site87808918.com"
203.6.210.250 - - [20/Jul/2026:04:57:24 +0000] "POST /xmlrpc.php HTTP/1.1" 200 0 "-" "WordPress.com; https://wordpress.com"
91.92.243.239 - - [20/Jul/2026:04:57:36 +0000] "POST /wp-login.php HTTP/1.1" 403 19352 "-" "Mozilla/5.0"
91.92.243.239 - - [20/Jul/2026:04:57:36 +0000] "POST /wp-login.php HTTP/1.1" 403 19352 "-" "Mozilla/5.0"
182.77.62.24 - - [20/Jul/2026:04:57:39 +0000] "GET /wp/wp-login.php HTTP/2" 200 57284 "-" "Mozilla/5.0 (Linux; Android 14; Pixel 8) AppleWebKit/537.36 (KHTML, like Gecko) Chrome/147.0.0.0 Mobile Safari/537.36"
203.6.210.250 - - [20/Jul/2026:04:57:35 +0000] "POST /xmlrpc.php HTTP/1.1" 200 0 "-" "Jetpack/12.1; WordPress/6.4; http://site18698692.com"
194.39.149.53 - - [20/Jul/2026:04:57:50 +0000] "POST /wp-cron.php?doing_wp_cron=1784523470.7368109226226806640625 HTTP/1.1" 200 0 "-" "WordPress/7.0.2; https://blackhat-unlock.com"
143.198.37.30 - - [20/Jul/2026:04:57:49 +0000] "POST /wp-login.php HTTP/1.1" 200 7338 "-" "Mozilla/5.0"
203.6.210.250 - - [20/Jul/2026:04:57:46 +0000] "POST /xmlrpc.php HTTP/1.1" 200 0 "-" "Jetpack/12.0; WordPress/6.3; http://site20163711.com"
203.6.210.250 - - [20/Jul/2026:04:57:56 +0000] "POST /xmlrpc.php HTTP/1.1" 200 0 "-" "WordPress.com; https://wordpress.com"
89.216.62.195 - - [20/Jul/2026:04:58:09 +0000] "POST /xmlrpc.php HTTP/2" 200 186 "-" "Mozilla/5.0 (iPhone; CPU iPhone OS 18_7_2 like Mac OS X) AppleWebKit/605.1.15 (KHTML, like Gecko) CriOS/147.0.7871.34 Mobile/15E148 Safari/604.1"
203.6.210.250 - - [20/Jul/2026:04:58:07 +0000] "POST /xmlrpc.php HTTP/1.1" 200 0 "-" "WordPress.com; https://wordpress.com"
203.6.210.250 - - [20/Jul/2026:04:58:18 +0000] "POST /xmlrpc.php HTTP/1.1" 200 0 "-" "Jetpack by WordPress.com"
203.6.210.250 - - [20/Jul/2026:04:58:28 +0000] "POST /xmlrpc.php HTTP/1.1" 200 0 "-" "Jetpack by WordPress.com"
203.6.210.250 - - [20/Jul/2026:04:58:39 +0000] "POST /xmlrpc.php HTTP/1.1" 200 0 "-" "Jetpack by WordPress.com"
203.6.210.250 - - [20/Jul/2026:04:58:49 +0000] "POST /xmlrpc.php HTTP/1.1" 200 0 "-" "Jetpack/13.0; WordPress/6.4; http://site43310878.com"
203.6.210.250 - - [20/Jul/2026:04:59:01 +0000] "POST /xmlrpc.php HTTP/1.1" 200 0 "-" "Jetpack/12.0; WordPress/6.2; http://site97649369.com"
203.6.210.250 - - [20/Jul/2026:04:59:12 +0000] "POST /xmlrpc.php HTTP/1.1" 200 0 "-" "WordPress.com; https://wordpress.com"
203.6.210.250 - - [20/Jul/2026:04:59:23 +0000] "POST /xmlrpc.php HTTP/1.1" 200 0 "-" "Jetpack/12.1; WordPress/6.4; http://site23434313.com"
194.39.149.53 - - [20/Jul/2026:04:59:36 +0000] "POST /wp-cron.php?doing_wp_cron=1784523576.3447539806365966796875 HTTP/1.1" 200 0 "-" "WordPress/7.0.2; https://blackhat-unlock.com"
138.68.97.234 - - [20/Jul/2026:04:59:35 +0000] "POST /wp-login.php HTTP/1.1" 200 7350 "-" "Mozilla/5.0"
203.6.210.250 - - [20/Jul/2026:04:59:34 +0000] "POST /xmlrpc.php HTTP/1.1" 200 0 "-" "Jetpack by WordPress.com (Jetpack 12.0; WordPress 6.1)"
203.6.210.250 - - [20/Jul/2026:04:59:45 +0000] "POST /xmlrpc.php HTTP/1.1" 200 0 "-" "Jetpack by WordPress.com (Jetpack 12.1; WordPress 6.3)"
203.6.210.250 - - [20/Jul/2026:04:59:57 +0000] "POST /xmlrpc.php HTTP/1.1" 200 0 "-" "Jetpack by WordPress.com (Jetpack 12.1; WordPress 6.4)"
203.6.210.250 - - [20/Jul/2026:05:00:07 +0000] "POST /xmlrpc.php HTTP/1.1" 200 0 "-" "Jetpack by WordPress.com (Jetpack 12.0; WordPress 6.2)"
203.6.210.250 - - [20/Jul/2026:05:00:18 +0000] "POST /xmlrpc.php HTTP/1.1" 200 0 "-" "Jetpack by WordPress.com"
91.92.243.239 - - [20/Jul/2026:05:00:34 +0000] "POST /wp-login.php HTTP/1.1" 403 19352 "-" "Mozilla/5.0"
91.92.243.239 - - [20/Jul/2026:05:00:34 +0000] "POST /wp-login.php HTTP/1.1" 403 19352 "-" "Mozilla/5.0"
203.6.210.250 - - [20/Jul/2026:05:00:29 +0000] "POST /xmlrpc.php HTTP/1.1" 200 0 "-" "WordPress.com; https://wordpress.com"
203.6.210.250 - - [20/Jul/2026:05:00:39 +0000] "POST /xmlrpc.php HTTP/1.1" 200 0 "-" "Jetpack by WordPress.com"
203.6.210.250 - - [20/Jul/2026:05:00:50 +0000] "POST /xmlrpc.php HTTP/1.1" 200 0 "-" "WordPress.com; https://wordpress.com"
203.6.210.250 - - [20/Jul/2026:05:01:01 +0000] "POST /xmlrpc.php HTTP/1.1" 200 0 "-" "Jetpack by WordPress.com"
203.6.210.250 - - [20/Jul/2026:05:01:12 +0000] "POST /xmlrpc.php HTTP/1.1" 200 0 "-" "Jetpack by WordPress.com"
203.6.210.250 - - [20/Jul/2026:05:01:22 +0000] "POST /xmlrpc.php HTTP/1.1" 200 0 "-" "Jetpack/12.0; WordPress/6.2; http://site89339065.com"
203.6.210.250 - - [20/Jul/2026:05:01:34 +0000] "POST /xmlrpc.php HTTP/1.1" 200 0 "-" "Jetpack by WordPress.com"
203.6.210.250 - - [20/Jul/2026:05:01:45 +0000] "POST /xmlrpc.php HTTP/1.1" 200 0 "-" "Jetpack by WordPress.com (Jetpack 12.0; WordPress 6.1)"
203.6.210.250 - - [20/Jul/2026:05:01:55 +0000] "POST /xmlrpc.php HTTP/1.1" 200 0 "-" "Jetpack by WordPress.com"
203.6.210.250 - - [20/Jul/2026:05:02:06 +0000] "POST /xmlrpc.php HTTP/1.1" 200 0 "-" "Jetpack/13.0; WordPress/6.2; http://site47385752.com"
203.6.210.250 - - [20/Jul/2026:05:02:17 +0000] "POST /xmlrpc.php HTTP/1.1" 200 0 "-" "Jetpack by WordPress.com"
203.6.210.250 - - [20/Jul/2026:05:02:27 +0000] "POST /xmlrpc.php HTTP/1.1" 200 0 "-" "WordPress.com; https://wordpress.com"
203.6.210.250 - - [20/Jul/2026:05:02:38 +0000] "POST /xmlrpc.php HTTP/1.1" 200 0 "-" "Jetpack by WordPress.com (Jetpack 12.1; WordPress 6.4)"
203.6.210.250 - - [20/Jul/2026:05:02:49 +0000] "POST /xmlrpc.php HTTP/1.1" 200 0 "-" "Jetpack by WordPress.com"
203.6.210.250 - - [20/Jul/2026:05:03:00 +0000] "POST /xmlrpc.php HTTP/1.1" 200 0 "-" "WordPress.com; https://wordpress.com"
91.92.243.239 - - [20/Jul/2026:05:03:08 +0000] "POST /wp-login.php HTTP/1.1" 403 19352 "-" "Mozilla/5.0"
91.92.243.239 - - [20/Jul/2026:05:03:08 +0000] "POST /wp-login.php HTTP/1.1" 403 19352 "-" "Mozilla/5.0"
203.6.210.250 - - [20/Jul/2026:05:03:11 +0000] "POST /xmlrpc.php HTTP/1.1" 200 0 "-" "Jetpack by WordPress.com"
203.6.210.250 - - [20/Jul/2026:05:03:22 +0000] "POST /xmlrpc.php HTTP/1.1" 200 0 "-" "Jetpack/12.1; WordPress/6.1; http://site56464357.com"
203.6.210.250 - - [20/Jul/2026:05:03:32 +0000] "POST /xmlrpc.php HTTP/1.1" 200 0 "-" "Jetpack/12.1; WordPress/6.1; http://site26224958.com"
203.6.210.250 - - [20/Jul/2026:05:03:43 +0000] "POST /xmlrpc.php HTTP/1.1" 200 0 "-" "Jetpack/12.0; WordPress/6.2; http://site91015306.com"
203.6.210.250 - - [20/Jul/2026:05:03:55 +0000] "POST /xmlrpc.php HTTP/1.1" 200 0 "-" "Jetpack/12.5; WordPress/6.4; http://site22779676.com"
203.6.210.250 - - [20/Jul/2026:05:04:06 +0000] "POST /xmlrpc.php HTTP/1.1" 200 0 "-" "Jetpack by WordPress.com"
203.6.210.250 - - [20/Jul/2026:05:04:17 +0000] "POST /xmlrpc.php HTTP/1.1" 200 0 "-" "Jetpack/13.0; WordPress/6.3; http://site89081156.com"
203.6.210.250 - - [20/Jul/2026:05:04:28 +0000] "POST /xmlrpc.php HTTP/1.1" 200 0 "-" "Jetpack by WordPress.com (Jetpack 12.1; WordPress 6.1)"
203.6.210.250 - - [20/Jul/2026:05:04:39 +0000] "POST /xmlrpc.php HTTP/1.1" 200 0 "-" "Jetpack/12.1; WordPress/6.1; http://site26767131.com"
194.39.149.53 - - [20/Jul/2026:05:05:42 +0000] "POST /wp-cron.php?doing_wp_cron=1784523942.5786209106445312500000 HTTP/1.1" 200 0 "-" "WordPress/7.0.2; https://blackhat-unlock.com"
143.198.37.30 - - [20/Jul/2026:05:05:39 +0000] "POST /wp-login.php HTTP/1.1" 200 7338 "-" "Mozilla/5.0"
91.92.243.239 - - [20/Jul/2026:05:06:11 +0000] "POST /wp-login.php HTTP/1.1" 403 19352 "-" "Mozilla/5.0"
91.92.243.239 - - [20/Jul/2026:05:06:11 +0000] "POST /wp-login.php HTTP/1.1" 403 19352 "-" "Mozilla/5.0"
194.39.149.53 - - [20/Jul/2026:05:07:21 +0000] "POST /wp-cron.php?doing_wp_cron=1784524041.2663860321044921875000 HTTP/1.1" 200 0 "-" "WordPress/7.0.2; https://blackhat-unlock.com"
138.68.97.234 - - [20/Jul/2026:05:07:20 +0000] "POST /wp-login.php HTTP/1.1" 200 7350 "-" "Mozilla/5.0"
134.122.40.246 - - [20/Jul/2026:05:07:25 +0000] "POST /wp-login.php HTTP/1.1" 200 7338 "-" "Mozilla/5.0"
45.148.10.120 - - [20/Jul/2026:05:08:22 +0000] "GET /.git/config HTTP/1.1" 403 1242 "-" "Mozilla/5.0 (Windows NT 6.1; Win64; x64) AppleWebKit/537.36 (KHTML, like Gecko) Chrome/75.0.3770.100 Safari/537.36 OPR/62.0.3331.99"
91.92.243.239 - - [20/Jul/2026:05:08:43 +0000] "POST /wp-login.php HTTP/1.1" 403 19352 "-" "Mozilla/5.0"
91.92.243.239 - - [20/Jul/2026:05:08:43 +0000] "POST /wp-login.php HTTP/1.1" 403 19352 "-" "Mozilla/5.0"
194.39.149.53 - - [20/Jul/2026:05:10:09 +0000] "POST /wp-cron.php?doing_wp_cron=1784524209.7438979148864746093750 HTTP/1.1" 200 0 "-" "WordPress/7.0.2; https://blackhat-unlock.com"
160.187.68.132 - - [20/Jul/2026:05:10:08 +0000] "GET /wp-login.php HTTP/2" 200 2184 "-" "Mozilla/5.0 (Linux; Android 11; Redmi Note 9) AppleWebKit/537.36 (KHTML, like Gecko) Chrome/150.0.0.0 Mobile Safari/537.36"
160.187.68.132 - - [20/Jul/2026:05:10:11 +0000] "POST /wp-login.php HTTP/2" 200 2329 "https://mail.blackhat-unlock.com/wp-login.php" "Mozilla/5.0 (Linux; Android 11; Redmi Note 9) AppleWebKit/537.36 (KHTML, like Gecko) Chrome/150.0.0.0 Mobile Safari/537.36"
45.148.10.120 - - [20/Jul/2026:05:10:43 +0000] "GET /.git/config HTTP/1.1" 404 3418 "-" "Mozilla/5.0 (Macintosh; Intel Mac OS X 10_9_3) AppleWebKit/537.75.14 (KHTML, like Gecko) Version/7.0.3 Safari/7046A194A"
72.60.40.175 - - [20/Jul/2026:05:11:02 +0000] "GET /shop/ HTTP/2" 200 234009 "-" "Mozilla/5.0 (Windows NT 10.0; Win64; x64) AppleWebKit/537.36"
91.92.243.239 - - [20/Jul/2026:05:11:53 +0000] "POST /wp-login.php HTTP/1.1" 403 19352 "-" "Mozilla/5.0"
91.92.243.239 - - [20/Jul/2026:05:11:53 +0000] "POST /wp-login.php HTTP/1.1" 403 19352 "-" "Mozilla/5.0"
66.249.64.173 - - [20/Jul/2026:05:12:16 +0000] "GET / HTTP/1.1" 200 57284 "-" "Mozilla/5.0 (compatible; Googlebot/2.1; +http://www.google.com/bot.html)"
194.39.149.53 - - [20/Jul/2026:05:13:29 +0000] "POST /wp-cron.php?doing_wp_cron=1784524409.1980099678039550781250 HTTP/1.1" 200 0 "-" "WordPress/7.0.2; https://blackhat-unlock.com"
143.198.37.30 - - [20/Jul/2026:05:13:28 +0000] "POST /wp-login.php HTTP/1.1" 200 7338 "-" "Mozilla/5.0"
91.92.243.239 - - [20/Jul/2026:05:14:33 +0000] "POST /wp-login.php HTTP/1.1" 403 19352 "-" "Mozilla/5.0"
91.92.243.239 - - [20/Jul/2026:05:14:33 +0000] "POST /wp-login.php HTTP/1.1" 403 19352 "-" "Mozilla/5.0"
138.68.97.234 - - [20/Jul/2026:05:15:05 +0000] "POST /wp-login.php HTTP/1.1" 200 7350 "-" "Mozilla/5.0"
194.39.149.53 - - [20/Jul/2026:05:15:08 +0000] "POST /wp-cron.php?doing_wp_cron=1784524508.0459558963775634765625 HTTP/1.1" 200 0 "-" "WordPress/7.0.2; https://blackhat-unlock.com"
91.92.243.239 - - [20/Jul/2026:05:17:46 +0000] "POST /wp-login.php HTTP/1.1" 403 19352 "-" "Mozilla/5.0"
91.92.243.239 - - [20/Jul/2026:05:17:46 +0000] "POST /wp-login.php HTTP/1.1" 403 19352 "-" "Mozilla/5.0"
194.39.149.53 - - [20/Jul/2026:05:20:10 +0000] "POST /wp-cron.php?doing_wp_cron=1784524810.5168449878692626953125 HTTP/1.1" 200 0 "-" "WordPress/7.0.2; https://blackhat-unlock.com"
134.122.40.246 - - [20/Jul/2026:05:20:08 +0000] "POST /wp-login.php HTTP/1.1" 200 7338 "-" "Mozilla/5.0"
91.92.243.239 - - [20/Jul/2026:05:20:16 +0000] "POST /wp-login.php HTTP/1.1" 403 19352 "-" "Mozilla/5.0"
91.92.243.239 - - [20/Jul/2026:05:20:16 +0000] "POST /wp-login.php HTTP/1.1" 403 19352 "-" "Mozilla/5.0"
194.39.149.53 - - [20/Jul/2026:05:21:25 +0000] "POST /wp-cron.php?doing_wp_cron=1784524885.4448609352111816406250 HTTP/1.1" 200 0 "-" "WordPress/7.0.2; https://blackhat-unlock.com"
143.198.37.30 - - [20/Jul/2026:05:21:24 +0000] "POST /wp-login.php HTTP/1.1" 200 7338 "-" "Mozilla/5.0"
194.39.149.53 - - [20/Jul/2026:05:22:58 +0000] "POST /wp-cron.php?doing_wp_cron=1784524978.0335888862609863281250 HTTP/1.1" 200 0 "-" "WordPress/7.0.2; https://blackhat-unlock.com"
138.68.97.234 - - [20/Jul/2026:05:22:56 +0000] "POST /wp-login.php HTTP/1.1" 200 7350 "-" "Mozilla/5.0"
91.92.243.239 - - [20/Jul/2026:05:23:28 +0000] "POST /wp-login.php HTTP/1.1" 403 19352 "-" "Mozilla/5.0"
91.92.243.239 - - [20/Jul/2026:05:23:29 +0000] "POST /wp-login.php HTTP/1.1" 403 19352 "-" "Mozilla/5.0"
72.60.40.175 - - [20/Jul/2026:05:23:30 +0000] "GET /shop/ HTTP/2" 200 234009 "-" "Mozilla/5.0 (Windows NT 10.0; Win64; x64) AppleWebKit/537.36"
91.92.243.239 - - [20/Jul/2026:05:26:01 +0000] "POST /wp-login.php HTTP/1.1" 403 19352 "-" "Mozilla/5.0"
91.92.243.239 - - [20/Jul/2026:05:26:01 +0000] "POST /wp-login.php HTTP/1.1" 403 19352 "-" "Mozilla/5.0"
91.92.243.239 - - [20/Jul/2026:05:29:03 +0000] "POST /wp-login.php HTTP/1.1" 403 19352 "-" "Mozilla/5.0"
91.92.243.239 - - [20/Jul/2026:05:29:03 +0000] "POST /wp-login.php HTTP/1.1" 403 19352 "-" "Mozilla/5.0"
194.39.149.53 - - [20/Jul/2026:05:29:41 +0000] "POST /wp-cron.php?doing_wp_cron=1784525381.3380689620971679687500 HTTP/1.1" 200 0 "-" "WordPress/7.0.2; https://blackhat-unlock.com"
143.198.37.30 - - [20/Jul/2026:05:29:37 +0000] "POST /wp-login.php HTTP/1.1" 200 7338 "-" "Mozilla/5.0"
72.60.40.175 - - [20/Jul/2026:05:30:21 +0000] "GET /shop/ HTTP/2" 200 234009 "-" "Mozilla/5.0 (Windows NT 10.0; Win64; x64) AppleWebKit/537.36"
194.39.149.53 - - [20/Jul/2026:05:30:55 +0000] "POST /wp-cron.php?doing_wp_cron=1784525455.6455628871917724609375 HTTP/1.1" 200 0 "-" "WordPress/7.0.2; https://blackhat-unlock.com"
138.68.97.234 - - [20/Jul/2026:05:30:53 +0000] "POST /wp-login.php HTTP/1.1" 200 7350 "-" "Mozilla/5.0"
91.92.243.239 - - [20/Jul/2026:05:31:33 +0000] "POST /wp-login.php HTTP/1.1" 403 19352 "-" "Mozilla/5.0"
91.92.243.239 - - [20/Jul/2026:05:31:33 +0000] "POST /wp-login.php HTTP/1.1" 403 19352 "-" "Mozilla/5.0"
194.39.149.53 - - [20/Jul/2026:05:33:01 +0000] "POST /wp-cron.php?doing_wp_cron=1784525581.5031259059906005859375 HTTP/1.1" 200 0 "-" "WordPress/7.0.2; https://blackhat-unlock.com"
134.122.40.246 - - [20/Jul/2026:05:33:00 +0000] "POST /wp-login.php HTTP/1.1" 200 7338 "-" "Mozilla/5.0"
98.70.32.248 - - [20/Jul/2026:05:33:12 +0000] "POST /xmlrpc.php HTTP/2" 200 186 "-" "Mozilla/5.0 (X11; Linux x86_64) AppleWebKit/537.36 (KHTML, like Gecko) Chrome/147.0.0.0 Safari/537.36 Edg/147.0.0.0"
128.199.203.39 - - [20/Jul/2026:05:33:31 +0000] "POST /wp/xmlrpc.php HTTP/2" 200 57285 "-" "Mozilla/5.0 (Windows NT 10.0; Win64; x64) AppleWebKit/537.36 (KHTML, like Gecko) Chrome/147.0.0.0 Safari/537.36 Edg/147.0.0.0"
128.199.203.39 - - [20/Jul/2026:05:33:32 +0000] "POST /wp/xmlrpc.php HTTP/2" 403 5137 "-" "Mozilla/5.0 (Windows NT 10.0; Win64; x64) AppleWebKit/537.36 (KHTML, like Gecko) Chrome/147.0.0.0 Safari/537.36 Edg/147.0.0.0"
72.60.40.175 - - [20/Jul/2026:05:34:31 +0000] "GET /shop/ HTTP/2" 200 234009 "-" "Mozilla/5.0 (Windows NT 10.0; Win64; x64) AppleWebKit/537.36"
91.92.243.239 - - [20/Jul/2026:05:34:49 +0000] "POST /wp-login.php HTTP/1.1" 403 19352 "-" "Mozilla/5.0"
91.92.243.239 - - [20/Jul/2026:05:34:49 +0000] "POST /wp-login.php HTTP/1.1" 403 19352 "-" "Mozilla/5.0"
91.92.243.239 - - [20/Jul/2026:05:37:24 +0000] "POST /wp-login.php HTTP/1.1" 403 19352 "-" "Mozilla/5.0"
91.92.243.239 - - [20/Jul/2026:05:37:24 +0000] "POST /wp-login.php HTTP/1.1" 403 19352 "-" "Mozilla/5.0"
194.39.149.53 - - [20/Jul/2026:05:37:39 +0000] "POST /wp-cron.php?doing_wp_cron=1784525859.7360179424285888671875 HTTP/1.1" 200 0 "-" "WordPress/7.0.2; https://blackhat-unlock.com"
143.198.37.30 - - [20/Jul/2026:05:37:38 +0000] "POST /wp-login.php HTTP/1.1" 200 7338 "-" "Mozilla/5.0"
194.39.149.53 - - [20/Jul/2026:05:38:49 +0000] "POST /wp-cron.php?doing_wp_cron=1784525929.4654099941253662109375 HTTP/1.1" 200 0 "-" "WordPress/7.0.2; https://blackhat-unlock.com"
138.68.97.234 - - [20/Jul/2026:05:38:48 +0000] "POST /wp-login.php HTTP/1.1" 200 7350 "-" "Mozilla/5.0"
91.92.243.239 - - [20/Jul/2026:05:40:19 +0000] "POST /wp-login.php HTTP/1.1" 403 19352 "-" "Mozilla/5.0"
91.92.243.239 - - [20/Jul/2026:05:40:22 +0000] "POST /wp-login.php HTTP/1.1" 403 19352 "-" "Mozilla/5.0"
91.92.243.239 - - [20/Jul/2026:05:42:48 +0000] "POST /wp-login.php HTTP/1.1" 403 19352 "-" "Mozilla/5.0"
91.92.243.239 - - [20/Jul/2026:05:42:48 +0000] "POST /wp-login.php HTTP/1.1" 403 19352 "-" "Mozilla/5.0"
72.60.40.175 - - [20/Jul/2026:05:43:47 +0000] "GET /shop/ HTTP/2" 200 234009 "-" "Mozilla/5.0 (Windows NT 10.0; Win64; x64) AppleWebKit/537.36"
143.198.37.30 - - [20/Jul/2026:05:45:43 +0000] "POST /wp-login.php HTTP/1.1" 200 7338 "-" "Mozilla/5.0"
194.39.149.53 - - [20/Jul/2026:05:45:45 +0000] "POST /wp-cron.php?doing_wp_cron=1784526344.9567179679870605468750 HTTP/1.1" 200 0 "-" "WordPress/7.0.2; https://blackhat-unlock.com"
89.216.62.195 - - [20/Jul/2026:05:45:42 +0000] "GET /wp-login.php HTTP/2" 200 2184 "-" "Mozilla/5.0 (iPad; CPU OS 17_5_1 like Mac OS X) AppleWebKit/605.1.15 (KHTML, like Gecko) CriOS/150.0.7871.34 Mobile/15E148 Safari/604.1"
89.216.62.195 - - [20/Jul/2026:05:45:45 +0000] "POST /wp-login.php HTTP/2" 200 2329 "https://mail.blackhat-unlock.com/wp-login.php" "Mozilla/5.0 (iPad; CPU OS 17_5_1 like Mac OS X) AppleWebKit/605.1.15 (KHTML, like Gecko) CriOS/150.0.7871.34 Mobile/15E148 Safari/604.1"
134.122.40.246 - - [20/Jul/2026:05:45:53 +0000] "POST /wp-login.php HTTP/1.1" 200 7338 "-" "Mozilla/5.0"
91.92.243.239 - - [20/Jul/2026:05:45:57 +0000] "POST /wp-login.php HTTP/1.1" 403 19352 "-" "Mozilla/5.0"
91.92.243.239 - - [20/Jul/2026:05:45:58 +0000] "POST /wp-login.php HTTP/1.1" 403 19352 "-" "Mozilla/5.0"
4.205.168.44 - - [20/Jul/2026:05:46:36 +0000] "POST /xmlrpc.php HTTP/2" 200 186 "-" "Mozilla/5.0 (X11; CrOS x86_64 14541.0.0) AppleWebKit/537.36 (KHTML, like Gecko) Chrome/147.0.0.0 Safari/537.36"
194.39.149.53 - - [20/Jul/2026:05:46:43 +0000] "POST /wp-cron.php?doing_wp_cron=1784526403.8707590103149414062500 HTTP/1.1" 200 0 "-" "WordPress/7.0.2; https://blackhat-unlock.com"
138.68.97.234 - - [20/Jul/2026:05:46:55 +0000] "POST /wp-login.php HTTP/1.1" 200 7350 "-" "Mozilla/5.0"
91.92.243.239 - - [20/Jul/2026:05:48:30 +0000] "POST /wp-login.php HTTP/1.1" 403 19352 "-" "Mozilla/5.0"
91.92.243.239 - - [20/Jul/2026:05:48:30 +0000] "POST /wp-login.php HTTP/1.1" 403 19352 "-" "Mozilla/5.0"
91.92.243.239 - - [20/Jul/2026:05:51:35 +0000] "POST /wp-login.php HTTP/1.1" 403 19352 "-" "Mozilla/5.0"
91.92.243.239 - - [20/Jul/2026:05:51:35 +0000] "POST /wp-login.php HTTP/1.1" 403 19352 "-" "Mozilla/5.0"
143.198.37.30 - - [20/Jul/2026:05:53:42 +0000] "POST /wp-login.php HTTP/1.1" 200 7338 "-" "Mozilla/5.0"
194.39.149.53 - - [20/Jul/2026:05:53:57 +0000] "POST /wp-cron.php?doing_wp_cron=1784526837.2168490886688232421875 HTTP/1.1" 200 0 "-" "WordPress/7.0.2; https://blackhat-unlock.com"
91.92.243.239 - - [20/Jul/2026:05:54:10 +0000] "POST /wp-login.php HTTP/1.1" 200 0 "-" "Mozilla/5.0"
91.92.243.239 - - [20/Jul/2026:05:54:10 +0000] "POST /wp-login.php HTTP/1.1" 200 0 "-" "Mozilla/5.0"
194.39.149.53 - - [20/Jul/2026:05:55:16 +0000] "POST /wp-cron.php?doing_wp_cron=1784526916.7252759933471679687500 HTTP/1.1" 200 0 "-" "WordPress/7.0.2; https://blackhat-unlock.com"
138.68.97.234 - - [20/Jul/2026:05:55:15 +0000] "POST /wp-login.php HTTP/1.1" 200 7350 "-" "Mozilla/5.0"
89.117.63.72 - - [20/Jul/2026:05:55:36 +0000] "GET /wp/wp-login.php HTTP/2" 200 57285 "-" "Mozilla/5.0 (Macintosh; Intel Mac OS X 14_7_1) AppleWebKit/537.36 (KHTML, like Gecko) Chrome/147.0.0.0 Safari/537.36"
91.92.243.239 - - [20/Jul/2026:05:57:24 +0000] "POST /wp-login.php HTTP/1.1" 403 19352 "-" "Mozilla/5.0"
91.92.243.239 - - [20/Jul/2026:05:57:24 +0000] "POST /wp-login.php HTTP/1.1" 403 19352 "-" "Mozilla/5.0"
202.51.202.242 - - [20/Jul/2026:05:58:53 +0000] "POST /wp/xmlrpc.php HTTP/2" 200 57285 "-" "Mozilla/5.0 (X11; CrOS x86_64 14541.0.0) AppleWebKit/537.36 (KHTML, like Gecko) Chrome/147.0.0.0 Safari/537.36"
202.51.202.242 - - [20/Jul/2026:05:58:54 +0000] "POST /wp/xmlrpc.php HTTP/2" 403 5137 "-" "Mozilla/5.0 (X11; CrOS x86_64 14541.0.0) AppleWebKit/537.36 (KHTML, like Gecko) Chrome/147.0.0.0 Safari/537.36"
194.39.149.53 - - [20/Jul/2026:05:59:00 +0000] "POST /wp-cron.php?doing_wp_cron=1784527140.5368719100952148437500 HTTP/1.1" 200 0 "-" "WordPress/7.0.2; https://blackhat-unlock.com"
134.122.40.246 - - [20/Jul/2026:05:58:59 +0000] "POST /wp-login.php HTTP/1.1" 200 7338 "-" "Mozilla/5.0"
91.92.243.239 - - [20/Jul/2026:05:59:52 +0000] "POST /wp-login.php HTTP/1.1" 403 19352 "-" "Mozilla/5.0"
91.92.243.239 - - [20/Jul/2026:05:59:52 +0000] "POST /wp-login.php HTTP/1.1" 403 19352 "-" "Mozilla/5.0"
72.60.40.175 - - [20/Jul/2026:05:59:56 +0000] "GET /shop/ HTTP/2" 200 234009 "-" "Mozilla/5.0 (Windows NT 10.0; Win64; x64) AppleWebKit/537.36"
194.39.149.53 - - [20/Jul/2026:06:00:17 +0000] "POST /wp-cron.php?doing_wp_cron=1784527217.8017098903656005859375 HTTP/1.1" 200 0 "-" "WordPress/7.0.2; https://blackhat-unlock.com"
95.217.78.234 - - [20/Jul/2026:06:00:15 +0000] "GET /wp-login.php HTTP/2" 200 2184 "-" "Mozilla/5.0 (Linux; Android 13; SM-S918B) AppleWebKit/537.36 (KHTML, like Gecko) Chrome/147.0.0.0 Mobile Safari/537.36"
95.217.78.234 - - [20/Jul/2026:06:00:18 +0000] "POST /wp-login.php HTTP/2" 200 2319 "https://blackhat-unlock.com/wp-login.php" "Mozilla/5.0 (Linux; Android 13; SM-S918B) AppleWebKit/537.36 (KHTML, like Gecko) Chrome/147.0.0.0 Mobile Safari/537.36"
91.202.233.61 - - [20/Jul/2026:06:02:02 +0000] "GET / HTTP/1.1" 200 234009 "-" "Mozilla/5.0 (Windows NT 10.0; Win64; x64) AppleWebKit/537.36 (KHTML, like Gecko) Chrome/131.0.0.0 Safari/537.36"
91.202.233.61 - - [20/Jul/2026:06:02:03 +0000] "GET /wp-json/ HTTP/1.1" 200 234009 "-" "Mozilla/5.0 (Windows NT 10.0; Win64; x64) AppleWebKit/537.36 (KHTML, like Gecko) Chrome/131.0.0.0 Safari/537.36"
91.202.233.61 - - [20/Jul/2026:06:02:03 +0000] "GET /?rest_route=/ HTTP/1.1" 200 234009 "-" "Mozilla/5.0 (Windows NT 10.0; Win64; x64) AppleWebKit/537.36 (KHTML, like Gecko) Chrome/131.0.0.0 Safari/537.36"
91.202.233.61 - - [20/Jul/2026:06:02:04 +0000] "GET / HTTP/1.1" 200 234009 "-" "Mozilla/5.0 (Windows NT 10.0; Win64; x64) AppleWebKit/537.36 (KHTML, like Gecko) Chrome/131.0.0.0 Safari/537.36"
91.202.233.61 - - [20/Jul/2026:06:02:05 +0000] "GET /readme.html HTTP/1.1" 200 7406 "-" "Mozilla/5.0 (Windows NT 10.0; Win64; x64) AppleWebKit/537.36 (KHTML, like Gecko) Chrome/131.0.0.0 Safari/537.36"
194.39.149.53 - - [20/Jul/2026:06:02:05 +0000] "POST /wp-cron.php?doing_wp_cron=1784527325.4107799530029296875000 HTTP/1.1" 200 0 "-" "WordPress/7.0.2; https://blackhat-unlock.com"
143.198.37.30 - - [20/Jul/2026:06:02:04 +0000] "POST /wp-login.php HTTP/1.1" 200 7338 "-" "Mozilla/5.0"
91.92.243.239 - - [20/Jul/2026:06:03:00 +0000] "POST /wp-login.php HTTP/1.1" 403 19352 "-" "Mozilla/5.0"
91.92.243.239 - - [20/Jul/2026:06:03:00 +0000] "POST /wp-login.php HTTP/1.1" 403 19352 "-" "Mozilla/5.0"
194.39.149.53 - - [20/Jul/2026:06:03:35 +0000] "POST /wp-cron.php?doing_wp_cron=1784527415.1371150016784667968750 HTTP/1.1" 200 0 "-" "WordPress/7.0.2; https://blackhat-unlock.com"
138.68.97.234 - - [20/Jul/2026:06:03:33 +0000] "POST /wp-login.php HTTP/1.1" 200 7350 "-" "Mozilla/5.0"
72.60.40.175 - - [20/Jul/2026:06:04:42 +0000] "GET /shop/ HTTP/2" 200 234009 "-" "Mozilla/5.0 (Windows NT 10.0; Win64; x64) AppleWebKit/537.36"
91.92.243.239 - - [20/Jul/2026:06:05:36 +0000] "POST /wp-login.php HTTP/1.1" 403 19352 "-" "Mozilla/5.0"
91.92.243.239 - - [20/Jul/2026:06:05:36 +0000] "POST /wp-login.php HTTP/1.1" 403 19352 "-" "Mozilla/5.0"
91.92.243.239 - - [20/Jul/2026:06:08:44 +0000] "POST /wp-login.php HTTP/1.1" 403 19352 "-" "Mozilla/5.0"
91.92.243.239 - - [20/Jul/2026:06:08:44 +0000] "POST /wp-login.php HTTP/1.1" 403 19352 "-" "Mozilla/5.0"
194.39.149.53 - - [20/Jul/2026:06:10:32 +0000] "POST /wp-cron.php?doing_wp_cron=1784527832.2398469448089599609375 HTTP/1.1" 200 0 "-" "WordPress/7.0.2; https://blackhat-unlock.com"
143.198.37.30 - - [20/Jul/2026:06:10:28 +0000] "POST /wp-login.php HTTP/1.1" 200 7338 "-" "Mozilla/5.0"
91.92.243.239 - - [20/Jul/2026:06:11:13 +0000] "POST /wp-login.php HTTP/1.1" 403 19352 "-" "Mozilla/5.0"
91.92.243.239 - - [20/Jul/2026:06:11:13 +0000] "POST /wp-login.php HTTP/1.1" 403 19352 "-" "Mozilla/5.0"
194.39.149.53 - - [20/Jul/2026:06:12:02 +0000] "POST /wp-cron.php?doing_wp_cron=1784527921.9146039485931396484375 HTTP/1.1" 200 0 "-" "WordPress/7.0.2; https://blackhat-unlock.com"
138.68.97.234 - - [20/Jul/2026:06:11:57 +0000] "POST /wp-login.php HTTP/1.1" 200 7350 "-" "Mozilla/5.0"
134.122.40.246 - - [20/Jul/2026:06:12:11 +0000] "POST /wp-login.php HTTP/1.1" 200 7338 "-" "Mozilla/5.0"
91.92.243.239 - - [20/Jul/2026:06:14:25 +0000] "POST /wp-login.php HTTP/1.1" 403 19352 "-" "Mozilla/5.0"
91.92.243.239 - - [20/Jul/2026:06:14:25 +0000] "POST /wp-login.php HTTP/1.1" 403 19352 "-" "Mozilla/5.0"
91.92.243.239 - - [20/Jul/2026:06:16:57 +0000] "POST /wp-login.php HTTP/1.1" 403 19352 "-" "Mozilla/5.0"
91.92.243.239 - - [20/Jul/2026:06:16:57 +0000] "POST /wp-login.php HTTP/1.1" 403 19352 "-" "Mozilla/5.0"
194.39.149.53 - - [20/Jul/2026:06:17:36 +0000] "POST /wp-cron.php?doing_wp_cron=1784528255.9245560169219970703125 HTTP/1.1" 200 0 "-" "WordPress/7.0.2; https://blackhat-unlock.com"
192.241.143.148 - - [20/Jul/2026:06:17:33 +0000] "POST /xmlrpc.php HTTP/2" 200 186 "-" "Mozilla/5.0 (Windows NT 10.0; Win64; x64) AppleWebKit/537.36 (KHTML, like Gecko) Chrome/147.0.0.0 Safari/537.36 Edg/147.0.0.0"
143.198.37.30 - - [20/Jul/2026:06:18:59 +0000] "POST /wp-login.php HTTP/1.1" 200 7338 "-" "Mozilla/5.0"
194.39.149.53 - - [20/Jul/2026:06:19:04 +0000] "POST /wp-cron.php?doing_wp_cron=1784528344.4878199100494384765625 HTTP/1.1" 200 0 "-" "WordPress/7.0.2; https://blackhat-unlock.com"
91.92.243.239 - - [20/Jul/2026:06:19:54 +0000] "POST /wp-login.php HTTP/1.1" 403 19352 "-" "Mozilla/5.0"
91.92.243.239 - - [20/Jul/2026:06:19:54 +0000] "POST /wp-login.php HTTP/1.1" 403 19352 "-" "Mozilla/5.0"
138.68.97.234 - - [20/Jul/2026:06:20:17 +0000] "POST /wp-login.php HTTP/1.1" 200 7350 "-" "Mozilla/5.0"
194.39.149.53 - - [20/Jul/2026:06:20:22 +0000] "POST /wp-cron.php?doing_wp_cron=1784528422.5630049705505371093750 HTTP/1.1" 200 0 "-" "WordPress/7.0.2; https://blackhat-unlock.com"
91.92.243.239 - - [20/Jul/2026:06:22:20 +0000] "POST /wp-login.php HTTP/1.1" 403 19352 "-" "Mozilla/5.0"
91.92.243.239 - - [20/Jul/2026:06:22:20 +0000] "POST /wp-login.php HTTP/1.1" 403 19352 "-" "Mozilla/5.0"
72.60.40.175 - - [20/Jul/2026:06:22:41 +0000] "GET /shop/ HTTP/2" 200 234009 "-" "Mozilla/5.0 (Windows NT 10.0; Win64; x64) AppleWebKit/537.36"
91.92.243.239 - - [20/Jul/2026:06:25:23 +0000] "POST /wp-login.php HTTP/1.1" 200 0 "-" "Mozilla/5.0"
91.92.243.239 - - [20/Jul/2026:06:25:23 +0000] "POST /wp-login.php HTTP/1.1" 200 0 "-" "Mozilla/5.0"
134.122.40.246 - - [20/Jul/2026:06:25:25 +0000] "POST /wp-login.php HTTP/1.1" 200 0 "-" "Mozilla/5.0"
72.60.40.175 - - [20/Jul/2026:06:26:37 +0000] "GET /shop/ HTTP/2" 200 234009 "-" "Mozilla/5.0 (Windows NT 10.0; Win64; x64) AppleWebKit/537.36"
143.198.37.30 - - [20/Jul/2026:06:27:25 +0000] "POST /wp-login.php HTTP/1.1" 200 0 "-" "Mozilla/5.0"
91.92.243.239 - - [20/Jul/2026:06:27:49 +0000] "POST /wp-login.php HTTP/1.1" 200 0 "-" "Mozilla/5.0"
91.92.243.239 - - [20/Jul/2026:06:27:50 +0000] "POST /wp-login.php HTTP/1.1" 200 0 "-" "Mozilla/5.0"
138.68.97.234 - - [20/Jul/2026:06:28:35 +0000] "POST /wp-login.php HTTP/1.1" 200 0 "-" "Mozilla/5.0"
91.92.243.239 - - [20/Jul/2026:06:30:44 +0000] "POST /wp-login.php HTTP/1.1" 200 0 "-" "Mozilla/5.0"
91.92.243.239 - - [20/Jul/2026:06:30:44 +0000] "POST /wp-login.php HTTP/1.1" 200 0 "-" "Mozilla/5.0"
156.67.31.167 - - [20/Jul/2026:06:31:10 +0000] "POST /xmlrpc.php HTTP/2" 200 186 "-" "Mozilla/5.0 (Windows NT 6.1; WOW64) AppleWebKit/537.36 (KHTML, like Gecko) Chrome/147.0.0.0 Safari/537.36"
89.117.63.72 - - [20/Jul/2026:06:31:09 +0000] "GET /wp-login.php HTTP/2" 200 2184 "-" "Mozilla/5.0 (iPad; CPU OS 18_0 like Mac OS X) AppleWebKit/605.1.15 (KHTML, like Gecko) CriOS/150.0.7871.34 Mobile/15E148 Safari/604.1"
194.39.149.53 - - [20/Jul/2026:06:31:34 +0000] "POST /wp-cron.php?doing_wp_cron=1784529094.2622361183166503906250 HTTP/1.1" 200 0 "-" "WordPress/7.0.2; https://blackhat-unlock.com"
89.117.63.72 - - [20/Jul/2026:06:31:38 +0000] "POST /wp-login.php HTTP/2" 200 2329 "https://mail.blackhat-unlock.com/wp-login.php" "Mozilla/5.0 (iPad; CPU OS 18_0 like Mac OS X) AppleWebKit/605.1.15 (KHTML, like Gecko) CriOS/150.0.7871.34 Mobile/15E148 Safari/604.1"
74.235.96.117 - - [20/Jul/2026:06:32:19 +0000] "POST /wp/xmlrpc.php HTTP/2" 200 57285 "-" "Mozilla/5.0 (iPhone; CPU iPhone OS 18_6_1 like Mac OS X) AppleWebKit/605.1.15 (KHTML, like Gecko) CriOS/147.0.7871.34 Mobile/15E148 Safari/604.1"
74.235.96.117 - - [20/Jul/2026:06:32:19 +0000] "POST /wp/xmlrpc.php HTTP/2" 403 5137 "-" "Mozilla/5.0 (iPhone; CPU iPhone OS 18_6_1 like Mac OS X) AppleWebKit/605.1.15 (KHTML, like Gecko) CriOS/147.0.7871.34 Mobile/15E148 Safari/604.1"
72.60.40.175 - - [20/Jul/2026:06:32:56 +0000] "GET /shop/ HTTP/2" 200 234009 "-" "Mozilla/5.0 (Windows NT 10.0; Win64; x64) AppleWebKit/537.36"
91.92.243.239 - - [20/Jul/2026:06:33:10 +0000] "POST /wp-login.php HTTP/1.1" 403 19352 "-" "Mozilla/5.0"
91.92.243.239 - - [20/Jul/2026:06:33:10 +0000] "POST /wp-login.php HTTP/1.1" 403 19352 "-" "Mozilla/5.0"
143.198.37.30 - - [20/Jul/2026:06:36:02 +0000] "POST /wp-login.php HTTP/1.1" 200 7338 "-" "Mozilla/5.0"
194.39.149.53 - - [20/Jul/2026:06:36:06 +0000] "POST /wp-cron.php?doing_wp_cron=1784529366.6048099994659423828125 HTTP/1.1" 200 0 "-" "WordPress/7.0.2; https://blackhat-unlock.com"
91.92.243.239 - - [20/Jul/2026:06:36:19 +0000] "POST /wp-login.php HTTP/1.1" 403 19352 "-" "Mozilla/5.0"
91.92.243.239 - - [20/Jul/2026:06:36:19 +0000] "POST /wp-login.php HTTP/1.1" 403 19352 "-" "Mozilla/5.0"
138.68.97.234 - - [20/Jul/2026:06:36:55 +0000] "POST /wp-login.php HTTP/1.1" 200 7350 "-" "Mozilla/5.0"
194.39.149.53 - - [20/Jul/2026:06:36:58 +0000] "POST /wp-cron.php?doing_wp_cron=1784529417.9216709136962890625000 HTTP/1.1" 200 0 "-" "WordPress/7.0.2; https://blackhat-unlock.com"
52.3.156.186 - - [20/Jul/2026:06:37:02 +0000] "GET /product/biovert-cleaner/feed/ HTTP/1.1" 200 65490 "-" "Mozilla/5.0 AppleWebKit/537.36 (KHTML, like Gecko; compatible; Amazonbot/0.1; +https://developer.amazon.com/support/amazonbot) Chrome/119.0.6045.214 Safari/537.36"
44.196.118.6 - - [20/Jul/2026:06:37:05 +0000] "GET /wp-json/oembed/1.0/embed?url=https://blackhat-unlock.com/product/magic-spin-mop/ HTTP/1.1" 200 65490 "-" "Mozilla/5.0 AppleWebKit/537.36 (KHTML, like Gecko; compatible; Amazonbot/0.1; +https://developer.amazon.com/support/amazonbot) Chrome/119.0.6045.214 Safari/537.36"
18.213.27.222 - - [20/Jul/2026:06:37:10 +0000] "GET /tag/corporate/feed/ HTTP/1.1" 200 65490 "-" "Mozilla/5.0 AppleWebKit/537.36 (KHTML, like Gecko; compatible; Amazonbot/0.1; +https://developer.amazon.com/support/amazonbot) Chrome/119.0.6045.214 Safari/537.36"
194.39.149.53 - - [20/Jul/2026:06:38:53 +0000] "POST /wp-cron.php?doing_wp_cron=1784529533.0295441150665283203125 HTTP/1.1" 200 0 "-" "WordPress/7.0.2; https://blackhat-unlock.com"
134.122.40.246 - - [20/Jul/2026:06:38:51 +0000] "POST /wp-login.php HTTP/1.1" 200 7338 "-" "Mozilla/5.0"
91.92.243.239 - - [20/Jul/2026:06:38:53 +0000] "POST /wp-login.php HTTP/1.1" 403 19352 "-" "Mozilla/5.0"
91.92.243.239 - - [20/Jul/2026:06:38:53 +0000] "POST /wp-login.php HTTP/1.1" 403 19352 "-" "Mozilla/5.0"
91.92.243.239 - - [20/Jul/2026:06:42:01 +0000] "POST /wp-login.php HTTP/1.1" 403 19352 "-" "Mozilla/5.0"
91.92.243.239 - - [20/Jul/2026:06:42:01 +0000] "POST /wp-login.php HTTP/1.1" 403 19352 "-" "Mozilla/5.0"
72.60.40.175 - - [20/Jul/2026:06:43:18 +0000] "GET /shop/ HTTP/2" 200 234009 "-" "Mozilla/5.0 (Windows NT 10.0; Win64; x64) AppleWebKit/537.36"
91.92.243.239 - - [20/Jul/2026:06:44:39 +0000] "POST /wp-login.php HTTP/1.1" 403 19352 "-" "Mozilla/5.0"
91.92.243.239 - - [20/Jul/2026:06:44:39 +0000] "POST /wp-login.php HTTP/1.1" 403 19352 "-" "Mozilla/5.0"
194.39.149.53 - - [20/Jul/2026:06:44:40 +0000] "POST /wp-cron.php?doing_wp_cron=1784529880.8785030841827392578125 HTTP/1.1" 200 0 "-" "WordPress/7.0.2; https://blackhat-unlock.com"
143.198.37.30 - - [20/Jul/2026:06:44:38 +0000] "POST /wp-login.php HTTP/1.1" 200 7338 "-" "Mozilla/5.0"
