File: /home/keeloilc/access-logs/blackhat-unlock.com.keeloil.com-ssl_log
194.39.149.53 - - [19/Jul/2026:12:11:17 +0000] "POST /wp-cron.php?doing_wp_cron=1784463077.2358379364013671875000 HTTP/1.1" 200 0 "-" "WordPress/7.0.2; https://blackhat-unlock.com"
185.223.152.92 - - [19/Jul/2026:12:11:14 +0000] "POST /wp-login.php HTTP/1.1" 200 2536 "-" "edge|Mozilla/5.0 (Windows; Windows NT 10.2; x64; en-US) AppleWebKit/601.25 (KHTML, like Gecko) Chrome/49.0.2108.356 Safari/603.9 Edge/8.45217"
91.92.243.239 - - [19/Jul/2026:12:11:47 +0000] "POST /wp-login.php HTTP/1.1" 403 19352 "-" "Mozilla/5.0"
91.92.243.239 - - [19/Jul/2026:12:11:47 +0000] "POST /wp-login.php HTTP/1.1" 403 19352 "-" "Mozilla/5.0"
144.31.25.69 - - [19/Jul/2026:12:13:22 +0000] "POST /wp-comments-post.php HTTP/1.1" 403 5812 "-" "Mozilla/5.0 (Windows NT 10.0; Win64; x64) AppleWebKit/537.36 (KHTML, like Gecko) Chrome/120.0.0.0 Safari/537.36"
72.60.40.175 - - [19/Jul/2026:12:13:21 +0000] "GET /shop/ HTTP/2" 200 96075 "-" "Mozilla/5.0 (Windows NT 10.0; Win64; x64) AppleWebKit/537.36"
144.31.25.69 - - [19/Jul/2026:12:13:24 +0000] "POST /wp-comments-post.php HTTP/1.1" 403 5812 "-" "Mozilla/5.0 (Windows NT 10.0; Win64; x64) AppleWebKit/537.36 (KHTML, like Gecko) Chrome/120.0.0.0 Safari/537.36"
91.92.243.239 - - [19/Jul/2026:12:14:19 +0000] "POST /wp-login.php HTTP/1.1" 403 19352 "-" "Mozilla/5.0"
91.92.243.239 - - [19/Jul/2026:12:14:19 +0000] "POST /wp-login.php HTTP/1.1" 403 19352 "-" "Mozilla/5.0"
194.39.149.53 - - [19/Jul/2026:12:14:52 +0000] "POST /wp-cron.php?doing_wp_cron=1784463291.9271779060363769531250 HTTP/1.1" 200 0 "-" "WordPress/7.0.2; https://blackhat-unlock.com"
185.251.19.118 - - [19/Jul/2026:12:14:50 +0000] "POST /wp-login.php HTTP/1.1" 200 2536 "-" "Mozilla/5.0 (Macintosh; Intel Mac OS X 10_15_7) AppleWebKit/605.1.15 Version/17.0 Safari/605.1.15"
91.92.243.239 - - [19/Jul/2026:12:17:32 +0000] "POST /wp-login.php HTTP/1.1" 403 19352 "-" "Mozilla/5.0"
91.92.243.239 - - [19/Jul/2026:12:17:32 +0000] "POST /wp-login.php HTTP/1.1" 403 19352 "-" "Mozilla/5.0"
194.39.149.53 - - [19/Jul/2026:12:19:01 +0000] "POST /wp-cron.php?doing_wp_cron=1784463541.3697369098663330078125 HTTP/1.1" 200 0 "-" "WordPress/7.0.2; https://blackhat-unlock.com"
17.241.227.181 - - [19/Jul/2026:12:18:51 +0000] "GET /home-2-one-page/ HTTP/2" 200 51105 "-" "Mozilla/5.0 (Macintosh; Intel Mac OS X 10_15_7) AppleWebKit/605.1.15 (KHTML, like Gecko) Version/17.4 Safari/605.1.15 (Applebot/0.1; +http://www.apple.com/go/applebot)"
91.92.243.239 - - [19/Jul/2026:12:19:59 +0000] "POST /wp-login.php HTTP/1.1" 403 19352 "-" "Mozilla/5.0"
91.92.243.239 - - [19/Jul/2026:12:19:59 +0000] "POST /wp-login.php HTTP/1.1" 403 19352 "-" "Mozilla/5.0"
194.39.149.53 - - [19/Jul/2026:12:20:35 +0000] "POST /wp-cron.php?doing_wp_cron=1784463635.7574090957641601562500 HTTP/1.1" 200 0 "-" "WordPress/7.0.2; https://blackhat-unlock.com"
157.66.26.183 - - [19/Jul/2026:12:20:34 +0000] "POST /xmlrpc.php HTTP/2" 200 186 "-" "Mozilla/5.0 (Windows NT 10.0; Win64; x64) AppleWebKit/537.36 (KHTML, like Gecko) Chrome/147.0.0.0 Safari/537.36"
91.92.243.239 - - [19/Jul/2026:12:23:08 +0000] "POST /wp-login.php HTTP/1.1" 403 19352 "-" "Mozilla/5.0"
91.92.243.239 - - [19/Jul/2026:12:23:08 +0000] "POST /wp-login.php HTTP/1.1" 403 19352 "-" "Mozilla/5.0"
194.39.149.53 - - [19/Jul/2026:12:23:11 +0000] "POST /wp-cron.php?doing_wp_cron=1784463791.2175829410552978515625 HTTP/1.1" 200 0 "-" "WordPress/7.0.2; https://blackhat-unlock.com"
72.60.40.175 - - [19/Jul/2026:12:22:59 +0000] "GET /shop/ HTTP/2" 200 96075 "-" "Mozilla/5.0 (Windows NT 10.0; Win64; x64) AppleWebKit/537.36"
17.241.227.84 - - [19/Jul/2026:12:23:13 +0000] "GET /wp-content/plugins/elementor/assets/css/widget-google_maps.min.css?ver=4.0.3 HTTP/2" 200 94 "https://blackhat-unlock.com/home-2-one-page/" "Mozilla/5.0 (Macintosh; Intel Mac OS X 10_15_7) AppleWebKit/605.1.15 (KHTML, like Gecko) Version/17.4 Safari/605.1.15 (Applebot/0.1; +http://www.apple.com/go/applebot)"
17.241.227.84 - - [19/Jul/2026:12:23:14 +0000] "GET /wp-content/uploads/elementor/css/post-125.css?ver=1784463541 HTTP/2" 200 1829 "https://blackhat-unlock.com/home-2-one-page/" "Mozilla/5.0 (Macintosh; Intel Mac OS X 10_15_7) AppleWebKit/605.1.15 (KHTML, like Gecko) Version/17.4 Safari/605.1.15 (Applebot/0.1; +http://www.apple.com/go/applebot)"
17.241.227.84 - - [19/Jul/2026:12:23:15 +0000] "GET /wp-content/plugins/revslider/public/css/fonts/revicons/css/revicons.css HTTP/2" 200 1147 "https://blackhat-unlock.com/home-2-one-page/" "Mozilla/5.0 (Macintosh; Intel Mac OS X 10_15_7) AppleWebKit/605.1.15 (KHTML, like Gecko) Version/17.4 Safari/605.1.15 (Applebot/0.1; +http://www.apple.com/go/applebot)"
17.241.227.84 - - [19/Jul/2026:12:23:17 +0000] "GET /wp-content/themes/bixol/assets/js/event.move.js?ver=1.0.0 HTTP/2" 200 4095 "https://blackhat-unlock.com/home-2-one-page/" "Mozilla/5.0 (Macintosh; Intel Mac OS X 10_15_7) AppleWebKit/605.1.15 (KHTML, like Gecko) Version/17.4 Safari/605.1.15 (Applebot/0.1; +http://www.apple.com/go/applebot)"
17.241.227.84 - - [19/Jul/2026:12:23:19 +0000] "GET /wp-content/themes/bixol/assets/js/twentytwenty.js?ver=1.0.0 HTTP/2" 200 1334 "https://blackhat-unlock.com/home-2-one-page/" "Mozilla/5.0 (Macintosh; Intel Mac OS X 10_15_7) AppleWebKit/605.1.15 (KHTML, like Gecko) Version/17.4 Safari/605.1.15 (Applebot/0.1; +http://www.apple.com/go/applebot)"
17.241.227.84 - - [19/Jul/2026:12:23:20 +0000] "GET /wp-content/themes/bixol/elementor/js/ct-twentytwenty.js?ver=1.0.0 HTTP/2" 200 312 "https://blackhat-unlock.com/home-2-one-page/" "Mozilla/5.0 (Macintosh; Intel Mac OS X 10_15_7) AppleWebKit/605.1.15 (KHTML, like Gecko) Version/17.4 Safari/605.1.15 (Applebot/0.1; +http://www.apple.com/go/applebot)"
17.241.227.84 - - [19/Jul/2026:12:23:25 +0000] "GET /wp-content/plugins/revslider/public/css/sr7.nav.css HTTP/2" 200 596 "https://blackhat-unlock.com/home-2-one-page/" "Mozilla/5.0 (Macintosh; Intel Mac OS X 10_15_7) AppleWebKit/605.1.15 (KHTML, like Gecko) Version/17.4 Safari/605.1.15 (Applebot/0.1; +http://www.apple.com/go/applebot)"
17.241.227.84 - - [19/Jul/2026:12:23:22 +0000] "GET /wp-json/yith/wishlist/v1/lists/?_locale=user HTTP/2" 401 119 "https://blackhat-unlock.com/home-2-one-page/" "Mozilla/5.0 (Macintosh; Intel Mac OS X 10_15_7) AppleWebKit/605.1.15 (KHTML, like Gecko) Version/17.4 Safari/605.1.15 (Applebot/0.1; +http://www.apple.com/go/applebot)"
17.241.227.84 - - [19/Jul/2026:12:23:23 +0000] "GET /wp-json/contact-form-7/v1/contact-forms/214/feedback/schema HTTP/2" 200 363 "https://blackhat-unlock.com/home-2-one-page/" "Mozilla/5.0 (Macintosh; Intel Mac OS X 10_15_7) AppleWebKit/605.1.15 (KHTML, like Gecko) Version/17.4 Safari/605.1.15 (Applebot/0.1; +http://www.apple.com/go/applebot)"
34.139.211.146 - - [19/Jul/2026:12:24:05 +0000] "GET / HTTP/1.1" 200 40080 "-" "Mozilla/5.0 (Windows NT 10.0; Win64; x64) AppleWebKit/537.36 (KHTML, like Gecko) Chrome/89.0.4389.114 Safari/537.36"
34.139.211.146 - - [19/Jul/2026:12:24:05 +0000] "GET //wp-includes/wlwmanifest.xml HTTP/1.1" 404 5750 "-" "Mozilla/5.0 (Windows NT 10.0; Win64; x64) AppleWebKit/537.36 (KHTML, like Gecko) Chrome/89.0.4389.114 Safari/537.36"
34.139.211.146 - - [19/Jul/2026:12:24:05 +0000] "GET //xmlrpc.php?rsd HTTP/1.1" 401 40201 "-" "Mozilla/5.0 (Windows NT 10.0; Win64; x64) AppleWebKit/537.36 (KHTML, like Gecko) Chrome/89.0.4389.114 Safari/537.36"
34.139.211.146 - - [19/Jul/2026:12:24:05 +0000] "GET / HTTP/1.1" 200 40080 "-" "Mozilla/5.0 (Windows NT 10.0; Win64; x64) AppleWebKit/537.36 (KHTML, like Gecko) Chrome/89.0.4389.114 Safari/537.36"
34.139.211.146 - - [19/Jul/2026:12:24:05 +0000] "GET //blog/wp-includes/wlwmanifest.xml HTTP/1.1" 404 5750 "-" "Mozilla/5.0 (Windows NT 10.0; Win64; x64) AppleWebKit/537.36 (KHTML, like Gecko) Chrome/89.0.4389.114 Safari/537.36"
34.139.211.146 - - [19/Jul/2026:12:24:05 +0000] "GET //web/wp-includes/wlwmanifest.xml HTTP/1.1" 401 40201 "-" "Mozilla/5.0 (Windows NT 10.0; Win64; x64) AppleWebKit/537.36 (KHTML, like Gecko) Chrome/89.0.4389.114 Safari/537.36"
34.139.211.146 - - [19/Jul/2026:12:24:05 +0000] "GET //wordpress/wp-includes/wlwmanifest.xml HTTP/1.1" 404 5750 "-" "Mozilla/5.0 (Windows NT 10.0; Win64; x64) AppleWebKit/537.36 (KHTML, like Gecko) Chrome/89.0.4389.114 Safari/537.36"
34.139.211.146 - - [19/Jul/2026:12:24:05 +0000] "GET //website/wp-includes/wlwmanifest.xml HTTP/1.1" 401 40201 "-" "Mozilla/5.0 (Windows NT 10.0; Win64; x64) AppleWebKit/537.36 (KHTML, like Gecko) Chrome/89.0.4389.114 Safari/537.36"
34.139.211.146 - - [19/Jul/2026:12:24:05 +0000] "GET //wp/wp-includes/wlwmanifest.xml HTTP/1.1" 404 5750 "-" "Mozilla/5.0 (Windows NT 10.0; Win64; x64) AppleWebKit/537.36 (KHTML, like Gecko) Chrome/89.0.4389.114 Safari/537.36"
34.139.211.146 - - [19/Jul/2026:12:24:05 +0000] "GET //news/wp-includes/wlwmanifest.xml HTTP/1.1" 401 40201 "-" "Mozilla/5.0 (Windows NT 10.0; Win64; x64) AppleWebKit/537.36 (KHTML, like Gecko) Chrome/89.0.4389.114 Safari/537.36"
34.139.211.146 - - [19/Jul/2026:12:24:05 +0000] "GET //2020/wp-includes/wlwmanifest.xml HTTP/1.1" 404 5750 "-" "Mozilla/5.0 (Windows NT 10.0; Win64; x64) AppleWebKit/537.36 (KHTML, like Gecko) Chrome/89.0.4389.114 Safari/537.36"
34.139.211.146 - - [19/Jul/2026:12:24:05 +0000] "GET //2019/wp-includes/wlwmanifest.xml HTTP/1.1" 401 40201 "-" "Mozilla/5.0 (Windows NT 10.0; Win64; x64) AppleWebKit/537.36 (KHTML, like Gecko) Chrome/89.0.4389.114 Safari/537.36"
34.139.211.146 - - [19/Jul/2026:12:24:05 +0000] "GET //shop/wp-includes/wlwmanifest.xml HTTP/1.1" 404 5750 "-" "Mozilla/5.0 (Windows NT 10.0; Win64; x64) AppleWebKit/537.36 (KHTML, like Gecko) Chrome/89.0.4389.114 Safari/537.36"
34.139.211.146 - - [19/Jul/2026:12:24:05 +0000] "GET //wp1/wp-includes/wlwmanifest.xml HTTP/1.1" 401 40201 "-" "Mozilla/5.0 (Windows NT 10.0; Win64; x64) AppleWebKit/537.36 (KHTML, like Gecko) Chrome/89.0.4389.114 Safari/537.36"
34.139.211.146 - - [19/Jul/2026:12:24:05 +0000] "GET //test/wp-includes/wlwmanifest.xml HTTP/1.1" 404 5750 "-" "Mozilla/5.0 (Windows NT 10.0; Win64; x64) AppleWebKit/537.36 (KHTML, like Gecko) Chrome/89.0.4389.114 Safari/537.36"
34.139.211.146 - - [19/Jul/2026:12:24:05 +0000] "GET //wp2/wp-includes/wlwmanifest.xml HTTP/1.1" 401 40201 "-" "Mozilla/5.0 (Windows NT 10.0; Win64; x64) AppleWebKit/537.36 (KHTML, like Gecko) Chrome/89.0.4389.114 Safari/537.36"
34.139.211.146 - - [19/Jul/2026:12:24:06 +0000] "GET //site/wp-includes/wlwmanifest.xml HTTP/1.1" 404 5750 "-" "Mozilla/5.0 (Windows NT 10.0; Win64; x64) AppleWebKit/537.36 (KHTML, like Gecko) Chrome/89.0.4389.114 Safari/537.36"
34.139.211.146 - - [19/Jul/2026:12:24:06 +0000] "GET //cms/wp-includes/wlwmanifest.xml HTTP/1.1" 401 40201 "-" "Mozilla/5.0 (Windows NT 10.0; Win64; x64) AppleWebKit/537.36 (KHTML, like Gecko) Chrome/89.0.4389.114 Safari/537.36"
34.139.211.146 - - [19/Jul/2026:12:24:06 +0000] "GET //sito/wp-includes/wlwmanifest.xml HTTP/1.1" 404 5750 "-" "Mozilla/5.0 (Windows NT 10.0; Win64; x64) AppleWebKit/537.36 (KHTML, like Gecko) Chrome/89.0.4389.114 Safari/537.36"
43.134.3.111 - - [19/Jul/2026:12:25:34 +0000] "GET / HTTP/1.1" 200 42878 "http://www.blackhat-unlock.com" "Mozilla/5.0 (iPhone; CPU iPhone OS 13_2_3 like Mac OS X) AppleWebKit/605.1.15 (KHTML, like Gecko) Version/13.0.3 Mobile/15E148 Safari/604.1"
91.92.243.239 - - [19/Jul/2026:12:25:45 +0000] "POST /wp-login.php HTTP/1.1" 403 19352 "-" "Mozilla/5.0"
91.92.243.239 - - [19/Jul/2026:12:25:45 +0000] "POST /wp-login.php HTTP/1.1" 403 19352 "-" "Mozilla/5.0"
194.39.149.53 - - [19/Jul/2026:12:27:36 +0000] "POST /wp-cron.php?doing_wp_cron=1784464056.0620229244232177734375 HTTP/1.1" 200 0 "-" "WordPress/7.0.2; https://blackhat-unlock.com"
136.144.42.192 - - [19/Jul/2026:12:27:30 +0000] "POST /wp-login.php HTTP/1.1" 200 2536 "-" "Mozilla/5.0 (Windows NT 10.0; Win64; x64) AppleWebKit/537.36 Chrome/129.0.0.0 Safari/537.36"
91.92.243.239 - - [19/Jul/2026:12:28:48 +0000] "POST /wp-login.php HTTP/1.1" 403 19352 "-" "Mozilla/5.0"
91.92.243.239 - - [19/Jul/2026:12:28:48 +0000] "POST /wp-login.php HTTP/1.1" 403 19352 "-" "Mozilla/5.0"
194.39.149.53 - - [19/Jul/2026:12:30:17 +0000] "POST /wp-cron.php?doing_wp_cron=1784464217.6697380542755126953125 HTTP/1.1" 200 0 "-" "WordPress/7.0.2; https://blackhat-unlock.com"
185.223.152.105 - - [19/Jul/2026:12:30:09 +0000] "POST /wp-login.php HTTP/1.1" 200 2536 "-" "Mozilla/5.0 (X11; Linux i686) AppleWebKit/535.1 (KHTML, like Gecko) Chrome/13.0.782.215 Safari/535.1"
91.92.243.239 - - [19/Jul/2026:12:31:10 +0000] "POST /wp-login.php HTTP/1.1" 403 19352 "-" "Mozilla/5.0"
91.92.243.239 - - [19/Jul/2026:12:31:10 +0000] "POST /wp-login.php HTTP/1.1" 403 19352 "-" "Mozilla/5.0"
194.39.149.53 - - [19/Jul/2026:12:32:19 +0000] "POST /wp-cron.php?doing_wp_cron=1784464339.4160430431365966796875 HTTP/1.1" 200 0 "-" "WordPress/7.0.2; https://blackhat-unlock.com"
72.60.40.175 - - [19/Jul/2026:12:32:16 +0000] "GET /shop/ HTTP/2" 200 96075 "-" "Mozilla/5.0 (Windows NT 10.0; Win64; x64) AppleWebKit/537.36"
91.92.243.239 - - [19/Jul/2026:12:34:12 +0000] "POST /wp-login.php HTTP/1.1" 403 19352 "-" "Mozilla/5.0"
91.92.243.239 - - [19/Jul/2026:12:34:12 +0000] "POST /wp-login.php HTTP/1.1" 403 19352 "-" "Mozilla/5.0"
194.39.149.53 - - [19/Jul/2026:12:35:22 +0000] "POST /wp-cron.php?doing_wp_cron=1784464522.3914110660552978515625 HTTP/1.1" 200 0 "-" "WordPress/7.0.2; https://blackhat-unlock.com"
113.160.142.119 - - [19/Jul/2026:12:35:21 +0000] "POST /xmlrpc.php HTTP/2" 200 186 "-" "Mozilla/5.0 (Windows NT 10.0; Win64; x64) AppleWebKit/537.36 (KHTML, like Gecko) Chrome/147.0.0.0 Safari/537.36"
91.92.243.239 - - [19/Jul/2026:12:36:39 +0000] "POST /wp-login.php HTTP/1.1" 403 19352 "-" "Mozilla/5.0"
91.92.243.239 - - [19/Jul/2026:12:36:39 +0000] "POST /wp-login.php HTTP/1.1" 403 19352 "-" "Mozilla/5.0"
194.39.149.53 - - [19/Jul/2026:12:37:24 +0000] "POST /wp-cron.php?doing_wp_cron=1784464644.4628169536590576171875 HTTP/1.1" 200 0 "-" "WordPress/7.0.2; https://blackhat-unlock.com"
17.241.75.34 - - [19/Jul/2026:12:37:21 +0000] "GET /my-account/ HTTP/2" 200 26572 "-" "Mozilla/5.0 (Macintosh; Intel Mac OS X 10_15_7) AppleWebKit/605.1.15 (KHTML, like Gecko) Version/17.4 Safari/605.1.15 (Applebot/0.1; +http://www.apple.com/go/applebot)"
17.241.227.226 - - [19/Jul/2026:12:38:08 +0000] "GET /wp-content/plugins/woocommerce/assets/css/select2.css?ver=10.6.2 HTTP/2" 200 1737 "https://blackhat-unlock.com/my-account/" "Mozilla/5.0 (Macintosh; Intel Mac OS X 10_15_7) AppleWebKit/605.1.15 (KHTML, like Gecko) Version/17.4 Safari/605.1.15 (Applebot/0.1; +http://www.apple.com/go/applebot)"
17.241.227.226 - - [19/Jul/2026:12:38:09 +0000] "GET /wp-content/plugins/woocommerce/assets/js/selectWoo/selectWoo.full.min.js?ver=1.0.9-wc.10.6.2 HTTP/2" 200 20246 "https://blackhat-unlock.com/my-account/" "Mozilla/5.0 (Macintosh; Intel Mac OS X 10_15_7) AppleWebKit/605.1.15 (KHTML, like Gecko) Version/17.4 Safari/605.1.15 (Applebot/0.1; +http://www.apple.com/go/applebot)"
17.241.227.226 - - [19/Jul/2026:12:38:11 +0000] "GET /wp-content/plugins/woocommerce/assets/js/frontend/account-i18n.min.js?ver=10.6.2 HTTP/2" 200 179 "https://blackhat-unlock.com/my-account/" "Mozilla/5.0 (Macintosh; Intel Mac OS X 10_15_7) AppleWebKit/605.1.15 (KHTML, like Gecko) Version/17.4 Safari/605.1.15 (Applebot/0.1; +http://www.apple.com/go/applebot)"
91.92.243.239 - - [19/Jul/2026:12:39:40 +0000] "POST /wp-login.php HTTP/1.1" 403 19352 "-" "Mozilla/5.0"
91.92.243.239 - - [19/Jul/2026:12:39:40 +0000] "POST /wp-login.php HTTP/1.1" 403 19352 "-" "Mozilla/5.0"
194.39.149.53 - - [19/Jul/2026:12:40:13 +0000] "POST /wp-cron.php?doing_wp_cron=1784464813.6354649066925048828125 HTTP/1.1" 200 0 "-" "WordPress/7.0.2; https://blackhat-unlock.com"
185.251.19.117 - - [19/Jul/2026:12:40:10 +0000] "POST /wp-login.php HTTP/1.1" 200 2536 "-" "Mozilla/5.0 (Windows NT 10.0; Win64; rv:143.0) Gecko/20100101 Firefox/143.0"
91.92.243.239 - - [19/Jul/2026:12:42:13 +0000] "POST /wp-login.php HTTP/1.1" 403 19352 "-" "Mozilla/5.0"
91.92.243.239 - - [19/Jul/2026:12:42:13 +0000] "POST /wp-login.php HTTP/1.1" 403 19352 "-" "Mozilla/5.0"
194.39.149.53 - - [19/Jul/2026:12:43:34 +0000] "POST /wp-cron.php?doing_wp_cron=1784465014.2276599407196044921875 HTTP/1.1" 200 0 "-" "WordPress/7.0.2; https://blackhat-unlock.com"
72.60.40.175 - - [19/Jul/2026:12:43:28 +0000] "GET /shop/ HTTP/2" 200 96075 "-" "Mozilla/5.0 (Windows NT 10.0; Win64; x64) AppleWebKit/537.36"
52.203.68.145 - - [19/Jul/2026:12:44:09 +0000] "GET /product/clarke-cfp-floor/feed/ HTTP/1.1" 200 448 "-" "Mozilla/5.0 AppleWebKit/537.36 (KHTML, like Gecko; compatible; Amazonbot/0.1; +https://developer.amazon.com/support/amazonbot) Chrome/119.0.6045.214 Safari/537.36"
91.92.243.239 - - [19/Jul/2026:12:45:28 +0000] "POST /wp-login.php HTTP/1.1" 403 19352 "-" "Mozilla/5.0"
91.92.243.239 - - [19/Jul/2026:12:45:28 +0000] "POST /wp-login.php HTTP/1.1" 403 19352 "-" "Mozilla/5.0"
91.92.243.239 - - [19/Jul/2026:12:48:03 +0000] "POST /wp-login.php HTTP/1.1" 403 19352 "-" "Mozilla/5.0"
91.92.243.239 - - [19/Jul/2026:12:48:03 +0000] "POST /wp-login.php HTTP/1.1" 403 19352 "-" "Mozilla/5.0"
194.39.149.53 - - [19/Jul/2026:12:49:29 +0000] "POST /wp-cron.php?doing_wp_cron=1784465369.5051400661468505859375 HTTP/1.1" 200 0 "-" "WordPress/7.0.2; https://blackhat-unlock.com"
185.223.152.108 - - [19/Jul/2026:12:49:13 +0000] "POST /wp-login.php HTTP/1.1" 200 2536 "-" "Mozilla/5.0 (Linux; Android 11; IN2023) AppleWebKit/537.36 (KHTML, like Gecko) Chrome/85.0.4183.101 Mobile Safari/537.36"
194.39.149.53 - - [19/Jul/2026:12:50:51 +0000] "POST /wp-cron.php?doing_wp_cron=1784465451.5092248916625976562500 HTTP/1.1" 200 0 "-" "WordPress/7.0.2; https://blackhat-unlock.com"
72.167.132.114 - - [19/Jul/2026:12:50:48 +0000] "POST /xmlrpc.php HTTP/2" 200 186 "-" "Mozilla/5.0 (Windows NT 10.0; Win64; x64) AppleWebKit/537.36 (KHTML, like Gecko) Chrome/147.0.0.0 Safari/537.36"
91.92.243.239 - - [19/Jul/2026:12:51:10 +0000] "POST /wp-login.php HTTP/1.1" 403 19352 "-" "Mozilla/5.0"
91.92.243.239 - - [19/Jul/2026:12:51:10 +0000] "POST /wp-login.php HTTP/1.1" 403 19352 "-" "Mozilla/5.0"
194.39.149.53 - - [19/Jul/2026:12:52:47 +0000] "POST /wp-cron.php?doing_wp_cron=1784465567.8265480995178222656250 HTTP/1.1" 200 0 "-" "WordPress/7.0.2; https://blackhat-unlock.com"
72.60.40.175 - - [19/Jul/2026:12:52:34 +0000] "GET /shop/ HTTP/2" 200 96075 "-" "Mozilla/5.0 (Windows NT 10.0; Win64; x64) AppleWebKit/537.36"
45.132.227.222 - - [19/Jul/2026:12:52:48 +0000] "POST /wp-login.php HTTP/1.1" 200 2536 "-" "Mozilla/5.0 (Macintosh; Intel Mac OS X 10_15_7) AppleWebKit/605.1.15 Version/17.0 Safari/605.1.15"
91.92.243.239 - - [19/Jul/2026:12:53:40 +0000] "POST /wp-login.php HTTP/1.1" 403 19352 "-" "Mozilla/5.0"
91.92.243.239 - - [19/Jul/2026:12:53:40 +0000] "POST /wp-login.php HTTP/1.1" 403 19352 "-" "Mozilla/5.0"
91.92.243.239 - - [19/Jul/2026:12:56:47 +0000] "POST /wp-login.php HTTP/1.1" 403 19352 "-" "Mozilla/5.0"
91.92.243.239 - - [19/Jul/2026:12:56:47 +0000] "POST /wp-login.php HTTP/1.1" 403 19352 "-" "Mozilla/5.0"
194.39.149.53 - - [19/Jul/2026:12:59:16 +0000] "POST /wp-cron.php?doing_wp_cron=1784465956.7215518951416015625000 HTTP/1.1" 200 0 "-" "WordPress/7.0.2; https://blackhat-unlock.com"
17.241.227.249 - - [19/Jul/2026:12:59:11 +0000] "GET /ct-mega-menu/menu-demos/ HTTP/2" 200 26447 "-" "Mozilla/5.0 (Macintosh; Intel Mac OS X 10_15_7) AppleWebKit/605.1.15 (KHTML, like Gecko) Version/17.4 Safari/605.1.15 (Applebot/0.1; +http://www.apple.com/go/applebot)"
91.92.243.239 - - [19/Jul/2026:12:59:20 +0000] "POST /wp-login.php HTTP/1.1" 403 19352 "-" "Mozilla/5.0"
91.92.243.239 - - [19/Jul/2026:12:59:20 +0000] "POST /wp-login.php HTTP/1.1" 403 19352 "-" "Mozilla/5.0"
194.39.149.53 - - [19/Jul/2026:13:02:10 +0000] "POST /wp-cron.php?doing_wp_cron=1784466130.7230019569396972656250 HTTP/1.1" 200 0 "-" "WordPress/7.0.2; https://blackhat-unlock.com"
72.60.40.175 - - [19/Jul/2026:13:02:02 +0000] "GET /shop/ HTTP/2" 200 96075 "-" "Mozilla/5.0 (Windows NT 10.0; Win64; x64) AppleWebKit/537.36"
194.39.149.53 - - [19/Jul/2026:13:02:25 +0000] "POST /wp-cron.php?doing_wp_cron=1784466144.9033739566802978515625 HTTP/1.1" 200 0 "-" "WordPress/7.0.2; https://blackhat-unlock.com"
17.241.75.145 - - [19/Jul/2026:13:02:17 +0000] "GET /elements/message-box/ HTTP/2" 200 26802 "-" "Mozilla/5.0 (Macintosh; Intel Mac OS X 10_15_7) AppleWebKit/605.1.15 (KHTML, like Gecko) Version/17.4 Safari/605.1.15 (Applebot/0.1; +http://www.apple.com/go/applebot)"
91.92.243.239 - - [19/Jul/2026:13:02:31 +0000] "POST /wp-login.php HTTP/1.1" 403 19352 "-" "Mozilla/5.0"
91.92.243.239 - - [19/Jul/2026:13:02:31 +0000] "POST /wp-login.php HTTP/1.1" 403 19352 "-" "Mozilla/5.0"
91.92.243.239 - - [19/Jul/2026:13:05:09 +0000] "POST /wp-login.php HTTP/1.1" 403 19352 "-" "Mozilla/5.0"
91.92.243.239 - - [19/Jul/2026:13:05:09 +0000] "POST /wp-login.php HTTP/1.1" 403 19352 "-" "Mozilla/5.0"
194.39.149.53 - - [19/Jul/2026:13:05:17 +0000] "POST /wp-cron.php?doing_wp_cron=1784466317.6625859737396240234375 HTTP/1.1" 200 0 "-" "WordPress/7.0.2; https://blackhat-unlock.com"
152.228.213.32 - - [19/Jul/2026:13:05:14 +0000] "POST /xmlrpc.php HTTP/2" 200 186 "-" "Mozilla/5.0 (Windows NT 10.0; Win64; x64) AppleWebKit/537.36 (KHTML, like Gecko) Chrome/147.0.0.0 Safari/537.36"
45.132.227.215 - - [19/Jul/2026:13:05:27 +0000] "POST /wp-login.php HTTP/1.1" 200 2536 "-" "Mozilla/5.0 (Windows NT 10.0; Win64; x64) AppleWebKit/537.36 Chrome/129.0.0.0 Safari/537.36"
91.92.243.239 - - [19/Jul/2026:13:08:15 +0000] "POST /wp-login.php HTTP/1.1" 403 19352 "-" "Mozilla/5.0"
91.92.243.239 - - [19/Jul/2026:13:08:15 +0000] "POST /wp-login.php HTTP/1.1" 403 19352 "-" "Mozilla/5.0"
194.39.149.53 - - [19/Jul/2026:13:08:44 +0000] "POST /wp-cron.php?doing_wp_cron=1784466524.5229730606079101562500 HTTP/1.1" 200 0 "-" "WordPress/7.0.2; https://blackhat-unlock.com"
185.223.152.117 - - [19/Jul/2026:13:08:41 +0000] "POST /wp-login.php HTTP/1.1" 200 2536 "-" "mobile|Mozilla/5.0 (Linux; U; Android 4.4.4; Nokia 3110 Build/IMM76D) AppleWebKit/601.20 (KHTML, like Gecko) Chrome/52.0.1454.348 Mobile Safari/601.8"
194.39.149.53 - - [19/Jul/2026:13:09:54 +0000] "POST /wp-cron.php?doing_wp_cron=1784466594.8015480041503906250000 HTTP/1.1" 200 0 "-" "WordPress/7.0.2; https://blackhat-unlock.com"
72.167.132.114 - - [19/Jul/2026:13:09:53 +0000] "GET /wp-login.php HTTP/2" 200 2184 "-" "Mozilla/5.0 (Windows NT 10.0; Win64; x64) AppleWebKit/537.36 (KHTML, like Gecko) Chrome/147.0.0.0 Safari/537.36"
17.241.219.207 - - [19/Jul/2026:13:09:56 +0000] "GET /wp-content/uploads/elementor/css/post-3343.css?ver=1784410038 HTTP/2" 200 105 "https://blackhat-unlock.com/ct-mega-menu/menu-demos/" "Mozilla/5.0 (Macintosh; Intel Mac OS X 10_15_7) AppleWebKit/605.1.15 (KHTML, like Gecko) Version/17.4 Safari/605.1.15 (Applebot/0.1; +http://www.apple.com/go/applebot)"
72.167.132.114 - - [19/Jul/2026:13:09:55 +0000] "POST /wp-login.php HTTP/2" 200 2329 "https://mail.blackhat-unlock.com/wp-login.php" "Mozilla/5.0 (Windows NT 10.0; Win64; x64) AppleWebKit/537.36 (KHTML, like Gecko) Chrome/147.0.0.0 Safari/537.36"
91.92.243.239 - - [19/Jul/2026:13:10:41 +0000] "POST /wp-login.php HTTP/1.1" 403 19352 "-" "Mozilla/5.0"
91.92.243.239 - - [19/Jul/2026:13:10:41 +0000] "POST /wp-login.php HTTP/1.1" 403 19352 "-" "Mozilla/5.0"
17.241.75.185 - - [19/Jul/2026:13:11:47 +0000] "GET /wp-content/uploads/elementor/css/custom-widget-alert.min.css?ver=1784318870 HTTP/2" 200 427 "https://blackhat-unlock.com/elements/message-box/" "Mozilla/5.0 (Macintosh; Intel Mac OS X 10_15_7) AppleWebKit/605.1.15 (KHTML, like Gecko) Version/17.4 Safari/605.1.15 (Applebot/0.1; +http://www.apple.com/go/applebot)"
17.241.75.185 - - [19/Jul/2026:13:11:48 +0000] "GET /wp-content/uploads/elementor/css/post-2930.css?ver=1784466144 HTTP/2" 200 372 "https://blackhat-unlock.com/elements/message-box/" "Mozilla/5.0 (Macintosh; Intel Mac OS X 10_15_7) AppleWebKit/605.1.15 (KHTML, like Gecko) Version/17.4 Safari/605.1.15 (Applebot/0.1; +http://www.apple.com/go/applebot)"
17.241.75.185 - - [19/Jul/2026:13:11:52 +0000] "GET /wp-content/plugins/elementor/assets/js/alert.42cc1d522ef5c60bf874.bundle.min.js HTTP/2" 200 320 "https://blackhat-unlock.com/elements/message-box/" "Mozilla/5.0 (Macintosh; Intel Mac OS X 10_15_7) AppleWebKit/605.1.15 (KHTML, like Gecko) Version/17.4 Safari/605.1.15 (Applebot/0.1; +http://www.apple.com/go/applebot)"
194.39.149.53 - - [19/Jul/2026:13:12:06 +0000] "POST /wp-cron.php?doing_wp_cron=1784466726.2217390537261962890625 HTTP/1.1" 200 0 "-" "WordPress/7.0.2; https://blackhat-unlock.com"
17.241.75.155 - - [19/Jul/2026:13:12:02 +0000] "GET /product/sensitive-skin/ HTTP/2" 200 26538 "-" "Mozilla/5.0 (Macintosh; Intel Mac OS X 10_15_7) AppleWebKit/605.1.15 (KHTML, like Gecko) Version/17.4 Safari/605.1.15 (Applebot/0.1; +http://www.apple.com/go/applebot)"
91.92.243.239 - - [19/Jul/2026:13:13:45 +0000] "POST /wp-login.php HTTP/1.1" 403 19352 "-" "Mozilla/5.0"
91.92.243.239 - - [19/Jul/2026:13:13:45 +0000] "POST /wp-login.php HTTP/1.1" 403 19352 "-" "Mozilla/5.0"
194.39.149.53 - - [19/Jul/2026:13:13:48 +0000] "POST /wp-cron.php?doing_wp_cron=1784466828.4373030662536621093750 HTTP/1.1" 200 0 "-" "WordPress/7.0.2; https://blackhat-unlock.com"
17.22.237.166 - - [19/Jul/2026:13:13:46 +0000] "GET /category/window-cleaning/ HTTP/2" 200 28971 "-" "Mozilla/5.0 (Macintosh; Intel Mac OS X 10_15_7) AppleWebKit/605.1.15 (KHTML, like Gecko) Version/17.4 Safari/605.1.15 (Applebot/0.1; +http://www.apple.com/go/applebot)"
72.60.40.175 - - [19/Jul/2026:13:14:02 +0000] "GET /shop/ HTTP/2" 200 96075 "-" "Mozilla/5.0 (Windows NT 10.0; Win64; x64) AppleWebKit/537.36"
66.249.64.173 - - [19/Jul/2026:13:14:48 +0000] "GET /robots.txt HTTP/1.1" 200 164 "-" "Mozilla/5.0 (compatible; Googlebot/2.1; +http://www.google.com/bot.html)"
194.39.149.53 - - [19/Jul/2026:13:15:12 +0000] "POST /wp-cron.php?doing_wp_cron=1784466911.8789160251617431640625 HTTP/1.1" 200 0 "-" "WordPress/7.0.2; https://blackhat-unlock.com"
66.249.64.174 - - [19/Jul/2026:13:15:13 +0000] "GET /shop/sitemap-7.xml HTTP/1.1" 404 22951 "-" "Mozilla/5.0 (compatible; Googlebot/2.1; +http://www.google.com/bot.html)"
91.92.243.239 - - [19/Jul/2026:13:16:16 +0000] "POST /wp-login.php HTTP/1.1" 403 19352 "-" "Mozilla/5.0"
91.92.243.239 - - [19/Jul/2026:13:16:16 +0000] "POST /wp-login.php HTTP/1.1" 403 19352 "-" "Mozilla/5.0"
194.39.149.53 - - [19/Jul/2026:13:18:11 +0000] "POST /wp-cron.php?doing_wp_cron=1784467091.7998070716857910156250 HTTP/1.1" 200 0 "-" "WordPress/7.0.2; https://blackhat-unlock.com"
45.132.227.218 - - [19/Jul/2026:13:18:07 +0000] "POST /wp-login.php HTTP/1.1" 200 2536 "-" "Mozilla/5.0 (Windows NT 10.0; Win64; x64) AppleWebKit/537.36 Chrome/129.0.0.0 Safari/537.36"
91.92.243.239 - - [19/Jul/2026:13:19:23 +0000] "POST /wp-login.php HTTP/1.1" 403 19352 "-" "Mozilla/5.0"
91.92.243.239 - - [19/Jul/2026:13:19:23 +0000] "POST /wp-login.php HTTP/1.1" 403 19352 "-" "Mozilla/5.0"
194.39.149.53 - - [19/Jul/2026:13:20:08 +0000] "POST /wp-cron.php?doing_wp_cron=1784467208.5083079338073730468750 HTTP/1.1" 200 0 "-" "WordPress/7.0.2; https://blackhat-unlock.com"
89.42.136.2 - - [19/Jul/2026:13:19:57 +0000] "POST /xmlrpc.php HTTP/2" 200 186 "-" "Mozilla/5.0 (Windows NT 10.0; Win64; x64) AppleWebKit/537.36 (KHTML, like Gecko) Chrome/147.0.0.0 Safari/537.36"
91.92.243.239 - - [19/Jul/2026:13:21:56 +0000] "POST /wp-login.php HTTP/1.1" 403 19352 "-" "Mozilla/5.0"
91.92.243.239 - - [19/Jul/2026:13:21:56 +0000] "POST /wp-login.php HTTP/1.1" 403 19352 "-" "Mozilla/5.0"
194.39.149.53 - - [19/Jul/2026:13:23:18 +0000] "POST /wp-cron.php?doing_wp_cron=1784467397.9930911064147949218750 HTTP/1.1" 200 0 "-" "WordPress/7.0.2; https://blackhat-unlock.com"
72.60.40.175 - - [19/Jul/2026:13:23:13 +0000] "GET /shop/ HTTP/2" 200 96075 "-" "Mozilla/5.0 (Windows NT 10.0; Win64; x64) AppleWebKit/537.36"
91.92.243.239 - - [19/Jul/2026:13:25:13 +0000] "POST /wp-login.php HTTP/1.1" 403 19352 "-" "Mozilla/5.0"
91.92.243.239 - - [19/Jul/2026:13:25:13 +0000] "POST /wp-login.php HTTP/1.1" 403 19352 "-" "Mozilla/5.0"
91.92.243.239 - - [19/Jul/2026:13:27:46 +0000] "POST /wp-login.php HTTP/1.1" 403 19352 "-" "Mozilla/5.0"
91.92.243.239 - - [19/Jul/2026:13:27:46 +0000] "POST /wp-login.php HTTP/1.1" 403 19352 "-" "Mozilla/5.0"
185.223.152.109 - - [19/Jul/2026:13:28:02 +0000] "POST /wp-login.php HTTP/1.1" 200 2536 "-" "mobile|Mozilla/5.0 (iPhone; CPU iPhone OS 7_6_4; like Mac OS X) AppleWebKit/600.13 (KHTML, like Gecko) Chrome/50.0.2626.157 Mobile Safari/537.3"
194.39.149.53 - - [19/Jul/2026:13:28:13 +0000] "POST /wp-cron.php?doing_wp_cron=1784467693.6077198982238769531250 HTTP/1.1" 200 0 "-" "WordPress/7.0.2; https://blackhat-unlock.com"
91.92.243.239 - - [19/Jul/2026:13:30:50 +0000] "POST /wp-login.php HTTP/1.1" 403 19352 "-" "Mozilla/5.0"
91.92.243.239 - - [19/Jul/2026:13:30:50 +0000] "POST /wp-login.php HTTP/1.1" 403 19352 "-" "Mozilla/5.0"
136.144.42.196 - - [19/Jul/2026:13:30:45 +0000] "POST /wp-login.php HTTP/1.1" 200 2536 "-" "Mozilla/5.0 (Windows NT 10.0; Win64; x64) AppleWebKit/537.36 Chrome/129.0.0.0 Safari/537.36"
194.39.149.53 - - [19/Jul/2026:13:30:53 +0000] "POST /wp-cron.php?doing_wp_cron=1784467853.4188139438629150390625 HTTP/1.1" 200 0 "-" "WordPress/7.0.2; https://blackhat-unlock.com"
194.39.149.53 - - [19/Jul/2026:13:33:10 +0000] "POST /wp-cron.php?doing_wp_cron=1784467990.5970458984375000000000 HTTP/1.1" 200 0 "-" "WordPress/7.0.2; https://blackhat-unlock.com"
72.60.40.175 - - [19/Jul/2026:13:33:06 +0000] "GET /shop/ HTTP/2" 200 96075 "-" "Mozilla/5.0 (Windows NT 10.0; Win64; x64) AppleWebKit/537.36"
91.92.243.239 - - [19/Jul/2026:13:33:29 +0000] "POST /wp-login.php HTTP/1.1" 403 19352 "-" "Mozilla/5.0"
91.92.243.239 - - [19/Jul/2026:13:33:29 +0000] "POST /wp-login.php HTTP/1.1" 403 19352 "-" "Mozilla/5.0"
194.39.149.53 - - [19/Jul/2026:13:34:19 +0000] "POST /wp-cron.php?doing_wp_cron=1784468059.4281239509582519531250 HTTP/1.1" 200 0 "-" "WordPress/7.0.2; https://blackhat-unlock.com"
188.138.102.156 - - [19/Jul/2026:13:34:18 +0000] "POST /xmlrpc.php HTTP/2" 200 186 "-" "Mozilla/5.0 (Windows NT 10.0; Win64; x64) AppleWebKit/537.36 (KHTML, like Gecko) Chrome/147.0.0.0 Safari/537.36"
194.39.149.53 - - [19/Jul/2026:13:35:17 +0000] "POST /wp-cron.php?doing_wp_cron=1784468117.2063279151916503906250 HTTP/1.1" 200 0 "-" "WordPress/7.0.2; https://blackhat-unlock.com"
17.241.227.105 - - [19/Jul/2026:13:35:13 +0000] "GET /portfolio-category/window-cleaning/ HTTP/2" 200 29155 "-" "Mozilla/5.0 (Macintosh; Intel Mac OS X 10_15_7) AppleWebKit/605.1.15 (KHTML, like Gecko) Version/17.4 Safari/605.1.15 (Applebot/0.1; +http://www.apple.com/go/applebot)"
91.92.243.239 - - [19/Jul/2026:13:36:42 +0000] "POST /wp-login.php HTTP/1.1" 403 19352 "-" "Mozilla/5.0"
91.92.243.239 - - [19/Jul/2026:13:36:42 +0000] "POST /wp-login.php HTTP/1.1" 403 19352 "-" "Mozilla/5.0"
91.92.243.239 - - [19/Jul/2026:13:39:11 +0000] "POST /wp-login.php HTTP/1.1" 403 19352 "-" "Mozilla/5.0"
91.92.243.239 - - [19/Jul/2026:13:39:11 +0000] "POST /wp-login.php HTTP/1.1" 403 19352 "-" "Mozilla/5.0"
194.39.149.53 - - [19/Jul/2026:13:40:46 +0000] "POST /wp-cron.php?doing_wp_cron=1784468446.8419001102447509765625 HTTP/1.1" 200 0 "-" "WordPress/7.0.2; https://blackhat-unlock.com"
157.66.26.183 - - [19/Jul/2026:13:40:39 +0000] "POST /wp/xmlrpc.php HTTP/2" 404 22915 "-" "Mozilla/5.0 (Windows NT 10.0; Win64; x64) AppleWebKit/537.36 (KHTML, like Gecko) Chrome/147.0.0.0 Safari/537.36"
157.66.26.183 - - [19/Jul/2026:13:40:47 +0000] "POST /wp/xmlrpc.php HTTP/2" 403 5137 "-" "Mozilla/5.0 (Windows NT 10.0; Win64; x64) AppleWebKit/537.36 (KHTML, like Gecko) Chrome/147.0.0.0 Safari/537.36"
91.92.243.239 - - [19/Jul/2026:13:42:17 +0000] "POST /wp-login.php HTTP/1.1" 403 19352 "-" "Mozilla/5.0"
91.92.243.239 - - [19/Jul/2026:13:42:17 +0000] "POST /wp-login.php HTTP/1.1" 403 19352 "-" "Mozilla/5.0"
194.39.149.53 - - [19/Jul/2026:13:43:09 +0000] "POST /wp-cron.php?doing_wp_cron=1784468589.4050281047821044921875 HTTP/1.1" 200 0 "-" "WordPress/7.0.2; https://blackhat-unlock.com"
72.60.40.175 - - [19/Jul/2026:13:43:07 +0000] "GET /shop/ HTTP/2" 200 96075 "-" "Mozilla/5.0 (Windows NT 10.0; Win64; x64) AppleWebKit/537.36"
194.39.149.53 - - [19/Jul/2026:13:43:23 +0000] "POST /wp-cron.php?doing_wp_cron=1784468603.1043200492858886718750 HTTP/1.1" 200 0 "-" "WordPress/7.0.2; https://blackhat-unlock.com"
45.132.227.214 - - [19/Jul/2026:13:43:21 +0000] "POST /wp-login.php HTTP/1.1" 200 2536 "-" "Mozilla/5.0 (Windows NT 10.0; Win64; rv:143.0) Gecko/20100101 Firefox/143.0"
91.92.243.239 - - [19/Jul/2026:13:44:53 +0000] "POST /wp-login.php HTTP/1.1" 403 19352 "-" "Mozilla/5.0"
91.92.243.239 - - [19/Jul/2026:13:44:53 +0000] "POST /wp-login.php HTTP/1.1" 403 19352 "-" "Mozilla/5.0"
91.92.243.239 - - [19/Jul/2026:13:47:56 +0000] "POST /wp-login.php HTTP/1.1" 403 19352 "-" "Mozilla/5.0"
91.92.243.239 - - [19/Jul/2026:13:47:56 +0000] "POST /wp-login.php HTTP/1.1" 403 19352 "-" "Mozilla/5.0"
91.92.243.239 - - [19/Jul/2026:13:50:21 +0000] "POST /wp-login.php HTTP/1.1" 403 19352 "-" "Mozilla/5.0"
91.92.243.239 - - [19/Jul/2026:13:50:21 +0000] "POST /wp-login.php HTTP/1.1" 403 19352 "-" "Mozilla/5.0"
194.39.149.53 - - [19/Jul/2026:13:51:06 +0000] "POST /wp-cron.php?doing_wp_cron=1784469066.8252670764923095703125 HTTP/1.1" 200 0 "-" "WordPress/7.0.2; https://blackhat-unlock.com"
160.187.68.132 - - [19/Jul/2026:13:51:02 +0000] "POST /xmlrpc.php HTTP/2" 200 186 "-" "Mozilla/5.0 (Windows NT 10.0; Win64; x64) AppleWebKit/537.36 (KHTML, like Gecko) Chrome/147.0.0.0 Safari/537.36"
194.39.149.53 - - [19/Jul/2026:13:51:37 +0000] "POST /wp-cron.php?doing_wp_cron=1784469097.8021960258483886718750 HTTP/1.1" 200 0 "-" "WordPress/7.0.2; https://blackhat-unlock.com"
173.239.240.208 - - [19/Jul/2026:13:51:35 +0000] "GET /wp-login.php HTTP/1.1" 200 2400 "-" "Mozilla/5.0 (Windows NT 10.0; Win64; rv:143.0) Gecko/20100101 Firefox/143.0"
173.239.240.208 - - [19/Jul/2026:13:51:39 +0000] "GET /?author=1 HTTP/1.1" 301 0 "-" "Mozilla/5.0 (Windows NT 10.0; Win64; x64) AppleWebKit/537.36 Chrome/129.0.0.0 Safari/537.36"
173.239.240.208 - - [19/Jul/2026:13:51:42 +0000] "GET /?rest_route=/wp/v2/users HTTP/1.1" 200 411 "-" "Mozilla/5.0 (Windows NT 10.0; Win64; x64) AppleWebKit/537.36 Chrome/129.0.0.0 Safari/537.36"
91.92.243.239 - - [19/Jul/2026:13:53:21 +0000] "POST /wp-login.php HTTP/1.1" 403 19352 "-" "Mozilla/5.0"
91.92.243.239 - - [19/Jul/2026:13:53:21 +0000] "POST /wp-login.php HTTP/1.1" 403 19352 "-" "Mozilla/5.0"
194.39.149.53 - - [19/Jul/2026:13:53:47 +0000] "POST /wp-cron.php?doing_wp_cron=1784469227.2228109836578369140625 HTTP/1.1" 200 0 "-" "WordPress/7.0.2; https://blackhat-unlock.com"
185.223.152.92 - - [19/Jul/2026:13:53:44 +0000] "POST /wp-login.php HTTP/1.1" 200 2536 "-" "Opera/9.80 (Series 60; Opera Mini/6.0.24095/24.760; U; en) Presto/2.5.25 Version/10.54"
194.39.149.53 - - [19/Jul/2026:13:55:16 +0000] "POST /wp-cron.php?doing_wp_cron=1784469315.9722859859466552734375 HTTP/1.1" 200 0 "-" "WordPress/7.0.2; https://blackhat-unlock.com"
72.60.40.175 - - [19/Jul/2026:13:55:14 +0000] "GET /shop/ HTTP/2" 200 96075 "-" "Mozilla/5.0 (Windows NT 10.0; Win64; x64) AppleWebKit/537.36"
91.92.243.239 - - [19/Jul/2026:13:55:48 +0000] "POST /wp-login.php HTTP/1.1" 403 19352 "-" "Mozilla/5.0"
91.92.243.239 - - [19/Jul/2026:13:55:48 +0000] "POST /wp-login.php HTTP/1.1" 403 19352 "-" "Mozilla/5.0"
45.132.227.216 - - [19/Jul/2026:13:56:02 +0000] "POST /wp-login.php HTTP/1.1" 200 2536 "-" "Mozilla/5.0 (Windows NT 10.0; Win64; x64) AppleWebKit/537.36 Chrome/129.0.0.0 Safari/537.36"
91.92.243.239 - - [19/Jul/2026:13:58:51 +0000] "POST /wp-login.php HTTP/1.1" 403 19352 "-" "Mozilla/5.0"
91.92.243.239 - - [19/Jul/2026:13:58:51 +0000] "POST /wp-login.php HTTP/1.1" 403 19352 "-" "Mozilla/5.0"
91.92.243.239 - - [19/Jul/2026:14:01:16 +0000] "POST /wp-login.php HTTP/1.1" 403 19352 "-" "Mozilla/5.0"
91.92.243.239 - - [19/Jul/2026:14:01:16 +0000] "POST /wp-login.php HTTP/1.1" 403 19352 "-" "Mozilla/5.0"
194.39.149.53 - - [19/Jul/2026:14:02:40 +0000] "POST /wp-cron.php?doing_wp_cron=1784469760.4334890842437744140625 HTTP/1.1" 200 0 "-" "WordPress/7.0.2; https://blackhat-unlock.com"
72.60.40.175 - - [19/Jul/2026:14:02:37 +0000] "GET /shop/ HTTP/2" 200 96075 "-" "Mozilla/5.0 (Windows NT 10.0; Win64; x64) AppleWebKit/537.36"
91.92.243.239 - - [19/Jul/2026:14:04:21 +0000] "POST /wp-login.php HTTP/1.1" 403 19352 "-" "Mozilla/5.0"
91.92.243.239 - - [19/Jul/2026:14:04:21 +0000] "POST /wp-login.php HTTP/1.1" 403 19352 "-" "Mozilla/5.0"
91.92.243.239 - - [19/Jul/2026:14:06:57 +0000] "POST /wp-login.php HTTP/1.1" 403 19352 "-" "Mozilla/5.0"
91.92.243.239 - - [19/Jul/2026:14:06:57 +0000] "POST /wp-login.php HTTP/1.1" 403 19352 "-" "Mozilla/5.0"
194.39.149.53 - - [19/Jul/2026:14:07:39 +0000] "POST /wp-cron.php?doing_wp_cron=1784470059.7196710109710693359375 HTTP/1.1" 200 0 "-" "WordPress/7.0.2; https://blackhat-unlock.com"
13.239.222.79 - - [19/Jul/2026:14:07:31 +0000] "POST /xmlrpc.php HTTP/2" 200 186 "-" "Mozilla/5.0 (Windows NT 10.0; Win64; x64) AppleWebKit/537.36 (KHTML, like Gecko) Chrome/147.0.0.0 Safari/537.36"
194.39.149.53 - - [19/Jul/2026:14:08:47 +0000] "POST /wp-cron.php?doing_wp_cron=1784470127.2147729396820068359375 HTTP/1.1" 200 0 "-" "WordPress/7.0.2; https://blackhat-unlock.com"
185.251.19.117 - - [19/Jul/2026:14:08:44 +0000] "POST /wp-login.php HTTP/1.1" 200 2536 "-" "Mozilla/5.0 (Macintosh; Intel Mac OS X 10_15_7) AppleWebKit/605.1.15 Version/17.0 Safari/605.1.15"
91.92.243.239 - - [19/Jul/2026:14:09:57 +0000] "POST /wp-login.php HTTP/1.1" 403 19352 "-" "Mozilla/5.0"
91.92.243.239 - - [19/Jul/2026:14:09:57 +0000] "POST /wp-login.php HTTP/1.1" 403 19352 "-" "Mozilla/5.0"
91.92.243.239 - - [19/Jul/2026:14:12:25 +0000] "POST /wp-login.php HTTP/1.1" 403 19352 "-" "Mozilla/5.0"
91.92.243.239 - - [19/Jul/2026:14:12:25 +0000] "POST /wp-login.php HTTP/1.1" 403 19352 "-" "Mozilla/5.0"
194.39.149.53 - - [19/Jul/2026:14:12:33 +0000] "POST /wp-cron.php?doing_wp_cron=1784470353.8018479347229003906250 HTTP/1.1" 200 0 "-" "WordPress/7.0.2; https://blackhat-unlock.com"
72.60.40.175 - - [19/Jul/2026:14:12:26 +0000] "GET /shop/ HTTP/2" 200 96075 "-" "Mozilla/5.0 (Windows NT 10.0; Win64; x64) AppleWebKit/537.36"
91.92.243.239 - - [19/Jul/2026:14:15:33 +0000] "POST /wp-login.php HTTP/1.1" 403 19352 "-" "Mozilla/5.0"
91.92.243.239 - - [19/Jul/2026:14:15:33 +0000] "POST /wp-login.php HTTP/1.1" 403 19352 "-" "Mozilla/5.0"
194.39.149.53 - - [19/Jul/2026:14:15:42 +0000] "POST /wp-cron.php?doing_wp_cron=1784470542.6558549404144287109375 HTTP/1.1" 200 0 "-" "WordPress/7.0.2; https://blackhat-unlock.com"
81.8.84.20 - - [19/Jul/2026:14:15:40 +0000] "POST /xmlrpc.php HTTP/1.1" 200 403 "-" "WordPress.com; https://wordpress.com"
81.8.84.20 - - [19/Jul/2026:14:15:47 +0000] "POST /xmlrpc.php HTTP/1.1" 200 403 "-" "WordPress.com; https://wordpress.com"
81.8.84.20 - - [19/Jul/2026:14:15:49 +0000] "POST /xmlrpc.php HTTP/1.1" 200 403 "-" "Jetpack by WordPress.com (Jetpack 12.0; WordPress 6.4)"
81.8.84.20 - - [19/Jul/2026:14:15:57 +0000] "POST /xmlrpc.php HTTP/1.1" 200 403 "-" "Jetpack/12.1; WordPress/6.4; http://site32491098.com"
81.8.84.20 - - [19/Jul/2026:14:16:00 +0000] "POST /xmlrpc.php HTTP/1.1" 200 403 "-" "Jetpack by WordPress.com"
81.8.84.20 - - [19/Jul/2026:14:16:07 +0000] "POST /xmlrpc.php HTTP/1.1" 200 403 "-" "Jetpack by WordPress.com"
81.8.84.20 - - [19/Jul/2026:14:16:10 +0000] "POST /xmlrpc.php HTTP/1.1" 200 0 "-" "Jetpack by WordPress.com"
194.39.149.53 - - [19/Jul/2026:14:16:21 +0000] "POST /wp-cron.php?doing_wp_cron=1784470580.8756260871887207031250 HTTP/1.1" 200 0 "-" "WordPress/7.0.2; https://blackhat-unlock.com"
81.8.84.20 - - [19/Jul/2026:14:16:21 +0000] "POST /xmlrpc.php HTTP/1.1" 200 403 "-" "Jetpack by WordPress.com (Jetpack 13.0; WordPress 6.3)"
194.39.149.53 - - [19/Jul/2026:14:16:29 +0000] "POST /wp-cron.php?doing_wp_cron=1784470589.0240209102630615234375 HTTP/1.1" 200 0 "-" "WordPress/7.0.2; https://blackhat-unlock.com"
81.8.84.20 - - [19/Jul/2026:14:16:18 +0000] "POST /xmlrpc.php HTTP/1.1" 200 403 "-" "Jetpack by WordPress.com (Jetpack 12.5; WordPress 6.4)"
185.223.152.111 - - [19/Jul/2026:14:16:35 +0000] "POST /wp-login.php HTTP/1.1" 200 2536 "-" "Mozilla/5.0 (X11; U; Linux i686; en-US; rv:1.8.0.10) Gecko/20070226 Red Hat/1.5.0.10-0.1.el4 Firefox/1.5.0.10"
81.8.84.20 - - [19/Jul/2026:14:16:32 +0000] "POST /xmlrpc.php HTTP/1.1" 200 403 "-" "Jetpack/13.0; WordPress/6.3; http://site64469365.com"
81.8.84.20 - - [19/Jul/2026:14:16:29 +0000] "POST /xmlrpc.php HTTP/1.1" 200 403 "-" "Jetpack/13.0; WordPress/6.4; http://site40875058.com"
81.8.84.20 - - [19/Jul/2026:14:16:39 +0000] "POST /xmlrpc.php HTTP/1.1" 200 403 "-" "Jetpack/13.0; WordPress/6.1; http://site70718268.com"
81.8.84.20 - - [19/Jul/2026:14:16:43 +0000] "POST /xmlrpc.php HTTP/1.1" 200 0 "-" "Jetpack/12.1; WordPress/6.4; http://site23181880.com"
81.8.84.20 - - [19/Jul/2026:14:16:49 +0000] "POST /xmlrpc.php HTTP/1.1" 200 403 "-" "Jetpack by WordPress.com"
81.8.84.20 - - [19/Jul/2026:14:16:53 +0000] "POST /xmlrpc.php HTTP/1.1" 200 403 "-" "Jetpack by WordPress.com"
81.8.84.20 - - [19/Jul/2026:14:17:01 +0000] "POST /xmlrpc.php HTTP/1.1" 200 0 "-" "Jetpack/12.0; WordPress/6.3; http://site27675681.com"
81.8.84.20 - - [19/Jul/2026:14:17:04 +0000] "POST /xmlrpc.php HTTP/1.1" 200 0 "-" "WordPress.com; https://wordpress.com"
81.8.84.20 - - [19/Jul/2026:14:17:11 +0000] "POST /xmlrpc.php HTTP/1.1" 200 0 "-" "WordPress.com; https://wordpress.com"
81.8.84.20 - - [19/Jul/2026:14:17:14 +0000] "POST /xmlrpc.php HTTP/1.1" 200 0 "-" "Jetpack/12.1; WordPress/6.3; http://site66800846.com"
81.8.84.20 - - [19/Jul/2026:14:17:22 +0000] "POST /xmlrpc.php HTTP/1.1" 200 0 "-" "Jetpack by WordPress.com (Jetpack 12.5; WordPress 6.1)"
81.8.84.20 - - [19/Jul/2026:14:17:25 +0000] "POST /xmlrpc.php HTTP/1.1" 200 0 "-" "Jetpack/13.0; WordPress/6.3; http://site35472937.com"
81.8.84.20 - - [19/Jul/2026:14:17:32 +0000] "POST /xmlrpc.php HTTP/1.1" 200 0 "-" "Jetpack/12.0; WordPress/6.2; http://site76225921.com"
81.8.84.20 - - [19/Jul/2026:14:17:43 +0000] "POST /xmlrpc.php HTTP/1.1" 200 0 "-" "Jetpack by WordPress.com (Jetpack 13.0; WordPress 6.4)"
81.8.84.20 - - [19/Jul/2026:14:17:46 +0000] "POST /xmlrpc.php HTTP/1.1" 200 0 "-" "WordPress.com; https://wordpress.com"
81.8.84.20 - - [19/Jul/2026:14:17:53 +0000] "POST /xmlrpc.php HTTP/1.1" 200 0 "-" "Jetpack by WordPress.com"
91.92.243.239 - - [19/Jul/2026:14:18:05 +0000] "POST /wp-login.php HTTP/1.1" 403 19352 "-" "Mozilla/5.0"
91.92.243.239 - - [19/Jul/2026:14:18:05 +0000] "POST /wp-login.php HTTP/1.1" 403 19352 "-" "Mozilla/5.0"
81.8.84.20 - - [19/Jul/2026:14:17:57 +0000] "POST /xmlrpc.php HTTP/1.1" 200 0 "-" "Jetpack/13.0; WordPress/6.3; http://site97339664.com"
81.8.84.20 - - [19/Jul/2026:14:18:04 +0000] "POST /xmlrpc.php HTTP/1.1" 200 0 "-" "Jetpack by WordPress.com"
81.8.84.20 - - [19/Jul/2026:14:18:07 +0000] "POST /xmlrpc.php HTTP/1.1" 200 0 "-" "Jetpack/13.0; WordPress/6.3; http://site27153834.com"
81.8.84.20 - - [19/Jul/2026:14:18:14 +0000] "POST /xmlrpc.php HTTP/1.1" 200 0 "-" "Jetpack by WordPress.com"
81.8.84.20 - - [19/Jul/2026:14:18:18 +0000] "POST /xmlrpc.php HTTP/1.1" 200 0 "-" "Jetpack by WordPress.com"
81.8.84.20 - - [19/Jul/2026:14:18:28 +0000] "POST /xmlrpc.php HTTP/1.1" 200 0 "-" "WordPress.com; https://wordpress.com"
81.8.84.20 - - [19/Jul/2026:14:18:36 +0000] "POST /xmlrpc.php HTTP/1.1" 200 0 "-" "Jetpack/13.0; WordPress/6.2; http://site50505992.com"
81.8.84.20 - - [19/Jul/2026:14:18:39 +0000] "POST /xmlrpc.php HTTP/1.1" 200 0 "-" "Jetpack by WordPress.com"
81.8.84.20 - - [19/Jul/2026:14:18:46 +0000] "POST /xmlrpc.php HTTP/1.1" 200 0 "-" "WordPress.com; https://wordpress.com"
81.8.84.20 - - [19/Jul/2026:14:18:49 +0000] "POST /xmlrpc.php HTTP/1.1" 200 0 "-" "Jetpack/12.1; WordPress/6.1; http://site23266053.com"
81.8.84.20 - - [19/Jul/2026:14:18:57 +0000] "POST /xmlrpc.php HTTP/1.1" 200 0 "-" "Jetpack/12.1; WordPress/6.2; http://site25988813.com"
81.8.84.20 - - [19/Jul/2026:14:19:00 +0000] "POST /xmlrpc.php HTTP/1.1" 200 0 "-" "WordPress.com; https://wordpress.com"
81.8.84.20 - - [19/Jul/2026:14:19:07 +0000] "POST /xmlrpc.php HTTP/1.1" 200 0 "-" "Jetpack/12.1; WordPress/6.3; http://site74698882.com"
81.8.84.20 - - [19/Jul/2026:14:19:10 +0000] "POST /xmlrpc.php HTTP/1.1" 200 0 "-" "Jetpack by WordPress.com"
81.8.84.20 - - [19/Jul/2026:14:19:18 +0000] "POST /xmlrpc.php HTTP/1.1" 200 0 "-" "Jetpack by WordPress.com"
81.8.84.20 - - [19/Jul/2026:14:19:21 +0000] "POST /xmlrpc.php HTTP/1.1" 200 0 "-" "Jetpack by WordPress.com (Jetpack 12.5; WordPress 6.2)"
81.8.84.20 - - [19/Jul/2026:14:17:35 +0000] "POST /xmlrpc.php HTTP/1.1" 200 0 "-" "Jetpack/12.1; WordPress/6.4; http://site41282193.com"
81.8.84.20 - - [19/Jul/2026:14:19:28 +0000] "POST /xmlrpc.php HTTP/1.1" 200 0 "-" "Jetpack by WordPress.com"
81.8.84.20 - - [19/Jul/2026:14:19:32 +0000] "POST /xmlrpc.php HTTP/1.1" 200 0 "-" "WordPress.com; https://wordpress.com"
81.8.84.20 - - [19/Jul/2026:14:19:39 +0000] "POST /xmlrpc.php HTTP/1.1" 200 0 "-" "Jetpack/13.0; WordPress/6.1; http://site20077219.com"
81.8.84.20 - - [19/Jul/2026:14:19:42 +0000] "POST /xmlrpc.php HTTP/1.1" 200 0 "-" "Jetpack/12.5; WordPress/6.2; http://site78709186.com"
81.8.84.20 - - [19/Jul/2026:14:19:50 +0000] "POST /xmlrpc.php HTTP/1.1" 200 0 "-" "Jetpack by WordPress.com"
81.8.84.20 - - [19/Jul/2026:14:19:53 +0000] "POST /xmlrpc.php HTTP/1.1" 200 0 "-" "Jetpack by WordPress.com"
81.8.84.20 - - [19/Jul/2026:14:20:00 +0000] "POST /xmlrpc.php HTTP/1.1" 200 0 "-" "Jetpack by WordPress.com (Jetpack 12.0; WordPress 6.3)"
81.8.84.20 - - [19/Jul/2026:14:20:03 +0000] "POST /xmlrpc.php HTTP/1.1" 200 0 "-" "WordPress.com; https://wordpress.com"
81.8.84.20 - - [19/Jul/2026:14:20:11 +0000] "POST /xmlrpc.php HTTP/1.1" 200 0 "-" "Jetpack/12.5; WordPress/6.3; http://site62996295.com"
81.8.84.20 - - [19/Jul/2026:14:20:14 +0000] "POST /xmlrpc.php HTTP/1.1" 200 0 "-" "Jetpack by WordPress.com"
81.8.84.20 - - [19/Jul/2026:14:18:25 +0000] "POST /xmlrpc.php HTTP/1.1" 200 0 "-" "Jetpack by WordPress.com"
81.8.84.20 - - [19/Jul/2026:14:20:21 +0000] "POST /xmlrpc.php HTTP/1.1" 200 0 "-" "Jetpack/12.0; WordPress/6.4; http://site20501909.com"
81.8.84.20 - - [19/Jul/2026:14:20:25 +0000] "POST /xmlrpc.php HTTP/1.1" 200 0 "-" "Jetpack/12.5; WordPress/6.2; http://site57106525.com"
81.8.84.20 - - [19/Jul/2026:14:20:32 +0000] "POST /xmlrpc.php HTTP/1.1" 200 0 "-" "Jetpack by WordPress.com"
81.8.84.20 - - [19/Jul/2026:14:20:35 +0000] "POST /xmlrpc.php HTTP/1.1" 200 0 "-" "Jetpack/12.1; WordPress/6.1; http://site52899807.com"
81.8.84.20 - - [19/Jul/2026:14:20:43 +0000] "POST /xmlrpc.php HTTP/1.1" 200 0 "-" "Jetpack/12.0; WordPress/6.1; http://site10616166.com"
81.8.84.20 - - [19/Jul/2026:14:20:46 +0000] "POST /xmlrpc.php HTTP/1.1" 200 0 "-" "Jetpack by WordPress.com (Jetpack 13.0; WordPress 6.1)"
81.8.84.20 - - [19/Jul/2026:14:20:53 +0000] "POST /xmlrpc.php HTTP/1.1" 200 0 "-" "Jetpack/12.5; WordPress/6.2; http://site29307776.com"
81.8.84.20 - - [19/Jul/2026:14:20:56 +0000] "POST /xmlrpc.php HTTP/1.1" 200 0 "-" "WordPress.com; https://wordpress.com"
91.92.243.239 - - [19/Jul/2026:14:21:09 +0000] "POST /wp-login.php HTTP/1.1" 403 19352 "-" "Mozilla/5.0"
91.92.243.239 - - [19/Jul/2026:14:21:09 +0000] "POST /wp-login.php HTTP/1.1" 403 19352 "-" "Mozilla/5.0"
81.8.84.20 - - [19/Jul/2026:14:21:04 +0000] "POST /xmlrpc.php HTTP/1.1" 200 0 "-" "Jetpack/12.0; WordPress/6.1; http://site16357729.com"
81.8.84.20 - - [19/Jul/2026:14:21:07 +0000] "POST /xmlrpc.php HTTP/1.1" 200 0 "-" "Jetpack by WordPress.com"
81.8.84.20 - - [19/Jul/2026:14:21:14 +0000] "POST /xmlrpc.php HTTP/1.1" 200 0 "-" "WordPress.com; https://wordpress.com"
194.39.149.53 - - [19/Jul/2026:14:21:28 +0000] "POST /wp-cron.php?doing_wp_cron=1784470887.9487481117248535156250 HTTP/1.1" 200 0 "-" "WordPress/7.0.2; https://blackhat-unlock.com"
136.144.42.199 - - [19/Jul/2026:14:21:24 +0000] "POST /wp-login.php HTTP/1.1" 200 2536 "-" "Mozilla/5.0 (Windows NT 10.0; Win64; x64) AppleWebKit/537.36 Chrome/129.0.0.0 Safari/537.36"
81.8.84.20 - - [19/Jul/2026:14:21:17 +0000] "POST /xmlrpc.php HTTP/1.1" 200 0 "-" "WordPress.com; https://wordpress.com"
81.8.84.20 - - [19/Jul/2026:14:21:25 +0000] "POST /xmlrpc.php HTTP/1.1" 200 0 "-" "Jetpack by WordPress.com (Jetpack 12.5; WordPress 6.4)"
81.8.84.20 - - [19/Jul/2026:14:21:28 +0000] "POST /xmlrpc.php HTTP/1.1" 200 0 "-" "Jetpack/12.1; WordPress/6.1; http://site67284675.com"
81.8.84.20 - - [19/Jul/2026:14:21:35 +0000] "POST /xmlrpc.php HTTP/1.1" 200 0 "-" "Jetpack by WordPress.com"
81.8.84.20 - - [19/Jul/2026:14:21:38 +0000] "POST /xmlrpc.php HTTP/1.1" 200 0 "-" "WordPress.com; https://wordpress.com"
81.8.84.20 - - [19/Jul/2026:14:21:46 +0000] "POST /xmlrpc.php HTTP/1.1" 200 0 "-" "Jetpack by WordPress.com (Jetpack 13.0; WordPress 6.3)"
81.8.84.20 - - [19/Jul/2026:14:21:49 +0000] "POST /xmlrpc.php HTTP/1.1" 200 0 "-" "Jetpack by WordPress.com (Jetpack 13.0; WordPress 6.3)"
81.8.84.20 - - [19/Jul/2026:14:21:57 +0000] "POST /xmlrpc.php HTTP/1.1" 200 0 "-" "WordPress.com; https://wordpress.com"
81.8.84.20 - - [19/Jul/2026:14:22:00 +0000] "POST /xmlrpc.php HTTP/1.1" 200 0 "-" "Jetpack by WordPress.com"
81.8.84.20 - - [19/Jul/2026:14:22:07 +0000] "POST /xmlrpc.php HTTP/1.1" 200 0 "-" "Jetpack by WordPress.com (Jetpack 12.0; WordPress 6.3)"
81.8.84.20 - - [19/Jul/2026:14:22:11 +0000] "POST /xmlrpc.php HTTP/1.1" 200 0 "-" "WordPress.com; https://wordpress.com"
81.8.84.20 - - [19/Jul/2026:14:22:18 +0000] "POST /xmlrpc.php HTTP/1.1" 200 0 "-" "Jetpack by WordPress.com"
81.8.84.20 - - [19/Jul/2026:14:22:21 +0000] "POST /xmlrpc.php HTTP/1.1" 200 0 "-" "Jetpack by WordPress.com"
81.8.84.20 - - [19/Jul/2026:14:22:28 +0000] "POST /xmlrpc.php HTTP/1.1" 200 0 "-" "Jetpack by WordPress.com (Jetpack 13.0; WordPress 6.4)"
194.39.149.53 - - [19/Jul/2026:14:22:48 +0000] "POST /wp-cron.php?doing_wp_cron=1784470968.1115820407867431640625 HTTP/1.1" 200 0 "-" "WordPress/7.0.2; https://blackhat-unlock.com"
