66.249.64.173 - - [19/Jul/2026:17:33:29 +0000] "GET /api/v3/ajax/bespoke/public/neu/specs/catnav-mobile?log_performance_metrics=false&specs%5Bcatnav-mobile%5D%5B%5D=CategoryNav_V2_Mobile_ApiSpec_CategoryNav&specs%5Bcatnav-mobile%5D%5B1%5D%5Bmott_version%5D=&specs%5Bcatnav-mobile%5D%5B1%5D%5Bshow_sales%5D=false&specs%5Bcatnav-mobile%5D%5B1%5D%5Bcatnav_gift_guide%5D=control&specs%5Bcatnav-mobile%5D%5B1%5D%5Bgifting_catnav_flyout_js%5D=false&specs%5Bcatnav-mobile%5D%5B1%5D%5Bshould_show_registry_on_nav%5D=false&specs%5Bcatnav-mobile%5D%5B1%5D%5Bshould_use_gifting_taxos_in_nav_flyout%5D=false&specs%5Bcatnav-mobile%5D%5B1%5D%5Blocale%5D=&specs%5Bcatnav-mobile%5D%5B1%5D%5Bshould_use_buyer_taxo%5D=false HTTP/1.1" 200 57240 "https://blackhat-unlock.com/about-us/" "Mozilla/5.0 (Linux; Android 6.0.1; Nexus 5X Build/MMB29P) AppleWebKit/537.36 (KHTML, like Gecko) Chrome/149.0.7827.200 Mobile Safari/537.36 (compatible; Googlebot/2.1; +http://www.google.com/bot.html)"
66.249.64.173 - - [19/Jul/2026:17:33:34 +0000] "GET /about-us/sitemap.xml HTTP/1.1" 200 219 "-" "Mozilla/5.0 (compatible; Googlebot/2.1; +http://www.google.com/bot.html)"
194.39.149.53 - - [19/Jul/2026:17:34:40 +0000] "POST /wp-cron.php?doing_wp_cron=1784482480.1132750511169433593750 HTTP/1.1" 200 0 "-" "WordPress/7.0.2; https://blackhat-unlock.com"
185.223.152.92 - - [19/Jul/2026:17:34:25 +0000] "POST /wp-login.php HTTP/1.1" 200 2536 "-" "Opera/9.80 (Android; Opera Mini/7.0.29759/179.147; U; ar) Presto/2.12.423 Version/12.16"
91.92.243.239 - - [19/Jul/2026:17:36:09 +0000] "POST /wp-login.php HTTP/1.1" 403 19352 "-" "Mozilla/5.0"
91.92.243.239 - - [19/Jul/2026:17:36:09 +0000] "POST /wp-login.php HTTP/1.1" 403 19352 "-" "Mozilla/5.0"
194.39.149.53 - - [19/Jul/2026:17:36:23 +0000] "POST /wp-cron.php?doing_wp_cron=1784482583.5274350643157958984375 HTTP/1.1" 200 0 "-" "WordPress/7.0.2; https://blackhat-unlock.com"
89.117.63.72 - - [19/Jul/2026:17:36:13 +0000] "POST /xmlrpc.php HTTP/2" 200 186 "-" "Mozilla/5.0 (Windows NT 10.0; Win64; x64) AppleWebKit/537.36 (KHTML, like Gecko) Chrome/147.0.0.0 Safari/537.36 Edg/147.0.0.0"
91.92.243.239 - - [19/Jul/2026:17:39:22 +0000] "POST /wp-login.php HTTP/1.1" 403 19352 "-" "Mozilla/5.0"
91.92.243.239 - - [19/Jul/2026:17:39:21 +0000] "POST /wp-login.php HTTP/1.1" 403 19352 "-" "Mozilla/5.0"
66.249.64.160 - - [19/Jul/2026:17:39:49 +0000] "GET /shop/sitemap-21.xml HTTP/1.1" 200 57285 "-" "Mozilla/5.0 (compatible; Googlebot/2.1; +http://www.google.com/bot.html)"
194.39.149.53 - - [19/Jul/2026:17:40:27 +0000] "POST /wp-cron.php?doing_wp_cron=1784482826.8125159740447998046875 HTTP/1.1" 200 0 "-" "WordPress/7.0.2; https://blackhat-unlock.com"
185.223.152.66 - - [19/Jul/2026:17:40:16 +0000] "POST /wp-login.php HTTP/1.1" 200 2536 "-" "Mozilla/5.0 (Windows NT 10.0; Win64; rv:143.0) Gecko/20100101 Firefox/143.0"
51.91.152.238 - - [19/Jul/2026:17:41:36 +0000] "POST /wp/xmlrpc.php HTTP/2" 200 57285 "-" "Mozilla/5.0 (X11; Linux x86_64) AppleWebKit/537.36 (KHTML, like Gecko) Chrome/147.0.0.0 Safari/537.36"
51.91.152.238 - - [19/Jul/2026:17:41:37 +0000] "POST /wp/xmlrpc.php HTTP/2" 403 5137 "-" "Mozilla/5.0 (X11; Linux x86_64) AppleWebKit/537.36 (KHTML, like Gecko) Chrome/147.0.0.0 Safari/537.36"
91.92.243.239 - - [19/Jul/2026:17:41:58 +0000] "POST /wp-login.php HTTP/1.1" 403 19352 "-" "Mozilla/5.0"
91.92.243.239 - - [19/Jul/2026:17:41:59 +0000] "POST /wp-login.php HTTP/1.1" 403 19352 "-" "Mozilla/5.0"
188.166.72.63 - - [19/Jul/2026:17:42:08 +0000] "GET /wp-login.php HTTP/2" 403 5137 "-" "Mozilla/5.0 (X11; CrOS x86_64 14541.0.0) AppleWebKit/537.36 (KHTML, like Gecko) Chrome/147.0.0.0 Safari/537.36"
188.166.72.63 - - [19/Jul/2026:17:42:10 +0000] "POST /wp-login.php HTTP/2" 403 5137 "https://blackhat-unlock.com/wp-login.php" "Mozilla/5.0 (X11; CrOS x86_64 14541.0.0) AppleWebKit/537.36 (KHTML, like Gecko) Chrome/147.0.0.0 Safari/537.36"
72.60.40.175 - - [19/Jul/2026:17:43:25 +0000] "GET /shop/ HTTP/2" 200 234009 "-" "Mozilla/5.0 (Windows NT 10.0; Win64; x64) AppleWebKit/537.36"
91.92.243.239 - - [19/Jul/2026:17:45:15 +0000] "POST /wp-login.php HTTP/1.1" 403 19352 "-" "Mozilla/5.0"
91.92.243.239 - - [19/Jul/2026:17:45:15 +0000] "POST /wp-login.php HTTP/1.1" 403 19352 "-" "Mozilla/5.0"
194.39.149.53 - - [19/Jul/2026:17:47:51 +0000] "POST /wp-cron.php?doing_wp_cron=1784483271.4081559181213378906250 HTTP/1.1" 200 0 "-" "WordPress/7.0.2; https://blackhat-unlock.com"
185.223.152.71 - - [19/Jul/2026:17:47:38 +0000] "POST /wp-login.php HTTP/1.1" 200 2536 "-" "Mozilla/5.0 (Windows NT 10.0; Win64; x64) AppleWebKit/537.36 Chrome/129.0.0.0 Safari/537.36"
91.92.243.239 - - [19/Jul/2026:17:47:54 +0000] "POST /wp-login.php HTTP/1.1" 403 19352 "-" "Mozilla/5.0"
91.92.243.239 - - [19/Jul/2026:17:47:54 +0000] "POST /wp-login.php HTTP/1.1" 403 19352 "-" "Mozilla/5.0"
194.39.149.53 - - [19/Jul/2026:17:49:44 +0000] "POST /wp-cron.php?doing_wp_cron=1784483384.4159409999847412109375 HTTP/1.1" 200 0 "-" "WordPress/7.0.2; https://blackhat-unlock.com"
145.239.64.13 - - [19/Jul/2026:17:49:33 +0000] "POST /xmlrpc.php HTTP/2" 200 186 "-" "Mozilla/5.0 (iPad; CPU OS 18_0 like Mac OS X) AppleWebKit/605.1.15 (KHTML, like Gecko) CriOS/147.0.7871.34 Mobile/15E148 Safari/604.1"
85.208.96.195 - - [19/Jul/2026:17:50:01 +0000] "GET /robots.txt HTTP/1.1" 200 65490 "-" "Mozilla/5.0 (compatible; SemrushBot/7~bl; +http://www.semrush.com/bot.html)"
185.191.171.14 - - [19/Jul/2026:17:50:02 +0000] "GET /2020/05/26/the-secret-of-cleaning-your-home/ HTTP/1.1" 200 65490 "-" "Mozilla/5.0 (compatible; SemrushBot/7~bl; +http://www.semrush.com/bot.html)"
85.208.96.206 - - [19/Jul/2026:17:50:04 +0000] "GET / HTTP/1.1" 200 65490 "-" "Mozilla/5.0 (compatible; SemrushBot/7~bl; +http://www.semrush.com/bot.html)"
91.92.243.239 - - [19/Jul/2026:17:50:58 +0000] "POST /wp-login.php HTTP/1.1" 403 19352 "-" "Mozilla/5.0"
91.92.243.239 - - [19/Jul/2026:17:50:58 +0000] "POST /wp-login.php HTTP/1.1" 403 19352 "-" "Mozilla/5.0"
66.249.64.160 - - [19/Jul/2026:17:51:09 +0000] "GET /shop/sitemap-16.xml HTTP/1.1" 200 57285 "-" "Mozilla/5.0 (compatible; Googlebot/2.1; +http://www.google.com/bot.html)"
112.213.89.124 - - [19/Jul/2026:17:51:46 +0000] "GET /wp-login.php HTTP/2" 200 2184 "-" "Mozilla/5.0 (iPad; CPU OS 18_0 like Mac OS X) AppleWebKit/605.1.15 (KHTML, like Gecko) CriOS/150.0.7871.34 Mobile/15E148 Safari/604.1"
194.39.149.53 - - [19/Jul/2026:17:52:02 +0000] "POST /wp-cron.php?doing_wp_cron=1784483521.9183549880981445312500 HTTP/1.1" 200 0 "-" "WordPress/7.0.2; https://blackhat-unlock.com"
112.213.89.124 - - [19/Jul/2026:17:52:04 +0000] "POST /wp-login.php HTTP/2" 200 2329 "https://mail.blackhat-unlock.com/wp-login.php" "Mozilla/5.0 (iPad; CPU OS 18_0 like Mac OS X) AppleWebKit/605.1.15 (KHTML, like Gecko) CriOS/150.0.7871.34 Mobile/15E148 Safari/604.1"
72.60.40.175 - - [19/Jul/2026:17:52:29 +0000] "GET /shop/ HTTP/2" 200 234009 "-" "Mozilla/5.0 (Windows NT 10.0; Win64; x64) AppleWebKit/537.36"
91.92.243.239 - - [19/Jul/2026:17:53:36 +0000] "POST /wp-login.php HTTP/1.1" 403 19352 "-" "Mozilla/5.0"
91.92.243.239 - - [19/Jul/2026:17:53:36 +0000] "POST /wp-login.php HTTP/1.1" 403 19352 "-" "Mozilla/5.0"
194.39.149.53 - - [19/Jul/2026:17:54:03 +0000] "POST /wp-cron.php?doing_wp_cron=1784483643.2035319805145263671875 HTTP/1.1" 200 0 "-" "WordPress/7.0.2; https://blackhat-unlock.com"
185.223.152.95 - - [19/Jul/2026:17:53:50 +0000] "POST /wp-login.php HTTP/1.1" 200 2536 "-" "android|Mozilla/5.0 (Android; Android 7.0; Pixel XL Build/NME91E) AppleWebKit/534.6 (KHTML, like Gecko) Chrome/55.0.3373.367 Mobile Safari/536.9"
66.249.64.174 - - [19/Jul/2026:17:55:10 +0000] "GET /shop/sitemap-4.xml HTTP/1.1" 200 57285 "-" "Mozilla/5.0 (compatible; Googlebot/2.1; +http://www.google.com/bot.html)"
46.224.208.195 - - [19/Jul/2026:17:55:19 +0000] "GET /wp/wp-login.php HTTP/2" 200 57284 "-" "Mozilla/5.0 (Windows NT 10.0; Win64; x64) AppleWebKit/537.36 (KHTML, like Gecko) Chrome/147.0.0.0 Safari/537.36 Edg/147.0.0.0"
185.223.152.88 - - [19/Jul/2026:17:55:03 +0000] "POST /wp-login.php HTTP/1.1" 200 2536 "-" "Mozilla/5.0 (Windows NT 10.0; Win64; rv:143.0) Gecko/20100101 Firefox/143.0"
194.39.149.53 - - [19/Jul/2026:17:55:37 +0000] "POST /wp-cron.php?doing_wp_cron=1784483737.0979340076446533203125 HTTP/1.1" 200 0 "-" "WordPress/7.0.2; https://blackhat-unlock.com"
91.92.243.239 - - [19/Jul/2026:18:02:02 +0000] "POST /wp-login.php HTTP/1.1" 403 19352 "-" "Mozilla/5.0"
91.92.243.239 - - [19/Jul/2026:18:02:03 +0000] "POST /wp-login.php HTTP/1.1" 403 19352 "-" "Mozilla/5.0"
194.39.149.53 - - [19/Jul/2026:18:02:46 +0000] "POST /wp-cron.php?doing_wp_cron=1784484166.0195469856262207031250 HTTP/1.1" 200 0 "-" "WordPress/7.0.2; https://blackhat-unlock.com"
185.223.152.84 - - [19/Jul/2026:18:02:31 +0000] "POST /wp-login.php HTTP/1.1" 200 2536 "-" "Mozilla/5.0 (Macintosh; Intel Mac OS X 10_15_7) AppleWebKit/605.1.15 Version/17.0 Safari/605.1.15"
72.60.40.175 - - [19/Jul/2026:18:03:27 +0000] "GET /shop/ HTTP/2" 200 234009 "-" "Mozilla/5.0 (Windows NT 10.0; Win64; x64) AppleWebKit/537.36"
91.92.243.239 - - [19/Jul/2026:17:56:39 +0000] "POST /wp-login.php HTTP/1.1" 403 19352 "-" "Mozilla/5.0"
91.92.243.239 - - [19/Jul/2026:17:56:39 +0000] "POST /wp-login.php HTTP/1.1" 403 19352 "-" "Mozilla/5.0"
66.249.64.173 - - [19/Jul/2026:17:58:36 +0000] "GET /shop/sitemap-35.xml HTTP/1.1" 200 57284 "-" "Mozilla/5.0 (compatible; Googlebot/2.1; +http://www.google.com/bot.html)"
91.92.243.239 - - [19/Jul/2026:17:59:03 +0000] "POST /wp-login.php HTTP/1.1" 403 19352 "-" "Mozilla/5.0"
91.92.243.239 - - [19/Jul/2026:17:59:03 +0000] "POST /wp-login.php HTTP/1.1" 403 19352 "-" "Mozilla/5.0"
91.92.243.239 - - [19/Jul/2026:18:18:42 +0000] "POST /wp-login.php HTTP/1.1" 403 19352 "-" "Mozilla/5.0"
91.92.243.239 - - [19/Jul/2026:18:18:42 +0000] "POST /wp-login.php HTTP/1.1" 403 19352 "-" "Mozilla/5.0"
194.39.149.53 - - [19/Jul/2026:18:19:47 +0000] "POST /wp-cron.php?doing_wp_cron=1784485187.6085870265960693359375 HTTP/1.1" 200 0 "-" "WordPress/7.0.2; https://blackhat-unlock.com"
103.93.219.196 - - [19/Jul/2026:18:19:45 +0000] "POST /xmlrpc.php HTTP/1.1" 200 403 "-" "Mozilla/5.0 (Windows NT 6.2; arm64) AppleWebKit/537.36 (KHTML, like Gecko) Firefox/87.0.0.0 Safari/537.36"
66.249.64.174 - - [19/Jul/2026:18:20:22 +0000] "GET /shop/sitemap-13.xml HTTP/1.1" 200 57285 "-" "Mozilla/5.0 (compatible; Googlebot/2.1; +http://www.google.com/bot.html)"
194.39.149.53 - - [19/Jul/2026:18:20:36 +0000] "POST /wp-cron.php?doing_wp_cron=1784485236.2323460578918457031250 HTTP/1.1" 200 0 "-" "WordPress/7.0.2; https://blackhat-unlock.com"
74.235.96.117 - - [19/Jul/2026:18:20:35 +0000] "GET /wp-login.php HTTP/2" 200 2184 "-" "Mozilla/5.0 (Windows NT 10.0; WOW64) AppleWebKit/537.36 (KHTML, like Gecko) Chrome/150.0.0.0 Safari/537.36"
74.235.96.117 - - [19/Jul/2026:18:20:37 +0000] "POST /wp-login.php HTTP/2" 200 2329 "https://mail.blackhat-unlock.com/wp-login.php" "Mozilla/5.0 (Windows NT 10.0; WOW64) AppleWebKit/537.36 (KHTML, like Gecko) Chrome/150.0.0.0 Safari/537.36"
202.29.224.10 - - [19/Jul/2026:18:04:23 +0000] "POST /wp/xmlrpc.php HTTP/2" 200 57285 "-" "Mozilla/5.0 (Windows NT 10.0) AppleWebKit/537.36 (KHTML, like Gecko) Chrome/147.0.0.0 Safari/537.36"
202.29.224.10 - - [19/Jul/2026:18:04:24 +0000] "POST /wp/xmlrpc.php HTTP/2" 403 5135 "-" "Mozilla/5.0 (Windows NT 10.0) AppleWebKit/537.36 (KHTML, like Gecko) Chrome/147.0.0.0 Safari/537.36"
91.92.243.239 - - [19/Jul/2026:18:04:31 +0000] "POST /wp-login.php HTTP/1.1" 403 19352 "-" "Mozilla/5.0"
91.92.243.239 - - [19/Jul/2026:18:04:32 +0000] "POST /wp-login.php HTTP/1.1" 403 19352 "-" "Mozilla/5.0"
194.39.149.53 - - [19/Jul/2026:18:05:30 +0000] "POST /wp-cron.php?doing_wp_cron=1784484330.2337119579315185546875 HTTP/1.1" 200 0 "-" "WordPress/7.0.2; https://blackhat-unlock.com"
192.241.143.148 - - [19/Jul/2026:18:05:23 +0000] "POST /xmlrpc.php HTTP/2" 200 186 "-" "Mozilla/5.0 (iPhone; CPU iPhone OS 18_5_0 like Mac OS X) AppleWebKit/605.1.15 (KHTML, like Gecko) CriOS/147.0.7871.34 Mobile/15E148 Safari/604.1"
91.92.243.239 - - [19/Jul/2026:18:07:33 +0000] "POST /wp-login.php HTTP/1.1" 403 19352 "-" "Mozilla/5.0"
91.92.243.239 - - [19/Jul/2026:18:07:33 +0000] "POST /wp-login.php HTTP/1.1" 403 19352 "-" "Mozilla/5.0"
91.92.243.239 - - [19/Jul/2026:18:09:55 +0000] "POST /wp-login.php HTTP/1.1" 403 19352 "-" "Mozilla/5.0"
91.92.243.239 - - [19/Jul/2026:18:09:55 +0000] "POST /wp-login.php HTTP/1.1" 403 19352 "-" "Mozilla/5.0"
194.39.149.53 - - [19/Jul/2026:18:10:09 +0000] "POST /wp-cron.php?doing_wp_cron=1784484609.4642560482025146484375 HTTP/1.1" 200 0 "-" "WordPress/7.0.2; https://blackhat-unlock.com"
185.223.152.79 - - [19/Jul/2026:18:10:06 +0000] "POST /wp-login.php HTTP/1.1" 200 2536 "-" "Mozilla/5.0 (Macintosh; Intel Mac OS X 10_15_7) AppleWebKit/605.1.15 Version/17.0 Safari/605.1.15"
91.92.243.239 - - [19/Jul/2026:18:13:02 +0000] "POST /wp-login.php HTTP/1.1" 403 19352 "-" "Mozilla/5.0"
91.92.243.239 - - [19/Jul/2026:18:13:02 +0000] "POST /wp-login.php HTTP/1.1" 403 19352 "-" "Mozilla/5.0"
72.60.40.175 - - [19/Jul/2026:18:13:26 +0000] "GET /shop/ HTTP/2" 200 234009 "-" "Mozilla/5.0 (Windows NT 10.0; Win64; x64) AppleWebKit/537.36"
91.92.243.239 - - [19/Jul/2026:18:15:35 +0000] "POST /wp-login.php HTTP/1.1" 403 19352 "-" "Mozilla/5.0"
91.92.243.239 - - [19/Jul/2026:18:15:35 +0000] "POST /wp-login.php HTTP/1.1" 403 19352 "-" "Mozilla/5.0"
194.39.149.53 - - [19/Jul/2026:18:17:37 +0000] "POST /wp-cron.php?doing_wp_cron=1784485057.5011088848114013671875 HTTP/1.1" 200 0 "-" "WordPress/7.0.2; https://blackhat-unlock.com"
185.223.152.69 - - [19/Jul/2026:18:17:34 +0000] "POST /wp-login.php HTTP/1.1" 200 2536 "-" "Mozilla/5.0 (Macintosh; Intel Mac OS X 10_15_7) AppleWebKit/605.1.15 Version/17.0 Safari/605.1.15"
100.27.153.9 - - [19/Jul/2026:18:18:06 +0000] "GET /wp-content/uploads/2026/05/email-hack-1536x800.webp HTTP/1.1" 200 29806 "-" "Mozilla/5.0 AppleWebKit/537.36 (KHTML, like Gecko; compatible; Amazonbot/0.1; +https://developer.amazon.com/support/amazonbot) Chrome/119.0.6045.214 Safari/537.36"
91.92.243.239 - - [19/Jul/2026:18:21:10 +0000] "POST /wp-login.php HTTP/1.1" 403 19352 "-" "Mozilla/5.0"
91.92.243.239 - - [19/Jul/2026:18:21:10 +0000] "POST /wp-login.php HTTP/1.1" 403 19352 "-" "Mozilla/5.0"
103.93.219.196 - - [19/Jul/2026:18:23:26 +0000] "GET /wp-json/wp/v2/users HTTP/1.1" 200 234009 "-" "Mozilla/4.0 (compatible; Win32; WinHttp.WinHttpRequest.5)"
103.93.219.196 - - [19/Jul/2026:18:24:07 +0000] "POST /xmlrpc.php HTTP/1.1" 200 0 "-" "Mozilla/5.0 (Windows NT 6.2; x86) AppleWebKit/537.36 (KHTML, like Gecko) Opera/70.0.0.0 Safari/537.36"
91.92.243.239 - - [19/Jul/2026:18:24:15 +0000] "POST /wp-login.php HTTP/1.1" 403 19352 "-" "Mozilla/5.0"
91.92.243.239 - - [19/Jul/2026:18:24:15 +0000] "POST /wp-login.php HTTP/1.1" 403 19352 "-" "Mozilla/5.0"
194.39.149.53 - - [19/Jul/2026:18:24:16 +0000] "POST /wp-cron.php?doing_wp_cron=1784485456.7113049030303955078125 HTTP/1.1" 200 0 "-" "WordPress/7.0.2; https://blackhat-unlock.com"
103.93.219.196 - - [19/Jul/2026:18:24:49 +0000] "POST /xmlrpc.php HTTP/1.1" 200 403 "-" "Mozilla/5.0 (Windows NT 6.2; x86) AppleWebKit/537.36 (KHTML, like Gecko) Safari/11.0.0.0 Safari/537.36"
72.60.40.175 - - [19/Jul/2026:18:25:10 +0000] "GET /shop/ HTTP/2" 200 234009 "-" "Mozilla/5.0 (Windows NT 10.0; Win64; x64) AppleWebKit/537.36"
185.223.152.85 - - [19/Jul/2026:18:25:05 +0000] "POST /wp-login.php HTTP/1.1" 200 2536 "-" "Mozilla/5.0 (Windows NT 10.0; Win64; rv:143.0) Gecko/20100101 Firefox/143.0"
194.39.149.53 - - [19/Jul/2026:18:25:30 +0000] "POST /wp-cron.php?doing_wp_cron=1784485530.4582769870758056640625 HTTP/1.1" 200 0 "-" "WordPress/7.0.2; https://blackhat-unlock.com"
103.93.219.196 - - [19/Jul/2026:18:25:27 +0000] "POST /xmlrpc.php HTTP/1.1" 200 403 "-" "Mozilla/5.0 (Macintosh; Intel Mac OS X 10_15_7; x64) AppleWebKit/537.36 (KHTML, like Gecko) Edge/84.0.0.0 Safari/537.36"
103.93.219.196 - - [19/Jul/2026:18:26:05 +0000] "POST /xmlrpc.php HTTP/1.1" 200 403 "-" "Mozilla/5.0 (Linux; Android 10; x64) AppleWebKit/537.36 (KHTML, like Gecko) Chrome/84.0.0.0 Safari/537.36"
91.92.243.239 - - [19/Jul/2026:18:26:46 +0000] "POST /wp-login.php HTTP/1.1" 403 19352 "-" "Mozilla/5.0"
91.92.243.239 - - [19/Jul/2026:18:26:46 +0000] "POST /wp-login.php HTTP/1.1" 403 19352 "-" "Mozilla/5.0"
103.93.219.196 - - [19/Jul/2026:18:26:44 +0000] "POST /xmlrpc.php HTTP/1.1" 200 0 "-" "Mozilla/5.0 (X11; Ubuntu; Linux x86_64; arm64) AppleWebKit/537.36 (KHTML, like Gecko) Edge/100.0.0.0 Safari/537.36"
194.39.149.53 - - [19/Jul/2026:18:26:50 +0000] "POST /wp-cron.php?doing_wp_cron=1784485610.1254439353942871093750 HTTP/1.1" 200 0 "-" "WordPress/7.0.2; https://blackhat-unlock.com"
194.39.149.53 - - [19/Jul/2026:18:27:27 +0000] "POST /wp-cron.php?doing_wp_cron=1784485646.9464159011840820312500 HTTP/1.1" 200 0 "-" "WordPress/7.0.2; https://blackhat-unlock.com"
103.93.219.196 - - [19/Jul/2026:18:27:25 +0000] "POST /xmlrpc.php HTTP/1.1" 200 403 "-" "Mozilla/5.0 (Linux; Android 10; x86) AppleWebKit/537.36 (KHTML, like Gecko) Edge/84.0.0.0 Safari/537.36"
68.178.160.25 - - [19/Jul/2026:18:27:55 +0000] "POST /wp/xmlrpc.php HTTP/2" 200 57285 "-" "Mozilla/5.0 (X11; Ubuntu; Linux x86_64) AppleWebKit/537.36 (KHTML, like Gecko) Chrome/147.0.0.0 Safari/537.36"
68.178.160.25 - - [19/Jul/2026:18:27:56 +0000] "POST /wp/xmlrpc.php HTTP/2" 403 5137 "-" "Mozilla/5.0 (X11; Ubuntu; Linux x86_64) AppleWebKit/537.36 (KHTML, like Gecko) Chrome/147.0.0.0 Safari/537.36"
66.249.64.173 - - [19/Jul/2026:18:28:05 +0000] "GET /shop/sitemap-30.xml HTTP/1.1" 200 57240 "-" "Mozilla/5.0 (compatible; Googlebot/2.1; +http://www.google.com/bot.html)"
103.93.219.196 - - [19/Jul/2026:18:28:03 +0000] "POST /xmlrpc.php HTTP/1.1" 200 403 "-" "Mozilla/5.0 (Windows NT 6.3; x64) AppleWebKit/537.36 (KHTML, like Gecko) Firefox/91.0.0.0 Safari/537.36"
194.39.149.53 - - [19/Jul/2026:18:28:17 +0000] "POST /wp-cron.php?doing_wp_cron=1784485697.2039210796356201171875 HTTP/1.1" 200 0 "-" "WordPress/7.0.2; https://blackhat-unlock.com"
47.86.33.52 - - [19/Jul/2026:18:28:13 +0000] "POST /xmlrpc.php HTTP/2" 200 186 "-" "Mozilla/5.0 (Windows NT 10.0; Win64; x64) AppleWebKit/537.36 (KHTML, like Gecko) Chrome/147.0.0.0 Safari/537.36 Edg/147.0.0.0"
209.42.18.223 - - [19/Jul/2026:18:28:14 +0000] "GET /wp-login.php HTTP/2" 200 2184 "-" "Mozilla/5.0 (Linux; Android 14; Pixel 8) AppleWebKit/537.36 (KHTML, like Gecko) Chrome/147.0.0.0 Mobile Safari/537.36"
209.42.18.223 - - [19/Jul/2026:18:28:19 +0000] "POST /wp-login.php HTTP/2" 200 2319 "https://blackhat-unlock.com/wp-login.php" "Mozilla/5.0 (Linux; Android 14; Pixel 8) AppleWebKit/537.36 (KHTML, like Gecko) Chrome/147.0.0.0 Mobile Safari/537.36"
103.93.219.196 - - [19/Jul/2026:18:28:40 +0000] "POST /xmlrpc.php HTTP/1.1" 200 0 "-" "Mozilla/5.0 (Windows NT 6.3; arm64) AppleWebKit/537.36 (KHTML, like Gecko) Firefox/100.0.0.0 Safari/537.36"
103.93.219.196 - - [19/Jul/2026:18:29:22 +0000] "POST /xmlrpc.php HTTP/1.1" 200 0 "-" "Mozilla/5.0 (Macintosh; Intel Mac OS X 10_15_7; x86) AppleWebKit/537.36 (KHTML, like Gecko) Opera/73.0.0.0 Safari/537.36"
194.39.149.53 - - [19/Jul/2026:18:29:29 +0000] "POST /wp-cron.php?doing_wp_cron=1784485769.7212450504302978515625 HTTP/1.1" 200 0 "-" "WordPress/7.0.2; https://blackhat-unlock.com"
91.92.243.239 - - [19/Jul/2026:18:29:49 +0000] "POST /wp-login.php HTTP/1.1" 403 19352 "-" "Mozilla/5.0"
91.92.243.239 - - [19/Jul/2026:18:29:49 +0000] "POST /wp-login.php HTTP/1.1" 403 19352 "-" "Mozilla/5.0"
103.93.219.196 - - [19/Jul/2026:18:30:06 +0000] "POST /xmlrpc.php HTTP/1.1" 200 403 "-" "Mozilla/5.0 (Macintosh; Intel Mac OS X 10_15_7; x64) AppleWebKit/537.36 (KHTML, like Gecko) Safari/12.0.0.0 Safari/537.36"
194.39.149.53 - - [19/Jul/2026:18:30:50 +0000] "POST /wp-cron.php?doing_wp_cron=1784485850.2386479377746582031250 HTTP/1.1" 200 0 "-" "WordPress/7.0.2; https://blackhat-unlock.com"
103.93.219.196 - - [19/Jul/2026:18:30:47 +0000] "POST /xmlrpc.php HTTP/1.1" 200 403 "-" "Mozilla/5.0 (Windows NT 10.0; arm64) AppleWebKit/537.36 (KHTML, like Gecko) Safari/13.0.0.0 Safari/537.36"
194.39.149.53 - - [19/Jul/2026:18:31:23 +0000] "POST /wp-cron.php?doing_wp_cron=1784485883.7043519020080566406250 HTTP/1.1" 200 0 "-" "WordPress/7.0.2; https://blackhat-unlock.com"
103.93.219.196 - - [19/Jul/2026:18:31:20 +0000] "POST /xmlrpc.php HTTP/1.1" 200 403 "-" "Mozilla/5.0 (Windows NT 10.0; x64) AppleWebKit/537.36 (KHTML, like Gecko) Opera/73.0.0.0 Safari/537.36"
103.93.219.196 - - [19/Jul/2026:18:31:55 +0000] "POST /xmlrpc.php HTTP/1.1" 200 403 "-" "Mozilla/5.0 (Linux; Android 10; x64) AppleWebKit/537.36 (KHTML, like Gecko) Opera/75.0.0.0 Safari/537.36"
91.92.243.239 - - [19/Jul/2026:18:32:16 +0000] "POST /wp-login.php HTTP/1.1" 403 19352 "-" "Mozilla/5.0"
91.92.243.239 - - [19/Jul/2026:18:32:16 +0000] "POST /wp-login.php HTTP/1.1" 403 19352 "-" "Mozilla/5.0"
194.39.149.53 - - [19/Jul/2026:18:32:25 +0000] "POST /wp-cron.php?doing_wp_cron=1784485945.7026309967041015625000 HTTP/1.1" 200 0 "-" "WordPress/7.0.2; https://blackhat-unlock.com"
103.93.219.196 - - [19/Jul/2026:18:32:23 +0000] "POST /xmlrpc.php HTTP/1.1" 200 403 "-" "Mozilla/5.0 (Macintosh; Intel Mac OS X 10_15_7; x64) AppleWebKit/537.36 (KHTML, like Gecko) Firefox/93.0.0.0 Safari/537.36"
185.223.152.86 - - [19/Jul/2026:18:32:33 +0000] "POST /wp-login.php HTTP/1.1" 200 2536 "-" "Mozilla/5.0 (Macintosh; Intel Mac OS X 10_15_7) AppleWebKit/605.1.15 Version/17.0 Safari/605.1.15"
103.93.219.196 - - [19/Jul/2026:18:32:47 +0000] "POST /xmlrpc.php HTTP/1.1" 200 403 "-" "Mozilla/5.0 (Windows NT 10.0; x86) AppleWebKit/537.36 (KHTML, like Gecko) Opera/76.0.0.0 Safari/537.36"
72.60.40.175 - - [19/Jul/2026:18:33:15 +0000] "GET /shop/ HTTP/2" 200 234009 "-" "Mozilla/5.0 (Windows NT 10.0; Win64; x64) AppleWebKit/537.36"
194.39.149.53 - - [19/Jul/2026:18:33:23 +0000] "POST /wp-cron.php?doing_wp_cron=1784486002.8227450847625732421875 HTTP/1.1" 200 0 "-" "WordPress/7.0.2; https://blackhat-unlock.com"
103.93.219.196 - - [19/Jul/2026:18:33:18 +0000] "POST /xmlrpc.php HTTP/1.1" 200 403 "-" "Mozilla/5.0 (Linux; Android 10; arm64) AppleWebKit/537.36 (KHTML, like Gecko) Edge/93.0.0.0 Safari/537.36"
103.93.219.196 - - [19/Jul/2026:18:33:45 +0000] "POST /xmlrpc.php HTTP/1.1" 200 0 "-" "Mozilla/5.0 (Windows NT 10.0; x86) AppleWebKit/537.36 (KHTML, like Gecko) Opera/79.0.0.0 Safari/537.36"
194.39.149.53 - - [19/Jul/2026:18:34:16 +0000] "POST /wp-cron.php?doing_wp_cron=1784486056.3089480400085449218750 HTTP/1.1" 200 0 "-" "WordPress/7.0.2; https://blackhat-unlock.com"
103.93.219.196 - - [19/Jul/2026:18:34:13 +0000] "POST /xmlrpc.php HTTP/1.1" 200 403 "-" "Mozilla/5.0 (Macintosh; Intel Mac OS X 10_15_7; arm64) AppleWebKit/537.36 (KHTML, like Gecko) Safari/13.0.0.0 Safari/537.36"
103.93.219.196 - - [19/Jul/2026:18:34:41 +0000] "POST /xmlrpc.php HTTP/1.1" 200 403 "-" "Mozilla/5.0 (Windows NT 6.3; x64) AppleWebKit/537.36 (KHTML, like Gecko) Opera/75.0.0.0 Safari/537.36"
103.93.219.196 - - [19/Jul/2026:18:35:08 +0000] "POST /xmlrpc.php HTTP/1.1" 200 403 "-" "Mozilla/5.0 (Windows NT 6.2; x86) AppleWebKit/537.36 (KHTML, like Gecko) Safari/11.0.0.0 Safari/537.36"
91.92.243.239 - - [19/Jul/2026:18:35:25 +0000] "POST /wp-login.php HTTP/1.1" 403 19352 "-" "Mozilla/5.0"
91.92.243.239 - - [19/Jul/2026:18:35:25 +0000] "POST /wp-login.php HTTP/1.1" 403 19352 "-" "Mozilla/5.0"
103.93.219.196 - - [19/Jul/2026:18:35:33 +0000] "POST /xmlrpc.php HTTP/1.1" 200 0 "-" "Mozilla/5.0 (X11; Ubuntu; Linux x86_64; x86) AppleWebKit/537.36 (KHTML, like Gecko) Safari/12.0.0.0 Safari/537.36"
194.39.149.53 - - [19/Jul/2026:18:35:37 +0000] "POST /wp-cron.php?doing_wp_cron=1784486137.0195438861846923828125 HTTP/1.1" 200 0 "-" "WordPress/7.0.2; https://blackhat-unlock.com"
194.39.149.53 - - [19/Jul/2026:18:35:48 +0000] "POST /wp-admin/admin-ajax.php?action=wp_1_wc_privacy_cleanup&nonce=921eb27245 HTTP/1.1" 200 0 "-" "WordPress/7.0.2; https://blackhat-unlock.com"
103.93.219.196 - - [19/Jul/2026:18:36:00 +0000] "POST /xmlrpc.php HTTP/1.1" 200 0 "-" "Mozilla/5.0 (Windows NT 10.0; arm64) AppleWebKit/537.36 (KHTML, like Gecko) Safari/11.0.0.0 Safari/537.36"
160.187.68.132 - - [19/Jul/2026:18:36:06 +0000] "POST /xmlrpc.php HTTP/2" 200 186 "-" "Mozilla/5.0 (X11; CrOS x86_64 14541.0.0) AppleWebKit/537.36 (KHTML, like Gecko) Chrome/147.0.0.0 Safari/537.36"
194.39.149.53 - - [19/Jul/2026:18:36:31 +0000] "POST /wp-cron.php?doing_wp_cron=1784486191.3155190944671630859375 HTTP/1.1" 200 0 "-" "WordPress/7.0.2; https://blackhat-unlock.com"
103.93.219.196 - - [19/Jul/2026:18:36:26 +0000] "POST /xmlrpc.php HTTP/1.1" 200 403 "-" "Mozilla/5.0 (Windows NT 10.0; arm64) AppleWebKit/537.36 (KHTML, like Gecko) Edge/86.0.0.0 Safari/537.36"
66.249.64.174 - - [19/Jul/2026:18:36:51 +0000] "GET /shop/sitemap-28.xml HTTP/1.1" 200 57285 "-" "Mozilla/5.0 (compatible; Googlebot/2.1; +http://www.google.com/bot.html)"
103.93.219.196 - - [19/Jul/2026:18:36:54 +0000] "POST /xmlrpc.php HTTP/1.1" 200 0 "-" "Mozilla/5.0 (Macintosh; Intel Mac OS X 10_15_7; x64) AppleWebKit/537.36 (KHTML, like Gecko) Chrome/96.0.0.0 Safari/537.36"
103.93.219.196 - - [19/Jul/2026:18:37:25 +0000] "POST /xmlrpc.php HTTP/1.1" 200 0 "-" "Mozilla/5.0 (Macintosh; Intel Mac OS X 10_15_7; x64) AppleWebKit/537.36 (KHTML, like Gecko) Opera/61.0.0.0 Safari/537.36"
194.39.149.53 - - [19/Jul/2026:18:37:34 +0000] "POST /wp-cron.php?doing_wp_cron=1784486253.9138391017913818359375 HTTP/1.1" 200 0 "-" "WordPress/7.0.2; https://blackhat-unlock.com"
103.93.219.196 - - [19/Jul/2026:18:37:50 +0000] "POST /xmlrpc.php HTTP/1.1" 200 0 "-" "Mozilla/5.0 (Macintosh; Intel Mac OS X 10_15_7; arm64) AppleWebKit/537.36 (KHTML, like Gecko) Safari/10.0.0.0 Safari/537.36"
91.92.243.239 - - [19/Jul/2026:18:37:58 +0000] "POST /wp-login.php HTTP/1.1" 403 19352 "-" "Mozilla/5.0"
91.92.243.239 - - [19/Jul/2026:18:37:58 +0000] "POST /wp-login.php HTTP/1.1" 403 19352 "-" "Mozilla/5.0"
185.223.152.119 - - [19/Jul/2026:18:37:59 +0000] "POST /wp-login.php HTTP/1.1" 200 2536 "-" "Mozilla/5.0 (Windows NT 10.0; WOW64) AppleWebKit/537.36 (KHTML, like Gecko) Chrome/61.0.3140.59 Safari/537.36"
103.93.219.196 - - [19/Jul/2026:18:38:15 +0000] "POST /xmlrpc.php HTTP/1.1" 200 403 "-" "Mozilla/5.0 (Windows NT 10.0; x64) AppleWebKit/537.36 (KHTML, like Gecko) Edge/85.0.0.0 Safari/537.36"
194.39.149.53 - - [19/Jul/2026:18:38:18 +0000] "POST /wp-cron.php?doing_wp_cron=1784486298.0252940654754638671875 HTTP/1.1" 200 0 "-" "WordPress/7.0.2; https://blackhat-unlock.com"
103.93.219.196 - - [19/Jul/2026:18:38:44 +0000] "POST /xmlrpc.php HTTP/1.1" 200 0 "-" "Mozilla/5.0 (Macintosh; Intel Mac OS X 10_15_7; x64) AppleWebKit/537.36 (KHTML, like Gecko) Opera/66.0.0.0 Safari/537.36"
103.93.219.196 - - [19/Jul/2026:18:39:10 +0000] "POST /xmlrpc.php HTTP/1.1" 200 0 "-" "Mozilla/5.0 (Windows NT 10.0; x86) AppleWebKit/537.36 (KHTML, like Gecko) Edge/95.0.0.0 Safari/537.36"
194.39.149.53 - - [19/Jul/2026:18:39:24 +0000] "POST /wp-cron.php?doing_wp_cron=1784486364.5997769832611083984375 HTTP/1.1" 200 0 "-" "WordPress/7.0.2; https://blackhat-unlock.com"
103.93.219.196 - - [19/Jul/2026:18:39:38 +0000] "POST /xmlrpc.php HTTP/1.1" 200 0 "-" "Mozilla/5.0 (Windows NT 6.3; arm64) AppleWebKit/537.36 (KHTML, like Gecko) Chrome/88.0.0.0 Safari/537.36"
103.93.219.196 - - [19/Jul/2026:18:40:09 +0000] "POST /xmlrpc.php HTTP/1.1" 200 0 "-" "Mozilla/5.0 (Windows NT 6.3; x86) AppleWebKit/537.36 (KHTML, like Gecko) Chrome/99.0.0.0 Safari/537.36"
185.223.152.74 - - [19/Jul/2026:18:40:06 +0000] "POST /wp-login.php HTTP/1.1" 200 2536 "-" "Mozilla/5.0 (Windows NT 10.0; Win64; x64) AppleWebKit/537.36 Chrome/129.0.0.0 Safari/537.36"
194.39.149.53 - - [19/Jul/2026:18:40:22 +0000] "POST /wp-cron.php?doing_wp_cron=1784486421.9014179706573486328125 HTTP/1.1" 200 0 "-" "WordPress/7.0.2; https://blackhat-unlock.com"
103.93.219.196 - - [19/Jul/2026:18:40:34 +0000] "POST /xmlrpc.php HTTP/1.1" 200 403 "-" "Mozilla/5.0 (Linux; Android 10; arm64) AppleWebKit/537.36 (KHTML, like Gecko) Firefox/88.0.0.0 Safari/537.36"
91.92.243.239 - - [19/Jul/2026:18:40:57 +0000] "POST /wp-login.php HTTP/1.1" 403 19352 "-" "Mozilla/5.0"
91.92.243.239 - - [19/Jul/2026:18:40:57 +0000] "POST /wp-login.php HTTP/1.1" 403 19352 "-" "Mozilla/5.0"
103.93.219.196 - - [19/Jul/2026:18:40:57 +0000] "POST /xmlrpc.php HTTP/1.1" 200 403 "-" "Mozilla/5.0 (X11; Ubuntu; Linux x86_64; arm64) AppleWebKit/537.36 (KHTML, like Gecko) Opera/64.0.0.0 Safari/537.36"
194.39.149.53 - - [19/Jul/2026:18:41:26 +0000] "POST /wp-cron.php?doing_wp_cron=1784486486.8411109447479248046875 HTTP/1.1" 200 0 "-" "WordPress/7.0.2; https://blackhat-unlock.com"
103.93.219.196 - - [19/Jul/2026:18:41:25 +0000] "POST /xmlrpc.php HTTP/1.1" 200 403 "-" "Mozilla/5.0 (Linux; Android 10; x86) AppleWebKit/537.36 (KHTML, like Gecko) Opera/80.0.0.0 Safari/537.36"
103.93.219.196 - - [19/Jul/2026:18:41:48 +0000] "POST /xmlrpc.php HTTP/1.1" 200 403 "-" "Mozilla/5.0 (Windows NT 6.3; x64) AppleWebKit/537.36 (KHTML, like Gecko) Safari/10.0.0.0 Safari/537.36"
103.93.219.196 - - [19/Jul/2026:18:42:13 +0000] "POST /xmlrpc.php HTTP/1.1" 200 0 "-" "Mozilla/5.0 (Windows NT 10.0; x86) AppleWebKit/537.36 (KHTML, like Gecko) Edge/94.0.0.0 Safari/537.36"
103.93.219.196 - - [19/Jul/2026:18:42:39 +0000] "POST /xmlrpc.php HTTP/1.1" 200 0 "-" "Mozilla/5.0 (Linux; Android 10; x64) AppleWebKit/537.36 (KHTML, like Gecko) Firefox/70.0.0.0 Safari/537.36"
194.39.149.53 - - [19/Jul/2026:18:43:11 +0000] "POST /wp-cron.php?doing_wp_cron=1784486591.6659159660339355468750 HTTP/1.1" 200 0 "-" "WordPress/7.0.2; https://blackhat-unlock.com"
103.93.219.196 - - [19/Jul/2026:18:43:07 +0000] "POST /xmlrpc.php HTTP/1.1" 200 403 "-" "Mozilla/5.0 (Windows NT 6.2; x64) AppleWebKit/537.36 (KHTML, like Gecko) Safari/13.0.0.0 Safari/537.36"
91.92.243.239 - - [19/Jul/2026:18:43:24 +0000] "POST /wp-login.php HTTP/1.1" 403 19352 "-" "Mozilla/5.0"
91.92.243.239 - - [19/Jul/2026:18:43:24 +0000] "POST /wp-login.php HTTP/1.1" 403 19352 "-" "Mozilla/5.0"
72.60.40.175 - - [19/Jul/2026:18:43:29 +0000] "GET /shop/ HTTP/2" 200 234009 "-" "Mozilla/5.0 (Windows NT 10.0; Win64; x64) AppleWebKit/537.36"
103.93.219.196 - - [19/Jul/2026:18:43:32 +0000] "POST /xmlrpc.php HTTP/1.1" 200 0 "-" "Mozilla/5.0 (Windows NT 10.0; x86) AppleWebKit/537.36 (KHTML, like Gecko) Opera/60.0.0.0 Safari/537.36"
194.39.149.53 - - [19/Jul/2026:18:43:38 +0000] "POST /wp-cron.php?doing_wp_cron=1784486618.5000739097595214843750 HTTP/1.1" 200 0 "-" "WordPress/7.0.2; https://blackhat-unlock.com"
35.238.118.195 - - [19/Jul/2026:18:43:57 +0000] "GET /wp/wp-login.php HTTP/2" 200 57285 "-" "Mozilla/5.0 (Macintosh; Intel Mac OS X 14_7_1) AppleWebKit/537.36 (KHTML, like Gecko) Chrome/147.0.0.0 Safari/537.36"
103.93.219.196 - - [19/Jul/2026:18:44:01 +0000] "POST /xmlrpc.php HTTP/1.1" 200 0 "-" "Mozilla/5.0 (X11; Ubuntu; Linux x86_64; arm64) AppleWebKit/537.36 (KHTML, like Gecko) Firefox/83.0.0.0 Safari/537.36"
103.93.219.196 - - [19/Jul/2026:18:44:28 +0000] "POST /xmlrpc.php HTTP/1.1" 200 0 "-" "Mozilla/5.0 (Windows NT 6.2; x64) AppleWebKit/537.36 (KHTML, like Gecko) Opera/72.0.0.0 Safari/537.36"
194.39.149.53 - - [19/Jul/2026:18:44:35 +0000] "POST /wp-cron.php?doing_wp_cron=1784486675.7193748950958251953125 HTTP/1.1" 200 0 "-" "WordPress/7.0.2; https://blackhat-unlock.com"
103.93.219.196 - - [19/Jul/2026:18:44:55 +0000] "POST /xmlrpc.php HTTP/1.1" 200 403 "-" "Mozilla/5.0 (Windows NT 10.0; x64) AppleWebKit/537.36 (KHTML, like Gecko) Edge/87.0.0.0 Safari/537.36"
194.39.149.53 - - [19/Jul/2026:18:45:28 +0000] "POST /wp-cron.php?doing_wp_cron=1784486728.3249011039733886718750 HTTP/1.1" 200 0 "-" "WordPress/7.0.2; https://blackhat-unlock.com"
103.93.219.196 - - [19/Jul/2026:18:45:26 +0000] "POST /xmlrpc.php HTTP/1.1" 200 403 "-" "Mozilla/5.0 (Macintosh; Intel Mac OS X 10_15_7; arm64) AppleWebKit/537.36 (KHTML, like Gecko) Edge/88.0.0.0 Safari/537.36"
103.93.219.196 - - [19/Jul/2026:18:45:49 +0000] "POST /xmlrpc.php HTTP/1.1" 200 0 "-" "Mozilla/5.0 (Windows NT 6.2; arm64) AppleWebKit/537.36 (KHTML, like Gecko) Chrome/102.0.0.0 Safari/537.36"
194.39.149.53 - - [19/Jul/2026:18:46:16 +0000] "POST /wp-cron.php?doing_wp_cron=1784486776.7275440692901611328125 HTTP/1.1" 200 0 "-" "WordPress/7.0.2; https://blackhat-unlock.com"
103.93.219.196 - - [19/Jul/2026:18:46:14 +0000] "POST /xmlrpc.php HTTP/1.1" 200 403 "-" "Mozilla/5.0 (Windows NT 6.3; x64) AppleWebKit/537.36 (KHTML, like Gecko) Firefox/92.0.0.0 Safari/537.36"
91.92.243.239 - - [19/Jul/2026:18:46:28 +0000] "POST /wp-login.php HTTP/1.1" 403 19352 "-" "Mozilla/5.0"
91.92.243.239 - - [19/Jul/2026:18:46:28 +0000] "POST /wp-login.php HTTP/1.1" 403 19352 "-" "Mozilla/5.0"
103.93.219.196 - - [19/Jul/2026:18:46:41 +0000] "POST /xmlrpc.php HTTP/1.1" 200 403 "-" "Mozilla/5.0 (Macintosh; Intel Mac OS X 10_15_7; x86) AppleWebKit/537.36 (KHTML, like Gecko) Edge/81.0.0.0 Safari/537.36"
103.93.219.196 - - [19/Jul/2026:18:47:07 +0000] "POST /xmlrpc.php HTTP/1.1" 200 403 "-" "Mozilla/5.0 (Linux; Android 10; x86) AppleWebKit/537.36 (KHTML, like Gecko) Edge/86.0.0.0 Safari/537.36"
185.223.152.71 - - [19/Jul/2026:18:47:28 +0000] "POST /wp-login.php HTTP/1.1" 200 2536 "-" "Mozilla/5.0 (Macintosh; Intel Mac OS X 10_15_7) AppleWebKit/605.1.15 Version/17.0 Safari/605.1.15"
194.39.149.53 - - [19/Jul/2026:18:47:31 +0000] "POST /wp-cron.php?doing_wp_cron=1784486851.2099530696868896484375 HTTP/1.1" 200 0 "-" "WordPress/7.0.2; https://blackhat-unlock.com"
103.93.219.196 - - [19/Jul/2026:18:47:28 +0000] "POST /xmlrpc.php HTTP/1.1" 200 403 "-" "Mozilla/5.0 (Windows NT 6.2; x86) AppleWebKit/537.36 (KHTML, like Gecko) Safari/12.0.0.0 Safari/537.36"
103.93.219.196 - - [19/Jul/2026:18:47:54 +0000] "POST /xmlrpc.php HTTP/1.1" 200 403 "-" "Mozilla/5.0 (Macintosh; Intel Mac OS X 10_15_7; arm64) AppleWebKit/537.36 (KHTML, like Gecko) Safari/13.0.0.0 Safari/537.36"
194.39.149.53 - - [19/Jul/2026:18:48:19 +0000] "POST /wp-cron.php?doing_wp_cron=1784486899.7107129096984863281250 HTTP/1.1" 200 0 "-" "WordPress/7.0.2; https://blackhat-unlock.com"
103.93.219.196 - - [19/Jul/2026:18:48:18 +0000] "POST /xmlrpc.php HTTP/1.1" 200 403 "-" "Mozilla/5.0 (Macintosh; Intel Mac OS X 10_15_7; arm64) AppleWebKit/537.36 (KHTML, like Gecko) Edge/84.0.0.0 Safari/537.36"
103.93.219.196 - - [19/Jul/2026:18:48:41 +0000] "POST /xmlrpc.php HTTP/1.1" 200 403 "-" "Mozilla/5.0 (Windows NT 6.3; x86) AppleWebKit/537.36 (KHTML, like Gecko) Safari/13.0.0.0 Safari/537.36"
167.233.114.32 - - [19/Jul/2026:18:48:43 +0000] "POST /wp/xmlrpc.php HTTP/2" 200 57285 "-" "Mozilla/5.0 (Macintosh; Intel Mac OS X 14_6_0) AppleWebKit/537.36 (KHTML, like Gecko) Chrome/147.0.0.0 Safari/537.36"
167.233.114.32 - - [19/Jul/2026:18:48:44 +0000] "POST /wp/xmlrpc.php HTTP/2" 403 5137 "-" "Mozilla/5.0 (Macintosh; Intel Mac OS X 14_6_0) AppleWebKit/537.36 (KHTML, like Gecko) Chrome/147.0.0.0 Safari/537.36"
185.27.20.235 - - [19/Jul/2026:18:48:53 +0000] "GET /wp-login.php HTTP/2" 200 2184 "-" "Mozilla/5.0 (X11; Fedora; Linux x86_64) AppleWebKit/537.36 (KHTML, like Gecko) Chrome/150.0.0.0 Safari/537.36"
185.27.20.235 - - [19/Jul/2026:18:48:54 +0000] "POST /wp-login.php HTTP/2" 200 2329 "https://mail.blackhat-unlock.com/wp-login.php" "Mozilla/5.0 (X11; Fedora; Linux x86_64) AppleWebKit/537.36 (KHTML, like Gecko) Chrome/150.0.0.0 Safari/537.36"
91.92.243.239 - - [19/Jul/2026:18:48:58 +0000] "POST /wp-login.php HTTP/1.1" 403 19352 "-" "Mozilla/5.0"
91.92.243.239 - - [19/Jul/2026:18:48:58 +0000] "POST /wp-login.php HTTP/1.1" 403 19352 "-" "Mozilla/5.0"
103.93.219.196 - - [19/Jul/2026:18:49:08 +0000] "POST /xmlrpc.php HTTP/1.1" 200 403 "-" "Mozilla/5.0 (Windows NT 6.2; x86) AppleWebKit/537.36 (KHTML, like Gecko) Safari/11.0.0.0 Safari/537.36"
194.39.149.53 - - [19/Jul/2026:18:49:32 +0000] "POST /wp-cron.php?doing_wp_cron=1784486972.4080040454864501953125 HTTP/1.1" 200 0 "-" "WordPress/7.0.2; https://blackhat-unlock.com"
103.93.219.196 - - [19/Jul/2026:18:49:31 +0000] "POST /xmlrpc.php HTTP/1.1" 200 403 "-" "Mozilla/5.0 (Macintosh; Intel Mac OS X 10_15_7; arm64) AppleWebKit/537.36 (KHTML, like Gecko) Chrome/84.0.0.0 Safari/537.36"
103.93.219.196 - - [19/Jul/2026:18:49:53 +0000] "POST /xmlrpc.php HTTP/1.1" 200 403 "-" "Mozilla/5.0 (X11; Ubuntu; Linux x86_64; arm64) AppleWebKit/537.36 (KHTML, like Gecko) Chrome/99.0.0.0 Safari/537.36"
194.39.149.53 - - [19/Jul/2026:18:50:23 +0000] "POST /wp-cron.php?doing_wp_cron=1784487023.6456029415130615234375 HTTP/1.1" 200 0 "-" "WordPress/7.0.2; https://blackhat-unlock.com"
103.93.219.196 - - [19/Jul/2026:18:50:19 +0000] "POST /xmlrpc.php HTTP/1.1" 200 403 "-" "Mozilla/5.0 (Windows NT 6.3; x64) AppleWebKit/537.36 (KHTML, like Gecko) Safari/10.0.0.0 Safari/537.36"
103.93.219.196 - - [19/Jul/2026:18:50:45 +0000] "POST /xmlrpc.php HTTP/1.1" 200 403 "-" "Mozilla/5.0 (Macintosh; Intel Mac OS X 10_15_7; x64) AppleWebKit/537.36 (KHTML, like Gecko) Firefox/100.0.0.0 Safari/537.36"
103.93.219.196 - - [19/Jul/2026:18:51:07 +0000] "POST /xmlrpc.php HTTP/1.1" 200 0 "-" "Mozilla/5.0 (Linux; Android 10; x64) AppleWebKit/537.36 (KHTML, like Gecko) Edge/98.0.0.0 Safari/537.36"
194.39.149.53 - - [19/Jul/2026:18:51:38 +0000] "POST /wp-cron.php?doing_wp_cron=1784487098.8275320529937744140625 HTTP/1.1" 200 0 "-" "WordPress/7.0.2; https://blackhat-unlock.com"
103.93.219.196 - - [19/Jul/2026:18:51:35 +0000] "POST /xmlrpc.php HTTP/1.1" 200 403 "-" "Mozilla/5.0 (Windows NT 6.3; x64) AppleWebKit/537.36 (KHTML, like Gecko) Opera/71.0.0.0 Safari/537.36"
103.93.219.196 - - [19/Jul/2026:18:51:59 +0000] "POST /xmlrpc.php HTTP/1.1" 200 403 "-" "Mozilla/5.0 (X11; Ubuntu; Linux x86_64; x86) AppleWebKit/537.36 (KHTML, like Gecko) Safari/12.0.0.0 Safari/537.36"
91.92.243.239 - - [19/Jul/2026:18:52:04 +0000] "POST /wp-login.php HTTP/1.1" 403 19352 "-" "Mozilla/5.0"
91.92.243.239 - - [19/Jul/2026:18:52:04 +0000] "POST /wp-login.php HTTP/1.1" 403 19352 "-" "Mozilla/5.0"
103.93.219.196 - - [19/Jul/2026:18:52:22 +0000] "POST /xmlrpc.php HTTP/1.1" 200 0 "-" "Mozilla/5.0 (Windows NT 6.2; x86) AppleWebKit/537.36 (KHTML, like Gecko) Edge/96.0.0.0 Safari/537.36"
194.39.149.53 - - [19/Jul/2026:18:52:25 +0000] "POST /wp-cron.php?doing_wp_cron=1784487145.6200931072235107421875 HTTP/1.1" 200 0 "-" "WordPress/7.0.2; https://blackhat-unlock.com"
103.93.219.196 - - [19/Jul/2026:18:52:49 +0000] "POST /xmlrpc.php HTTP/1.1" 200 403 "-" "Mozilla/5.0 (Windows NT 6.3; arm64) AppleWebKit/537.36 (KHTML, like Gecko) Edge/80.0.0.0 Safari/537.36"
194.39.149.53 - - [19/Jul/2026:18:53:16 +0000] "POST /wp-cron.php?doing_wp_cron=1784487196.3179450035095214843750 HTTP/1.1" 200 0 "-" "WordPress/7.0.2; https://blackhat-unlock.com"
103.93.219.196 - - [19/Jul/2026:18:53:13 +0000] "POST /xmlrpc.php HTTP/1.1" 200 403 "-" "Mozilla/5.0 (Windows NT 10.0; x86) AppleWebKit/537.36 (KHTML, like Gecko) Chrome/109.0.0.0 Safari/537.36"
72.60.40.175 - - [19/Jul/2026:18:53:36 +0000] "GET /shop/ HTTP/2" 200 234009 "-" "Mozilla/5.0 (Windows NT 10.0; Win64; x64) AppleWebKit/537.36"
103.93.219.196 - - [19/Jul/2026:18:53:37 +0000] "POST /xmlrpc.php HTTP/1.1" 200 403 "-" "Mozilla/5.0 (Windows NT 6.2; x64) AppleWebKit/537.36 (KHTML, like Gecko) Firefox/93.0.0.0 Safari/537.36"
103.93.219.196 - - [19/Jul/2026:18:54:03 +0000] "POST /xmlrpc.php HTTP/1.1" 200 403 "-" "Mozilla/5.0 (Windows NT 6.2; x86) AppleWebKit/537.36 (KHTML, like Gecko) Firefox/97.0.0.0 Safari/537.36"
194.39.149.53 - - [19/Jul/2026:18:54:30 +0000] "POST /wp-cron.php?doing_wp_cron=1784487269.9371750354766845703125 HTTP/1.1" 200 0 "-" "WordPress/7.0.2; https://blackhat-unlock.com"
103.93.219.196 - - [19/Jul/2026:18:54:27 +0000] "POST /xmlrpc.php HTTP/1.1" 200 403 "-" "Mozilla/5.0 (Windows NT 6.3; x64) AppleWebKit/537.36 (KHTML, like Gecko) Safari/13.0.0.0 Safari/537.36"
91.92.243.239 - - [19/Jul/2026:18:54:40 +0000] "POST /wp-login.php HTTP/1.1" 403 19352 "-" "Mozilla/5.0"
91.92.243.239 - - [19/Jul/2026:18:54:40 +0000] "POST /wp-login.php HTTP/1.1" 403 19352 "-" "Mozilla/5.0"
103.93.219.196 - - [19/Jul/2026:18:54:50 +0000] "POST /xmlrpc.php HTTP/1.1" 200 403 "-" "Mozilla/5.0 (Windows NT 6.3; arm64) AppleWebKit/537.36 (KHTML, like Gecko) Edge/89.0.0.0 Safari/537.36"
185.223.152.68 - - [19/Jul/2026:18:54:53 +0000] "POST /wp-login.php HTTP/1.1" 200 2536 "-" "Mozilla/5.0 (Windows NT 10.0; Win64; rv:143.0) Gecko/20100101 Firefox/143.0"
194.39.149.53 - - [19/Jul/2026:18:55:19 +0000] "POST /wp-cron.php?doing_wp_cron=1784487319.2200479507446289062500 HTTP/1.1" 200 0 "-" "WordPress/7.0.2; https://blackhat-unlock.com"
103.93.219.196 - - [19/Jul/2026:18:55:17 +0000] "POST /xmlrpc.php HTTP/1.1" 200 403 "-" "Mozilla/5.0 (Linux; Android 10; x64) AppleWebKit/537.36 (KHTML, like Gecko) Firefox/90.0.0.0 Safari/537.36"
103.93.219.196 - - [19/Jul/2026:18:55:41 +0000] "POST /xmlrpc.php HTTP/1.1" 200 403 "-" "Mozilla/5.0 (Macintosh; Intel Mac OS X 10_15_7; x86) AppleWebKit/537.36 (KHTML, like Gecko) Safari/15.0.0.0 Safari/537.36"
103.93.219.196 - - [19/Jul/2026:18:56:04 +0000] "POST /xmlrpc.php HTTP/1.1" 200 403 "-" "Mozilla/5.0 (Linux; Android 10; x64) AppleWebKit/537.36 (KHTML, like Gecko) Chrome/109.0.0.0 Safari/537.36"
194.39.149.53 - - [19/Jul/2026:18:56:33 +0000] "POST /wp-cron.php?doing_wp_cron=1784487393.8079810142517089843750 HTTP/1.1" 200 0 "-" "WordPress/7.0.2; https://blackhat-unlock.com"
103.93.219.196 - - [19/Jul/2026:18:56:32 +0000] "POST /xmlrpc.php HTTP/1.1" 200 403 "-" "Mozilla/5.0 (Windows NT 6.3; x64) AppleWebKit/537.36 (KHTML, like Gecko) Opera/74.0.0.0 Safari/537.36"
185.223.152.102 - - [19/Jul/2026:18:56:53 +0000] "POST /wp-login.php HTTP/1.1" 200 2536 "-" "Dalvik/2.1.0 (Linux; U; Android 6.0; RT701 Build/MRA58K)"
103.93.219.196 - - [19/Jul/2026:18:56:59 +0000] "POST /xmlrpc.php HTTP/1.1" 200 403 "-" "Mozilla/5.0 (Windows NT 6.2; x86) AppleWebKit/537.36 (KHTML, like Gecko) Opera/65.0.0.0 Safari/537.36"
194.39.149.53 - - [19/Jul/2026:18:57:25 +0000] "POST /wp-cron.php?doing_wp_cron=1784487445.8466639518737792968750 HTTP/1.1" 200 0 "-" "WordPress/7.0.2; https://blackhat-unlock.com"
103.93.219.196 - - [19/Jul/2026:18:57:23 +0000] "POST /xmlrpc.php HTTP/1.1" 200 403 "-" "Mozilla/5.0 (X11; Ubuntu; Linux x86_64; x86) AppleWebKit/537.36 (KHTML, like Gecko) Safari/10.0.0.0 Safari/537.36"
91.92.243.239 - - [19/Jul/2026:18:57:51 +0000] "POST /wp-login.php HTTP/1.1" 403 19352 "-" "Mozilla/5.0"
91.92.243.239 - - [19/Jul/2026:18:57:51 +0000] "POST /wp-login.php HTTP/1.1" 403 19352 "-" "Mozilla/5.0"
103.93.219.196 - - [19/Jul/2026:18:57:50 +0000] "POST /xmlrpc.php HTTP/1.1" 200 403 "-" "Mozilla/5.0 (Linux; Android 10; arm64) AppleWebKit/537.36 (KHTML, like Gecko) Chrome/90.0.0.0 Safari/537.36"
194.39.149.53 - - [19/Jul/2026:18:58:19 +0000] "POST /wp-cron.php?doing_wp_cron=1784487499.1106209754943847656250 HTTP/1.1" 200 0 "-" "WordPress/7.0.2; https://blackhat-unlock.com"
103.93.219.196 - - [19/Jul/2026:18:58:16 +0000] "POST /xmlrpc.php HTTP/1.1" 200 403 "-" "Mozilla/5.0 (X11; Ubuntu; Linux x86_64; x86) AppleWebKit/537.36 (KHTML, like Gecko) Chrome/88.0.0.0 Safari/537.36"
103.93.219.196 - - [19/Jul/2026:18:58:44 +0000] "POST /xmlrpc.php HTTP/1.1" 200 403 "-" "Mozilla/5.0 (Windows NT 6.2; x64) AppleWebKit/537.36 (KHTML, like Gecko) Chrome/111.0.0.0 Safari/537.36"
103.93.219.196 - - [19/Jul/2026:18:59:15 +0000] "POST /xmlrpc.php HTTP/1.1" 200 0 "-" "Mozilla/5.0 (Windows NT 10.0; x64) AppleWebKit/537.36 (KHTML, like Gecko) Chrome/96.0.0.0 Safari/537.36"
194.39.149.53 - - [19/Jul/2026:18:59:52 +0000] "POST /wp-cron.php?doing_wp_cron=1784487592.1081380844116210937500 HTTP/1.1" 200 0 "-" "WordPress/7.0.2; https://blackhat-unlock.com"
103.93.219.196 - - [19/Jul/2026:18:59:48 +0000] "POST /xmlrpc.php HTTP/1.1" 200 403 "-" "Mozilla/5.0 (Windows NT 10.0; x64) AppleWebKit/537.36 (KHTML, like Gecko) Firefox/90.0.0.0 Safari/537.36"
91.92.243.239 - - [19/Jul/2026:19:00:20 +0000] "POST /wp-login.php HTTP/1.1" 403 19352 "-" "Mozilla/5.0"
91.92.243.239 - - [19/Jul/2026:19:00:20 +0000] "POST /wp-login.php HTTP/1.1" 403 19352 "-" "Mozilla/5.0"
194.39.149.53 - - [19/Jul/2026:19:00:24 +0000] "POST /wp-cron.php?doing_wp_cron=1784487624.6534230709075927734375 HTTP/1.1" 200 0 "-" "WordPress/7.0.2; https://blackhat-unlock.com"
103.93.219.196 - - [19/Jul/2026:19:00:22 +0000] "POST /xmlrpc.php HTTP/1.1" 200 403 "-" "Mozilla/5.0 (Linux; Android 10; x86) AppleWebKit/537.36 (KHTML, like Gecko) Chrome/108.0.0.0 Safari/537.36"
103.93.219.196 - - [19/Jul/2026:19:00:49 +0000] "POST /xmlrpc.php HTTP/1.1" 200 403 "-" "Mozilla/5.0 (Windows NT 10.0; x64) AppleWebKit/537.36 (KHTML, like Gecko) Edge/82.0.0.0 Safari/537.36"
103.93.219.196 - - [19/Jul/2026:19:01:17 +0000] "POST /xmlrpc.php HTTP/1.1" 200 0 "-" "Mozilla/5.0 (Windows NT 6.2; arm64) AppleWebKit/537.36 (KHTML, like Gecko) Edge/80.0.0.0 Safari/537.36"
194.39.149.53 - - [19/Jul/2026:19:01:22 +0000] "POST /wp-cron.php?doing_wp_cron=1784487682.6197299957275390625000 HTTP/1.1" 200 0 "-" "WordPress/7.0.2; https://blackhat-unlock.com"
103.93.219.196 - - [19/Jul/2026:19:01:47 +0000] "POST /xmlrpc.php HTTP/1.1" 200 403 "-" "Mozilla/5.0 (X11; Ubuntu; Linux x86_64; x86) AppleWebKit/537.36 (KHTML, like Gecko) Edge/81.0.0.0 Safari/537.36"
194.39.149.53 - - [19/Jul/2026:19:02:15 +0000] "POST /wp-cron.php?doing_wp_cron=1784487735.4334080219268798828125 HTTP/1.1" 200 0 "-" "WordPress/7.0.2; https://blackhat-unlock.com"
103.93.219.196 - - [19/Jul/2026:19:02:12 +0000] "POST /xmlrpc.php HTTP/1.1" 200 403 "-" "Mozilla/5.0 (Linux; Android 10; x64) AppleWebKit/537.36 (KHTML, like Gecko) Chrome/99.0.0.0 Safari/537.36"
185.223.152.71 - - [19/Jul/2026:19:02:18 +0000] "POST /wp-login.php HTTP/1.1" 200 2536 "-" "Mozilla/5.0 (Windows NT 10.0; Win64; x64) AppleWebKit/537.36 Chrome/129.0.0.0 Safari/537.36"
103.93.219.196 - - [19/Jul/2026:19:02:39 +0000] "POST /xmlrpc.php HTTP/1.1" 200 403 "-" "Mozilla/5.0 (Macintosh; Intel Mac OS X 10_15_7; arm64) AppleWebKit/537.36 (KHTML, like Gecko) Chrome/99.0.0.0 Safari/537.36"
66.249.64.174 - - [19/Jul/2026:19:03:10 +0000] "GET /shop/sitemap-25.xml HTTP/1.1" 200 57285 "-" "Mozilla/5.0 (compatible; Googlebot/2.1; +http://www.google.com/bot.html)"
103.93.219.196 - - [19/Jul/2026:19:03:10 +0000] "POST /xmlrpc.php HTTP/1.1" 200 0 "-" "Mozilla/5.0 (X11; Ubuntu; Linux x86_64; x64) AppleWebKit/537.36 (KHTML, like Gecko) Safari/13.0.0.0 Safari/537.36"
194.39.149.53 - - [19/Jul/2026:19:03:26 +0000] "POST /wp-cron.php?doing_wp_cron=1784487806.3064041137695312500000 HTTP/1.1" 200 0 "-" "WordPress/7.0.2; https://blackhat-unlock.com"
91.92.243.239 - - [19/Jul/2026:19:03:31 +0000] "POST /wp-login.php HTTP/1.1" 403 19352 "-" "Mozilla/5.0"
91.92.243.239 - - [19/Jul/2026:19:03:31 +0000] "POST /wp-login.php HTTP/1.1" 403 19352 "-" "Mozilla/5.0"
194.156.90.107 - - [19/Jul/2026:19:03:37 +0000] "GET /wp-login.php HTTP/2" 200 2184 "-" "Mozilla/5.0 (Macintosh; Intel Mac OS X 10_15_7) AppleWebKit/537.36 (KHTML, like Gecko) Chrome/147.0.0.0 Safari/537.36"
13.239.222.79 - - [19/Jul/2026:19:03:38 +0000] "POST /xmlrpc.php HTTP/2" 200 186 "-" "Mozilla/5.0 (iPhone; CPU iPhone OS 18_5_0 like Mac OS X) AppleWebKit/605.1.15 (KHTML, like Gecko) CriOS/147.0.7871.34 Mobile/15E148 Safari/604.1"
194.156.90.107 - - [19/Jul/2026:19:03:43 +0000] "POST /wp-login.php HTTP/2" 200 2319 "https://blackhat-unlock.com/wp-login.php" "Mozilla/5.0 (Macintosh; Intel Mac OS X 10_15_7) AppleWebKit/537.36 (KHTML, like Gecko) Chrome/147.0.0.0 Safari/537.36"
103.93.219.196 - - [19/Jul/2026:19:03:46 +0000] "POST /xmlrpc.php HTTP/1.1" 200 0 "-" "Mozilla/5.0 (Linux; Android 10; x86) AppleWebKit/537.36 (KHTML, like Gecko) Opera/75.0.0.0 Safari/537.36"
72.60.40.175 - - [19/Jul/2026:19:04:09 +0000] "GET /shop/ HTTP/2" 200 234009 "-" "Mozilla/5.0 (Windows NT 10.0; Win64; x64) AppleWebKit/537.36"
103.93.219.196 - - [19/Jul/2026:19:04:21 +0000] "POST /xmlrpc.php HTTP/1.1" 200 0 "-" "Mozilla/5.0 (X11; Ubuntu; Linux x86_64; arm64) AppleWebKit/537.36 (KHTML, like Gecko) Safari/12.0.0.0 Safari/537.36"
194.39.149.53 - - [19/Jul/2026:19:04:56 +0000] "POST /wp-cron.php?doing_wp_cron=1784487896.7195880413055419921875 HTTP/1.1" 200 0 "-" "WordPress/7.0.2; https://blackhat-unlock.com"
103.93.219.196 - - [19/Jul/2026:19:04:52 +0000] "POST /xmlrpc.php HTTP/1.1" 200 403 "-" "Mozilla/5.0 (Windows NT 6.3; x64) AppleWebKit/537.36 (KHTML, like Gecko) Safari/14.0.0.0 Safari/537.36"
68.178.160.25 - - [19/Jul/2026:19:05:11 +0000] "POST /xmlrpc.php HTTP/2" 200 186 "-" "Mozilla/5.0 (X11; CrOS x86_64 14541.0.0) AppleWebKit/537.36 (KHTML, like Gecko) Chrome/147.0.0.0 Safari/537.36"
194.39.149.53 - - [19/Jul/2026:19:05:31 +0000] "POST /wp-cron.php?doing_wp_cron=1784487931.8089859485626220703125 HTTP/1.1" 200 0 "-" "WordPress/7.0.2; https://blackhat-unlock.com"
103.93.219.196 - - [19/Jul/2026:19:05:30 +0000] "POST /xmlrpc.php HTTP/1.1" 200 403 "-" "Mozilla/5.0 (Windows NT 6.3; arm64) AppleWebKit/537.36 (KHTML, like Gecko) Opera/70.0.0.0 Safari/537.36"
103.93.219.196 - - [19/Jul/2026:19:06:02 +0000] "POST /xmlrpc.php HTTP/1.1" 200 403 "-" "Mozilla/5.0 (Linux; Android 10; arm64) AppleWebKit/537.36 (KHTML, like Gecko) Firefox/70.0.0.0 Safari/537.36"
91.92.243.239 - - [19/Jul/2026:19:06:05 +0000] "POST /wp-login.php HTTP/1.1" 403 19352 "-" "Mozilla/5.0"
91.92.243.239 - - [19/Jul/2026:19:06:05 +0000] "POST /wp-login.php HTTP/1.1" 403 19352 "-" "Mozilla/5.0"
103.93.219.196 - - [19/Jul/2026:19:06:36 +0000] "POST /xmlrpc.php HTTP/1.1" 200 0 "-" "Mozilla/5.0 (Windows NT 10.0; arm64) AppleWebKit/537.36 (KHTML, like Gecko) Opera/62.0.0.0 Safari/537.36"
194.39.149.53 - - [19/Jul/2026:19:06:42 +0000] "POST /wp-cron.php?doing_wp_cron=1784488002.3264029026031494140625 HTTP/1.1" 200 0 "-" "WordPress/7.0.2; https://blackhat-unlock.com"
66.249.64.160 - - [19/Jul/2026:19:06:44 +0000] "GET /shop/sitemap-1.xml HTTP/1.1" 200 57240 "-" "Mozilla/5.0 (compatible; Googlebot/2.1; +http://www.google.com/bot.html)"
103.93.219.196 - - [19/Jul/2026:19:07:06 +0000] "POST /xmlrpc.php HTTP/1.1" 200 0 "-" "Mozilla/5.0 (Windows NT 10.0; x86) AppleWebKit/537.36 (KHTML, like Gecko) Chrome/92.0.0.0 Safari/537.36"
