136.144.33.44 - - [20/Jul/2026:03:58:32 +0000] "POST /admin HTTP/1.1" 200 0 "https://blackhat-unlock.com/wp-admin/" "Mozilla/5.0 (Windows NT 10.0; Win64; x64) AppleWebKit/537.36 (KHTML, like Gecko) Chrome/90.0.4430.85 Safari/537.36"
136.144.33.83 - - [20/Jul/2026:03:59:02 +0000] "POST /wp-login.php HTTP/1.1" 200 0 "https://blackhat-unlock.com/wp-admin/" "Mozilla/5.0 (Windows NT 10.0; Win64; x64) AppleWebKit/537.36 (KHTML, like Gecko) Chrome/90.0.4430.85 Safari/537.36"
172.245.102.93 - - [20/Jul/2026:03:59:17 +0000] "POST /admin HTTP/1.1" 200 0 "https://blackhat-unlock.com/wp-admin/" "Mozilla/5.0 (Windows NT 10.0; Win64; x64) AppleWebKit/537.36 (KHTML, like Gecko) Chrome/90.0.4430.85 Safari/537.36"
91.92.243.239 - - [20/Jul/2026:03:59:14 +0000] "POST /wp-login.php HTTP/1.1" 200 0 "-" "Mozilla/5.0"
91.92.243.239 - - [20/Jul/2026:03:59:14 +0000] "POST /wp-login.php HTTP/1.1" 200 0 "-" "Mozilla/5.0"
138.68.97.234 - - [20/Jul/2026:03:59:24 +0000] "POST /wp-login.php HTTP/1.1" 200 0 "-" "Mozilla/5.0"
136.144.33.52 - - [20/Jul/2026:03:59:39 +0000] "POST /wp-login.php HTTP/1.1" 200 0 "https://blackhat-unlock.com/wp-admin/" "Mozilla/5.0 (Windows NT 10.0; Win64; x64) AppleWebKit/537.36 (KHTML, like Gecko) Chrome/90.0.4430.85 Safari/537.36"
136.144.33.76 - - [20/Jul/2026:03:59:54 +0000] "POST /admin HTTP/1.1" 200 0 "https://blackhat-unlock.com/wp-admin/" "Mozilla/5.0 (Windows NT 10.0; Win64; x64) AppleWebKit/537.36 (KHTML, like Gecko) Chrome/90.0.4430.85 Safari/537.36"
172.245.102.92 - - [20/Jul/2026:04:00:21 +0000] "POST /wp-login.php HTTP/1.1" 200 0 "https://blackhat-unlock.com/wp-admin/" "Mozilla/5.0 (Windows NT 10.0; Win64; x64) AppleWebKit/537.36 (KHTML, like Gecko) Chrome/90.0.4430.85 Safari/537.36"
136.144.33.51 - - [20/Jul/2026:04:00:36 +0000] "POST /admin HTTP/1.1" 200 0 "https://blackhat-unlock.com/wp-admin/" "Mozilla/5.0 (Windows NT 10.0; Win64; x64) AppleWebKit/537.36 (KHTML, like Gecko) Chrome/90.0.4430.85 Safari/537.36"
136.144.33.51 - - [20/Jul/2026:04:01:09 +0000] "POST /wp-login.php HTTP/1.1" 200 0 "https://blackhat-unlock.com/wp-admin/" "Mozilla/5.0 (Windows NT 10.0; Win64; x64) AppleWebKit/537.36 (KHTML, like Gecko) Chrome/90.0.4430.85 Safari/537.36"
136.144.33.92 - - [20/Jul/2026:04:01:24 +0000] "POST /admin HTTP/1.1" 200 0 "https://blackhat-unlock.com/wp-admin/" "Mozilla/5.0 (Windows NT 10.0; Win64; x64) AppleWebKit/537.36 (KHTML, like Gecko) Chrome/90.0.4430.85 Safari/537.36"
172.245.102.91 - - [20/Jul/2026:04:01:41 +0000] "POST /wp-login.php HTTP/1.1" 200 0 "https://blackhat-unlock.com/wp-admin/" "Mozilla/5.0 (Windows NT 10.0; Win64; x64) AppleWebKit/537.36 (KHTML, like Gecko) Chrome/90.0.4430.85 Safari/537.36"
91.92.243.239 - - [20/Jul/2026:04:01:49 +0000] "POST /wp-login.php HTTP/1.1" 200 0 "-" "Mozilla/5.0"
91.92.243.239 - - [20/Jul/2026:04:01:49 +0000] "POST /wp-login.php HTTP/1.1" 200 0 "-" "Mozilla/5.0"
136.144.33.52 - - [20/Jul/2026:04:01:56 +0000] "POST /admin HTTP/1.1" 200 0 "https://blackhat-unlock.com/wp-admin/" "Mozilla/5.0 (Windows NT 10.0; Win64; x64) AppleWebKit/537.36 (KHTML, like Gecko) Chrome/90.0.4430.85 Safari/537.36"
136.144.33.249 - - [20/Jul/2026:04:02:22 +0000] "POST /wp-login.php HTTP/1.1" 200 0 "https://blackhat-unlock.com/wp-admin/" "Mozilla/5.0 (Windows NT 10.0; Win64; x64) AppleWebKit/537.36 (KHTML, like Gecko) Chrome/90.0.4430.85 Safari/537.36"
172.245.102.94 - - [20/Jul/2026:04:02:37 +0000] "POST /admin HTTP/1.1" 200 0 "https://blackhat-unlock.com/wp-admin/" "Mozilla/5.0 (Windows NT 10.0; Win64; x64) AppleWebKit/537.36 (KHTML, like Gecko) Chrome/90.0.4430.85 Safari/537.36"
136.144.33.51 - - [20/Jul/2026:04:03:03 +0000] "POST /wp-login.php HTTP/1.1" 200 0 "https://blackhat-unlock.com/wp-admin/" "Mozilla/5.0 (Windows NT 10.0; Win64; x64) AppleWebKit/537.36 (KHTML, like Gecko) Chrome/90.0.4430.85 Safari/537.36"
72.60.40.175 - - [20/Jul/2026:04:03:05 +0000] "GET /shop/ HTTP/2" 200 98304 "-" "Mozilla/5.0 (Windows NT 10.0; Win64; x64) AppleWebKit/537.36"
136.144.33.64 - - [20/Jul/2026:04:03:19 +0000] "POST /admin HTTP/1.1" 200 0 "https://blackhat-unlock.com/wp-admin/" "Mozilla/5.0 (Windows NT 10.0; Win64; x64) AppleWebKit/537.36 (KHTML, like Gecko) Chrome/90.0.4430.85 Safari/537.36"
172.245.102.90 - - [20/Jul/2026:04:03:43 +0000] "POST /wp-login.php HTTP/1.1" 200 0 "https://blackhat-unlock.com/wp-admin/" "Mozilla/5.0 (Windows NT 10.0; Win64; x64) AppleWebKit/537.36 (KHTML, like Gecko) Chrome/90.0.4430.85 Safari/537.36"
72.60.40.175 - - [20/Jul/2026:04:03:37 +0000] "GET /shop/ HTTP/2" 200 163840 "-" "Mozilla/5.0 (Windows NT 10.0; Win64; x64) AppleWebKit/537.36"
136.144.33.75 - - [20/Jul/2026:04:03:58 +0000] "POST /admin HTTP/1.1" 200 0 "https://blackhat-unlock.com/wp-admin/" "Mozilla/5.0 (Windows NT 10.0; Win64; x64) AppleWebKit/537.36 (KHTML, like Gecko) Chrome/90.0.4430.85 Safari/537.36"
136.144.33.83 - - [20/Jul/2026:04:04:15 +0000] "POST /wp-login.php HTTP/1.1" 200 0 "https://blackhat-unlock.com/wp-admin/" "Mozilla/5.0 (Windows NT 10.0; Win64; x64) AppleWebKit/537.36 (KHTML, like Gecko) Chrome/90.0.4430.85 Safari/537.36"
136.144.33.92 - - [20/Jul/2026:04:04:30 +0000] "POST /admin HTTP/1.1" 200 0 "https://blackhat-unlock.com/wp-admin/" "Mozilla/5.0 (Windows NT 10.0; Win64; x64) AppleWebKit/537.36 (KHTML, like Gecko) Chrome/90.0.4430.85 Safari/537.36"
136.144.33.93 - - [20/Jul/2026:04:04:50 +0000] "POST /wp-login.php HTTP/1.1" 200 0 "https://blackhat-unlock.com/wp-admin/" "Mozilla/5.0 (Windows NT 10.0; Win64; x64) AppleWebKit/537.36 (KHTML, like Gecko) Chrome/90.0.4430.85 Safari/537.36"
136.144.33.70 - - [20/Jul/2026:04:05:05 +0000] "POST /admin HTTP/1.1" 200 0 "https://blackhat-unlock.com/wp-admin/" "Mozilla/5.0 (Windows NT 10.0; Win64; x64) AppleWebKit/537.36 (KHTML, like Gecko) Chrome/90.0.4430.85 Safari/537.36"
91.92.243.239 - - [20/Jul/2026:04:05:04 +0000] "POST /wp-login.php HTTP/1.1" 200 0 "-" "Mozilla/5.0"
91.92.243.239 - - [20/Jul/2026:04:05:04 +0000] "POST /wp-login.php HTTP/1.1" 200 0 "-" "Mozilla/5.0"
134.122.40.246 - - [20/Jul/2026:04:05:05 +0000] "POST /wp-login.php HTTP/1.1" 200 0 "-" "Mozilla/5.0"
143.198.37.30 - - [20/Jul/2026:04:05:07 +0000] "POST /wp-login.php HTTP/1.1" 200 0 "-" "Mozilla/5.0"
136.144.33.68 - - [20/Jul/2026:04:05:34 +0000] "POST /wp-login.php HTTP/1.1" 200 0 "https://blackhat-unlock.com/wp-admin/" "Mozilla/5.0 (Windows NT 10.0; Win64; x64) AppleWebKit/537.36 (KHTML, like Gecko) Chrome/90.0.4430.85 Safari/537.36"
136.144.33.60 - - [20/Jul/2026:04:05:49 +0000] "POST /admin HTTP/1.1" 200 0 "https://blackhat-unlock.com/wp-admin/" "Mozilla/5.0 (Windows NT 10.0; Win64; x64) AppleWebKit/537.36 (KHTML, like Gecko) Chrome/90.0.4430.85 Safari/537.36"
136.144.33.79 - - [20/Jul/2026:04:06:25 +0000] "POST /wp-login.php HTTP/1.1" 200 0 "https://blackhat-unlock.com/wp-admin/" "Mozilla/5.0 (Windows NT 10.0; Win64; x64) AppleWebKit/537.36 (KHTML, like Gecko) Chrome/90.0.4430.85 Safari/537.36"
136.144.33.59 - - [20/Jul/2026:04:06:40 +0000] "POST /admin HTTP/1.1" 200 0 "https://blackhat-unlock.com/wp-admin/" "Mozilla/5.0 (Windows NT 10.0; Win64; x64) AppleWebKit/537.36 (KHTML, like Gecko) Chrome/90.0.4430.85 Safari/537.36"
138.68.97.234 - - [20/Jul/2026:04:06:45 +0000] "POST /wp-login.php HTTP/1.1" 200 0 "-" "Mozilla/5.0"
136.144.33.71 - - [20/Jul/2026:04:07:00 +0000] "POST /wp-login.php HTTP/1.1" 200 0 "https://blackhat-unlock.com/wp-admin/" "Mozilla/5.0 (Windows NT 10.0; Win64; x64) AppleWebKit/537.36 (KHTML, like Gecko) Chrome/90.0.4430.85 Safari/537.36"
136.144.33.88 - - [20/Jul/2026:04:07:16 +0000] "POST /admin HTTP/1.1" 200 0 "https://blackhat-unlock.com/wp-admin/" "Mozilla/5.0 (Windows NT 10.0; Win64; x64) AppleWebKit/537.36 (KHTML, like Gecko) Chrome/90.0.4430.85 Safari/537.36"
91.92.243.239 - - [20/Jul/2026:04:07:29 +0000] "POST /wp-login.php HTTP/1.1" 200 0 "-" "Mozilla/5.0"
91.92.243.239 - - [20/Jul/2026:04:07:29 +0000] "POST /wp-login.php HTTP/1.1" 200 0 "-" "Mozilla/5.0"
136.144.33.76 - - [20/Jul/2026:04:07:41 +0000] "POST /wp-login.php HTTP/1.1" 200 0 "https://blackhat-unlock.com/wp-admin/" "Mozilla/5.0 (Windows NT 10.0; Win64; x64) AppleWebKit/537.36 (KHTML, like Gecko) Chrome/90.0.4430.85 Safari/537.36"
136.144.33.55 - - [20/Jul/2026:04:07:57 +0000] "POST /admin HTTP/1.1" 200 0 "https://blackhat-unlock.com/wp-admin/" "Mozilla/5.0 (Windows NT 10.0; Win64; x64) AppleWebKit/537.36 (KHTML, like Gecko) Chrome/90.0.4430.85 Safari/537.36"
136.144.33.95 - - [20/Jul/2026:04:08:20 +0000] "POST /wp-login.php HTTP/1.1" 200 0 "https://blackhat-unlock.com/wp-admin/" "Mozilla/5.0 (Windows NT 10.0; Win64; x64) AppleWebKit/537.36 (KHTML, like Gecko) Chrome/90.0.4430.85 Safari/537.36"
136.144.33.83 - - [20/Jul/2026:04:08:35 +0000] "POST /admin HTTP/1.1" 200 0 "https://blackhat-unlock.com/wp-admin/" "Mozilla/5.0 (Windows NT 10.0; Win64; x64) AppleWebKit/537.36 (KHTML, like Gecko) Chrome/90.0.4430.85 Safari/537.36"
136.144.33.72 - - [20/Jul/2026:04:09:12 +0000] "POST /wp-login.php HTTP/1.1" 200 0 "https://blackhat-unlock.com/wp-admin/" "Mozilla/5.0 (Windows NT 10.0; Win64; x64) AppleWebKit/537.36 (KHTML, like Gecko) Chrome/90.0.4430.85 Safari/537.36"
136.144.33.67 - - [20/Jul/2026:04:09:27 +0000] "POST /admin HTTP/1.1" 200 0 "https://blackhat-unlock.com/wp-admin/" "Mozilla/5.0 (Windows NT 10.0; Win64; x64) AppleWebKit/537.36 (KHTML, like Gecko) Chrome/90.0.4430.85 Safari/537.36"
136.144.33.62 - - [20/Jul/2026:04:09:44 +0000] "POST /wp-login.php HTTP/1.1" 200 0 "https://blackhat-unlock.com/wp-admin/" "Mozilla/5.0 (Windows NT 10.0; Win64; x64) AppleWebKit/537.36 (KHTML, like Gecko) Chrome/90.0.4430.85 Safari/537.36"
136.144.33.76 - - [20/Jul/2026:04:09:59 +0000] "POST /admin HTTP/1.1" 200 0 "https://blackhat-unlock.com/wp-admin/" "Mozilla/5.0 (Windows NT 10.0; Win64; x64) AppleWebKit/537.36 (KHTML, like Gecko) Chrome/90.0.4430.85 Safari/537.36"
8.217.108.67 - - [20/Jul/2026:04:10:07 +0000] "POST /xmlrpc.php HTTP/2" 200 0 "-" "Mozilla/5.0 (Windows NT 10.0) AppleWebKit/537.36 (KHTML, like Gecko) Chrome/147.0.0.0 Safari/537.36"
136.144.33.95 - - [20/Jul/2026:04:10:22 +0000] "POST /wp-login.php HTTP/1.1" 200 0 "https://blackhat-unlock.com/wp-admin/" "Mozilla/5.0 (Windows NT 10.0; Win64; x64) AppleWebKit/537.36 (KHTML, like Gecko) Chrome/90.0.4430.85 Safari/537.36"
91.92.243.239 - - [20/Jul/2026:04:10:27 +0000] "POST /wp-login.php HTTP/1.1" 200 0 "-" "Mozilla/5.0"
91.92.243.239 - - [20/Jul/2026:04:10:26 +0000] "POST /wp-login.php HTTP/1.1" 200 0 "-" "Mozilla/5.0"
136.144.33.66 - - [20/Jul/2026:04:10:37 +0000] "POST /admin HTTP/1.1" 200 0 "https://blackhat-unlock.com/wp-admin/" "Mozilla/5.0 (Windows NT 10.0; Win64; x64) AppleWebKit/537.36 (KHTML, like Gecko) Chrome/90.0.4430.85 Safari/537.36"
194.39.149.53 - - [20/Jul/2026:04:10:44 +0000] "POST /wp-cron.php?doing_wp_cron=1784520644.4226169586181640625000 HTTP/1.1" 200 0 "-" "WordPress/7.0.2; https://blackhat-unlock.com"
136.144.33.68 - - [20/Jul/2026:04:10:58 +0000] "POST /wp-login.php HTTP/1.1" 200 0 "https://blackhat-unlock.com/wp-admin/" "Mozilla/5.0 (Windows NT 10.0; Win64; x64) AppleWebKit/537.36 (KHTML, like Gecko) Chrome/90.0.4430.85 Safari/537.36"
136.144.33.77 - - [20/Jul/2026:04:11:14 +0000] "POST /admin HTTP/1.1" 200 0 "https://blackhat-unlock.com/wp-admin/" "Mozilla/5.0 (Windows NT 10.0; Win64; x64) AppleWebKit/537.36 (KHTML, like Gecko) Chrome/90.0.4430.85 Safari/537.36"
136.144.33.74 - - [20/Jul/2026:04:11:35 +0000] "POST /wp-login.php HTTP/1.1" 200 0 "https://blackhat-unlock.com/wp-admin/" "Mozilla/5.0 (Windows NT 10.0; Win64; x64) AppleWebKit/537.36 (KHTML, like Gecko) Chrome/90.0.4430.85 Safari/537.36"
136.144.33.80 - - [20/Jul/2026:04:11:50 +0000] "POST /admin HTTP/1.1" 200 0 "https://blackhat-unlock.com/wp-admin/" "Mozilla/5.0 (Windows NT 10.0; Win64; x64) AppleWebKit/537.36 (KHTML, like Gecko) Chrome/90.0.4430.85 Safari/537.36"
136.144.33.59 - - [20/Jul/2026:04:12:17 +0000] "POST /wp-login.php HTTP/1.1" 200 0 "https://blackhat-unlock.com/wp-admin/" "Mozilla/5.0 (Windows NT 10.0; Win64; x64) AppleWebKit/537.36 (KHTML, like Gecko) Chrome/90.0.4430.85 Safari/537.36"
136.144.33.84 - - [20/Jul/2026:04:12:32 +0000] "POST /admin HTTP/1.1" 200 0 "https://blackhat-unlock.com/wp-admin/" "Mozilla/5.0 (Windows NT 10.0; Win64; x64) AppleWebKit/537.36 (KHTML, like Gecko) Chrome/90.0.4430.85 Safari/537.36"
143.198.37.30 - - [20/Jul/2026:04:12:36 +0000] "POST /wp-login.php HTTP/1.1" 200 0 "-" "Mozilla/5.0"
72.60.40.175 - - [20/Jul/2026:04:12:49 +0000] "GET /shop/ HTTP/2" 200 234009 "-" "Mozilla/5.0 (Windows NT 10.0; Win64; x64) AppleWebKit/537.36"
91.92.243.239 - - [20/Jul/2026:04:12:53 +0000] "POST /wp-login.php HTTP/1.1" 200 0 "-" "Mozilla/5.0"
91.92.243.239 - - [20/Jul/2026:04:12:53 +0000] "POST /wp-login.php HTTP/1.1" 200 0 "-" "Mozilla/5.0"
136.144.33.86 - - [20/Jul/2026:04:13:01 +0000] "POST /wp-login.php HTTP/1.1" 200 0 "https://blackhat-unlock.com/wp-admin/" "Mozilla/5.0 (Windows NT 10.0; Win64; x64) AppleWebKit/537.36 (KHTML, like Gecko) Chrome/90.0.4430.85 Safari/537.36"
136.144.33.51 - - [20/Jul/2026:04:13:16 +0000] "POST /admin HTTP/1.1" 200 0 "https://blackhat-unlock.com/wp-admin/" "Mozilla/5.0 (Windows NT 10.0; Win64; x64) AppleWebKit/537.36 (KHTML, like Gecko) Chrome/90.0.4430.85 Safari/537.36"
136.144.33.91 - - [20/Jul/2026:04:13:37 +0000] "POST /wp-login.php HTTP/1.1" 200 0 "https://blackhat-unlock.com/wp-admin/" "Mozilla/5.0 (Windows NT 10.0; Win64; x64) AppleWebKit/537.36 (KHTML, like Gecko) Chrome/90.0.4430.85 Safari/537.36"
136.144.33.75 - - [20/Jul/2026:04:13:52 +0000] "POST /admin HTTP/1.1" 200 0 "https://blackhat-unlock.com/wp-admin/" "Mozilla/5.0 (Windows NT 10.0; Win64; x64) AppleWebKit/537.36 (KHTML, like Gecko) Chrome/90.0.4430.85 Safari/537.36"
136.144.33.93 - - [20/Jul/2026:04:14:09 +0000] "POST /wp-login.php HTTP/1.1" 200 0 "https://blackhat-unlock.com/wp-admin/" "Mozilla/5.0 (Windows NT 10.0; Win64; x64) AppleWebKit/537.36 (KHTML, like Gecko) Chrome/90.0.4430.85 Safari/537.36"
138.68.97.234 - - [20/Jul/2026:04:14:09 +0000] "POST /wp-login.php HTTP/1.1" 200 0 "-" "Mozilla/5.0"
136.144.33.79 - - [20/Jul/2026:04:14:25 +0000] "POST /admin HTTP/1.1" 200 0 "https://blackhat-unlock.com/wp-admin/" "Mozilla/5.0 (Windows NT 10.0; Win64; x64) AppleWebKit/537.36 (KHTML, like Gecko) Chrome/90.0.4430.85 Safari/537.36"
136.144.33.56 - - [20/Jul/2026:04:14:55 +0000] "POST /wp-login.php HTTP/1.1" 200 0 "https://blackhat-unlock.com/wp-admin/" "Mozilla/5.0 (Windows NT 10.0; Win64; x64) AppleWebKit/537.36 (KHTML, like Gecko) Chrome/90.0.4430.85 Safari/537.36"
136.144.33.86 - - [20/Jul/2026:04:15:11 +0000] "POST /admin HTTP/1.1" 200 0 "https://blackhat-unlock.com/wp-admin/" "Mozilla/5.0 (Windows NT 10.0; Win64; x64) AppleWebKit/537.36 (KHTML, like Gecko) Chrome/90.0.4430.85 Safari/537.36"
45.148.10.62 - - [20/Jul/2026:04:15:25 +0000] "GET / HTTP/1.1" 200 65490 "-" "Mozilla/5.0 (Windows NT 10.0; Win64; x64) AppleWebKit/537.36 (KHTML, like Gecko) Chrome/131.0.0.0 Safari/537.36"
45.148.10.62 - - [20/Jul/2026:04:15:25 +0000] "GET / HTTP/1.1" 200 65490 "-" "Mozilla/5.0 (X11; Linux x86_64) AppleWebKit/537.36 (KHTML, like Gecko) Chrome/131.0.0.0 Safari/537.36"
136.144.33.44 - - [20/Jul/2026:04:15:41 +0000] "POST /wp-login.php HTTP/1.1" 200 0 "https://blackhat-unlock.com/wp-admin/" "Mozilla/5.0 (Windows NT 10.0; Win64; x64) AppleWebKit/537.36 (KHTML, like Gecko) Chrome/90.0.4430.85 Safari/537.36"
136.144.33.93 - - [20/Jul/2026:04:15:56 +0000] "POST /admin HTTP/1.1" 200 0 "https://blackhat-unlock.com/wp-admin/" "Mozilla/5.0 (Windows NT 10.0; Win64; x64) AppleWebKit/537.36 (KHTML, like Gecko) Chrome/90.0.4430.85 Safari/537.36"
91.92.243.239 - - [20/Jul/2026:04:15:57 +0000] "POST /wp-login.php HTTP/1.1" 200 0 "-" "Mozilla/5.0"
91.92.243.239 - - [20/Jul/2026:04:15:57 +0000] "POST /wp-login.php HTTP/1.1" 200 0 "-" "Mozilla/5.0"
136.144.33.70 - - [20/Jul/2026:04:16:25 +0000] "POST /wp-login.php HTTP/1.1" 200 0 "https://blackhat-unlock.com/wp-admin/" "Mozilla/5.0 (Windows NT 10.0; Win64; x64) AppleWebKit/537.36 (KHTML, like Gecko) Chrome/90.0.4430.85 Safari/537.36"
136.144.33.69 - - [20/Jul/2026:04:16:40 +0000] "POST /admin HTTP/1.1" 200 0 "https://blackhat-unlock.com/wp-admin/" "Mozilla/5.0 (Windows NT 10.0; Win64; x64) AppleWebKit/537.36 (KHTML, like Gecko) Chrome/90.0.4430.85 Safari/537.36"
136.144.33.66 - - [20/Jul/2026:04:16:59 +0000] "POST /wp-login.php HTTP/1.1" 200 0 "https://blackhat-unlock.com/wp-admin/" "Mozilla/5.0 (Windows NT 10.0; Win64; x64) AppleWebKit/537.36 (KHTML, like Gecko) Chrome/90.0.4430.85 Safari/537.36"
134.122.40.246 - - [20/Jul/2026:04:17:09 +0000] "POST /wp-login.php HTTP/1.1" 200 0 "-" "Mozilla/5.0"
136.144.33.91 - - [20/Jul/2026:04:17:14 +0000] "POST /admin HTTP/1.1" 200 0 "https://blackhat-unlock.com/wp-admin/" "Mozilla/5.0 (Windows NT 10.0; Win64; x64) AppleWebKit/537.36 (KHTML, like Gecko) Chrome/90.0.4430.85 Safari/537.36"
136.144.33.92 - - [20/Jul/2026:04:17:42 +0000] "POST /wp-login.php HTTP/1.1" 200 0 "https://blackhat-unlock.com/wp-admin/" "Mozilla/5.0 (Windows NT 10.0; Win64; x64) AppleWebKit/537.36 (KHTML, like Gecko) Chrome/90.0.4430.85 Safari/537.36"
136.144.33.92 - - [20/Jul/2026:04:17:57 +0000] "POST /admin HTTP/1.1" 200 0 "https://blackhat-unlock.com/wp-admin/" "Mozilla/5.0 (Windows NT 10.0; Win64; x64) AppleWebKit/537.36 (KHTML, like Gecko) Chrome/90.0.4430.85 Safari/537.36"
136.144.33.82 - - [20/Jul/2026:04:18:19 +0000] "POST /wp-login.php HTTP/1.1" 200 0 "https://blackhat-unlock.com/wp-admin/" "Mozilla/5.0 (Windows NT 10.0; Win64; x64) AppleWebKit/537.36 (KHTML, like Gecko) Chrome/90.0.4430.85 Safari/537.36"
91.92.243.239 - - [20/Jul/2026:04:18:24 +0000] "POST /wp-login.php HTTP/1.1" 200 0 "-" "Mozilla/5.0"
91.92.243.239 - - [20/Jul/2026:04:18:24 +0000] "POST /wp-login.php HTTP/1.1" 200 0 "-" "Mozilla/5.0"
136.144.33.93 - - [20/Jul/2026:04:18:34 +0000] "POST /admin HTTP/1.1" 200 0 "https://blackhat-unlock.com/wp-admin/" "Mozilla/5.0 (Windows NT 10.0; Win64; x64) AppleWebKit/537.36 (KHTML, like Gecko) Chrome/90.0.4430.85 Safari/537.36"
136.144.33.82 - - [20/Jul/2026:04:18:59 +0000] "POST /wp-login.php HTTP/1.1" 200 0 "https://blackhat-unlock.com/wp-admin/" "Mozilla/5.0 (Windows NT 10.0; Win64; x64) AppleWebKit/537.36 (KHTML, like Gecko) Chrome/90.0.4430.85 Safari/537.36"
136.144.33.62 - - [20/Jul/2026:04:19:14 +0000] "POST /admin HTTP/1.1" 200 0 "https://blackhat-unlock.com/wp-admin/" "Mozilla/5.0 (Windows NT 10.0; Win64; x64) AppleWebKit/537.36 (KHTML, like Gecko) Chrome/90.0.4430.85 Safari/537.36"
136.144.33.79 - - [20/Jul/2026:04:19:39 +0000] "POST /wp-login.php HTTP/1.1" 200 0 "https://blackhat-unlock.com/wp-admin/" "Mozilla/5.0 (Windows NT 10.0; Win64; x64) AppleWebKit/537.36 (KHTML, like Gecko) Chrome/90.0.4430.85 Safari/537.36"
136.144.33.93 - - [20/Jul/2026:04:19:54 +0000] "POST /admin HTTP/1.1" 200 0 "https://blackhat-unlock.com/wp-admin/" "Mozilla/5.0 (Windows NT 10.0; Win64; x64) AppleWebKit/537.36 (KHTML, like Gecko) Chrome/90.0.4430.85 Safari/537.36"
143.198.37.30 - - [20/Jul/2026:04:19:55 +0000] "POST /wp-login.php HTTP/1.1" 200 0 "-" "Mozilla/5.0"
136.144.33.83 - - [20/Jul/2026:04:20:11 +0000] "POST /wp-login.php HTTP/1.1" 200 0 "https://blackhat-unlock.com/wp-admin/" "Mozilla/5.0 (Windows NT 10.0; Win64; x64) AppleWebKit/537.36 (KHTML, like Gecko) Chrome/90.0.4430.85 Safari/537.36"
45.148.10.120 - - [20/Jul/2026:04:20:34 +0000] "GET /.git/config HTTP/1.1" 404 3421 "-" "Mozilla/5.0 (Macintosh; Intel Mac OS X 10.7; rv:20.0) Gecko/20100101 Firefox/20.0"
136.144.33.92 - - [20/Jul/2026:04:20:26 +0000] "POST /admin HTTP/1.1" 200 0 "https://blackhat-unlock.com/wp-admin/" "Mozilla/5.0 (Windows NT 10.0; Win64; x64) AppleWebKit/537.36 (KHTML, like Gecko) Chrome/90.0.4430.85 Safari/537.36"
136.144.33.85 - - [20/Jul/2026:04:20:47 +0000] "POST /wp-login.php HTTP/1.1" 200 0 "https://blackhat-unlock.com/wp-admin/" "Mozilla/5.0 (Windows NT 10.0; Win64; x64) AppleWebKit/537.36 (KHTML, like Gecko) Chrome/90.0.4430.85 Safari/537.36"
136.144.33.56 - - [20/Jul/2026:04:21:02 +0000] "POST /admin HTTP/1.1" 200 0 "https://blackhat-unlock.com/wp-admin/" "Mozilla/5.0 (Windows NT 10.0; Win64; x64) AppleWebKit/537.36 (KHTML, like Gecko) Chrome/90.0.4430.85 Safari/537.36"
91.92.243.239 - - [20/Jul/2026:04:21:20 +0000] "POST /wp-login.php HTTP/1.1" 200 0 "-" "Mozilla/5.0"
91.92.243.239 - - [20/Jul/2026:04:21:20 +0000] "POST /wp-login.php HTTP/1.1" 200 0 "-" "Mozilla/5.0"
136.144.33.61 - - [20/Jul/2026:04:21:30 +0000] "POST /wp-login.php HTTP/1.1" 200 0 "https://blackhat-unlock.com/wp-admin/" "Mozilla/5.0 (Windows NT 10.0; Win64; x64) AppleWebKit/537.36 (KHTML, like Gecko) Chrome/90.0.4430.85 Safari/537.36"
138.68.97.234 - - [20/Jul/2026:04:21:35 +0000] "POST /wp-login.php HTTP/1.1" 200 0 "-" "Mozilla/5.0"
136.144.33.94 - - [20/Jul/2026:04:21:45 +0000] "POST /admin HTTP/1.1" 200 0 "https://blackhat-unlock.com/wp-admin/" "Mozilla/5.0 (Windows NT 10.0; Win64; x64) AppleWebKit/537.36 (KHTML, like Gecko) Chrome/90.0.4430.85 Safari/537.36"
136.144.33.85 - - [20/Jul/2026:04:22:13 +0000] "POST /wp-login.php HTTP/1.1" 200 0 "https://blackhat-unlock.com/wp-admin/" "Mozilla/5.0 (Windows NT 10.0; Win64; x64) AppleWebKit/537.36 (KHTML, like Gecko) Chrome/90.0.4430.85 Safari/537.36"
136.144.33.67 - - [20/Jul/2026:04:22:28 +0000] "POST /admin HTTP/1.1" 200 0 "https://blackhat-unlock.com/wp-admin/" "Mozilla/5.0 (Windows NT 10.0; Win64; x64) AppleWebKit/537.36 (KHTML, like Gecko) Chrome/90.0.4430.85 Safari/537.36"
136.144.33.86 - - [20/Jul/2026:04:22:53 +0000] "POST /wp-login.php HTTP/1.1" 200 0 "https://blackhat-unlock.com/wp-admin/" "Mozilla/5.0 (Windows NT 10.0; Win64; x64) AppleWebKit/537.36 (KHTML, like Gecko) Chrome/90.0.4430.85 Safari/537.36"
136.144.33.70 - - [20/Jul/2026:04:23:08 +0000] "POST /admin HTTP/1.1" 200 0 "https://blackhat-unlock.com/wp-admin/" "Mozilla/5.0 (Windows NT 10.0; Win64; x64) AppleWebKit/537.36 (KHTML, like Gecko) Chrome/90.0.4430.85 Safari/537.36"
136.144.33.94 - - [20/Jul/2026:04:23:30 +0000] "POST /wp-login.php HTTP/1.1" 200 0 "https://blackhat-unlock.com/wp-admin/" "Mozilla/5.0 (Windows NT 10.0; Win64; x64) AppleWebKit/537.36 (KHTML, like Gecko) Chrome/90.0.4430.85 Safari/537.36"
136.144.33.58 - - [20/Jul/2026:04:23:45 +0000] "POST /admin HTTP/1.1" 200 0 "https://blackhat-unlock.com/wp-admin/" "Mozilla/5.0 (Windows NT 10.0; Win64; x64) AppleWebKit/537.36 (KHTML, like Gecko) Chrome/90.0.4430.85 Safari/537.36"
91.92.243.239 - - [20/Jul/2026:04:23:50 +0000] "POST /wp-login.php HTTP/1.1" 200 0 "-" "Mozilla/5.0"
91.92.243.239 - - [20/Jul/2026:04:23:50 +0000] "POST /wp-login.php HTTP/1.1" 200 0 "-" "Mozilla/5.0"
136.144.33.67 - - [20/Jul/2026:04:24:17 +0000] "POST /wp-login.php HTTP/1.1" 200 0 "https://blackhat-unlock.com/wp-admin/" "Mozilla/5.0 (Windows NT 10.0; Win64; x64) AppleWebKit/537.36 (KHTML, like Gecko) Chrome/90.0.4430.85 Safari/537.36"
136.144.33.62 - - [20/Jul/2026:04:24:32 +0000] "POST /admin HTTP/1.1" 200 0 "https://blackhat-unlock.com/wp-admin/" "Mozilla/5.0 (Windows NT 10.0; Win64; x64) AppleWebKit/537.36 (KHTML, like Gecko) Chrome/90.0.4430.85 Safari/537.36"
72.60.40.175 - - [20/Jul/2026:04:24:23 +0000] "GET /shop/ HTTP/2" 200 98304 "-" "Mozilla/5.0 (Windows NT 10.0; Win64; x64) AppleWebKit/537.36"
136.144.33.59 - - [20/Jul/2026:04:25:17 +0000] "POST /admin HTTP/1.1" 200 0 "https://blackhat-unlock.com/wp-admin/" "Mozilla/5.0 (Windows NT 10.0; Win64; x64) AppleWebKit/537.36 (KHTML, like Gecko) Chrome/90.0.4430.85 Safari/537.36"
136.144.33.95 - - [20/Jul/2026:04:25:02 +0000] "POST /wp-login.php HTTP/1.1" 200 2559 "https://blackhat-unlock.com/wp-admin/" "Mozilla/5.0 (Windows NT 10.0; Win64; x64) AppleWebKit/537.36 (KHTML, like Gecko) Chrome/90.0.4430.85 Safari/537.36"
194.39.149.53 - - [20/Jul/2026:04:25:36 +0000] "POST /wp-cron.php?doing_wp_cron=1784521536.8057560920715332031250 HTTP/1.1" 200 0 "-" "WordPress/7.0.2; https://blackhat-unlock.com"
136.144.33.70 - - [20/Jul/2026:04:25:41 +0000] "POST /wp-login.php HTTP/1.1" 200 0 "https://blackhat-unlock.com/wp-admin/" "Mozilla/5.0 (Windows NT 10.0; Win64; x64) AppleWebKit/537.36 (KHTML, like Gecko) Chrome/90.0.4430.85 Safari/537.36"
136.144.33.77 - - [20/Jul/2026:04:25:56 +0000] "POST /admin HTTP/1.1" 200 0 "https://blackhat-unlock.com/wp-admin/" "Mozilla/5.0 (Windows NT 10.0; Win64; x64) AppleWebKit/537.36 (KHTML, like Gecko) Chrome/90.0.4430.85 Safari/537.36"
136.144.33.82 - - [20/Jul/2026:04:26:20 +0000] "POST /wp-login.php HTTP/1.1" 200 0 "https://blackhat-unlock.com/wp-admin/" "Mozilla/5.0 (Windows NT 10.0; Win64; x64) AppleWebKit/537.36 (KHTML, like Gecko) Chrome/90.0.4430.85 Safari/537.36"
172.245.102.93 - - [20/Jul/2026:04:26:35 +0000] "POST /admin HTTP/1.1" 200 0 "https://blackhat-unlock.com/wp-admin/" "Mozilla/5.0 (Windows NT 10.0; Win64; x64) AppleWebKit/537.36 (KHTML, like Gecko) Chrome/90.0.4430.85 Safari/537.36"
136.144.33.73 - - [20/Jul/2026:04:26:58 +0000] "POST /wp-login.php HTTP/1.1" 200 0 "https://blackhat-unlock.com/wp-admin/" "Mozilla/5.0 (Windows NT 10.0; Win64; x64) AppleWebKit/537.36 (KHTML, like Gecko) Chrome/90.0.4430.85 Safari/537.36"
91.92.243.239 - - [20/Jul/2026:04:27:02 +0000] "POST /wp-login.php HTTP/1.1" 200 0 "-" "Mozilla/5.0"
91.92.243.239 - - [20/Jul/2026:04:27:02 +0000] "POST /wp-login.php HTTP/1.1" 200 0 "-" "Mozilla/5.0"
136.144.33.66 - - [20/Jul/2026:04:27:13 +0000] "POST /admin HTTP/1.1" 200 0 "https://blackhat-unlock.com/wp-admin/" "Mozilla/5.0 (Windows NT 10.0; Win64; x64) AppleWebKit/537.36 (KHTML, like Gecko) Chrome/90.0.4430.85 Safari/537.36"
143.198.37.30 - - [20/Jul/2026:04:27:27 +0000] "POST /wp-login.php HTTP/1.1" 200 0 "-" "Mozilla/5.0"
136.144.33.89 - - [20/Jul/2026:04:27:38 +0000] "POST /wp-login.php HTTP/1.1" 200 0 "https://blackhat-unlock.com/wp-admin/" "Mozilla/5.0 (Windows NT 10.0; Win64; x64) AppleWebKit/537.36 (KHTML, like Gecko) Chrome/90.0.4430.85 Safari/537.36"
172.245.102.91 - - [20/Jul/2026:04:27:53 +0000] "POST /admin HTTP/1.1" 200 0 "https://blackhat-unlock.com/wp-admin/" "Mozilla/5.0 (Windows NT 10.0; Win64; x64) AppleWebKit/537.36 (KHTML, like Gecko) Chrome/90.0.4430.85 Safari/537.36"
136.144.33.79 - - [20/Jul/2026:04:28:17 +0000] "POST /wp-login.php HTTP/1.1" 200 0 "https://blackhat-unlock.com/wp-admin/" "Mozilla/5.0 (Windows NT 10.0; Win64; x64) AppleWebKit/537.36 (KHTML, like Gecko) Chrome/90.0.4430.85 Safari/537.36"
136.144.33.81 - - [20/Jul/2026:04:28:32 +0000] "POST /admin HTTP/1.1" 200 0 "https://blackhat-unlock.com/wp-admin/" "Mozilla/5.0 (Windows NT 10.0; Win64; x64) AppleWebKit/537.36 (KHTML, like Gecko) Chrome/90.0.4430.85 Safari/537.36"
136.144.33.72 - - [20/Jul/2026:04:28:52 +0000] "POST /wp-login.php HTTP/1.1" 200 0 "https://blackhat-unlock.com/wp-admin/" "Mozilla/5.0 (Windows NT 10.0; Win64; x64) AppleWebKit/537.36 (KHTML, like Gecko) Chrome/90.0.4430.85 Safari/537.36"
172.245.102.92 - - [20/Jul/2026:04:29:07 +0000] "POST /admin HTTP/1.1" 200 0 "https://blackhat-unlock.com/wp-admin/" "Mozilla/5.0 (Windows NT 10.0; Win64; x64) AppleWebKit/537.36 (KHTML, like Gecko) Chrome/90.0.4430.85 Safari/537.36"
138.68.97.234 - - [20/Jul/2026:04:29:10 +0000] "POST /wp-login.php HTTP/1.1" 200 0 "-" "Mozilla/5.0"
136.144.33.78 - - [20/Jul/2026:04:29:34 +0000] "POST /wp-login.php HTTP/1.1" 200 0 "https://blackhat-unlock.com/wp-admin/" "Mozilla/5.0 (Windows NT 10.0; Win64; x64) AppleWebKit/537.36 (KHTML, like Gecko) Chrome/90.0.4430.85 Safari/537.36"
91.92.243.239 - - [20/Jul/2026:04:29:31 +0000] "POST /wp-login.php HTTP/1.1" 200 0 "-" "Mozilla/5.0"
91.92.243.239 - - [20/Jul/2026:04:29:31 +0000] "POST /wp-login.php HTTP/1.1" 200 0 "-" "Mozilla/5.0"
134.122.40.246 - - [20/Jul/2026:04:29:35 +0000] "POST /wp-login.php HTTP/1.1" 200 0 "-" "Mozilla/5.0"
136.144.33.61 - - [20/Jul/2026:04:29:49 +0000] "POST /admin HTTP/1.1" 200 0 "https://blackhat-unlock.com/wp-admin/" "Mozilla/5.0 (Windows NT 10.0; Win64; x64) AppleWebKit/537.36 (KHTML, like Gecko) Chrome/90.0.4430.85 Safari/537.36"
136.144.33.59 - - [20/Jul/2026:04:30:21 +0000] "POST /wp-login.php HTTP/1.1" 200 0 "https://blackhat-unlock.com/wp-admin/" "Mozilla/5.0 (Windows NT 10.0; Win64; x64) AppleWebKit/537.36 (KHTML, like Gecko) Chrome/90.0.4430.85 Safari/537.36"
136.144.33.61 - - [20/Jul/2026:04:30:36 +0000] "POST /admin HTTP/1.1" 200 0 "https://blackhat-unlock.com/wp-admin/" "Mozilla/5.0 (Windows NT 10.0; Win64; x64) AppleWebKit/537.36 (KHTML, like Gecko) Chrome/90.0.4430.85 Safari/537.36"
72.255.37.18 - - [20/Jul/2026:04:30:53 +0000] "GET /wp-json/wp/v2/users HTTP/1.1" 200 0 "-" "Mozilla/4.0 (compatible; Win32; WinHttp.WinHttpRequest.5)"
72.255.37.18 - - [20/Jul/2026:04:30:53 +0000] "GET /wp-json/wp/v2/users HTTP/1.1" 200 0 "-" "Mozilla/4.0 (compatible; Win32; WinHttp.WinHttpRequest.5)"
136.144.33.55 - - [20/Jul/2026:04:31:00 +0000] "POST /wp-login.php HTTP/1.1" 200 0 "https://blackhat-unlock.com/wp-admin/" "Mozilla/5.0 (Windows NT 10.0; Win64; x64) AppleWebKit/537.36 (KHTML, like Gecko) Chrome/90.0.4430.85 Safari/537.36"
72.255.37.18 - - [20/Jul/2026:04:31:27 +0000] "POST /xmlrpc.php HTTP/1.1" 200 0 "-" "Mozilla/5.0 (Windows NT 6.3; x86) AppleWebKit/537.36 (KHTML, like Gecko) Safari/14.0.0.0 Safari/537.36"
136.144.33.93 - - [20/Jul/2026:04:31:15 +0000] "POST /admin HTTP/1.1" 200 0 "https://blackhat-unlock.com/wp-admin/" "Mozilla/5.0 (Windows NT 10.0; Win64; x64) AppleWebKit/537.36 (KHTML, like Gecko) Chrome/90.0.4430.85 Safari/537.36"
72.255.37.18 - - [20/Jul/2026:04:31:27 +0000] "POST /xmlrpc.php HTTP/1.1" 200 0 "-" "Mozilla/5.0 (Linux; Android 10; x64) AppleWebKit/537.36 (KHTML, like Gecko) Safari/15.0.0.0 Safari/537.36"
136.144.33.61 - - [20/Jul/2026:04:31:36 +0000] "POST /wp-login.php HTTP/1.1" 200 0 "https://blackhat-unlock.com/wp-admin/" "Mozilla/5.0 (Windows NT 10.0; Win64; x64) AppleWebKit/537.36 (KHTML, like Gecko) Chrome/90.0.4430.85 Safari/537.36"
72.255.37.18 - - [20/Jul/2026:04:31:54 +0000] "POST /xmlrpc.php HTTP/1.1" 200 0 "-" "Mozilla/5.0 (Windows NT 6.3; x86) AppleWebKit/537.36 (KHTML, like Gecko) Firefox/94.0.0.0 Safari/537.36"
72.255.37.18 - - [20/Jul/2026:04:31:55 +0000] "POST /xmlrpc.php HTTP/1.1" 200 0 "-" "Mozilla/5.0 (Windows NT 6.3; x64) AppleWebKit/537.36 (KHTML, like Gecko) Firefox/79.0.0.0 Safari/537.36"
136.144.33.67 - - [20/Jul/2026:04:31:51 +0000] "POST /admin HTTP/1.1" 200 0 "https://blackhat-unlock.com/wp-admin/" "Mozilla/5.0 (Windows NT 10.0; Win64; x64) AppleWebKit/537.36 (KHTML, like Gecko) Chrome/90.0.4430.85 Safari/537.36"
136.144.33.233 - - [20/Jul/2026:04:32:14 +0000] "POST /wp-login.php HTTP/1.1" 200 0 "https://blackhat-unlock.com/wp-admin/" "Mozilla/5.0 (Windows NT 10.0; Win64; x64) AppleWebKit/537.36 (KHTML, like Gecko) Chrome/90.0.4430.85 Safari/537.36"
72.255.37.18 - - [20/Jul/2026:04:32:29 +0000] "POST /xmlrpc.php HTTP/1.1" 200 0 "-" "Mozilla/5.0 (Windows NT 6.3; x64) AppleWebKit/537.36 (KHTML, like Gecko) Opera/60.0.0.0 Safari/537.36"
72.255.37.18 - - [20/Jul/2026:04:32:29 +0000] "POST /xmlrpc.php HTTP/1.1" 200 0 "-" "Mozilla/5.0 (Windows NT 6.3; x64) AppleWebKit/537.36 (KHTML, like Gecko) Chrome/114.0.0.0 Safari/537.36"
172.245.102.93 - - [20/Jul/2026:04:32:29 +0000] "POST /admin HTTP/1.1" 200 0 "https://blackhat-unlock.com/wp-admin/" "Mozilla/5.0 (Windows NT 10.0; Win64; x64) AppleWebKit/537.36 (KHTML, like Gecko) Chrome/90.0.4430.85 Safari/537.36"
91.92.243.239 - - [20/Jul/2026:04:32:38 +0000] "POST /wp-login.php HTTP/1.1" 200 0 "-" "Mozilla/5.0"
91.92.243.239 - - [20/Jul/2026:04:32:38 +0000] "POST /wp-login.php HTTP/1.1" 200 0 "-" "Mozilla/5.0"
72.255.37.18 - - [20/Jul/2026:04:32:57 +0000] "POST /xmlrpc.php HTTP/1.1" 200 0 "-" "Mozilla/5.0 (Macintosh; Intel Mac OS X 10_15_7; arm64) AppleWebKit/537.36 (KHTML, like Gecko) Chrome/83.0.0.0 Safari/537.36"
72.255.37.18 - - [20/Jul/2026:04:32:57 +0000] "POST /xmlrpc.php HTTP/1.1" 200 0 "-" "Mozilla/5.0 (Linux; Android 10; x86) AppleWebKit/537.36 (KHTML, like Gecko) Chrome/87.0.0.0 Safari/537.36"
136.144.33.55 - - [20/Jul/2026:04:32:48 +0000] "POST /wp-login.php HTTP/1.1" 200 0 "https://blackhat-unlock.com/wp-admin/" "Mozilla/5.0 (Windows NT 10.0; Win64; x64) AppleWebKit/537.36 (KHTML, like Gecko) Chrome/90.0.4430.85 Safari/537.36"
172.245.102.94 - - [20/Jul/2026:04:33:03 +0000] "POST /admin HTTP/1.1" 200 0 "https://blackhat-unlock.com/wp-admin/" "Mozilla/5.0 (Windows NT 10.0; Win64; x64) AppleWebKit/537.36 (KHTML, like Gecko) Chrome/90.0.4430.85 Safari/537.36"
72.255.37.18 - - [20/Jul/2026:04:33:23 +0000] "POST /xmlrpc.php HTTP/1.1" 200 0 "-" "Mozilla/5.0 (Macintosh; Intel Mac OS X 10_15_7; arm64) AppleWebKit/537.36 (KHTML, like Gecko) Opera/74.0.0.0 Safari/537.36"
72.255.37.18 - - [20/Jul/2026:04:33:23 +0000] "POST /xmlrpc.php HTTP/1.1" 200 0 "-" "Mozilla/5.0 (Linux; Android 10; arm64) AppleWebKit/537.36 (KHTML, like Gecko) Firefox/92.0.0.0 Safari/537.36"
37.60.226.168 - - [20/Jul/2026:04:33:12 +0000] "GET /wp-login.php HTTP/2" 200 0 "-" "Mozilla/5.0 (Windows NT 6.1; Win64; x64) AppleWebKit/537.36 (KHTML, like Gecko) Chrome/150.0.0.0 Safari/537.36"
172.245.102.93 - - [20/Jul/2026:04:33:26 +0000] "POST /wp-login.php HTTP/1.1" 200 0 "https://blackhat-unlock.com/wp-admin/" "Mozilla/5.0 (Windows NT 10.0; Win64; x64) AppleWebKit/537.36 (KHTML, like Gecko) Chrome/90.0.4430.85 Safari/537.36"
72.255.37.18 - - [20/Jul/2026:04:33:54 +0000] "POST /xmlrpc.php HTTP/1.1" 200 0 "-" "Mozilla/5.0 (Windows NT 10.0; x64) AppleWebKit/537.36 (KHTML, like Gecko) Opera/65.0.0.0 Safari/537.36"
136.144.33.56 - - [20/Jul/2026:04:33:42 +0000] "POST /admin HTTP/1.1" 200 0 "https://blackhat-unlock.com/wp-admin/" "Mozilla/5.0 (Windows NT 10.0; Win64; x64) AppleWebKit/537.36 (KHTML, like Gecko) Chrome/90.0.4430.85 Safari/537.36"
72.255.37.18 - - [20/Jul/2026:04:33:54 +0000] "POST /xmlrpc.php HTTP/1.1" 200 0 "-" "Mozilla/5.0 (Macintosh; Intel Mac OS X 10_15_7; arm64) AppleWebKit/537.36 (KHTML, like Gecko) Firefox/95.0.0.0 Safari/537.36"
194.39.149.53 - - [20/Jul/2026:04:33:48 +0000] "POST /wp-cron.php?doing_wp_cron=1784522028.3101260662078857421875 HTTP/1.1" 200 0 "-" "WordPress/7.0.2; https://blackhat-unlock.com"
136.144.33.62 - - [20/Jul/2026:04:34:03 +0000] "POST /wp-login.php HTTP/1.1" 200 0 "https://blackhat-unlock.com/wp-admin/" "Mozilla/5.0 (Windows NT 10.0; Win64; x64) AppleWebKit/537.36 (KHTML, like Gecko) Chrome/90.0.4430.85 Safari/537.36"
72.255.37.18 - - [20/Jul/2026:04:34:20 +0000] "POST /xmlrpc.php HTTP/1.1" 200 0 "-" "Mozilla/5.0 (Windows NT 10.0; arm64) AppleWebKit/537.36 (KHTML, like Gecko) Firefox/76.0.0.0 Safari/537.36"
72.255.37.18 - - [20/Jul/2026:04:34:20 +0000] "POST /xmlrpc.php HTTP/1.1" 200 0 "-" "Mozilla/5.0 (Linux; Android 10; x64) AppleWebKit/537.36 (KHTML, like Gecko) Safari/13.0.0.0 Safari/537.36"
72.60.40.175 - - [20/Jul/2026:04:34:02 +0000] "GET /shop/ HTTP/2" 200 234009 "-" "Mozilla/5.0 (Windows NT 10.0; Win64; x64) AppleWebKit/537.36"
136.144.33.44 - - [20/Jul/2026:04:34:19 +0000] "POST /admin HTTP/1.1" 200 0 "https://blackhat-unlock.com/wp-admin/" "Mozilla/5.0 (Windows NT 10.0; Win64; x64) AppleWebKit/537.36 (KHTML, like Gecko) Chrome/90.0.4430.85 Safari/537.36"
72.255.37.18 - - [20/Jul/2026:04:34:45 +0000] "POST /xmlrpc.php HTTP/1.1" 200 0 "-" "Mozilla/5.0 (X11; Ubuntu; Linux x86_64; arm64) AppleWebKit/537.36 (KHTML, like Gecko) Opera/64.0.0.0 Safari/537.36"
72.255.37.18 - - [20/Jul/2026:04:34:47 +0000] "POST /xmlrpc.php HTTP/1.1" 200 0 "-" "Mozilla/5.0 (X11; Ubuntu; Linux x86_64; x64) AppleWebKit/537.36 (KHTML, like Gecko) Firefox/77.0.0.0 Safari/537.36"
136.144.33.88 - - [20/Jul/2026:04:34:51 +0000] "POST /wp-login.php HTTP/1.1" 200 0 "https://blackhat-unlock.com/wp-admin/" "Mozilla/5.0 (Windows NT 10.0; Win64; x64) AppleWebKit/537.36 (KHTML, like Gecko) Chrome/90.0.4430.85 Safari/537.36"
143.198.37.30 - - [20/Jul/2026:04:34:53 +0000] "POST /wp-login.php HTTP/1.1" 200 0 "-" "Mozilla/5.0"
72.255.37.18 - - [20/Jul/2026:04:35:12 +0000] "POST /xmlrpc.php HTTP/1.1" 200 0 "-" "Mozilla/5.0 (Windows NT 10.0; x86) AppleWebKit/537.36 (KHTML, like Gecko) Chrome/105.0.0.0 Safari/537.36"
72.255.37.18 - - [20/Jul/2026:04:35:12 +0000] "POST /xmlrpc.php HTTP/1.1" 200 0 "-" "Mozilla/5.0 (Windows NT 6.3; x86) AppleWebKit/537.36 (KHTML, like Gecko) Edge/100.0.0.0 Safari/537.36"
136.144.33.51 - - [20/Jul/2026:04:35:06 +0000] "POST /admin HTTP/1.1" 200 0 "https://blackhat-unlock.com/wp-admin/" "Mozilla/5.0 (Windows NT 10.0; Win64; x64) AppleWebKit/537.36 (KHTML, like Gecko) Chrome/90.0.4430.85 Safari/537.36"
91.92.243.239 - - [20/Jul/2026:04:35:15 +0000] "POST /wp-login.php HTTP/1.1" 200 0 "-" "Mozilla/5.0"
91.92.243.239 - - [20/Jul/2026:04:35:15 +0000] "POST /wp-login.php HTTP/1.1" 200 0 "-" "Mozilla/5.0"
172.245.102.90 - - [20/Jul/2026:04:35:28 +0000] "POST /wp-login.php HTTP/1.1" 200 0 "https://blackhat-unlock.com/wp-admin/" "Mozilla/5.0 (Windows NT 10.0; Win64; x64) AppleWebKit/537.36 (KHTML, like Gecko) Chrome/90.0.4430.85 Safari/537.36"
72.255.37.18 - - [20/Jul/2026:04:35:39 +0000] "POST /xmlrpc.php HTTP/1.1" 200 0 "-" "Mozilla/5.0 (Windows NT 6.2; arm64) AppleWebKit/537.36 (KHTML, like Gecko) Chrome/100.0.0.0 Safari/537.36"
72.255.37.18 - - [20/Jul/2026:04:35:43 +0000] "POST /xmlrpc.php HTTP/1.1" 200 0 "-" "Mozilla/5.0 (Macintosh; Intel Mac OS X 10_15_7; x86) AppleWebKit/537.36 (KHTML, like Gecko) Firefox/74.0.0.0 Safari/537.36"
136.144.33.66 - - [20/Jul/2026:04:35:43 +0000] "POST /admin HTTP/1.1" 200 0 "https://blackhat-unlock.com/wp-admin/" "Mozilla/5.0 (Windows NT 10.0; Win64; x64) AppleWebKit/537.36 (KHTML, like Gecko) Chrome/90.0.4430.85 Safari/537.36"
72.255.37.18 - - [20/Jul/2026:04:36:06 +0000] "POST /xmlrpc.php HTTP/1.1" 200 0 "-" "Mozilla/5.0 (Windows NT 10.0; x64) AppleWebKit/537.36 (KHTML, like Gecko) Chrome/94.0.0.0 Safari/537.36"
72.255.37.18 - - [20/Jul/2026:04:36:06 +0000] "POST /xmlrpc.php HTTP/1.1" 200 0 "-" "Mozilla/5.0 (Windows NT 6.2; x64) AppleWebKit/537.36 (KHTML, like Gecko) Firefox/73.0.0.0 Safari/537.36"
136.144.33.58 - - [20/Jul/2026:04:36:06 +0000] "POST /wp-login.php HTTP/1.1" 200 0 "https://blackhat-unlock.com/wp-admin/" "Mozilla/5.0 (Windows NT 10.0; Win64; x64) AppleWebKit/537.36 (KHTML, like Gecko) Chrome/90.0.4430.85 Safari/537.36"
172.245.102.90 - - [20/Jul/2026:04:36:21 +0000] "POST /admin HTTP/1.1" 200 0 "https://blackhat-unlock.com/wp-admin/" "Mozilla/5.0 (Windows NT 10.0; Win64; x64) AppleWebKit/537.36 (KHTML, like Gecko) Chrome/90.0.4430.85 Safari/537.36"
136.144.33.81 - - [20/Jul/2026:04:36:37 +0000] "POST /wp-login.php HTTP/1.1" 200 0 "https://blackhat-unlock.com/wp-admin/" "Mozilla/5.0 (Windows NT 10.0; Win64; x64) AppleWebKit/537.36 (KHTML, like Gecko) Chrome/90.0.4430.85 Safari/537.36"
138.68.97.234 - - [20/Jul/2026:04:36:43 +0000] "POST /wp-login.php HTTP/1.1" 200 0 "-" "Mozilla/5.0"
172.245.102.92 - - [20/Jul/2026:04:36:52 +0000] "POST /admin HTTP/1.1" 200 0 "https://blackhat-unlock.com/wp-admin/" "Mozilla/5.0 (Windows NT 10.0; Win64; x64) AppleWebKit/537.36 (KHTML, like Gecko) Chrome/90.0.4430.85 Safari/537.36"
136.144.33.74 - - [20/Jul/2026:04:37:18 +0000] "POST /wp-login.php HTTP/1.1" 200 0 "https://blackhat-unlock.com/wp-admin/" "Mozilla/5.0 (Windows NT 10.0; Win64; x64) AppleWebKit/537.36 (KHTML, like Gecko) Chrome/90.0.4430.85 Safari/537.36"
136.144.33.75 - - [20/Jul/2026:04:37:34 +0000] "POST /admin HTTP/1.1" 200 0 "https://blackhat-unlock.com/wp-admin/" "Mozilla/5.0 (Windows NT 10.0; Win64; x64) AppleWebKit/537.36 (KHTML, like Gecko) Chrome/90.0.4430.85 Safari/537.36"
203.6.210.250 - - [20/Jul/2026:04:38:01 +0000] "POST /xmlrpc.php HTTP/1.1" 200 0 "-" "Jetpack/12.1; WordPress/6.4; http://site52291475.com"
136.144.33.51 - - [20/Jul/2026:04:37:54 +0000] "POST /wp-login.php HTTP/1.1" 200 0 "https://blackhat-unlock.com/wp-admin/" "Mozilla/5.0 (Windows NT 10.0; Win64; x64) AppleWebKit/537.36 (KHTML, like Gecko) Chrome/90.0.4430.85 Safari/537.36"
203.6.210.250 - - [20/Jul/2026:04:38:12 +0000] "POST /xmlrpc.php HTTP/1.1" 200 0 "-" "WordPress.com; https://wordpress.com"
136.144.33.92 - - [20/Jul/2026:04:38:09 +0000] "POST /admin HTTP/1.1" 200 0 "https://blackhat-unlock.com/wp-admin/" "Mozilla/5.0 (Windows NT 10.0; Win64; x64) AppleWebKit/537.36 (KHTML, like Gecko) Chrome/90.0.4430.85 Safari/537.36"
203.6.210.250 - - [20/Jul/2026:04:38:23 +0000] "POST /xmlrpc.php HTTP/1.1" 200 0 "-" "WordPress.com; https://wordpress.com"
203.6.210.250 - - [20/Jul/2026:04:38:33 +0000] "POST /xmlrpc.php HTTP/1.1" 200 0 "-" "Jetpack by WordPress.com"
91.92.243.239 - - [20/Jul/2026:04:38:22 +0000] "POST /wp-login.php HTTP/1.1" 200 0 "-" "Mozilla/5.0"
91.92.243.239 - - [20/Jul/2026:04:38:22 +0000] "POST /wp-login.php HTTP/1.1" 200 0 "-" "Mozilla/5.0"
136.144.33.91 - - [20/Jul/2026:04:38:27 +0000] "POST /wp-login.php HTTP/1.1" 200 0 "https://blackhat-unlock.com/wp-admin/" "Mozilla/5.0 (Windows NT 10.0; Win64; x64) AppleWebKit/537.36 (KHTML, like Gecko) Chrome/90.0.4430.85 Safari/537.36"
203.6.210.250 - - [20/Jul/2026:04:38:45 +0000] "POST /xmlrpc.php HTTP/1.1" 200 0 "-" "Jetpack/13.0; WordPress/6.4; http://site52448482.com"
136.144.33.92 - - [20/Jul/2026:04:38:42 +0000] "POST /admin HTTP/1.1" 200 0 "https://blackhat-unlock.com/wp-admin/" "Mozilla/5.0 (Windows NT 10.0; Win64; x64) AppleWebKit/537.36 (KHTML, like Gecko) Chrome/90.0.4430.85 Safari/537.36"
203.6.210.250 - - [20/Jul/2026:04:38:55 +0000] "POST /xmlrpc.php HTTP/1.1" 200 0 "-" "Jetpack by WordPress.com"
203.6.210.250 - - [20/Jul/2026:04:39:05 +0000] "POST /xmlrpc.php HTTP/1.1" 200 0 "-" "Jetpack by WordPress.com"
136.144.33.65 - - [20/Jul/2026:04:38:59 +0000] "POST /wp-login.php HTTP/1.1" 200 0 "https://blackhat-unlock.com/wp-admin/" "Mozilla/5.0 (Windows NT 10.0; Win64; x64) AppleWebKit/537.36 (KHTML, like Gecko) Chrome/90.0.4430.85 Safari/537.36"
203.6.210.250 - - [20/Jul/2026:04:39:16 +0000] "POST /xmlrpc.php HTTP/1.1" 200 0 "-" "Jetpack by WordPress.com"
136.144.33.60 - - [20/Jul/2026:04:39:14 +0000] "POST /admin HTTP/1.1" 200 0 "https://blackhat-unlock.com/wp-admin/" "Mozilla/5.0 (Windows NT 10.0; Win64; x64) AppleWebKit/537.36 (KHTML, like Gecko) Chrome/90.0.4430.85 Safari/537.36"
203.6.210.250 - - [20/Jul/2026:04:39:26 +0000] "POST /xmlrpc.php HTTP/1.1" 200 0 "-" "Jetpack/12.5; WordPress/6.4; http://site60428800.com"
203.6.210.250 - - [20/Jul/2026:04:39:37 +0000] "POST /xmlrpc.php HTTP/1.1" 200 0 "-" "WordPress.com; https://wordpress.com"
203.6.210.250 - - [20/Jul/2026:04:39:48 +0000] "POST /xmlrpc.php HTTP/1.1" 200 0 "-" "Jetpack/13.0; WordPress/6.4; http://site51839079.com"
136.144.33.80 - - [20/Jul/2026:04:39:41 +0000] "POST /wp-login.php HTTP/1.1" 200 0 "https://blackhat-unlock.com/wp-admin/" "Mozilla/5.0 (Windows NT 10.0; Win64; x64) AppleWebKit/537.36 (KHTML, like Gecko) Chrome/90.0.4430.85 Safari/537.36"
203.6.210.250 - - [20/Jul/2026:04:39:59 +0000] "POST /xmlrpc.php HTTP/1.1" 200 0 "-" "Jetpack/13.0; WordPress/6.3; http://site18560363.com"
136.144.33.92 - - [20/Jul/2026:04:39:56 +0000] "POST /admin HTTP/1.1" 200 0 "https://blackhat-unlock.com/wp-admin/" "Mozilla/5.0 (Windows NT 10.0; Win64; x64) AppleWebKit/537.36 (KHTML, like Gecko) Chrome/90.0.4430.85 Safari/537.36"
203.6.210.250 - - [20/Jul/2026:04:40:10 +0000] "POST /xmlrpc.php HTTP/1.1" 200 0 "-" "Jetpack/12.0; WordPress/6.1; http://site95691577.com"
203.6.210.250 - - [20/Jul/2026:04:40:20 +0000] "POST /xmlrpc.php HTTP/1.1" 200 0 "-" "Jetpack by WordPress.com"
136.144.33.51 - - [20/Jul/2026:04:40:13 +0000] "POST /wp-login.php HTTP/1.1" 200 0 "https://blackhat-unlock.com/wp-admin/" "Mozilla/5.0 (Windows NT 10.0; Win64; x64) AppleWebKit/537.36 (KHTML, like Gecko) Chrome/90.0.4430.85 Safari/537.36"
203.6.210.250 - - [20/Jul/2026:04:40:31 +0000] "POST /xmlrpc.php HTTP/1.1" 200 0 "-" "WordPress.com; https://wordpress.com"
136.144.33.85 - - [20/Jul/2026:04:40:28 +0000] "POST /admin HTTP/1.1" 200 0 "https://blackhat-unlock.com/wp-admin/" "Mozilla/5.0 (Windows NT 10.0; Win64; x64) AppleWebKit/537.36 (KHTML, like Gecko) Chrome/90.0.4430.85 Safari/537.36"
203.6.210.250 - - [20/Jul/2026:04:40:41 +0000] "POST /xmlrpc.php HTTP/1.1" 200 0 "-" "WordPress.com; https://wordpress.com"
45.148.10.120 - - [20/Jul/2026:04:40:48 +0000] "GET /.git/config HTTP/1.1" 403 1242 "-" "Mozilla/5.0 (Linux; Android 8.0.0; F5321) AppleWebKit/537.36 (KHTML, like Gecko) Chrome/76.0.3809.89 Mobile Safari/537.36"
45.148.10.120 - - [20/Jul/2026:04:40:50 +0000] "GET /.git/config HTTP/1.1" 403 1242 "-" "Mozilla/5.0 (iPhone; CPU iPhone OS 12_3 like Mac OS X) AppleWebKit/605.1.15 (KHTML, like Gecko) CriOS/71.0.3578.89 Mobile/15E148 Safari/605.1"
203.6.210.250 - - [20/Jul/2026:04:40:52 +0000] "POST /xmlrpc.php HTTP/1.1" 200 0 "-" "Jetpack by WordPress.com (Jetpack 12.5; WordPress 6.4)"
136.144.33.75 - - [20/Jul/2026:04:40:50 +0000] "POST /wp-login.php HTTP/1.1" 200 0 "https://blackhat-unlock.com/wp-admin/" "Mozilla/5.0 (Windows NT 10.0; Win64; x64) AppleWebKit/537.36 (KHTML, like Gecko) Chrome/90.0.4430.85 Safari/537.36"
203.6.210.250 - - [20/Jul/2026:04:41:02 +0000] "POST /xmlrpc.php HTTP/1.1" 200 0 "-" "Jetpack/12.0; WordPress/6.1; http://site48239944.com"
91.92.243.239 - - [20/Jul/2026:04:40:52 +0000] "POST /wp-login.php HTTP/1.1" 200 0 "-" "Mozilla/5.0"
91.92.243.239 - - [20/Jul/2026:04:40:52 +0000] "POST /wp-login.php HTTP/1.1" 200 0 "-" "Mozilla/5.0"
203.6.210.250 - - [20/Jul/2026:04:41:13 +0000] "POST /xmlrpc.php HTTP/1.1" 200 0 "-" "Jetpack by WordPress.com"
136.144.33.58 - - [20/Jul/2026:04:41:06 +0000] "POST /admin HTTP/1.1" 200 0 "https://blackhat-unlock.com/wp-admin/" "Mozilla/5.0 (Windows NT 10.0; Win64; x64) AppleWebKit/537.36 (KHTML, like Gecko) Chrome/90.0.4430.85 Safari/537.36"
203.6.210.250 - - [20/Jul/2026:04:41:24 +0000] "POST /xmlrpc.php HTTP/1.1" 200 0 "-" "Jetpack by WordPress.com"
203.6.210.250 - - [20/Jul/2026:04:41:35 +0000] "POST /xmlrpc.php HTTP/1.1" 200 0 "-" "WordPress.com; https://wordpress.com"
136.144.33.92 - - [20/Jul/2026:04:41:27 +0000] "POST /wp-login.php HTTP/1.1" 200 0 "https://blackhat-unlock.com/wp-admin/" "Mozilla/5.0 (Windows NT 10.0; Win64; x64) AppleWebKit/537.36 (KHTML, like Gecko) Chrome/90.0.4430.85 Safari/537.36"
203.6.210.250 - - [20/Jul/2026:04:41:45 +0000] "POST /xmlrpc.php HTTP/1.1" 200 0 "-" "Jetpack/12.0; WordPress/6.3; http://site32102955.com"
136.144.33.55 - - [20/Jul/2026:04:41:43 +0000] "POST /admin HTTP/1.1" 200 0 "https://blackhat-unlock.com/wp-admin/" "Mozilla/5.0 (Windows NT 10.0; Win64; x64) AppleWebKit/537.36 (KHTML, like Gecko) Chrome/90.0.4430.85 Safari/537.36"
203.6.210.250 - - [20/Jul/2026:04:41:59 +0000] "POST /xmlrpc.php HTTP/1.1" 200 0 "-" "Jetpack by WordPress.com (Jetpack 12.0; WordPress 6.3)"
74.235.96.117 - - [20/Jul/2026:04:41:43 +0000] "POST /xmlrpc.php HTTP/2" 200 186 "-" "Mozilla/5.0 (Windows NT 10.0; Win64; x64) AppleWebKit/537.36 (KHTML, like Gecko) Chrome/147.0.0.0 Safari/537.36"
203.6.210.250 - - [20/Jul/2026:04:42:07 +0000] "POST /xmlrpc.php HTTP/1.1" 200 0 "-" "WordPress.com; https://wordpress.com"
194.39.149.53 - - [20/Jul/2026:04:42:10 +0000] "POST /wp-cron.php?doing_wp_cron=1784522529.9275949001312255859375 HTTP/1.1" 200 0 "-" "WordPress/7.0.2; https://blackhat-unlock.com"
136.144.33.87 - - [20/Jul/2026:04:42:06 +0000] "POST /wp-login.php HTTP/1.1" 200 0 "https://blackhat-unlock.com/wp-admin/" "Mozilla/5.0 (Windows NT 10.0; Win64; x64) AppleWebKit/537.36 (KHTML, like Gecko) Chrome/90.0.4430.85 Safari/537.36"
203.6.210.250 - - [20/Jul/2026:04:42:18 +0000] "POST /xmlrpc.php HTTP/1.1" 200 0 "-" "Jetpack/12.5; WordPress/6.2; http://site47973111.com"
203.6.210.250 - - [20/Jul/2026:04:42:28 +0000] "POST /xmlrpc.php HTTP/1.1" 200 0 "-" "Jetpack by WordPress.com (Jetpack 12.0; WordPress 6.2)"
134.122.40.246 - - [20/Jul/2026:04:42:13 +0000] "POST /wp-login.php HTTP/1.1" 200 0 "-" "Mozilla/5.0"
136.144.33.55 - - [20/Jul/2026:04:42:21 +0000] "POST /admin HTTP/1.1" 200 0 "https://blackhat-unlock.com/wp-admin/" "Mozilla/5.0 (Windows NT 10.0; Win64; x64) AppleWebKit/537.36 (KHTML, like Gecko) Chrome/90.0.4430.85 Safari/537.36"
203.6.210.250 - - [20/Jul/2026:04:42:39 +0000] "POST /xmlrpc.php HTTP/1.1" 200 0 "-" "Jetpack by WordPress.com"
143.198.37.30 - - [20/Jul/2026:04:42:30 +0000] "POST /wp-login.php HTTP/1.1" 200 0 "-" "Mozilla/5.0"
136.144.33.61 - - [20/Jul/2026:04:42:39 +0000] "POST /wp-login.php HTTP/1.1" 200 0 "https://blackhat-unlock.com/wp-admin/" "Mozilla/5.0 (Windows NT 10.0; Win64; x64) AppleWebKit/537.36 (KHTML, like Gecko) Chrome/90.0.4430.85 Safari/537.36"
203.6.210.250 - - [20/Jul/2026:04:42:49 +0000] "POST /xmlrpc.php HTTP/1.1" 200 0 "-" "Jetpack by WordPress.com (Jetpack 12.5; WordPress 6.4)"
203.6.210.250 - - [20/Jul/2026:04:43:00 +0000] "POST /xmlrpc.php HTTP/1.1" 200 0 "-" "Jetpack by WordPress.com (Jetpack 12.1; WordPress 6.3)"
172.245.102.91 - - [20/Jul/2026:04:42:54 +0000] "POST /admin HTTP/1.1" 200 0 "https://blackhat-unlock.com/wp-admin/" "Mozilla/5.0 (Windows NT 10.0; Win64; x64) AppleWebKit/537.36 (KHTML, like Gecko) Chrome/90.0.4430.85 Safari/537.36"
203.6.210.250 - - [20/Jul/2026:04:43:11 +0000] "POST /xmlrpc.php HTTP/1.1" 200 0 "-" "Jetpack by WordPress.com"
203.6.210.250 - - [20/Jul/2026:04:43:21 +0000] "POST /xmlrpc.php HTTP/1.1" 200 0 "-" "WordPress.com; https://wordpress.com"
136.144.33.72 - - [20/Jul/2026:04:43:17 +0000] "POST /wp-login.php HTTP/1.1" 200 0 "https://blackhat-unlock.com/wp-admin/" "Mozilla/5.0 (Windows NT 10.0; Win64; x64) AppleWebKit/537.36 (KHTML, like Gecko) Chrome/90.0.4430.85 Safari/537.36"
203.6.210.250 - - [20/Jul/2026:04:43:32 +0000] "POST /xmlrpc.php HTTP/1.1" 200 0 "-" "WordPress.com; https://wordpress.com"
136.144.33.61 - - [20/Jul/2026:04:43:32 +0000] "POST /admin HTTP/1.1" 200 0 "https://blackhat-unlock.com/wp-admin/" "Mozilla/5.0 (Windows NT 10.0; Win64; x64) AppleWebKit/537.36 (KHTML, like Gecko) Chrome/90.0.4430.85 Safari/537.36"
203.6.210.250 - - [20/Jul/2026:04:43:43 +0000] "POST /xmlrpc.php HTTP/1.1" 200 0 "-" "Jetpack/13.0; WordPress/6.1; http://site22672340.com"
203.6.210.250 - - [20/Jul/2026:04:43:53 +0000] "POST /xmlrpc.php HTTP/1.1" 200 0 "-" "WordPress.com; https://wordpress.com"
72.60.40.175 - - [20/Jul/2026:04:43:38 +0000] "GET /shop/ HTTP/2" 200 234009 "-" "Mozilla/5.0 (Windows NT 10.0; Win64; x64) AppleWebKit/537.36"
203.6.210.250 - - [20/Jul/2026:04:44:04 +0000] "POST /xmlrpc.php HTTP/1.1" 200 0 "-" "Jetpack/12.1; WordPress/6.2; http://site69145256.com"
