72.60.40.175 - - [19/Jul/2026:14:22:45 +0000] "GET /shop/ HTTP/2" 200 96075 "-" "Mozilla/5.0 (Windows NT 10.0; Win64; x64) AppleWebKit/537.36"
81.8.84.20 - - [19/Jul/2026:14:22:39 +0000] "POST /xmlrpc.php HTTP/1.1" 200 0 "-" "Jetpack/12.0; WordPress/6.2; http://site60289597.com"
81.8.84.20 - - [19/Jul/2026:14:22:42 +0000] "POST /xmlrpc.php HTTP/1.1" 200 0 "-" "Jetpack by WordPress.com"
81.8.84.20 - - [19/Jul/2026:14:22:50 +0000] "POST /xmlrpc.php HTTP/1.1" 200 0 "-" "WordPress.com; https://wordpress.com"
81.8.84.20 - - [19/Jul/2026:14:22:53 +0000] "POST /xmlrpc.php HTTP/1.1" 200 0 "-" "Jetpack by WordPress.com (Jetpack 12.0; WordPress 6.3)"
81.8.84.20 - - [19/Jul/2026:14:23:00 +0000] "POST /xmlrpc.php HTTP/1.1" 200 0 "-" "Jetpack by WordPress.com"
81.8.84.20 - - [19/Jul/2026:14:23:03 +0000] "POST /xmlrpc.php HTTP/1.1" 200 0 "-" "Jetpack by WordPress.com"
81.8.84.20 - - [19/Jul/2026:14:23:11 +0000] "POST /xmlrpc.php HTTP/1.1" 200 0 "-" "Jetpack by WordPress.com (Jetpack 12.0; WordPress 6.1)"
81.8.84.20 - - [19/Jul/2026:14:23:14 +0000] "POST /xmlrpc.php HTTP/1.1" 200 0 "-" "Jetpack by WordPress.com"
81.8.84.20 - - [19/Jul/2026:14:23:21 +0000] "POST /xmlrpc.php HTTP/1.1" 200 0 "-" "Jetpack by WordPress.com (Jetpack 12.5; WordPress 6.3)"
81.8.84.20 - - [19/Jul/2026:14:23:24 +0000] "POST /xmlrpc.php HTTP/1.1" 200 0 "-" "Jetpack by WordPress.com"
91.92.243.239 - - [19/Jul/2026:14:23:39 +0000] "POST /wp-login.php HTTP/1.1" 403 19352 "-" "Mozilla/5.0"
91.92.243.239 - - [19/Jul/2026:14:23:39 +0000] "POST /wp-login.php HTTP/1.1" 403 19352 "-" "Mozilla/5.0"
81.8.84.20 - - [19/Jul/2026:14:23:32 +0000] "POST /xmlrpc.php HTTP/1.1" 200 0 "-" "Jetpack/12.5; WordPress/6.3; http://site14235066.com"
81.8.84.20 - - [19/Jul/2026:14:23:35 +0000] "POST /xmlrpc.php HTTP/1.1" 200 0 "-" "Jetpack by WordPress.com (Jetpack 12.1; WordPress 6.1)"
81.8.84.20 - - [19/Jul/2026:14:23:42 +0000] "POST /xmlrpc.php HTTP/1.1" 200 0 "-" "Jetpack/12.0; WordPress/6.4; http://site30432073.com"
81.8.84.20 - - [19/Jul/2026:14:23:46 +0000] "POST /xmlrpc.php HTTP/1.1" 200 0 "-" "Jetpack by WordPress.com (Jetpack 12.5; WordPress 6.2)"
81.8.84.20 - - [19/Jul/2026:14:23:53 +0000] "POST /xmlrpc.php HTTP/1.1" 200 0 "-" "WordPress.com; https://wordpress.com"
81.8.84.20 - - [19/Jul/2026:14:23:56 +0000] "POST /xmlrpc.php HTTP/1.1" 200 0 "-" "Jetpack by WordPress.com (Jetpack 12.0; WordPress 6.1)"
194.39.149.53 - - [19/Jul/2026:14:24:07 +0000] "POST /wp-cron.php?doing_wp_cron=1784471047.5086328983306884765625 HTTP/1.1" 200 0 "-" "WordPress/7.0.2; https://blackhat-unlock.com"
3.209.174.110 - - [19/Jul/2026:14:24:05 +0000] "GET /wp-json/oembed/1.0/embed?url=https://blackhat-unlock.com/product/clarke-cfp-floor/ HTTP/1.1" 200 1165 "-" "Mozilla/5.0 AppleWebKit/537.36 (KHTML, like Gecko; compatible; Amazonbot/0.1; +https://developer.amazon.com/support/amazonbot) Chrome/119.0.6045.214 Safari/537.36"
81.8.84.20 - - [19/Jul/2026:14:24:04 +0000] "POST /xmlrpc.php HTTP/1.1" 200 0 "-" "WordPress.com; https://wordpress.com"
81.8.84.20 - - [19/Jul/2026:14:24:07 +0000] "POST /xmlrpc.php HTTP/1.1" 200 0 "-" "WordPress.com; https://wordpress.com"
81.8.84.20 - - [19/Jul/2026:14:24:14 +0000] "POST /xmlrpc.php HTTP/1.1" 200 0 "-" "Jetpack by WordPress.com (Jetpack 12.5; WordPress 6.2)"
81.8.84.20 - - [19/Jul/2026:14:24:17 +0000] "POST /xmlrpc.php HTTP/1.1" 200 0 "-" "WordPress.com; https://wordpress.com"
81.8.84.20 - - [19/Jul/2026:14:22:31 +0000] "POST /xmlrpc.php HTTP/1.1" 200 0 "-" "Jetpack by WordPress.com"
81.8.84.20 - - [19/Jul/2026:14:24:25 +0000] "POST /xmlrpc.php HTTP/1.1" 200 0 "-" "Jetpack by WordPress.com (Jetpack 13.0; WordPress 6.1)"
81.8.84.20 - - [19/Jul/2026:14:24:28 +0000] "POST /xmlrpc.php HTTP/1.1" 200 0 "-" "Jetpack/13.0; WordPress/6.2; http://site99055698.com"
81.8.84.20 - - [19/Jul/2026:14:24:35 +0000] "POST /xmlrpc.php HTTP/1.1" 200 0 "-" "Jetpack by WordPress.com (Jetpack 13.0; WordPress 6.3)"
81.8.84.20 - - [19/Jul/2026:14:24:38 +0000] "POST /xmlrpc.php HTTP/1.1" 200 0 "-" "Jetpack/12.0; WordPress/6.4; http://site45547140.com"
81.8.84.20 - - [19/Jul/2026:14:24:46 +0000] "POST /xmlrpc.php HTTP/1.1" 200 0 "-" "WordPress.com; https://wordpress.com"
81.8.84.20 - - [19/Jul/2026:14:24:49 +0000] "POST /xmlrpc.php HTTP/1.1" 200 0 "-" "Jetpack/12.1; WordPress/6.2; http://site97925163.com"
194.39.149.53 - - [19/Jul/2026:14:25:05 +0000] "POST /wp-cron.php?doing_wp_cron=1784471105.3063840866088867187500 HTTP/1.1" 200 0 "-" "WordPress/7.0.2; https://blackhat-unlock.com"
52.0.105.244 - - [19/Jul/2026:14:25:01 +0000] "GET /wp-json/wp/v2/product/1341 HTTP/1.1" 200 1195 "-" "Mozilla/5.0 AppleWebKit/537.36 (KHTML, like Gecko; compatible; Amazonbot/0.1; +https://developer.amazon.com/support/amazonbot) Chrome/119.0.6045.214 Safari/537.36"
81.8.84.20 - - [19/Jul/2026:14:24:56 +0000] "POST /xmlrpc.php HTTP/1.1" 200 0 "-" "Jetpack by WordPress.com"
81.8.84.20 - - [19/Jul/2026:14:25:07 +0000] "POST /xmlrpc.php HTTP/1.1" 200 0 "-" "Jetpack by WordPress.com"
81.8.84.20 - - [19/Jul/2026:14:25:10 +0000] "POST /xmlrpc.php HTTP/1.1" 200 0 "-" "Jetpack by WordPress.com (Jetpack 12.0; WordPress 6.3)"
81.8.84.20 - - [19/Jul/2026:14:25:18 +0000] "POST /xmlrpc.php HTTP/1.1" 200 0 "-" "Jetpack by WordPress.com"
81.8.84.20 - - [19/Jul/2026:14:25:28 +0000] "POST /xmlrpc.php HTTP/1.1" 200 0 "-" "Jetpack/12.0; WordPress/6.2; http://site16052939.com"
81.8.84.20 - - [19/Jul/2026:14:25:31 +0000] "POST /xmlrpc.php HTTP/1.1" 200 0 "-" "Jetpack/13.0; WordPress/6.1; http://site81393943.com"
81.8.84.20 - - [19/Jul/2026:14:25:39 +0000] "POST /xmlrpc.php HTTP/1.1" 200 0 "-" "WordPress.com; https://wordpress.com"
81.8.84.20 - - [19/Jul/2026:14:25:42 +0000] "POST /xmlrpc.php HTTP/1.1" 200 0 "-" "Jetpack by WordPress.com"
81.8.84.20 - - [19/Jul/2026:14:25:49 +0000] "POST /xmlrpc.php HTTP/1.1" 200 0 "-" "WordPress.com; https://wordpress.com"
81.8.84.20 - - [19/Jul/2026:14:25:52 +0000] "POST /xmlrpc.php HTTP/1.1" 200 0 "-" "Jetpack by WordPress.com"
81.8.84.20 - - [19/Jul/2026:14:26:00 +0000] "POST /xmlrpc.php HTTP/1.1" 200 0 "-" "WordPress.com; https://wordpress.com"
81.8.84.20 - - [19/Jul/2026:14:26:03 +0000] "POST /xmlrpc.php HTTP/1.1" 200 0 "-" "Jetpack by WordPress.com (Jetpack 12.5; WordPress 6.2)"
81.8.84.20 - - [19/Jul/2026:14:26:10 +0000] "POST /xmlrpc.php HTTP/1.1" 200 0 "-" "Jetpack/13.0; WordPress/6.4; http://site47204043.com"
81.8.84.20 - - [19/Jul/2026:14:26:14 +0000] "POST /xmlrpc.php HTTP/1.1" 200 0 "-" "WordPress.com; https://wordpress.com"
81.8.84.20 - - [19/Jul/2026:14:26:21 +0000] "POST /xmlrpc.php HTTP/1.1" 200 0 "-" "Jetpack by WordPress.com (Jetpack 12.0; WordPress 6.2)"
81.8.84.20 - - [19/Jul/2026:14:26:24 +0000] "POST /xmlrpc.php HTTP/1.1" 200 0 "-" "Jetpack by WordPress.com (Jetpack 12.0; WordPress 6.1)"
81.8.84.20 - - [19/Jul/2026:14:26:31 +0000] "POST /xmlrpc.php HTTP/1.1" 200 0 "-" "Jetpack by WordPress.com"
81.8.84.20 - - [19/Jul/2026:14:26:35 +0000] "POST /xmlrpc.php HTTP/1.1" 200 0 "-" "Jetpack/13.0; WordPress/6.3; http://site82803132.com"
91.92.243.239 - - [19/Jul/2026:14:26:47 +0000] "POST /wp-login.php HTTP/1.1" 403 19352 "-" "Mozilla/5.0"
91.92.243.239 - - [19/Jul/2026:14:26:47 +0000] "POST /wp-login.php HTTP/1.1" 403 19352 "-" "Mozilla/5.0"
81.8.84.20 - - [19/Jul/2026:14:26:42 +0000] "POST /xmlrpc.php HTTP/1.1" 200 0 "-" "Jetpack by WordPress.com"
81.8.84.20 - - [19/Jul/2026:14:26:45 +0000] "POST /xmlrpc.php HTTP/1.1" 200 0 "-" "WordPress.com; https://wordpress.com"
81.8.84.20 - - [19/Jul/2026:14:25:00 +0000] "POST /xmlrpc.php HTTP/1.1" 200 0 "-" "Jetpack by WordPress.com"
81.8.84.20 - - [19/Jul/2026:14:26:56 +0000] "POST /xmlrpc.php HTTP/1.1" 200 0 "-" "Jetpack by WordPress.com (Jetpack 12.1; WordPress 6.2)"
194.39.149.53 - - [19/Jul/2026:14:27:11 +0000] "POST /wp-cron.php?doing_wp_cron=1784471231.0573480129241943359375 HTTP/1.1" 200 0 "-" "WordPress/7.0.2; https://blackhat-unlock.com"
3.218.103.254 - - [19/Jul/2026:14:27:09 +0000] "GET /tag/agency/feed/ HTTP/1.1" 200 3543 "-" "Mozilla/5.0 AppleWebKit/537.36 (KHTML, like Gecko; compatible; Amazonbot/0.1; +https://developer.amazon.com/support/amazonbot) Chrome/119.0.6045.214 Safari/537.36"
81.8.84.20 - - [19/Jul/2026:14:27:03 +0000] "POST /xmlrpc.php HTTP/1.1" 200 0 "-" "WordPress.com; https://wordpress.com"
81.8.84.20 - - [19/Jul/2026:14:27:07 +0000] "POST /xmlrpc.php HTTP/1.1" 200 0 "-" "Jetpack by WordPress.com (Jetpack 13.0; WordPress 6.1)"
81.8.84.20 - - [19/Jul/2026:14:25:21 +0000] "POST /xmlrpc.php HTTP/1.1" 200 0 "-" "Jetpack/13.0; WordPress/6.2; http://site32654955.com"
81.8.84.20 - - [19/Jul/2026:14:27:14 +0000] "POST /xmlrpc.php HTTP/1.1" 200 0 "-" "Jetpack by WordPress.com"
81.8.84.20 - - [19/Jul/2026:14:27:17 +0000] "POST /xmlrpc.php HTTP/1.1" 200 0 "-" "WordPress.com; https://wordpress.com"
194.39.149.53 - - [19/Jul/2026:14:27:35 +0000] "POST /wp-cron.php?doing_wp_cron=1784471255.0089249610900878906250 HTTP/1.1" 200 0 "-" "WordPress/7.0.2; https://blackhat-unlock.com"
52.4.76.156 - - [19/Jul/2026:14:27:33 +0000] "GET /wp-json/oembed/1.0/embed?url=https://blackhat-unlock.com/product/global-clean-energy/ HTTP/1.1" 200 1166 "-" "Mozilla/5.0 AppleWebKit/537.36 (KHTML, like Gecko; compatible; Amazonbot/0.1; +https://developer.amazon.com/support/amazonbot) Chrome/119.0.6045.214 Safari/537.36"
81.8.84.20 - - [19/Jul/2026:14:27:28 +0000] "POST /xmlrpc.php HTTP/1.1" 200 0 "-" "WordPress.com; https://wordpress.com"
81.8.84.20 - - [19/Jul/2026:14:27:35 +0000] "POST /xmlrpc.php HTTP/1.1" 200 0 "-" "Jetpack by WordPress.com (Jetpack 13.0; WordPress 6.3)"
81.8.84.20 - - [19/Jul/2026:14:27:38 +0000] "POST /xmlrpc.php HTTP/1.1" 200 0 "-" "Jetpack/13.0; WordPress/6.4; http://site48832275.com"
81.8.84.20 - - [19/Jul/2026:14:27:46 +0000] "POST /xmlrpc.php HTTP/1.1" 200 0 "-" "Jetpack by WordPress.com (Jetpack 12.0; WordPress 6.1)"
81.8.84.20 - - [19/Jul/2026:14:27:49 +0000] "POST /xmlrpc.php HTTP/1.1" 200 0 "-" "Jetpack by WordPress.com (Jetpack 12.1; WordPress 6.1)"
81.8.84.20 - - [19/Jul/2026:14:27:56 +0000] "POST /xmlrpc.php HTTP/1.1" 200 0 "-" "Jetpack/13.0; WordPress/6.4; http://site91091820.com"
81.8.84.20 - - [19/Jul/2026:14:27:59 +0000] "POST /xmlrpc.php HTTP/1.1" 200 0 "-" "Jetpack/12.1; WordPress/6.3; http://site56137719.com"
81.8.84.20 - - [19/Jul/2026:14:28:07 +0000] "POST /xmlrpc.php HTTP/1.1" 200 0 "-" "Jetpack by WordPress.com"
81.8.84.20 - - [19/Jul/2026:14:28:10 +0000] "POST /xmlrpc.php HTTP/1.1" 200 0 "-" "Jetpack by WordPress.com"
81.8.84.20 - - [19/Jul/2026:14:28:17 +0000] "POST /xmlrpc.php HTTP/1.1" 200 0 "-" "Jetpack by WordPress.com"
81.8.84.20 - - [19/Jul/2026:14:28:21 +0000] "POST /xmlrpc.php HTTP/1.1" 200 0 "-" "Jetpack by WordPress.com"
81.8.84.20 - - [19/Jul/2026:14:28:28 +0000] "POST /xmlrpc.php HTTP/1.1" 200 0 "-" "Jetpack/12.1; WordPress/6.2; http://site31248064.com"
81.8.84.20 - - [19/Jul/2026:14:28:31 +0000] "POST /xmlrpc.php HTTP/1.1" 200 0 "-" "Jetpack by WordPress.com"
81.8.84.20 - - [19/Jul/2026:14:28:39 +0000] "POST /xmlrpc.php HTTP/1.1" 200 0 "-" "WordPress.com; https://wordpress.com"
81.8.84.20 - - [19/Jul/2026:14:28:42 +0000] "POST /xmlrpc.php HTTP/1.1" 200 0 "-" "Jetpack by WordPress.com"
81.8.84.20 - - [19/Jul/2026:14:26:53 +0000] "POST /xmlrpc.php HTTP/1.1" 200 0 "-" "Jetpack by WordPress.com"
81.8.84.20 - - [19/Jul/2026:14:28:49 +0000] "POST /xmlrpc.php HTTP/1.1" 200 0 "-" "Jetpack by WordPress.com (Jetpack 12.0; WordPress 6.2)"
81.8.84.20 - - [19/Jul/2026:14:28:52 +0000] "POST /xmlrpc.php HTTP/1.1" 200 0 "-" "Jetpack by WordPress.com"
91.92.243.239 - - [19/Jul/2026:14:29:11 +0000] "POST /wp-login.php HTTP/1.1" 403 19352 "-" "Mozilla/5.0"
91.92.243.239 - - [19/Jul/2026:14:29:11 +0000] "POST /wp-login.php HTTP/1.1" 403 19352 "-" "Mozilla/5.0"
81.8.84.20 - - [19/Jul/2026:14:29:00 +0000] "POST /xmlrpc.php HTTP/1.1" 200 0 "-" "Jetpack by WordPress.com (Jetpack 13.0; WordPress 6.2)"
81.8.84.20 - - [19/Jul/2026:14:29:03 +0000] "POST /xmlrpc.php HTTP/1.1" 200 0 "-" "WordPress.com; https://wordpress.com"
81.8.84.20 - - [19/Jul/2026:14:29:10 +0000] "POST /xmlrpc.php HTTP/1.1" 200 0 "-" "Jetpack by WordPress.com"
81.8.84.20 - - [19/Jul/2026:14:27:24 +0000] "POST /xmlrpc.php HTTP/1.1" 200 0 "-" "Jetpack by WordPress.com"
81.8.84.20 - - [19/Jul/2026:14:29:14 +0000] "POST /xmlrpc.php HTTP/1.1" 200 0 "-" "Jetpack/12.0; WordPress/6.3; http://site36274353.com"
81.8.84.20 - - [19/Jul/2026:14:29:21 +0000] "POST /xmlrpc.php HTTP/1.1" 200 0 "-" "Jetpack by WordPress.com"
81.8.84.20 - - [19/Jul/2026:14:29:24 +0000] "POST /xmlrpc.php HTTP/1.1" 200 0 "-" "Jetpack/12.1; WordPress/6.2; http://site41306637.com"
81.8.84.20 - - [19/Jul/2026:14:29:31 +0000] "POST /xmlrpc.php HTTP/1.1" 200 0 "-" "Jetpack by WordPress.com (Jetpack 12.0; WordPress 6.1)"
81.8.84.20 - - [19/Jul/2026:14:29:35 +0000] "POST /xmlrpc.php HTTP/1.1" 200 0 "-" "Jetpack by WordPress.com (Jetpack 13.0; WordPress 6.3)"
81.8.84.20 - - [19/Jul/2026:14:29:42 +0000] "POST /xmlrpc.php HTTP/1.1" 200 0 "-" "Jetpack/12.5; WordPress/6.4; http://site20885212.com"
81.8.84.20 - - [19/Jul/2026:14:29:45 +0000] "POST /xmlrpc.php HTTP/1.1" 200 0 "-" "Jetpack by WordPress.com (Jetpack 13.0; WordPress 6.2)"
81.8.84.20 - - [19/Jul/2026:14:29:56 +0000] "POST /xmlrpc.php HTTP/1.1" 200 0 "-" "WordPress.com; https://wordpress.com"
81.8.84.20 - - [19/Jul/2026:14:30:03 +0000] "POST /xmlrpc.php HTTP/1.1" 200 0 "-" "WordPress.com; https://wordpress.com"
81.8.84.20 - - [19/Jul/2026:14:30:06 +0000] "POST /xmlrpc.php HTTP/1.1" 200 0 "-" "Jetpack by WordPress.com (Jetpack 12.5; WordPress 6.4)"
81.8.84.20 - - [19/Jul/2026:14:30:14 +0000] "POST /xmlrpc.php HTTP/1.1" 200 0 "-" "WordPress.com; https://wordpress.com"
81.8.84.20 - - [19/Jul/2026:14:30:24 +0000] "POST /xmlrpc.php HTTP/1.1" 200 0 "-" "Jetpack by WordPress.com (Jetpack 12.5; WordPress 6.4)"
81.8.84.20 - - [19/Jul/2026:14:30:28 +0000] "POST /xmlrpc.php HTTP/1.1" 200 0 "-" "Jetpack/12.1; WordPress/6.3; http://site55498030.com"
81.8.84.20 - - [19/Jul/2026:14:30:35 +0000] "POST /xmlrpc.php HTTP/1.1" 200 0 "-" "Jetpack by WordPress.com (Jetpack 12.5; WordPress 6.3)"
81.8.84.20 - - [19/Jul/2026:14:30:38 +0000] "POST /xmlrpc.php HTTP/1.1" 200 0 "-" "Jetpack by WordPress.com (Jetpack 13.0; WordPress 6.2)"
81.8.84.20 - - [19/Jul/2026:14:30:45 +0000] "POST /xmlrpc.php HTTP/1.1" 200 0 "-" "Jetpack by WordPress.com"
81.8.84.20 - - [19/Jul/2026:14:30:49 +0000] "POST /xmlrpc.php HTTP/1.1" 200 0 "-" "WordPress.com; https://wordpress.com"
81.8.84.20 - - [19/Jul/2026:14:30:56 +0000] "POST /xmlrpc.php HTTP/1.1" 200 0 "-" "WordPress.com; https://wordpress.com"
81.8.84.20 - - [19/Jul/2026:14:30:59 +0000] "POST /xmlrpc.php HTTP/1.1" 200 0 "-" "Jetpack by WordPress.com"
81.8.84.20 - - [19/Jul/2026:14:31:06 +0000] "POST /xmlrpc.php HTTP/1.1" 200 0 "-" "WordPress.com; https://wordpress.com"
81.8.84.20 - - [19/Jul/2026:14:31:17 +0000] "POST /xmlrpc.php HTTP/1.1" 200 0 "-" "WordPress.com; https://wordpress.com"
81.8.84.20 - - [19/Jul/2026:14:31:21 +0000] "POST /xmlrpc.php HTTP/1.1" 200 0 "-" "WordPress.com; https://wordpress.com"
81.8.84.20 - - [19/Jul/2026:14:31:27 +0000] "POST /xmlrpc.php HTTP/1.1" 200 0 "-" "Jetpack by WordPress.com"
81.8.84.20 - - [19/Jul/2026:14:31:31 +0000] "POST /xmlrpc.php HTTP/1.1" 200 0 "-" "Jetpack by WordPress.com"
81.8.84.20 - - [19/Jul/2026:14:31:38 +0000] "POST /xmlrpc.php HTTP/1.1" 200 0 "-" "WordPress.com; https://wordpress.com"
81.8.84.20 - - [19/Jul/2026:14:29:52 +0000] "POST /xmlrpc.php HTTP/1.1" 200 0 "-" "Jetpack by WordPress.com"
81.8.84.20 - - [19/Jul/2026:14:31:42 +0000] "POST /xmlrpc.php HTTP/1.1" 200 0 "-" "Jetpack by WordPress.com"
81.8.84.20 - - [19/Jul/2026:14:31:49 +0000] "POST /xmlrpc.php HTTP/1.1" 200 0 "-" "Jetpack/12.5; WordPress/6.3; http://site65794281.com"
81.8.84.20 - - [19/Jul/2026:14:31:52 +0000] "POST /xmlrpc.php HTTP/1.1" 200 0 "-" "Jetpack by WordPress.com (Jetpack 12.0; WordPress 6.3)"
91.92.243.239 - - [19/Jul/2026:14:32:09 +0000] "POST /wp-login.php HTTP/1.1" 403 19352 "-" "Mozilla/5.0"
91.92.243.239 - - [19/Jul/2026:14:32:09 +0000] "POST /wp-login.php HTTP/1.1" 403 19352 "-" "Mozilla/5.0"
81.8.84.20 - - [19/Jul/2026:14:31:59 +0000] "POST /xmlrpc.php HTTP/1.1" 200 0 "-" "Jetpack by WordPress.com"
81.8.84.20 - - [19/Jul/2026:14:32:03 +0000] "POST /xmlrpc.php HTTP/1.1" 200 0 "-" "Jetpack/12.0; WordPress/6.4; http://site46656973.com"
81.8.84.20 - - [19/Jul/2026:14:30:17 +0000] "POST /xmlrpc.php HTTP/1.1" 200 0 "-" "Jetpack by WordPress.com"
81.8.84.20 - - [19/Jul/2026:14:32:10 +0000] "POST /xmlrpc.php HTTP/1.1" 200 0 "-" "WordPress.com; https://wordpress.com"
81.8.84.20 - - [19/Jul/2026:14:32:13 +0000] "POST /xmlrpc.php HTTP/1.1" 200 0 "-" "Jetpack/12.0; WordPress/6.4; http://site23112508.com"
81.8.84.20 - - [19/Jul/2026:14:32:20 +0000] "POST /xmlrpc.php HTTP/1.1" 200 0 "-" "Jetpack by WordPress.com (Jetpack 12.5; WordPress 6.4)"
81.8.84.20 - - [19/Jul/2026:14:32:24 +0000] "POST /xmlrpc.php HTTP/1.1" 200 0 "-" "Jetpack by WordPress.com"
81.8.84.20 - - [19/Jul/2026:14:32:31 +0000] "POST /xmlrpc.php HTTP/1.1" 200 0 "-" "Jetpack by WordPress.com (Jetpack 13.0; WordPress 6.3)"
81.8.84.20 - - [19/Jul/2026:14:32:35 +0000] "POST /xmlrpc.php HTTP/1.1" 200 0 "-" "WordPress.com; https://wordpress.com"
194.39.149.53 - - [19/Jul/2026:14:32:51 +0000] "POST /wp-cron.php?doing_wp_cron=1784471570.9222989082336425781250 HTTP/1.1" 200 0 "-" "WordPress/7.0.2; https://blackhat-unlock.com"
72.60.40.175 - - [19/Jul/2026:14:32:48 +0000] "GET /shop/ HTTP/2" 200 96075 "-" "Mozilla/5.0 (Windows NT 10.0; Win64; x64) AppleWebKit/537.36"
81.8.84.20 - - [19/Jul/2026:14:32:41 +0000] "POST /xmlrpc.php HTTP/1.1" 200 0 "-" "WordPress.com; https://wordpress.com"
81.8.84.20 - - [19/Jul/2026:14:32:45 +0000] "POST /xmlrpc.php HTTP/1.1" 200 0 "-" "Jetpack by WordPress.com"
81.8.84.20 - - [19/Jul/2026:14:32:52 +0000] "POST /xmlrpc.php HTTP/1.1" 200 0 "-" "Jetpack by WordPress.com (Jetpack 12.0; WordPress 6.2)"
81.8.84.20 - - [19/Jul/2026:14:32:56 +0000] "POST /xmlrpc.php HTTP/1.1" 200 0 "-" "Jetpack by WordPress.com"
81.8.84.20 - - [19/Jul/2026:14:31:10 +0000] "POST /xmlrpc.php HTTP/1.1" 200 0 "-" "WordPress.com; https://wordpress.com"
81.8.84.20 - - [19/Jul/2026:14:33:02 +0000] "POST /xmlrpc.php HTTP/1.1" 200 0 "-" "WordPress.com; https://wordpress.com"
81.8.84.20 - - [19/Jul/2026:14:33:06 +0000] "POST /xmlrpc.php HTTP/1.1" 200 0 "-" "Jetpack by WordPress.com (Jetpack 12.5; WordPress 6.4)"
81.8.84.20 - - [19/Jul/2026:14:33:13 +0000] "POST /xmlrpc.php HTTP/1.1" 200 0 "-" "Jetpack by WordPress.com (Jetpack 12.0; WordPress 6.4)"
81.8.84.20 - - [19/Jul/2026:14:33:17 +0000] "POST /xmlrpc.php HTTP/1.1" 200 0 "-" "Jetpack/12.1; WordPress/6.4; http://site24077976.com"
81.8.84.20 - - [19/Jul/2026:14:33:24 +0000] "POST /xmlrpc.php HTTP/1.1" 200 0 "-" "Jetpack/12.5; WordPress/6.1; http://site59859615.com"
81.8.84.20 - - [19/Jul/2026:14:33:27 +0000] "POST /xmlrpc.php HTTP/1.1" 200 0 "-" "WordPress.com; https://wordpress.com"
81.8.84.20 - - [19/Jul/2026:14:33:38 +0000] "POST /xmlrpc.php HTTP/1.1" 200 0 "-" "Jetpack/12.1; WordPress/6.1; http://site79072169.com"
81.8.84.20 - - [19/Jul/2026:14:33:45 +0000] "POST /xmlrpc.php HTTP/1.1" 200 0 "-" "WordPress.com; https://wordpress.com"
81.8.84.20 - - [19/Jul/2026:14:33:49 +0000] "POST /xmlrpc.php HTTP/1.1" 200 0 "-" "WordPress.com; https://wordpress.com"
194.39.149.53 - - [19/Jul/2026:14:34:05 +0000] "POST /wp-cron.php?doing_wp_cron=1784471644.9149050712585449218750 HTTP/1.1" 200 0 "-" "WordPress/7.0.2; https://blackhat-unlock.com"
136.144.42.202 - - [19/Jul/2026:14:34:01 +0000] "POST /wp-login.php HTTP/1.1" 200 2536 "-" "Mozilla/5.0 (Macintosh; Intel Mac OS X 10_15_7) AppleWebKit/605.1.15 Version/17.0 Safari/605.1.15"
81.8.84.20 - - [19/Jul/2026:14:33:55 +0000] "POST /xmlrpc.php HTTP/1.1" 200 0 "-" "Jetpack by WordPress.com"
81.8.84.20 - - [19/Jul/2026:14:33:59 +0000] "POST /xmlrpc.php HTTP/1.1" 200 0 "-" "WordPress.com; https://wordpress.com"
81.8.84.20 - - [19/Jul/2026:14:34:06 +0000] "POST /xmlrpc.php HTTP/1.1" 200 0 "-" "Jetpack by WordPress.com"
81.8.84.20 - - [19/Jul/2026:14:34:10 +0000] "POST /xmlrpc.php HTTP/1.1" 200 0 "-" "Jetpack by WordPress.com"
81.8.84.20 - - [19/Jul/2026:14:34:16 +0000] "POST /xmlrpc.php HTTP/1.1" 200 0 "-" "Jetpack by WordPress.com (Jetpack 12.0; WordPress 6.3)"
81.8.84.20 - - [19/Jul/2026:14:34:20 +0000] "POST /xmlrpc.php HTTP/1.1" 200 0 "-" "Jetpack by WordPress.com (Jetpack 12.5; WordPress 6.1)"
91.92.243.239 - - [19/Jul/2026:14:34:35 +0000] "POST /wp-login.php HTTP/1.1" 403 19352 "-" "Mozilla/5.0"
91.92.243.239 - - [19/Jul/2026:14:34:35 +0000] "POST /wp-login.php HTTP/1.1" 403 19352 "-" "Mozilla/5.0"
81.8.84.20 - - [19/Jul/2026:14:34:27 +0000] "POST /xmlrpc.php HTTP/1.1" 200 0 "-" "Jetpack/13.0; WordPress/6.2; http://site88780330.com"
81.8.84.20 - - [19/Jul/2026:14:34:31 +0000] "POST /xmlrpc.php HTTP/1.1" 200 0 "-" "Jetpack by WordPress.com (Jetpack 12.0; WordPress 6.3)"
81.8.84.20 - - [19/Jul/2026:14:34:37 +0000] "POST /xmlrpc.php HTTP/1.1" 200 0 "-" "Jetpack by WordPress.com"
81.8.84.20 - - [19/Jul/2026:14:34:41 +0000] "POST /xmlrpc.php HTTP/1.1" 200 0 "-" "Jetpack by WordPress.com (Jetpack 13.0; WordPress 6.3)"
81.8.84.20 - - [19/Jul/2026:14:34:48 +0000] "POST /xmlrpc.php HTTP/1.1" 200 0 "-" "Jetpack/12.1; WordPress/6.3; http://site51274934.com"
81.8.84.20 - - [19/Jul/2026:14:34:52 +0000] "POST /xmlrpc.php HTTP/1.1" 200 0 "-" "WordPress.com; https://wordpress.com"
81.8.84.20 - - [19/Jul/2026:14:34:59 +0000] "POST /xmlrpc.php HTTP/1.1" 200 0 "-" "WordPress.com; https://wordpress.com"
81.8.84.20 - - [19/Jul/2026:14:35:09 +0000] "POST /xmlrpc.php HTTP/1.1" 200 0 "-" "Jetpack by WordPress.com"
81.8.84.20 - - [19/Jul/2026:14:35:13 +0000] "POST /xmlrpc.php HTTP/1.1" 200 0 "-" "Jetpack/12.1; WordPress/6.3; http://site27401455.com"
81.8.84.20 - - [19/Jul/2026:14:35:20 +0000] "POST /xmlrpc.php HTTP/1.1" 200 0 "-" "WordPress.com; https://wordpress.com"
81.8.84.20 - - [19/Jul/2026:14:33:34 +0000] "POST /xmlrpc.php HTTP/1.1" 200 0 "-" "Jetpack by WordPress.com (Jetpack 12.0; WordPress 6.1)"
81.8.84.20 - - [19/Jul/2026:14:35:24 +0000] "POST /xmlrpc.php HTTP/1.1" 200 0 "-" "WordPress.com; https://wordpress.com"
81.8.84.20 - - [19/Jul/2026:14:35:30 +0000] "POST /xmlrpc.php HTTP/1.1" 200 0 "-" "Jetpack by WordPress.com (Jetpack 12.0; WordPress 6.4)"
81.8.84.20 - - [19/Jul/2026:14:35:34 +0000] "POST /xmlrpc.php HTTP/1.1" 200 0 "-" "Jetpack/13.0; WordPress/6.1; http://site19276552.com"
81.8.84.20 - - [19/Jul/2026:14:35:41 +0000] "POST /xmlrpc.php HTTP/1.1" 200 0 "-" "Jetpack by WordPress.com (Jetpack 12.5; WordPress 6.3)"
81.8.84.20 - - [19/Jul/2026:14:35:45 +0000] "POST /xmlrpc.php HTTP/1.1" 200 0 "-" "Jetpack/13.0; WordPress/6.4; http://site39474433.com"
81.8.84.20 - - [19/Jul/2026:14:35:52 +0000] "POST /xmlrpc.php HTTP/1.1" 200 0 "-" "Jetpack by WordPress.com (Jetpack 12.0; WordPress 6.2)"
81.8.84.20 - - [19/Jul/2026:14:35:55 +0000] "POST /xmlrpc.php HTTP/1.1" 200 0 "-" "Jetpack by WordPress.com (Jetpack 12.0; WordPress 6.4)"
81.8.84.20 - - [19/Jul/2026:14:36:02 +0000] "POST /xmlrpc.php HTTP/1.1" 200 0 "-" "WordPress.com; https://wordpress.com"
81.8.84.20 - - [19/Jul/2026:14:36:06 +0000] "POST /xmlrpc.php HTTP/1.1" 200 0 "-" "WordPress.com; https://wordpress.com"
81.8.84.20 - - [19/Jul/2026:14:36:13 +0000] "POST /xmlrpc.php HTTP/1.1" 200 0 "-" "Jetpack by WordPress.com"
81.8.84.20 - - [19/Jul/2026:14:36:17 +0000] "POST /xmlrpc.php HTTP/1.1" 200 0 "-" "Jetpack by WordPress.com (Jetpack 13.0; WordPress 6.1)"
81.8.84.20 - - [19/Jul/2026:14:36:23 +0000] "POST /xmlrpc.php HTTP/1.1" 200 0 "-" "Jetpack/12.0; WordPress/6.1; http://site26693166.com"
81.8.84.20 - - [19/Jul/2026:14:36:27 +0000] "POST /xmlrpc.php HTTP/1.1" 200 0 "-" "Jetpack/12.0; WordPress/6.3; http://site56244376.com"
81.8.84.20 - - [19/Jul/2026:14:36:34 +0000] "POST /xmlrpc.php HTTP/1.1" 200 0 "-" "Jetpack by WordPress.com"
81.8.84.20 - - [19/Jul/2026:14:36:38 +0000] "POST /xmlrpc.php HTTP/1.1" 200 0 "-" "WordPress.com; https://wordpress.com"
81.8.84.20 - - [19/Jul/2026:14:36:44 +0000] "POST /xmlrpc.php HTTP/1.1" 200 0 "-" "Jetpack by WordPress.com (Jetpack 12.5; WordPress 6.1)"
81.8.84.20 - - [19/Jul/2026:14:36:48 +0000] "POST /xmlrpc.php HTTP/1.1" 200 0 "-" "Jetpack by WordPress.com"
81.8.84.20 - - [19/Jul/2026:14:35:02 +0000] "POST /xmlrpc.php HTTP/1.1" 200 0 "-" "Jetpack/13.0; WordPress/6.3; http://site48934904.com"
81.8.84.20 - - [19/Jul/2026:14:36:55 +0000] "POST /xmlrpc.php HTTP/1.1" 200 0 "-" "Jetpack by WordPress.com (Jetpack 12.0; WordPress 6.3)"
81.8.84.20 - - [19/Jul/2026:14:36:59 +0000] "POST /xmlrpc.php HTTP/1.1" 200 0 "-" "Jetpack by WordPress.com"
81.8.84.20 - - [19/Jul/2026:14:37:10 +0000] "POST /xmlrpc.php HTTP/1.1" 200 0 "-" "Jetpack by WordPress.com (Jetpack 12.5; WordPress 6.4)"
81.8.84.20 - - [19/Jul/2026:14:37:20 +0000] "POST /xmlrpc.php HTTP/1.1" 200 0 "-" "Jetpack by WordPress.com"
91.92.243.239 - - [19/Jul/2026:14:37:35 +0000] "POST /wp-login.php HTTP/1.1" 403 19352 "-" "Mozilla/5.0"
91.92.243.239 - - [19/Jul/2026:14:37:35 +0000] "POST /wp-login.php HTTP/1.1" 403 19352 "-" "Mozilla/5.0"
81.8.84.20 - - [19/Jul/2026:14:37:27 +0000] "POST /xmlrpc.php HTTP/1.1" 200 0 "-" "Jetpack by WordPress.com"
81.8.84.20 - - [19/Jul/2026:14:37:31 +0000] "POST /xmlrpc.php HTTP/1.1" 200 0 "-" "Jetpack by WordPress.com (Jetpack 12.1; WordPress 6.4)"
81.8.84.20 - - [19/Jul/2026:14:37:37 +0000] "POST /xmlrpc.php HTTP/1.1" 200 0 "-" "Jetpack/13.0; WordPress/6.4; http://site26935725.com"
81.8.84.20 - - [19/Jul/2026:14:37:41 +0000] "POST /xmlrpc.php HTTP/1.1" 200 0 "-" "WordPress.com; https://wordpress.com"
81.8.84.20 - - [19/Jul/2026:14:37:48 +0000] "POST /xmlrpc.php HTTP/1.1" 200 0 "-" "Jetpack/12.5; WordPress/6.3; http://site81743557.com"
81.8.84.20 - - [19/Jul/2026:14:37:52 +0000] "POST /xmlrpc.php HTTP/1.1" 200 0 "-" "Jetpack/12.0; WordPress/6.2; http://site96395582.com"
81.8.84.20 - - [19/Jul/2026:14:37:58 +0000] "POST /xmlrpc.php HTTP/1.1" 200 0 "-" "Jetpack/12.0; WordPress/6.4; http://site97709024.com"
81.8.84.20 - - [19/Jul/2026:14:38:03 +0000] "POST /xmlrpc.php HTTP/1.1" 200 0 "-" "Jetpack by WordPress.com"
81.8.84.20 - - [19/Jul/2026:14:38:09 +0000] "POST /xmlrpc.php HTTP/1.1" 200 0 "-" "WordPress.com; https://wordpress.com"
81.8.84.20 - - [19/Jul/2026:14:38:19 +0000] "POST /xmlrpc.php HTTP/1.1" 200 0 "-" "Jetpack by WordPress.com (Jetpack 12.1; WordPress 6.1)"
81.8.84.20 - - [19/Jul/2026:14:38:24 +0000] "POST /xmlrpc.php HTTP/1.1" 200 0 "-" "WordPress.com; https://wordpress.com"
81.8.84.20 - - [19/Jul/2026:14:38:30 +0000] "POST /xmlrpc.php HTTP/1.1" 200 0 "-" "Jetpack/12.5; WordPress/6.1; http://site16861968.com"
81.8.84.20 - - [19/Jul/2026:14:38:34 +0000] "POST /xmlrpc.php HTTP/1.1" 200 0 "-" "Jetpack/12.1; WordPress/6.2; http://site80619663.com"
81.8.84.20 - - [19/Jul/2026:14:38:41 +0000] "POST /xmlrpc.php HTTP/1.1" 200 0 "-" "Jetpack by WordPress.com"
81.8.84.20 - - [19/Jul/2026:14:38:45 +0000] "POST /xmlrpc.php HTTP/1.1" 200 0 "-" "WordPress.com; https://wordpress.com"
81.8.84.20 - - [19/Jul/2026:14:38:51 +0000] "POST /xmlrpc.php HTTP/1.1" 200 0 "-" "WordPress.com; https://wordpress.com"
81.8.84.20 - - [19/Jul/2026:14:37:05 +0000] "POST /xmlrpc.php HTTP/1.1" 200 0 "-" "Jetpack/13.0; WordPress/6.2; http://site16029625.com"
81.8.84.20 - - [19/Jul/2026:14:38:55 +0000] "POST /xmlrpc.php HTTP/1.1" 200 0 "-" "Jetpack by WordPress.com"
81.8.84.20 - - [19/Jul/2026:14:39:02 +0000] "POST /xmlrpc.php HTTP/1.1" 200 0 "-" "WordPress.com; https://wordpress.com"
81.8.84.20 - - [19/Jul/2026:14:37:16 +0000] "POST /xmlrpc.php HTTP/1.1" 200 0 "-" "Jetpack by WordPress.com"
81.8.84.20 - - [19/Jul/2026:14:39:06 +0000] "POST /xmlrpc.php HTTP/1.1" 200 0 "-" "Jetpack by WordPress.com"
81.8.84.20 - - [19/Jul/2026:14:39:12 +0000] "POST /xmlrpc.php HTTP/1.1" 200 0 "-" "Jetpack by WordPress.com (Jetpack 12.1; WordPress 6.2)"
81.8.84.20 - - [19/Jul/2026:14:39:17 +0000] "POST /xmlrpc.php HTTP/1.1" 200 0 "-" "Jetpack by WordPress.com"
81.8.84.20 - - [19/Jul/2026:14:39:23 +0000] "POST /xmlrpc.php HTTP/1.1" 200 0 "-" "WordPress.com; https://wordpress.com"
81.8.84.20 - - [19/Jul/2026:14:39:34 +0000] "POST /xmlrpc.php HTTP/1.1" 200 0 "-" "WordPress.com; https://wordpress.com"
81.8.84.20 - - [19/Jul/2026:14:39:38 +0000] "POST /xmlrpc.php HTTP/1.1" 200 0 "-" "Jetpack/12.1; WordPress/6.2; http://site45837611.com"
81.8.84.20 - - [19/Jul/2026:14:39:44 +0000] "POST /xmlrpc.php HTTP/1.1" 200 0 "-" "WordPress.com; https://wordpress.com"
81.8.84.20 - - [19/Jul/2026:14:39:48 +0000] "POST /xmlrpc.php HTTP/1.1" 200 0 "-" "Jetpack by WordPress.com (Jetpack 12.0; WordPress 6.3)"
91.92.243.239 - - [19/Jul/2026:14:40:00 +0000] "POST /wp-login.php HTTP/1.1" 403 19352 "-" "Mozilla/5.0"
91.92.243.239 - - [19/Jul/2026:14:40:00 +0000] "POST /wp-login.php HTTP/1.1" 403 19352 "-" "Mozilla/5.0"
81.8.84.20 - - [19/Jul/2026:14:39:55 +0000] "POST /xmlrpc.php HTTP/1.1" 200 0 "-" "WordPress.com; https://wordpress.com"
81.8.84.20 - - [19/Jul/2026:14:39:59 +0000] "POST /xmlrpc.php HTTP/1.1" 200 0 "-" "WordPress.com; https://wordpress.com"
81.8.84.20 - - [19/Jul/2026:14:38:13 +0000] "POST /xmlrpc.php HTTP/1.1" 200 0 "-" "Jetpack by WordPress.com (Jetpack 12.0; WordPress 6.2)"
81.8.84.20 - - [19/Jul/2026:14:40:06 +0000] "POST /xmlrpc.php HTTP/1.1" 200 0 "-" "WordPress.com; https://wordpress.com"
81.8.84.20 - - [19/Jul/2026:14:40:09 +0000] "POST /xmlrpc.php HTTP/1.1" 200 0 "-" "Jetpack by WordPress.com"
81.8.84.20 - - [19/Jul/2026:14:40:16 +0000] "POST /xmlrpc.php HTTP/1.1" 200 0 "-" "Jetpack by WordPress.com (Jetpack 12.1; WordPress 6.2)"
81.8.84.20 - - [19/Jul/2026:14:40:20 +0000] "POST /xmlrpc.php HTTP/1.1" 200 0 "-" "Jetpack/12.5; WordPress/6.4; http://site61871646.com"
81.8.84.20 - - [19/Jul/2026:14:40:27 +0000] "POST /xmlrpc.php HTTP/1.1" 200 0 "-" "Jetpack by WordPress.com"
81.8.84.20 - - [19/Jul/2026:14:40:31 +0000] "POST /xmlrpc.php HTTP/1.1" 200 0 "-" "WordPress.com; https://wordpress.com"
81.8.84.20 - - [19/Jul/2026:14:40:37 +0000] "POST /xmlrpc.php HTTP/1.1" 200 0 "-" "WordPress.com; https://wordpress.com"
81.8.84.20 - - [19/Jul/2026:14:40:41 +0000] "POST /xmlrpc.php HTTP/1.1" 200 0 "-" "Jetpack by WordPress.com"
81.8.84.20 - - [19/Jul/2026:14:40:48 +0000] "POST /xmlrpc.php HTTP/1.1" 200 0 "-" "Jetpack by WordPress.com (Jetpack 12.1; WordPress 6.3)"
81.8.84.20 - - [19/Jul/2026:14:40:52 +0000] "POST /xmlrpc.php HTTP/1.1" 200 0 "-" "Jetpack/13.0; WordPress/6.3; http://site66297778.com"
81.8.84.20 - - [19/Jul/2026:14:40:58 +0000] "POST /xmlrpc.php HTTP/1.1" 200 0 "-" "Jetpack by WordPress.com (Jetpack 13.0; WordPress 6.1)"
81.8.84.20 - - [19/Jul/2026:14:41:02 +0000] "POST /xmlrpc.php HTTP/1.1" 200 0 "-" "WordPress.com; https://wordpress.com"
81.8.84.20 - - [19/Jul/2026:14:41:09 +0000] "POST /xmlrpc.php HTTP/1.1" 200 0 "-" "Jetpack by WordPress.com"
81.8.84.20 - - [19/Jul/2026:14:41:13 +0000] "POST /xmlrpc.php HTTP/1.1" 200 0 "-" "Jetpack by WordPress.com"
81.8.84.20 - - [19/Jul/2026:14:39:27 +0000] "POST /xmlrpc.php HTTP/1.1" 200 0 "-" "Jetpack by WordPress.com"
81.8.84.20 - - [19/Jul/2026:14:41:20 +0000] "POST /xmlrpc.php HTTP/1.1" 200 0 "-" "Jetpack by WordPress.com"
81.8.84.20 - - [19/Jul/2026:14:41:23 +0000] "POST /xmlrpc.php HTTP/1.1" 200 0 "-" "Jetpack by WordPress.com"
81.8.84.20 - - [19/Jul/2026:14:41:30 +0000] "POST /xmlrpc.php HTTP/1.1" 200 0 "-" "Jetpack by WordPress.com (Jetpack 13.0; WordPress 6.3)"
81.8.84.20 - - [19/Jul/2026:14:41:34 +0000] "POST /xmlrpc.php HTTP/1.1" 200 0 "-" "Jetpack/12.1; WordPress/6.3; http://site28450711.com"
81.8.84.20 - - [19/Jul/2026:14:41:41 +0000] "POST /xmlrpc.php HTTP/1.1" 200 0 "-" "Jetpack by WordPress.com"
81.8.84.20 - - [19/Jul/2026:14:41:44 +0000] "POST /xmlrpc.php HTTP/1.1" 200 0 "-" "Jetpack by WordPress.com"
81.8.84.20 - - [19/Jul/2026:14:41:51 +0000] "POST /xmlrpc.php HTTP/1.1" 200 0 "-" "WordPress.com; https://wordpress.com"
81.8.84.20 - - [19/Jul/2026:14:41:55 +0000] "POST /xmlrpc.php HTTP/1.1" 200 0 "-" "WordPress.com; https://wordpress.com"
81.8.84.20 - - [19/Jul/2026:14:42:02 +0000] "POST /xmlrpc.php HTTP/1.1" 200 0 "-" "Jetpack/12.0; WordPress/6.4; http://site92310061.com"
194.39.149.53 - - [19/Jul/2026:14:42:22 +0000] "POST /wp-cron.php?doing_wp_cron=1784472142.4653689861297607421875 HTTP/1.1" 200 0 "-" "WordPress/7.0.2; https://blackhat-unlock.com"
72.60.40.175 - - [19/Jul/2026:14:42:19 +0000] "GET /shop/ HTTP/2" 200 96075 "-" "Mozilla/5.0 (Windows NT 10.0; Win64; x64) AppleWebKit/537.36"
91.92.243.239 - - [19/Jul/2026:14:43:07 +0000] "POST /wp-login.php HTTP/1.1" 403 19352 "-" "Mozilla/5.0"
91.92.243.239 - - [19/Jul/2026:14:43:07 +0000] "POST /wp-login.php HTTP/1.1" 403 19352 "-" "Mozilla/5.0"
194.39.149.53 - - [19/Jul/2026:14:45:04 +0000] "POST /wp-cron.php?doing_wp_cron=1784472304.1203029155731201171875 HTTP/1.1" 200 0 "-" "WordPress/7.0.2; https://blackhat-unlock.com"
66.249.70.161 - - [19/Jul/2026:14:45:00 +0000] "GET /robots.txt HTTP/1.1" 301 0 "-" "Mozilla/5.0 (compatible; Googlebot/2.1; +http://www.google.com/bot.html)"
66.249.64.160 - - [19/Jul/2026:14:45:04 +0000] "GET /robots.txt HTTP/1.1" 200 164 "-" "Mozilla/5.0 (compatible; Googlebot/2.1; +http://www.google.com/bot.html)"
91.92.243.239 - - [19/Jul/2026:14:45:40 +0000] "POST /wp-login.php HTTP/1.1" 403 19352 "-" "Mozilla/5.0"
91.92.243.239 - - [19/Jul/2026:14:45:41 +0000] "POST /wp-login.php HTTP/1.1" 403 19352 "-" "Mozilla/5.0"
194.39.149.53 - - [19/Jul/2026:14:46:36 +0000] "POST /wp-cron.php?doing_wp_cron=1784472396.7225849628448486328125 HTTP/1.1" 200 0 "-" "WordPress/7.0.2; https://blackhat-unlock.com"
185.251.19.134 - - [19/Jul/2026:14:46:31 +0000] "POST /wp-login.php HTTP/1.1" 200 2536 "-" "Mozilla/5.0 (Windows NT 10.0; Win64; x64) AppleWebKit/537.36 Chrome/129.0.0.0 Safari/537.36"
194.39.149.53 - - [19/Jul/2026:14:47:21 +0000] "POST /wp-cron.php?doing_wp_cron=1784472441.8105111122131347656250 HTTP/1.1" 200 0 "-" "WordPress/7.0.2; https://blackhat-unlock.com"
185.223.152.116 - - [19/Jul/2026:14:47:14 +0000] "POST /wp-login.php HTTP/1.1" 200 2536 "-" "Mozilla/5.0 (Linux; Android 10; K) AppleWebKit/537.36 (KHTML, like Gecko) Chrome/123.0.0.0 Mobile Safari/537.36 [ip:5.90.157.155]"
91.92.243.239 - - [19/Jul/2026:14:48:47 +0000] "POST /wp-login.php HTTP/1.1" 403 19352 "-" "Mozilla/5.0"
91.92.243.239 - - [19/Jul/2026:14:48:47 +0000] "POST /wp-login.php HTTP/1.1" 403 19352 "-" "Mozilla/5.0"
91.92.243.239 - - [19/Jul/2026:14:51:15 +0000] "POST /wp-login.php HTTP/1.1" 403 19352 "-" "Mozilla/5.0"
91.92.243.239 - - [19/Jul/2026:14:51:15 +0000] "POST /wp-login.php HTTP/1.1" 403 19352 "-" "Mozilla/5.0"
194.39.149.53 - - [19/Jul/2026:14:52:15 +0000] "POST /wp-cron.php?doing_wp_cron=1784472735.0104529857635498046875 HTTP/1.1" 200 0 "-" "WordPress/7.0.2; https://blackhat-unlock.com"
72.60.40.175 - - [19/Jul/2026:14:52:04 +0000] "GET /shop/ HTTP/2" 200 96075 "-" "Mozilla/5.0 (Windows NT 10.0; Win64; x64) AppleWebKit/537.36"
91.92.243.239 - - [19/Jul/2026:14:54:29 +0000] "POST /wp-login.php HTTP/1.1" 403 19352 "-" "Mozilla/5.0"
91.92.243.239 - - [19/Jul/2026:14:54:29 +0000] "POST /wp-login.php HTTP/1.1" 403 19352 "-" "Mozilla/5.0"
194.39.149.53 - - [19/Jul/2026:14:54:57 +0000] "POST /wp-cron.php?doing_wp_cron=1784472896.8295209407806396484375 HTTP/1.1" 200 0 "-" "WordPress/7.0.2; https://blackhat-unlock.com"
142.93.10.93 - - [19/Jul/2026:14:54:42 +0000] "POST /xmlrpc.php HTTP/2" 200 186 "-" "Mozilla/5.0 (Windows NT 10.0) AppleWebKit/537.36 (KHTML, like Gecko) Chrome/147.0.0.0 Safari/537.36"
91.92.243.239 - - [19/Jul/2026:14:57:04 +0000] "POST /wp-login.php HTTP/1.1" 403 19352 "-" "Mozilla/5.0"
91.92.243.239 - - [19/Jul/2026:14:57:04 +0000] "POST /wp-login.php HTTP/1.1" 403 19352 "-" "Mozilla/5.0"
194.39.149.53 - - [19/Jul/2026:14:57:04 +0000] "POST /wp-cron.php?doing_wp_cron=1784473024.3378190994262695312500 HTTP/1.1" 200 0 "-" "WordPress/7.0.2; https://blackhat-unlock.com"
66.249.64.160 - - [19/Jul/2026:14:57:02 +0000] "GET /robots.txt HTTP/1.1" 200 164 "-" "Mozilla/5.0 (compatible; Googlebot/2.1; +http://www.google.com/bot.html)"
194.39.149.53 - - [19/Jul/2026:14:58:06 +0000] "POST /wp-cron.php?doing_wp_cron=1784473086.6912670135498046875000 HTTP/1.1" 200 0 "-" "WordPress/7.0.2; https://blackhat-unlock.com"
66.249.64.173 - - [19/Jul/2026:14:58:03 +0000] "GET /shop/sitemap-33.xml HTTP/1.1" 404 22947 "-" "Mozilla/5.0 (compatible; Googlebot/2.1; +http://www.google.com/bot.html)"
194.39.149.53 - - [19/Jul/2026:14:59:05 +0000] "POST /wp-cron.php?doing_wp_cron=1784473145.5347220897674560546875 HTTP/1.1" 200 0 "-" "WordPress/7.0.2; https://blackhat-unlock.com"
45.132.227.224 - - [19/Jul/2026:14:59:04 +0000] "POST /wp-login.php HTTP/1.1" 200 2536 "-" "Mozilla/5.0 (Windows NT 10.0; Win64; rv:143.0) Gecko/20100101 Firefox/143.0"
91.92.243.239 - - [19/Jul/2026:15:00:07 +0000] "POST /wp-login.php HTTP/1.1" 403 19352 "-" "Mozilla/5.0"
91.92.243.239 - - [19/Jul/2026:15:00:07 +0000] "POST /wp-login.php HTTP/1.1" 403 19352 "-" "Mozilla/5.0"
66.249.64.174 - - [19/Jul/2026:15:01:33 +0000] "GET /shop/sitemap-15.xml HTTP/1.1" 404 22947 "-" "Mozilla/5.0 (compatible; Googlebot/2.1; +http://www.google.com/bot.html)"
194.39.149.53 - - [19/Jul/2026:15:01:40 +0000] "POST /wp-cron.php?doing_wp_cron=1784473299.9232039451599121093750 HTTP/1.1" 200 0 "-" "WordPress/7.0.2; https://blackhat-unlock.com"
91.92.243.239 - - [19/Jul/2026:15:02:40 +0000] "POST /wp-login.php HTTP/1.1" 403 19352 "-" "Mozilla/5.0"
91.92.243.239 - - [19/Jul/2026:15:02:40 +0000] "POST /wp-login.php HTTP/1.1" 403 19352 "-" "Mozilla/5.0"
194.39.149.53 - - [19/Jul/2026:15:04:46 +0000] "POST /wp-cron.php?doing_wp_cron=1784473486.2430460453033447265625 HTTP/1.1" 200 0 "-" "WordPress/7.0.2; https://blackhat-unlock.com"
72.60.40.175 - - [19/Jul/2026:15:04:42 +0000] "GET /shop/ HTTP/2" 200 96075 "-" "Mozilla/5.0 (Windows NT 10.0; Win64; x64) AppleWebKit/537.36"
194.39.149.53 - - [19/Jul/2026:15:05:38 +0000] "POST /wp-cron.php?doing_wp_cron=1784473538.0364029407501220703125 HTTP/1.1" 200 0 "-" "WordPress/7.0.2; https://blackhat-unlock.com"
157.55.39.223 - - [19/Jul/2026:15:05:34 +0000] "GET /robots.txt HTTP/2" 200 164 "-" "Mozilla/5.0 AppleWebKit/537.36 (KHTML, like Gecko; compatible; bingbot/2.0; +http://www.bing.com/bingbot.htm) Chrome/116.0.1938.76 Safari/537.36"
91.92.243.239 - - [19/Jul/2026:15:05:48 +0000] "POST /wp-login.php HTTP/1.1" 403 19352 "-" "Mozilla/5.0"
91.92.243.239 - - [19/Jul/2026:15:05:48 +0000] "POST /wp-login.php HTTP/1.1" 403 19352 "-" "Mozilla/5.0"
52.167.144.230 - - [19/Jul/2026:15:05:50 +0000] "GET /home-5/ HTTP/2" 302 0 "-" "Mozilla/5.0 AppleWebKit/537.36 (KHTML, like Gecko; compatible; bingbot/2.0; +http://www.bing.com/bingbot.htm) Chrome/116.0.1938.76 Safari/537.36"
194.39.149.53 - - [19/Jul/2026:15:06:34 +0000] "POST /wp-cron.php?doing_wp_cron=1784473593.9056789875030517578125 HTTP/1.1" 200 0 "-" "WordPress/7.0.2; https://blackhat-unlock.com"
185.223.152.101 - - [19/Jul/2026:15:06:31 +0000] "POST /wp-login.php HTTP/1.1" 200 2536 "-" "linux|Mozilla/5.0 (Linux; Linux i685 ) AppleWebKit/534.15 (KHTML, like Gecko) Chrome/52.0.1759.399 Safari/602"
91.92.243.239 - - [19/Jul/2026:15:08:13 +0000] "POST /wp-login.php HTTP/1.1" 403 19352 "-" "Mozilla/5.0"
91.92.243.239 - - [19/Jul/2026:15:08:14 +0000] "POST /wp-login.php HTTP/1.1" 403 19352 "-" "Mozilla/5.0"
43.156.41.180 - - [19/Jul/2026:15:08:54 +0000] "GET / HTTP/1.1" 200 42878 "http://blackhat-unlock.com" "Mozilla/5.0 (iPhone; CPU iPhone OS 13_2_3 like Mac OS X) AppleWebKit/605.1.15 (KHTML, like Gecko) Version/13.0.3 Mobile/15E148 Safari/604.1"
103.90.233.75 - - [19/Jul/2026:15:09:11 +0000] "POST /xmlrpc.php HTTP/2" 200 186 "-" "Mozilla/5.0 (Windows NT 10.0) AppleWebKit/537.36 (KHTML, like Gecko) Chrome/147.0.0.0 Safari/537.36"
91.92.243.239 - - [19/Jul/2026:15:11:06 +0000] "POST /wp-login.php HTTP/1.1" 403 19352 "-" "Mozilla/5.0"
91.92.243.239 - - [19/Jul/2026:15:11:06 +0000] "POST /wp-login.php HTTP/1.1" 403 19352 "-" "Mozilla/5.0"
194.39.149.53 - - [19/Jul/2026:15:11:41 +0000] "POST /wp-cron.php?doing_wp_cron=1784473901.7052369117736816406250 HTTP/1.1" 200 0 "-" "WordPress/7.0.2; https://blackhat-unlock.com"
45.132.227.221 - - [19/Jul/2026:15:11:40 +0000] "POST /wp-login.php HTTP/1.1" 200 2536 "-" "Mozilla/5.0 (Macintosh; Intel Mac OS X 10_15_7) AppleWebKit/605.1.15 Version/17.0 Safari/605.1.15"
194.39.149.53 - - [19/Jul/2026:15:12:50 +0000] "POST /wp-cron.php?doing_wp_cron=1784473970.3108398914337158203125 HTTP/1.1" 200 0 "-" "WordPress/7.0.2; https://blackhat-unlock.com"
72.60.40.175 - - [19/Jul/2026:15:12:40 +0000] "GET /shop/ HTTP/2" 200 96075 "-" "Mozilla/5.0 (Windows NT 10.0; Win64; x64) AppleWebKit/537.36"
91.92.243.239 - - [19/Jul/2026:15:13:35 +0000] "POST /wp-login.php HTTP/1.1" 403 19352 "-" "Mozilla/5.0"
91.92.243.239 - - [19/Jul/2026:15:13:35 +0000] "POST /wp-login.php HTTP/1.1" 403 19352 "-" "Mozilla/5.0"
91.92.243.239 - - [19/Jul/2026:15:16:42 +0000] "POST /wp-login.php HTTP/1.1" 403 19352 "-" "Mozilla/5.0"
91.92.243.239 - - [19/Jul/2026:15:16:42 +0000] "POST /wp-login.php HTTP/1.1" 403 19352 "-" "Mozilla/5.0"
194.39.149.53 - - [19/Jul/2026:15:16:50 +0000] "POST /wp-cron.php?doing_wp_cron=1784474210.5064349174499511718750 HTTP/1.1" 200 0 "-" "WordPress/7.0.2; https://blackhat-unlock.com"
72.167.132.114 - - [19/Jul/2026:15:16:39 +0000] "POST /xmlrpc.php HTTP/2" 200 186 "-" "Mozilla/5.0 (Linux; Android 14; Pixel 8) AppleWebKit/537.36 (KHTML, like Gecko) Chrome/147.0.0.0 Mobile Safari/537.36"
31.207.36.13 - - [19/Jul/2026:15:16:47 +0000] "GET /wp-login.php HTTP/2" 200 2184 "-" "Mozilla/5.0 (Macintosh; Intel Mac OS X 11_7_10) AppleWebKit/537.36 (KHTML, like Gecko) Chrome/150.0.0.0 Safari/537.36"
31.207.36.13 - - [19/Jul/2026:15:16:52 +0000] "POST /wp-login.php HTTP/2" 200 2329 "https://mail.blackhat-unlock.com/wp-login.php" "Mozilla/5.0 (Macintosh; Intel Mac OS X 11_7_10) AppleWebKit/537.36 (KHTML, like Gecko) Chrome/150.0.0.0 Safari/537.36"
66.249.64.174 - - [19/Jul/2026:15:17:07 +0000] "GET /shop/sitemap-5.xml HTTP/1.1" 404 22950 "-" "Mozilla/5.0 (compatible; Googlebot/2.1; +http://www.google.com/bot.html)"
176.97.123.28 - - [19/Jul/2026:15:18:39 +0000] "GET / HTTP/1.1" 200 213459 "-" "Mozilla/5.0 (Windows NT 10.0; Win64; x64) AppleWebKit/537.36 (KHTML, like Gecko) Chrome/91.0.4472.106 Safari/537.36"
176.97.123.28 - - [19/Jul/2026:15:18:48 +0000] "GET / HTTP/1.1" 200 213459 "-" "Mozilla/5.0 (compatible; Googlebot/2.1; +http://www.google.com/bot.html)"
91.92.243.239 - - [19/Jul/2026:15:19:08 +0000] "POST /wp-login.php HTTP/1.1" 403 19352 "-" "Mozilla/5.0"
91.92.243.239 - - [19/Jul/2026:15:19:08 +0000] "POST /wp-login.php HTTP/1.1" 403 19352 "-" "Mozilla/5.0"
194.39.149.53 - - [19/Jul/2026:15:19:39 +0000] "POST /wp-cron.php?doing_wp_cron=1784474379.5141770839691162109375 HTTP/1.1" 200 0 "-" "WordPress/7.0.2; https://blackhat-unlock.com"
176.97.123.28 - - [19/Jul/2026:15:19:14 +0000] "GET /606976/admin.php?520 HTTP/1.1" 404 96003 "-" "Mozilla/5.0 (Windows NT 10.0; Win64; x64) AppleWebKit/537.36 (KHTML, like Gecko) Chrome/136.0.0.0 Safari/537.36 Edg/136.0.0.0"
149.120.75.95 - - [19/Jul/2026:15:19:45 +0000] "GET /606976/admin.php?520 HTTP/1.1" 404 96003 "-" "Mozilla/5.0 (Windows NT 10.0; Win64; x64) AppleWebKit/537.36 (KHTML, like Gecko) Chrome/136.0.0.0 Safari/537.36 Edg/136.0.0.0"
165.22.146.208 - - [19/Jul/2026:15:20:13 +0000] "GET / HTTP/1.1" 200 15530 "-" "Mozilla/5.0 (X11; Linux x86_64) AppleWebKit/537.36 (KHTML, like Gecko) Chrome/150.0.0.0 Safari/537.36"
91.92.243.239 - - [19/Jul/2026:15:22:14 +0000] "POST /wp-login.php HTTP/1.1" 403 19352 "-" "Mozilla/5.0"
91.92.243.239 - - [19/Jul/2026:15:22:14 +0000] "POST /wp-login.php HTTP/1.1" 403 19352 "-" "Mozilla/5.0"
194.39.149.53 - - [19/Jul/2026:15:23:22 +0000] "POST /wp-cron.php?doing_wp_cron=1784474601.9162700176239013671875 HTTP/1.1" 200 0 "-" "WordPress/7.0.2; https://blackhat-unlock.com"
72.60.40.175 - - [19/Jul/2026:15:23:15 +0000] "GET /shop/ HTTP/2" 200 96075 "-" "Mozilla/5.0 (Windows NT 10.0; Win64; x64) AppleWebKit/537.36"
120.72.98.5 - - [19/Jul/2026:15:23:52 +0000] "POST /xmlrpc.php HTTP/2" 200 186 "-" "Mozilla/5.0 (Windows NT 10.0) AppleWebKit/537.36 (KHTML, like Gecko) Chrome/147.0.0.0 Safari/537.36"
194.39.149.53 - - [19/Jul/2026:15:24:29 +0000] "POST /wp-cron.php?doing_wp_cron=1784474669.3147749900817871093750 HTTP/1.1" 200 0 "-" "WordPress/7.0.2; https://blackhat-unlock.com"
136.144.42.197 - - [19/Jul/2026:15:24:08 +0000] "POST /wp-login.php HTTP/1.1" 200 2536 "-" "Mozilla/5.0 (Windows NT 10.0; Win64; x64) AppleWebKit/537.36 Chrome/129.0.0.0 Safari/537.36"
91.92.243.239 - - [19/Jul/2026:15:24:49 +0000] "POST /wp-login.php HTTP/1.1" 403 19352 "-" "Mozilla/5.0"
91.92.243.239 - - [19/Jul/2026:15:24:49 +0000] "POST /wp-login.php HTTP/1.1" 403 19352 "-" "Mozilla/5.0"
91.92.243.239 - - [19/Jul/2026:15:27:57 +0000] "POST /wp-login.php HTTP/1.1" 403 19352 "-" "Mozilla/5.0"
91.92.243.239 - - [19/Jul/2026:15:27:58 +0000] "POST /wp-login.php HTTP/1.1" 403 19352 "-" "Mozilla/5.0"
194.39.149.53 - - [19/Jul/2026:15:28:29 +0000] "POST /wp-cron.php?doing_wp_cron=1784474909.5607340335845947265625 HTTP/1.1" 200 0 "-" "WordPress/7.0.2; https://blackhat-unlock.com"
185.223.152.112 - - [19/Jul/2026:15:28:25 +0000] "POST /wp-login.php HTTP/1.1" 200 2536 "-" "Mozilla/5.0 (Linux; Android 9; vivo 1917 Build/PKQ1.181030.001; wv) AppleWebKit/537.36 (KHTML, like Gecko) Chrome/62.0.3202.84 Mobile Safari/537.36 VivoBrowser/6.5.0.1"
91.92.243.239 - - [19/Jul/2026:15:30:27 +0000] "POST /wp-login.php HTTP/1.1" 403 19352 "-" "Mozilla/5.0"
91.92.243.239 - - [19/Jul/2026:15:30:27 +0000] "POST /wp-login.php HTTP/1.1" 403 19352 "-" "Mozilla/5.0"
194.39.149.53 - - [19/Jul/2026:15:32:46 +0000] "POST /wp-cron.php?doing_wp_cron=1784475166.2043399810791015625000 HTTP/1.1" 200 0 "-" "WordPress/7.0.2; https://blackhat-unlock.com"
72.60.40.175 - - [19/Jul/2026:15:32:41 +0000] "GET /shop/ HTTP/2" 200 96075 "-" "Mozilla/5.0 (Windows NT 10.0; Win64; x64) AppleWebKit/537.36"
91.92.243.239 - - [19/Jul/2026:15:33:39 +0000] "POST /wp-login.php HTTP/1.1" 403 19352 "-" "Mozilla/5.0"
91.92.243.239 - - [19/Jul/2026:15:33:39 +0000] "POST /wp-login.php HTTP/1.1" 403 19352 "-" "Mozilla/5.0"
91.92.243.239 - - [19/Jul/2026:15:36:15 +0000] "POST /wp-login.php HTTP/1.1" 403 19352 "-" "Mozilla/5.0"
91.92.243.239 - - [19/Jul/2026:15:36:15 +0000] "POST /wp-login.php HTTP/1.1" 403 19352 "-" "Mozilla/5.0"
194.39.149.53 - - [19/Jul/2026:15:36:43 +0000] "POST /wp-cron.php?doing_wp_cron=1784475403.8334369659423828125000 HTTP/1.1" 200 0 "-" "WordPress/7.0.2; https://blackhat-unlock.com"
45.132.227.224 - - [19/Jul/2026:15:36:41 +0000] "POST /wp-login.php HTTP/1.1" 200 2536 "-" "Mozilla/5.0 (Macintosh; Intel Mac OS X 10_15_7) AppleWebKit/605.1.15 Version/17.0 Safari/605.1.15"
91.92.243.239 - - [19/Jul/2026:15:39:24 +0000] "POST /wp-login.php HTTP/1.1" 403 19352 "-" "Mozilla/5.0"
91.92.243.239 - - [19/Jul/2026:15:39:24 +0000] "POST /wp-login.php HTTP/1.1" 403 19352 "-" "Mozilla/5.0"
91.92.243.239 - - [19/Jul/2026:15:41:53 +0000] "POST /wp-login.php HTTP/1.1" 403 19352 "-" "Mozilla/5.0"
91.92.243.239 - - [19/Jul/2026:15:41:54 +0000] "POST /wp-login.php HTTP/1.1" 403 19352 "-" "Mozilla/5.0"
185.223.152.71 - - [19/Jul/2026:15:41:43 +0000] "GET /wp-login.php HTTP/1.1" 200 2400 "-" "Mozilla/5.0 (Macintosh; Intel Mac OS X 10_15_7) AppleWebKit/605.1.15 Version/17.0 Safari/605.1.15"
194.39.149.53 - - [19/Jul/2026:15:42:03 +0000] "POST /wp-cron.php?doing_wp_cron=1784475723.7572259902954101562500 HTTP/1.1" 200 0 "-" "WordPress/7.0.2; https://blackhat-unlock.com"
185.223.152.71 - - [19/Jul/2026:15:42:05 +0000] "GET /?author=1 HTTP/1.1" 301 0 "-" "Mozilla/5.0 (Windows NT 10.0; Win64; rv:143.0) Gecko/20100101 Firefox/143.0"
185.223.152.71 - - [19/Jul/2026:15:42:23 +0000] "GET /?rest_route=/wp/v2/users HTTP/1.1" 200 411 "-" "Mozilla/5.0 (Windows NT 10.0; Win64; rv:143.0) Gecko/20100101 Firefox/143.0"
72.60.40.175 - - [19/Jul/2026:15:43:47 +0000] "GET /shop/ HTTP/2" 200 96075 "-" "Mozilla/5.0 (Windows NT 10.0; Win64; x64) AppleWebKit/537.36"
194.39.149.53 - - [19/Jul/2026:15:44:02 +0000] "POST /wp-cron.php?doing_wp_cron=1784475842.2209889888763427734375 HTTP/1.1" 200 0 "-" "WordPress/7.0.2; https://blackhat-unlock.com"
91.92.243.239 - - [19/Jul/2026:15:45:06 +0000] "POST /wp-login.php HTTP/1.1" 403 19352 "-" "Mozilla/5.0"
91.92.243.239 - - [19/Jul/2026:15:45:06 +0000] "POST /wp-login.php HTTP/1.1" 403 19352 "-" "Mozilla/5.0"
194.39.149.53 - - [19/Jul/2026:15:45:56 +0000] "POST /wp-cron.php?doing_wp_cron=1784475956.0113599300384521484375 HTTP/1.1" 200 0 "-" "WordPress/7.0.2; https://blackhat-unlock.com"
66.249.64.160 - - [19/Jul/2026:15:45:47 +0000] "GET /shop/sitemap-8.xml HTTP/1.1" 404 22950 "-" "Mozilla/5.0 (compatible; Googlebot/2.1; +http://www.google.com/bot.html)"
4.205.168.44 - - [19/Jul/2026:15:46:07 +0000] "POST /xmlrpc.php HTTP/2" 200 186 "-" "Mozilla/5.0 (Windows NT 10.0) AppleWebKit/537.36 (KHTML, like Gecko) Chrome/147.0.0.0 Safari/537.36"
91.92.243.239 - - [19/Jul/2026:15:47:38 +0000] "POST /wp-login.php HTTP/1.1" 403 19352 "-" "Mozilla/5.0"
91.92.243.239 - - [19/Jul/2026:15:47:38 +0000] "POST /wp-login.php HTTP/1.1" 403 19352 "-" "Mozilla/5.0"
194.39.149.53 - - [19/Jul/2026:15:47:40 +0000] "POST /wp-cron.php?doing_wp_cron=1784476060.7172911167144775390625 HTTP/1.1" 200 0 "-" "WordPress/7.0.2; https://blackhat-unlock.com"
185.223.152.100 - - [19/Jul/2026:15:47:35 +0000] "POST /wp-login.php HTTP/1.1" 200 2536 "-" "Mozilla/5.0 (X11; U; Linux i686; fr-be; rv:1.9.0.8) Gecko/2009073022 Ubuntu/9.04 (jaunty) Firefox/3.0.13"
54.147.182.90 - - [19/Jul/2026:15:48:31 +0000] "GET /wp-content/uploads/2020/08/theme-7-600x359.jpg HTTP/1.1" 200 34269 "-" "Mozilla/5.0 AppleWebKit/537.36 (KHTML, like Gecko; compatible; Amazonbot/0.1; +https://developer.amazon.com/support/amazonbot) Chrome/119.0.6045.214 Safari/537.36"
34.236.185.101 - - [19/Jul/2026:15:48:36 +0000] "GET /wp-json/wp/v2/product/1343 HTTP/1.1" 200 1197 "-" "Mozilla/5.0 AppleWebKit/537.36 (KHTML, like Gecko; compatible; Amazonbot/0.1; +https://developer.amazon.com/support/amazonbot) Chrome/119.0.6045.214 Safari/537.36"
