138.68.97.234 - - [20/Jul/2026:06:45:18 +0000] "POST /wp-login.php HTTP/1.1" 200 7350 "-" "Mozilla/5.0"
194.39.149.53 - - [20/Jul/2026:06:45:27 +0000] "POST /wp-cron.php?doing_wp_cron=1784529927.4577229022979736328125 HTTP/1.1" 200 0 "-" "WordPress/7.0.2; https://blackhat-unlock.com"
91.92.243.239 - - [20/Jul/2026:06:47:51 +0000] "POST /wp-login.php HTTP/1.1" 403 19352 "-" "Mozilla/5.0"
91.92.243.239 - - [20/Jul/2026:06:47:51 +0000] "POST /wp-login.php HTTP/1.1" 403 19352 "-" "Mozilla/5.0"
91.92.243.239 - - [20/Jul/2026:06:50:26 +0000] "POST /wp-login.php HTTP/1.1" 403 19352 "-" "Mozilla/5.0"
91.92.243.239 - - [20/Jul/2026:06:50:26 +0000] "POST /wp-login.php HTTP/1.1" 403 19352 "-" "Mozilla/5.0"
194.39.149.53 - - [20/Jul/2026:06:52:44 +0000] "POST /wp-cron.php?doing_wp_cron=1784530364.4375030994415283203125 HTTP/1.1" 200 0 "-" "WordPress/7.0.2; https://blackhat-unlock.com"
134.122.40.246 - - [20/Jul/2026:06:52:41 +0000] "POST /wp-login.php HTTP/1.1" 200 7338 "-" "Mozilla/5.0"
194.39.149.53 - - [20/Jul/2026:06:53:16 +0000] "POST /wp-cron.php?doing_wp_cron=1784530396.8720600605010986328125 HTTP/1.1" 200 0 "-" "WordPress/7.0.2; https://blackhat-unlock.com"
143.198.37.30 - - [20/Jul/2026:06:53:15 +0000] "POST /wp-login.php HTTP/1.1" 200 7338 "-" "Mozilla/5.0"
72.60.40.175 - - [20/Jul/2026:06:53:17 +0000] "GET /shop/ HTTP/2" 200 234009 "-" "Mozilla/5.0 (Windows NT 10.0; Win64; x64) AppleWebKit/537.36"
138.68.97.234 - - [20/Jul/2026:06:53:38 +0000] "POST /wp-login.php HTTP/1.1" 200 7350 "-" "Mozilla/5.0"
91.92.243.239 - - [20/Jul/2026:06:53:39 +0000] "POST /wp-login.php HTTP/1.1" 403 19352 "-" "Mozilla/5.0"
91.92.243.239 - - [20/Jul/2026:06:53:39 +0000] "POST /wp-login.php HTTP/1.1" 403 19352 "-" "Mozilla/5.0"
194.39.149.53 - - [20/Jul/2026:06:54:16 +0000] "POST /wp-cron.php?doing_wp_cron=1784530455.9380950927734375000000 HTTP/1.1" 200 0 "-" "WordPress/7.0.2; https://blackhat-unlock.com"
81.173.115.7 - - [20/Jul/2026:06:54:14 +0000] "GET /wp-login.php HTTP/2" 200 2184 "-" "Mozilla/5.0 (Windows NT 10.0; WOW64) AppleWebKit/537.36 (KHTML, like Gecko) Chrome/150.0.0.0 Safari/537.36"
81.173.115.7 - - [20/Jul/2026:06:54:17 +0000] "POST /wp-login.php HTTP/2" 200 2329 "https://mail.blackhat-unlock.com/wp-login.php" "Mozilla/5.0 (Windows NT 10.0; WOW64) AppleWebKit/537.36 (KHTML, like Gecko) Chrome/150.0.0.0 Safari/537.36"
192.241.143.148 - - [20/Jul/2026:06:55:11 +0000] "GET /wp/wp-login.php HTTP/2" 200 57285 "-" "Mozilla/5.0 (Linux; Android 12; SM-G998B) AppleWebKit/537.36 (KHTML, like Gecko) Chrome/147.0.0.0 Mobile Safari/537.36"
91.92.243.239 - - [20/Jul/2026:06:56:18 +0000] "POST /wp-login.php HTTP/1.1" 403 19352 "-" "Mozilla/5.0"
91.92.243.239 - - [20/Jul/2026:06:56:18 +0000] "POST /wp-login.php HTTP/1.1" 403 19352 "-" "Mozilla/5.0"
178.105.191.160 - - [20/Jul/2026:06:58:22 +0000] "POST /xmlrpc.php HTTP/2" 200 186 "-" "Mozilla/5.0 (Macintosh; Intel Mac OS X 10_15_7) AppleWebKit/537.36 (KHTML, like Gecko) Chrome/147.0.0.0 Safari/537.36"
194.39.149.53 - - [20/Jul/2026:06:58:26 +0000] "POST /wp-cron.php?doing_wp_cron=1784530706.7211239337921142578125 HTTP/1.1" 200 0 "-" "WordPress/7.0.2; https://blackhat-unlock.com"
91.92.243.239 - - [20/Jul/2026:06:59:26 +0000] "POST /wp-login.php HTTP/1.1" 403 19352 "-" "Mozilla/5.0"
91.92.243.239 - - [20/Jul/2026:06:59:26 +0000] "POST /wp-login.php HTTP/1.1" 403 19352 "-" "Mozilla/5.0"
194.39.149.53 - - [20/Jul/2026:07:01:55 +0000] "POST /wp-cron.php?doing_wp_cron=1784530915.3447029590606689453125 HTTP/1.1" 200 0 "-" "WordPress/7.0.2; https://blackhat-unlock.com"
143.198.37.30 - - [20/Jul/2026:07:01:54 +0000] "POST /wp-login.php HTTP/1.1" 200 7338 "-" "Mozilla/5.0"
91.92.243.239 - - [20/Jul/2026:07:02:03 +0000] "POST /wp-login.php HTTP/1.1" 403 19352 "-" "Mozilla/5.0"
91.92.243.239 - - [20/Jul/2026:07:02:03 +0000] "POST /wp-login.php HTTP/1.1" 403 19352 "-" "Mozilla/5.0"
194.39.149.53 - - [20/Jul/2026:07:02:26 +0000] "POST /wp-cron.php?doing_wp_cron=1784530946.8207499980926513671875 HTTP/1.1" 200 0 "-" "WordPress/7.0.2; https://blackhat-unlock.com"
138.68.97.234 - - [20/Jul/2026:07:02:25 +0000] "POST /wp-login.php HTTP/1.1" 200 7350 "-" "Mozilla/5.0"
72.60.40.175 - - [20/Jul/2026:07:02:38 +0000] "GET /shop/ HTTP/2" 200 234009 "-" "Mozilla/5.0 (Windows NT 10.0; Win64; x64) AppleWebKit/537.36"
194.39.149.53 - - [20/Jul/2026:07:04:21 +0000] "POST /wp-cron.php?doing_wp_cron=1784531061.3010609149932861328125 HTTP/1.1" 200 0 "-" "WordPress/7.0.2; https://blackhat-unlock.com"
154.66.198.148 - - [20/Jul/2026:07:04:20 +0000] "POST /xmlrpc.php HTTP/2" 200 186 "-" "Mozilla/5.0 (X11; Linux x86_64) AppleWebKit/537.36 (KHTML, like Gecko) Chrome/147.0.0.0 Safari/537.36 Edg/147.0.0.0"
91.92.243.239 - - [20/Jul/2026:07:05:17 +0000] "POST /wp-login.php HTTP/1.1" 403 19352 "-" "Mozilla/5.0"
91.92.243.239 - - [20/Jul/2026:07:05:17 +0000] "POST /wp-login.php HTTP/1.1" 403 19352 "-" "Mozilla/5.0"
192.241.143.148 - - [20/Jul/2026:07:05:34 +0000] "POST /wp/xmlrpc.php HTTP/2" 200 57285 "-" "Mozilla/5.0 (iPad; CPU OS 18_0 like Mac OS X) AppleWebKit/605.1.15 (KHTML, like Gecko) CriOS/147.0.7871.34 Mobile/15E148 Safari/604.1"
192.241.143.148 - - [20/Jul/2026:07:05:35 +0000] "POST /wp/xmlrpc.php HTTP/2" 403 5137 "-" "Mozilla/5.0 (iPad; CPU OS 18_0 like Mac OS X) AppleWebKit/605.1.15 (KHTML, like Gecko) CriOS/147.0.7871.34 Mobile/15E148 Safari/604.1"
45.148.10.120 - - [20/Jul/2026:07:06:07 +0000] "GET /.git/config HTTP/1.1" 401 53 "-" "Mozilla/5.0 (Macintosh; Intel Mac OS X 10_14_6) AppleWebKit/605.1.15 (KHTML, like Gecko) Version/12.1.2 Safari/605.1.15"
194.39.149.53 - - [20/Jul/2026:07:07:11 +0000] "POST /wp-cron.php?doing_wp_cron=1784531231.2254240512847900390625 HTTP/1.1" 200 0 "-" "WordPress/7.0.2; https://blackhat-unlock.com"
134.122.40.246 - - [20/Jul/2026:07:07:08 +0000] "POST /wp-login.php HTTP/1.1" 200 7338 "-" "Mozilla/5.0"
91.92.243.239 - - [20/Jul/2026:07:07:48 +0000] "POST /wp-login.php HTTP/1.1" 403 19352 "-" "Mozilla/5.0"
91.92.243.239 - - [20/Jul/2026:07:07:48 +0000] "POST /wp-login.php HTTP/1.1" 403 19352 "-" "Mozilla/5.0"
194.39.149.53 - - [20/Jul/2026:07:10:44 +0000] "POST /wp-cron.php?doing_wp_cron=1784531444.6511580944061279296875 HTTP/1.1" 200 0 "-" "WordPress/7.0.2; https://blackhat-unlock.com"
143.198.37.30 - - [20/Jul/2026:07:10:42 +0000] "POST /wp-login.php HTTP/1.1" 200 7338 "-" "Mozilla/5.0"
91.92.243.239 - - [20/Jul/2026:07:10:51 +0000] "POST /wp-login.php HTTP/1.1" 403 19352 "-" "Mozilla/5.0"
91.92.243.239 - - [20/Jul/2026:07:10:51 +0000] "POST /wp-login.php HTTP/1.1" 403 19352 "-" "Mozilla/5.0"
194.39.149.53 - - [20/Jul/2026:07:11:24 +0000] "POST /wp-cron.php?doing_wp_cron=1784531484.2723619937896728515625 HTTP/1.1" 200 0 "-" "WordPress/7.0.2; https://blackhat-unlock.com"
138.68.97.234 - - [20/Jul/2026:07:11:23 +0000] "POST /wp-login.php HTTP/1.1" 200 7350 "-" "Mozilla/5.0"
91.92.243.239 - - [20/Jul/2026:07:13:28 +0000] "POST /wp-login.php HTTP/1.1" 403 19352 "-" "Mozilla/5.0"
91.92.243.239 - - [20/Jul/2026:07:13:28 +0000] "POST /wp-login.php HTTP/1.1" 403 19352 "-" "Mozilla/5.0"
72.60.40.175 - - [20/Jul/2026:07:14:06 +0000] "GET /shop/ HTTP/2" 200 234009 "-" "Mozilla/5.0 (Windows NT 10.0; Win64; x64) AppleWebKit/537.36"
91.92.243.239 - - [20/Jul/2026:07:16:41 +0000] "POST /wp-login.php HTTP/1.1" 403 19352 "-" "Mozilla/5.0"
91.92.243.239 - - [20/Jul/2026:07:16:41 +0000] "POST /wp-login.php HTTP/1.1" 403 19352 "-" "Mozilla/5.0"
194.39.149.53 - - [20/Jul/2026:07:18:26 +0000] "POST /wp-cron.php?doing_wp_cron=1784531906.4040799140930175781250 HTTP/1.1" 200 0 "-" "WordPress/7.0.2; https://blackhat-unlock.com"
217.174.149.203 - - [20/Jul/2026:07:18:23 +0000] "GET /wp-login.php HTTP/2" 200 2184 "-" "Mozilla/5.0 (X11; CrOS x86_64 14541.0.0) AppleWebKit/537.36 (KHTML, like Gecko) Chrome/147.0.0.0 Safari/537.36"
217.174.149.203 - - [20/Jul/2026:07:18:26 +0000] "POST /wp-login.php HTTP/2" 200 2319 "https://blackhat-unlock.com/wp-login.php" "Mozilla/5.0 (X11; CrOS x86_64 14541.0.0) AppleWebKit/537.36 (KHTML, like Gecko) Chrome/147.0.0.0 Safari/537.36"
91.92.243.239 - - [20/Jul/2026:07:19:12 +0000] "POST /wp-login.php HTTP/1.1" 403 19352 "-" "Mozilla/5.0"
91.92.243.239 - - [20/Jul/2026:07:19:12 +0000] "POST /wp-login.php HTTP/1.1" 403 19352 "-" "Mozilla/5.0"
194.39.149.53 - - [20/Jul/2026:07:19:50 +0000] "POST /wp-cron.php?doing_wp_cron=1784531990.7403860092163085937500 HTTP/1.1" 200 0 "-" "WordPress/7.0.2; https://blackhat-unlock.com"
143.198.37.30 - - [20/Jul/2026:07:19:49 +0000] "POST /wp-login.php HTTP/1.1" 200 7338 "-" "Mozilla/5.0"
194.39.149.53 - - [20/Jul/2026:07:20:17 +0000] "POST /wp-cron.php?doing_wp_cron=1784532016.9276928901672363281250 HTTP/1.1" 200 0 "-" "WordPress/7.0.2; https://blackhat-unlock.com"
138.68.97.234 - - [20/Jul/2026:07:20:15 +0000] "POST /wp-login.php HTTP/1.1" 200 7350 "-" "Mozilla/5.0"
194.39.149.53 - - [20/Jul/2026:07:21:34 +0000] "POST /wp-cron.php?doing_wp_cron=1784532094.6608440876007080078125 HTTP/1.1" 200 0 "-" "WordPress/7.0.2; https://blackhat-unlock.com"
134.122.40.246 - - [20/Jul/2026:07:21:33 +0000] "POST /wp-login.php HTTP/1.1" 200 7338 "-" "Mozilla/5.0"
91.92.243.239 - - [20/Jul/2026:07:22:17 +0000] "POST /wp-login.php HTTP/1.1" 403 19352 "-" "Mozilla/5.0"
91.92.243.239 - - [20/Jul/2026:07:22:17 +0000] "POST /wp-login.php HTTP/1.1" 403 19352 "-" "Mozilla/5.0"
72.60.40.175 - - [20/Jul/2026:07:23:27 +0000] "GET /shop/ HTTP/2" 200 234009 "-" "Mozilla/5.0 (Windows NT 10.0; Win64; x64) AppleWebKit/537.36"
91.92.243.239 - - [20/Jul/2026:07:24:52 +0000] "POST /wp-login.php HTTP/1.1" 403 19352 "-" "Mozilla/5.0"
91.92.243.239 - - [20/Jul/2026:07:24:52 +0000] "POST /wp-login.php HTTP/1.1" 403 19352 "-" "Mozilla/5.0"
194.39.149.53 - - [20/Jul/2026:07:27:43 +0000] "POST /wp-cron.php?doing_wp_cron=1784532463.6193869113922119140625 HTTP/1.1" 200 0 "-" "WordPress/7.0.2; https://blackhat-unlock.com"
45.90.123.233 - - [20/Jul/2026:07:27:41 +0000] "GET /wp-login.php HTTP/2" 200 2184 "-" "Mozilla/5.0 (X11; Fedora; Linux x86_64) AppleWebKit/537.36 (KHTML, like Gecko) Chrome/150.0.0.0 Safari/537.36"
45.90.123.233 - - [20/Jul/2026:07:27:45 +0000] "POST /wp-login.php HTTP/2" 200 2329 "https://mail.blackhat-unlock.com/wp-login.php" "Mozilla/5.0 (X11; Fedora; Linux x86_64) AppleWebKit/537.36 (KHTML, like Gecko) Chrome/150.0.0.0 Safari/537.36"
91.92.243.239 - - [20/Jul/2026:07:28:01 +0000] "POST /wp-login.php HTTP/1.1" 403 19352 "-" "Mozilla/5.0"
91.92.243.239 - - [20/Jul/2026:07:28:01 +0000] "POST /wp-login.php HTTP/1.1" 403 19352 "-" "Mozilla/5.0"
185.65.120.166 - - [20/Jul/2026:07:29:00 +0000] "POST /wp/xmlrpc.php HTTP/2" 200 57285 "-" "Mozilla/5.0 (X11; CrOS x86_64 14541.0.0) AppleWebKit/537.36 (KHTML, like Gecko) Chrome/147.0.0.0 Safari/537.36"
185.65.120.166 - - [20/Jul/2026:07:29:01 +0000] "POST /wp/xmlrpc.php HTTP/2" 403 5137 "-" "Mozilla/5.0 (X11; CrOS x86_64 14541.0.0) AppleWebKit/537.36 (KHTML, like Gecko) Chrome/147.0.0.0 Safari/537.36"
194.39.149.53 - - [20/Jul/2026:07:29:06 +0000] "POST /wp-cron.php?doing_wp_cron=1784532546.6302471160888671875000 HTTP/1.1" 200 0 "-" "WordPress/7.0.2; https://blackhat-unlock.com"
143.198.37.30 - - [20/Jul/2026:07:29:05 +0000] "POST /wp-login.php HTTP/1.1" 200 7338 "-" "Mozilla/5.0"
138.68.97.234 - - [20/Jul/2026:07:29:09 +0000] "POST /wp-login.php HTTP/1.1" 200 7350 "-" "Mozilla/5.0"
91.92.243.239 - - [20/Jul/2026:07:30:32 +0000] "POST /wp-login.php HTTP/1.1" 403 19352 "-" "Mozilla/5.0"
91.92.243.239 - - [20/Jul/2026:07:30:32 +0000] "POST /wp-login.php HTTP/1.1" 403 19352 "-" "Mozilla/5.0"
91.92.240.219 - - [20/Jul/2026:07:32:29 +0000] "GET / HTTP/1.1" 200 65490 "-" "Mozilla/5.0 (Windows NT 10.0; Win64; x64) AppleWebKit/537.36 (KHTML, like Gecko) Chrome/124.0.0.0 Safari/537.36"
72.60.40.175 - - [20/Jul/2026:07:33:38 +0000] "GET /shop/ HTTP/2" 200 234009 "-" "Mozilla/5.0 (Windows NT 10.0; Win64; x64) AppleWebKit/537.36"
91.92.243.239 - - [20/Jul/2026:07:33:41 +0000] "POST /wp-login.php HTTP/1.1" 403 19352 "-" "Mozilla/5.0"
91.92.243.239 - - [20/Jul/2026:07:33:41 +0000] "POST /wp-login.php HTTP/1.1" 403 19352 "-" "Mozilla/5.0"
194.39.149.53 - - [20/Jul/2026:07:36:01 +0000] "POST /wp-cron.php?doing_wp_cron=1784532961.0224089622497558593750 HTTP/1.1" 200 0 "-" "WordPress/7.0.2; https://blackhat-unlock.com"
134.122.40.246 - - [20/Jul/2026:07:35:56 +0000] "POST /wp-login.php HTTP/1.1" 200 7338 "-" "Mozilla/5.0"
91.92.243.239 - - [20/Jul/2026:07:36:16 +0000] "POST /wp-login.php HTTP/1.1" 403 19352 "-" "Mozilla/5.0"
91.92.243.239 - - [20/Jul/2026:07:36:16 +0000] "POST /wp-login.php HTTP/1.1" 403 19352 "-" "Mozilla/5.0"
194.39.149.53 - - [20/Jul/2026:07:38:04 +0000] "POST /wp-cron.php?doing_wp_cron=1784533084.4482309818267822265625 HTTP/1.1" 200 0 "-" "WordPress/7.0.2; https://blackhat-unlock.com"
138.68.97.234 - - [20/Jul/2026:07:38:02 +0000] "POST /wp-login.php HTTP/1.1" 200 7350 "-" "Mozilla/5.0"
143.198.37.30 - - [20/Jul/2026:07:38:09 +0000] "POST /wp-login.php HTTP/1.1" 200 7338 "-" "Mozilla/5.0"
91.92.243.239 - - [20/Jul/2026:07:39:06 +0000] "POST /wp-login.php HTTP/1.1" 403 19352 "-" "Mozilla/5.0"
91.92.243.239 - - [20/Jul/2026:07:39:06 +0000] "POST /wp-login.php HTTP/1.1" 403 19352 "-" "Mozilla/5.0"
91.92.243.239 - - [20/Jul/2026:07:41:28 +0000] "POST /wp-login.php HTTP/1.1" 403 19352 "-" "Mozilla/5.0"
91.92.243.239 - - [20/Jul/2026:07:41:28 +0000] "POST /wp-login.php HTTP/1.1" 403 19352 "-" "Mozilla/5.0"
72.60.40.175 - - [20/Jul/2026:07:43:12 +0000] "GET /shop/ HTTP/2" 200 234009 "-" "Mozilla/5.0 (Windows NT 10.0; Win64; x64) AppleWebKit/537.36"
91.92.243.239 - - [20/Jul/2026:07:44:30 +0000] "POST /wp-login.php HTTP/1.1" 403 19352 "-" "Mozilla/5.0"
91.92.243.239 - - [20/Jul/2026:07:44:30 +0000] "POST /wp-login.php HTTP/1.1" 403 19352 "-" "Mozilla/5.0"
91.212.174.124 - - [20/Jul/2026:07:45:11 +0000] "POST /wp/xmlrpc.php HTTP/2" 200 57240 "-" "Mozilla/5.0 (Linux; Android 14; Pixel 8) AppleWebKit/537.36 (KHTML, like Gecko) Chrome/147.0.0.0 Mobile Safari/537.36"
91.212.174.124 - - [20/Jul/2026:07:45:12 +0000] "POST /wp/xmlrpc.php HTTP/2" 403 5137 "-" "Mozilla/5.0 (Linux; Android 14; Pixel 8) AppleWebKit/537.36 (KHTML, like Gecko) Chrome/147.0.0.0 Mobile Safari/537.36"
194.39.149.53 - - [20/Jul/2026:07:46:49 +0000] "POST /wp-cron.php?doing_wp_cron=1784533608.8919680118560791015625 HTTP/1.1" 200 0 "-" "WordPress/7.0.2; https://blackhat-unlock.com"
138.68.97.234 - - [20/Jul/2026:07:46:48 +0000] "POST /wp-login.php HTTP/1.1" 200 7350 "-" "Mozilla/5.0"
91.92.243.239 - - [20/Jul/2026:07:46:58 +0000] "POST /wp-login.php HTTP/1.1" 403 19352 "-" "Mozilla/5.0"
91.92.243.239 - - [20/Jul/2026:07:46:58 +0000] "POST /wp-login.php HTTP/1.1" 403 19352 "-" "Mozilla/5.0"
194.39.149.53 - - [20/Jul/2026:07:47:16 +0000] "POST /wp-cron.php?doing_wp_cron=1784533636.3375949859619140625000 HTTP/1.1" 200 0 "-" "WordPress/7.0.2; https://blackhat-unlock.com"
143.198.37.30 - - [20/Jul/2026:07:47:14 +0000] "POST /wp-login.php HTTP/1.1" 200 7338 "-" "Mozilla/5.0"
91.92.243.239 - - [20/Jul/2026:07:50:00 +0000] "POST /wp-login.php HTTP/1.1" 403 19352 "-" "Mozilla/5.0"
91.92.243.239 - - [20/Jul/2026:07:50:00 +0000] "POST /wp-login.php HTTP/1.1" 403 19352 "-" "Mozilla/5.0"
194.39.149.53 - - [20/Jul/2026:07:50:39 +0000] "POST /wp-cron.php?doing_wp_cron=1784533839.2558460235595703125000 HTTP/1.1" 200 0 "-" "WordPress/7.0.2; https://blackhat-unlock.com"
134.122.40.246 - - [20/Jul/2026:07:50:37 +0000] "POST /wp-login.php HTTP/1.1" 200 7338 "-" "Mozilla/5.0"
91.92.243.239 - - [20/Jul/2026:07:52:32 +0000] "POST /wp-login.php HTTP/1.1" 403 19352 "-" "Mozilla/5.0"
91.92.243.239 - - [20/Jul/2026:07:52:32 +0000] "POST /wp-login.php HTTP/1.1" 403 19352 "-" "Mozilla/5.0"
72.60.40.175 - - [20/Jul/2026:07:53:45 +0000] "GET /shop/ HTTP/2" 200 234009 "-" "Mozilla/5.0 (Windows NT 10.0; Win64; x64) AppleWebKit/537.36"
194.39.149.53 - - [20/Jul/2026:07:54:04 +0000] "POST /wp-cron.php?doing_wp_cron=1784534043.8969080448150634765625 HTTP/1.1" 200 0 "-" "WordPress/7.0.2; https://blackhat-unlock.com"
103.195.103.203 - - [20/Jul/2026:07:54:02 +0000] "POST /xmlrpc.php HTTP/2" 200 186 "-" "Mozilla/5.0 (X11; CrOS x86_64 14541.0.0) AppleWebKit/537.36 (KHTML, like Gecko) Chrome/147.0.0.0 Safari/537.36"
91.92.243.239 - - [20/Jul/2026:07:55:42 +0000] "POST /wp-login.php HTTP/1.1" 403 19352 "-" "Mozilla/5.0"
91.92.243.239 - - [20/Jul/2026:07:55:42 +0000] "POST /wp-login.php HTTP/1.1" 403 19352 "-" "Mozilla/5.0"
194.39.149.53 - - [20/Jul/2026:07:55:54 +0000] "POST /wp-cron.php?doing_wp_cron=1784534154.2244238853454589843750 HTTP/1.1" 200 0 "-" "WordPress/7.0.2; https://blackhat-unlock.com"
138.68.97.234 - - [20/Jul/2026:07:55:50 +0000] "POST /wp-login.php HTTP/1.1" 200 7350 "-" "Mozilla/5.0"
194.39.149.53 - - [20/Jul/2026:07:56:24 +0000] "POST /wp-cron.php?doing_wp_cron=1784534184.3677580356597900390625 HTTP/1.1" 200 0 "-" "WordPress/7.0.2; https://blackhat-unlock.com"
143.198.37.30 - - [20/Jul/2026:07:56:22 +0000] "POST /wp-login.php HTTP/1.1" 200 7338 "-" "Mozilla/5.0"
91.92.243.239 - - [20/Jul/2026:07:58:16 +0000] "POST /wp-login.php HTTP/1.1" 403 19352 "-" "Mozilla/5.0"
91.92.243.239 - - [20/Jul/2026:07:58:16 +0000] "POST /wp-login.php HTTP/1.1" 403 19352 "-" "Mozilla/5.0"
91.92.243.239 - - [20/Jul/2026:08:01:22 +0000] "POST /wp-login.php HTTP/1.1" 403 19352 "-" "Mozilla/5.0"
91.92.243.239 - - [20/Jul/2026:08:01:22 +0000] "POST /wp-login.php HTTP/1.1" 403 19352 "-" "Mozilla/5.0"
194.39.149.53 - - [20/Jul/2026:08:01:51 +0000] "POST /wp-cron.php?doing_wp_cron=1784534511.6923100948333740234375 HTTP/1.1" 200 0 "-" "WordPress/7.0.2; https://blackhat-unlock.com"
100.42.189.89 - - [20/Jul/2026:08:01:50 +0000] "GET /wp-login.php HTTP/2" 200 2184 "-" "Mozilla/5.0 (Linux; Android 14; Pixel 8) AppleWebKit/537.36 (KHTML, like Gecko) Chrome/147.0.0.0 Mobile Safari/537.36"
100.42.189.89 - - [20/Jul/2026:08:01:52 +0000] "POST /wp-login.php HTTP/2" 200 2319 "https://blackhat-unlock.com/wp-login.php" "Mozilla/5.0 (Linux; Android 14; Pixel 8) AppleWebKit/537.36 (KHTML, like Gecko) Chrome/147.0.0.0 Mobile Safari/537.36"
72.60.40.175 - - [20/Jul/2026:08:02:22 +0000] "GET /shop/ HTTP/2" 200 234009 "-" "Mozilla/5.0 (Windows NT 10.0; Win64; x64) AppleWebKit/537.36"
91.92.243.239 - - [20/Jul/2026:08:04:02 +0000] "POST /wp-login.php HTTP/1.1" 403 19352 "-" "Mozilla/5.0"
91.92.243.239 - - [20/Jul/2026:08:04:02 +0000] "POST /wp-login.php HTTP/1.1" 403 19352 "-" "Mozilla/5.0"
194.39.149.53 - - [20/Jul/2026:08:05:05 +0000] "POST /wp-cron.php?doing_wp_cron=1784534705.2701249122619628906250 HTTP/1.1" 200 0 "-" "WordPress/7.0.2; https://blackhat-unlock.com"
138.68.97.234 - - [20/Jul/2026:08:05:03 +0000] "POST /wp-login.php HTTP/1.1" 200 7350 "-" "Mozilla/5.0"
194.39.149.53 - - [20/Jul/2026:08:05:39 +0000] "POST /wp-cron.php?doing_wp_cron=1784534739.0427079200744628906250 HTTP/1.1" 200 0 "-" "WordPress/7.0.2; https://blackhat-unlock.com"
134.122.40.246 - - [20/Jul/2026:08:05:37 +0000] "POST /wp-login.php HTTP/1.1" 200 7338 "-" "Mozilla/5.0"
143.198.37.30 - - [20/Jul/2026:08:05:43 +0000] "POST /wp-login.php HTTP/1.1" 200 7338 "-" "Mozilla/5.0"
91.92.243.239 - - [20/Jul/2026:08:07:16 +0000] "POST /wp-login.php HTTP/1.1" 403 19352 "-" "Mozilla/5.0"
91.92.243.239 - - [20/Jul/2026:08:07:16 +0000] "POST /wp-login.php HTTP/1.1" 403 19352 "-" "Mozilla/5.0"
41.76.214.143 - - [20/Jul/2026:08:07:55 +0000] "GET /wp/wp-login.php HTTP/2" 200 57240 "-" "Mozilla/5.0 (Macintosh; Intel Mac OS X 10_15_7) AppleWebKit/537.36 (KHTML, like Gecko) Chrome/147.0.0.0 Safari/537.36"
194.39.149.53 - - [20/Jul/2026:08:08:46 +0000] "POST /wp-cron.php?doing_wp_cron=1784534926.6888470649719238281250 HTTP/1.1" 200 0 "-" "WordPress/7.0.2; https://blackhat-unlock.com"
199.189.225.40 - - [20/Jul/2026:08:08:44 +0000] "POST /xmlrpc.php HTTP/2" 200 186 "-" "Mozilla/5.0 (Linux; Android 10; SM-G973F) AppleWebKit/537.36 (KHTML, like Gecko) Chrome/147.0.0.0 Mobile Safari/537.36"
91.92.243.239 - - [20/Jul/2026:08:09:46 +0000] "POST /wp-login.php HTTP/1.1" 403 19352 "-" "Mozilla/5.0"
91.92.243.239 - - [20/Jul/2026:08:09:46 +0000] "POST /wp-login.php HTTP/1.1" 403 19352 "-" "Mozilla/5.0"
194.39.149.53 - - [20/Jul/2026:08:10:17 +0000] "POST /wp-cron.php?doing_wp_cron=1784535017.8219180107116699218750 HTTP/1.1" 200 0 "-" "WordPress/7.0.2; https://blackhat-unlock.com"
45.90.123.233 - - [20/Jul/2026:08:10:13 +0000] "GET /wp-login.php HTTP/2" 200 2184 "-" "Mozilla/5.0 (Linux; Android 13; Pixel 7) AppleWebKit/537.36 (KHTML, like Gecko) Chrome/150.0.0.0 Mobile Safari/537.36"
45.90.123.233 - - [20/Jul/2026:08:10:19 +0000] "POST /wp-login.php HTTP/2" 200 2329 "https://mail.blackhat-unlock.com/wp-login.php" "Mozilla/5.0 (Linux; Android 13; Pixel 7) AppleWebKit/537.36 (KHTML, like Gecko) Chrome/150.0.0.0 Mobile Safari/537.36"
91.92.243.239 - - [20/Jul/2026:08:12:55 +0000] "POST /wp-login.php HTTP/1.1" 403 19352 "-" "Mozilla/5.0"
91.92.243.239 - - [20/Jul/2026:08:12:55 +0000] "POST /wp-login.php HTTP/1.1" 403 19352 "-" "Mozilla/5.0"
194.39.149.53 - - [20/Jul/2026:08:14:21 +0000] "POST /wp-cron.php?doing_wp_cron=1784535261.7079479694366455078125 HTTP/1.1" 200 0 "-" "WordPress/7.0.2; https://blackhat-unlock.com"
138.68.97.234 - - [20/Jul/2026:08:14:18 +0000] "POST /wp-login.php HTTP/1.1" 200 7350 "-" "Mozilla/5.0"
91.92.243.239 - - [20/Jul/2026:08:15:31 +0000] "POST /wp-login.php HTTP/1.1" 403 19352 "-" "Mozilla/5.0"
91.92.243.239 - - [20/Jul/2026:08:15:31 +0000] "POST /wp-login.php HTTP/1.1" 403 19352 "-" "Mozilla/5.0"
199.189.225.40 - - [20/Jul/2026:08:15:33 +0000] "POST /wp/xmlrpc.php HTTP/2" 200 57240 "-" "Mozilla/5.0 (Macintosh; Intel Mac OS X 14_7_1) AppleWebKit/537.36 (KHTML, like Gecko) Chrome/147.0.0.0 Safari/537.36"
199.189.225.40 - - [20/Jul/2026:08:15:34 +0000] "POST /wp/xmlrpc.php HTTP/2" 403 5135 "-" "Mozilla/5.0 (Macintosh; Intel Mac OS X 14_7_1) AppleWebKit/537.36 (KHTML, like Gecko) Chrome/147.0.0.0 Safari/537.36"
72.60.40.175 - - [20/Jul/2026:08:15:54 +0000] "GET /shop/ HTTP/2" 200 234009 "-" "Mozilla/5.0 (Windows NT 10.0; Win64; x64) AppleWebKit/537.36"
205.210.31.33 - - [20/Jul/2026:08:16:55 +0000] "GET /autodiscover/autodiscover.xml HTTP/1.1" 400 52 "http://autodiscover.blackhat-unlock.com/" "Hello from Palo Alto Networks, find out more about our scans in https://docs-cortex.paloaltonetworks.com/r/1/Cortex-Xpanse/Scanning-activity"
34.239.197.197 - - [20/Jul/2026:08:17:01 +0000] "GET /2020/03/10/the-secret-of-cleaning-your-office/embed/ HTTP/1.1" 200 65520 "-" "Mozilla/5.0 AppleWebKit/537.36 (KHTML, like Gecko; compatible; Amazonbot/0.1; +https://developer.amazon.com/support/amazonbot) Chrome/119.0.6045.214 Safari/537.36"
91.92.243.239 - - [20/Jul/2026:08:18:34 +0000] "POST /wp-login.php HTTP/1.1" 403 19352 "-" "Mozilla/5.0"
91.92.243.239 - - [20/Jul/2026:08:18:34 +0000] "POST /wp-login.php HTTP/1.1" 403 19352 "-" "Mozilla/5.0"
91.92.243.239 - - [20/Jul/2026:08:21:03 +0000] "POST /wp-login.php HTTP/1.1" 200 0 "-" "Mozilla/5.0"
91.92.243.239 - - [20/Jul/2026:08:21:03 +0000] "POST /wp-login.php HTTP/1.1" 200 0 "-" "Mozilla/5.0"
91.92.243.239 - - [20/Jul/2026:08:24:12 +0000] "POST /wp-login.php HTTP/1.1" 200 0 "-" "Mozilla/5.0"
91.92.243.239 - - [20/Jul/2026:08:24:12 +0000] "POST /wp-login.php HTTP/1.1" 200 0 "-" "Mozilla/5.0"
72.60.40.175 - - [20/Jul/2026:08:24:57 +0000] "GET /shop/ HTTP/2" 200 98304 "-" "Mozilla/5.0 (Windows NT 10.0; Win64; x64) AppleWebKit/537.36"
34.205.170.13 - - [20/Jul/2026:08:25:55 +0000] "GET /tag/cleaner/feed/ HTTP/1.1" 200 65480 "-" "Mozilla/5.0 AppleWebKit/537.36 (KHTML, like Gecko; compatible; Amazonbot/0.1; +https://developer.amazon.com/support/amazonbot) Chrome/119.0.6045.214 Safari/537.36"
91.92.243.239 - - [20/Jul/2026:08:26:48 +0000] "POST /wp-login.php HTTP/1.1" 200 0 "-" "Mozilla/5.0"
91.92.243.239 - - [20/Jul/2026:08:26:48 +0000] "POST /wp-login.php HTTP/1.1" 200 0 "-" "Mozilla/5.0"
91.92.243.239 - - [20/Jul/2026:08:29:50 +0000] "POST /wp-login.php HTTP/1.1" 403 19352 "-" "Mozilla/5.0"
91.92.243.239 - - [20/Jul/2026:08:29:50 +0000] "POST /wp-login.php HTTP/1.1" 403 19352 "-" "Mozilla/5.0"
34.233.219.155 - - [20/Jul/2026:08:30:52 +0000] "GET /wp-content/uploads/2026/05/email-hack.webp HTTP/1.1" 200 42492 "-" "Mozilla/5.0 AppleWebKit/537.36 (KHTML, like Gecko; compatible; Amazonbot/0.1; +https://developer.amazon.com/support/amazonbot) Chrome/119.0.6045.214 Safari/537.36"
91.92.243.239 - - [20/Jul/2026:08:32:22 +0000] "POST /wp-login.php HTTP/1.1" 403 19352 "-" "Mozilla/5.0"
91.92.243.239 - - [20/Jul/2026:08:32:22 +0000] "POST /wp-login.php HTTP/1.1" 403 19352 "-" "Mozilla/5.0"
91.92.243.239 - - [20/Jul/2026:08:35:35 +0000] "POST /wp-login.php HTTP/1.1" 403 19352 "-" "Mozilla/5.0"
91.92.243.239 - - [20/Jul/2026:08:35:35 +0000] "POST /wp-login.php HTTP/1.1" 403 19352 "-" "Mozilla/5.0"
91.92.243.239 - - [20/Jul/2026:08:38:05 +0000] "POST /wp-login.php HTTP/1.1" 403 19352 "-" "Mozilla/5.0"
91.92.243.239 - - [20/Jul/2026:08:38:05 +0000] "POST /wp-login.php HTTP/1.1" 403 19352 "-" "Mozilla/5.0"
91.92.243.239 - - [20/Jul/2026:08:41:08 +0000] "POST /wp-login.php HTTP/1.1" 403 19352 "-" "Mozilla/5.0"
91.92.243.239 - - [20/Jul/2026:08:41:08 +0000] "POST /wp-login.php HTTP/1.1" 403 19352 "-" "Mozilla/5.0"
72.60.40.175 - - [20/Jul/2026:08:42:18 +0000] "GET /shop/ HTTP/2" 200 234009 "-" "Mozilla/5.0 (Windows NT 10.0; Win64; x64) AppleWebKit/537.36"
91.92.243.239 - - [20/Jul/2026:08:43:38 +0000] "POST /wp-login.php HTTP/1.1" 403 19352 "-" "Mozilla/5.0"
91.92.243.239 - - [20/Jul/2026:08:43:38 +0000] "POST /wp-login.php HTTP/1.1" 403 19352 "-" "Mozilla/5.0"
91.92.243.239 - - [20/Jul/2026:08:46:43 +0000] "POST /wp-login.php HTTP/1.1" 403 19352 "-" "Mozilla/5.0"
91.92.243.239 - - [20/Jul/2026:08:46:43 +0000] "POST /wp-login.php HTTP/1.1" 403 19352 "-" "Mozilla/5.0"
91.92.243.239 - - [20/Jul/2026:08:49:12 +0000] "POST /wp-login.php HTTP/1.1" 403 19352 "-" "Mozilla/5.0"
91.92.243.239 - - [20/Jul/2026:08:49:11 +0000] "POST /wp-login.php HTTP/1.1" 403 19352 "-" "Mozilla/5.0"
72.60.40.175 - - [20/Jul/2026:08:51:59 +0000] "GET /shop/ HTTP/2" 200 234009 "-" "Mozilla/5.0 (Windows NT 10.0; Win64; x64) AppleWebKit/537.36"
91.92.243.239 - - [20/Jul/2026:08:52:17 +0000] "POST /wp-login.php HTTP/1.1" 403 19352 "-" "Mozilla/5.0"
91.92.243.239 - - [20/Jul/2026:08:52:17 +0000] "POST /wp-login.php HTTP/1.1" 403 19352 "-" "Mozilla/5.0"
91.92.243.239 - - [20/Jul/2026:08:54:45 +0000] "POST /wp-login.php HTTP/1.1" 403 19352 "-" "Mozilla/5.0"
91.92.243.239 - - [20/Jul/2026:08:54:45 +0000] "POST /wp-login.php HTTP/1.1" 403 19352 "-" "Mozilla/5.0"
72.60.40.175 - - [20/Jul/2026:09:03:12 +0000] "GET /shop/ HTTP/2" 200 234009 "-" "Mozilla/5.0 (Windows NT 10.0; Win64; x64) AppleWebKit/537.36"
91.92.243.239 - - [20/Jul/2026:09:03:15 +0000] "POST /wp-login.php HTTP/1.1" 403 19352 "-" "Mozilla/5.0"
91.92.243.239 - - [20/Jul/2026:09:03:15 +0000] "POST /wp-login.php HTTP/1.1" 403 19352 "-" "Mozilla/5.0"
91.92.243.239 - - [20/Jul/2026:08:57:49 +0000] "POST /wp-login.php HTTP/1.1" 403 19352 "-" "Mozilla/5.0"
91.92.243.239 - - [20/Jul/2026:08:57:49 +0000] "POST /wp-login.php HTTP/1.1" 403 19352 "-" "Mozilla/5.0"
91.92.243.239 - - [20/Jul/2026:09:00:12 +0000] "POST /wp-login.php HTTP/1.1" 403 19352 "-" "Mozilla/5.0"
91.92.243.239 - - [20/Jul/2026:09:00:12 +0000] "POST /wp-login.php HTTP/1.1" 403 19352 "-" "Mozilla/5.0"
74.235.96.117 - - [20/Jul/2026:09:02:35 +0000] "GET /wp/wp-login.php HTTP/2" 200 57285 "-" "Mozilla/5.0 (X11; Linux x86_64) AppleWebKit/537.36 (KHTML, like Gecko) Chrome/147.0.0.0 Safari/537.36 Edg/147.0.0.0"
91.92.243.239 - - [20/Jul/2026:09:05:45 +0000] "POST /wp-login.php HTTP/1.1" 403 19352 "-" "Mozilla/5.0"
91.92.243.239 - - [20/Jul/2026:09:05:45 +0000] "POST /wp-login.php HTTP/1.1" 403 19352 "-" "Mozilla/5.0"
91.92.243.239 - - [20/Jul/2026:09:08:47 +0000] "POST /wp-login.php HTTP/1.1" 403 19352 "-" "Mozilla/5.0"
91.92.243.239 - - [20/Jul/2026:09:08:47 +0000] "POST /wp-login.php HTTP/1.1" 403 19352 "-" "Mozilla/5.0"
91.92.243.239 - - [20/Jul/2026:09:11:19 +0000] "POST /wp-login.php HTTP/1.1" 403 19352 "-" "Mozilla/5.0"
91.92.243.239 - - [20/Jul/2026:09:11:19 +0000] "POST /wp-login.php HTTP/1.1" 403 19352 "-" "Mozilla/5.0"
72.60.40.175 - - [20/Jul/2026:09:13:25 +0000] "GET /shop/ HTTP/2" 200 234009 "-" "Mozilla/5.0 (Windows NT 10.0; Win64; x64) AppleWebKit/537.36"
91.92.243.239 - - [20/Jul/2026:09:14:31 +0000] "POST /wp-login.php HTTP/1.1" 403 19352 "-" "Mozilla/5.0"
91.92.243.239 - - [20/Jul/2026:09:14:31 +0000] "POST /wp-login.php HTTP/1.1" 403 19352 "-" "Mozilla/5.0"
91.92.243.239 - - [20/Jul/2026:09:17:06 +0000] "POST /wp-login.php HTTP/1.1" 403 19352 "-" "Mozilla/5.0"
91.92.243.239 - - [20/Jul/2026:09:17:06 +0000] "POST /wp-login.php HTTP/1.1" 403 19352 "-" "Mozilla/5.0"
194.39.149.53 - - [20/Jul/2026:09:18:38 +0000] "POST /wp-cron.php?doing_wp_cron=1784539118.7166819572448730468750 HTTP/1.1" 200 0 "-" "WordPress/7.0.2; https://blackhat-unlock.com"
89.34.17.72 - - [20/Jul/2026:09:18:28 +0000] "POST /xmlrpc.php HTTP/2" 200 186 "-" "Mozilla/5.0 (Windows NT 10.0) AppleWebKit/537.36 (KHTML, like Gecko) Chrome/147.0.0.0 Safari/537.36"
207.46.13.63 - - [20/Jul/2026:09:18:44 +0000] "GET /category/carpet-cleaning/ HTTP/2" 200 57284 "-" "Mozilla/5.0 AppleWebKit/537.36 (KHTML, like Gecko; compatible; bingbot/2.0; +http://www.bing.com/bingbot.htm) Chrome/116.0.1938.76 Safari/537.36"
91.92.243.239 - - [20/Jul/2026:09:20:13 +0000] "POST /wp-login.php HTTP/1.1" 403 19352 "-" "Mozilla/5.0"
91.92.243.239 - - [20/Jul/2026:09:20:13 +0000] "POST /wp-login.php HTTP/1.1" 403 19352 "-" "Mozilla/5.0"
45.148.10.244 - - [20/Jul/2026:09:20:34 +0000] "GET / HTTP/2" 403 5812 "-" "Mozilla/5.0 (compatible; pathscan/1.0)"
45.148.10.244 - - [20/Jul/2026:09:20:35 +0000] "GET /kh99c5jhqnj11loyy1ez7uz6m HTTP/2" 403 5806 "-" "Mozilla/5.0 (compatible; pathscan/1.0)"
45.148.10.244 - - [20/Jul/2026:09:20:38 +0000] "GET /13j08pqi5xyy5jct0ure2tnk3.html HTTP/2" 403 5812 "-" "Mozilla/5.0 (compatible; pathscan/1.0)"
45.148.10.244 - - [20/Jul/2026:09:20:39 +0000] "GET /hfd2z68abg8zxwvs4h4w4h2m.php HTTP/2" 403 5812 "-" "Mozilla/5.0 (compatible; pathscan/1.0)"
45.148.10.244 - - [20/Jul/2026:09:20:40 +0000] "GET /WEB-INF/web.xml HTTP/2" 403 5812 "-" "Mozilla/5.0 (compatible; pathscan/1.0)"
45.148.10.244 - - [20/Jul/2026:09:20:40 +0000] "GET /backend/.env HTTP/2" 403 5812 "-" "Mozilla/5.0 (compatible; pathscan/1.0)"
45.148.10.244 - - [20/Jul/2026:09:20:40 +0000] "GET /.env HTTP/2" 403 5812 "-" "Mozilla/5.0 (compatible; pathscan/1.0)"
45.148.10.244 - - [20/Jul/2026:09:20:41 +0000] "GET /.gitlab-ci.yml HTTP/2" 403 1242 "-" "Mozilla/5.0 (compatible; pathscan/1.0)"
45.148.10.244 - - [20/Jul/2026:09:20:41 +0000] "GET /.env.production HTTP/2" 403 5812 "-" "Mozilla/5.0 (compatible; pathscan/1.0)"
45.148.10.244 - - [20/Jul/2026:09:20:41 +0000] "GET /deploy.sh HTTP/2" 403 5812 "-" "Mozilla/5.0 (compatible; pathscan/1.0)"
45.148.10.244 - - [20/Jul/2026:09:20:41 +0000] "GET /source/.env HTTP/2" 403 5812 "-" "Mozilla/5.0 (compatible; pathscan/1.0)"
45.148.10.244 - - [20/Jul/2026:09:20:41 +0000] "GET /config.env HTTP/2" 403 5812 "-" "Mozilla/5.0 (compatible; pathscan/1.0)"
45.148.10.244 - - [20/Jul/2026:09:20:45 +0000] "GET /framework/.env HTTP/2" 403 5806 "-" "Mozilla/5.0 (compatible; pathscan/1.0)"
45.148.10.244 - - [20/Jul/2026:09:20:45 +0000] "GET /ikiwiki/.env HTTP/2" 403 5812 "-" "Mozilla/5.0 (compatible; pathscan/1.0)"
45.148.10.244 - - [20/Jul/2026:09:20:45 +0000] "GET /config.inc.php HTTP/2" 403 5806 "-" "Mozilla/5.0 (compatible; pathscan/1.0)"
45.148.10.244 - - [20/Jul/2026:09:20:46 +0000] "GET /system/.env HTTP/2" 403 5812 "-" "Mozilla/5.0 (compatible; pathscan/1.0)"
45.148.10.244 - - [20/Jul/2026:09:20:46 +0000] "GET /wp-config.php.backup HTTP/2" 403 5812 "-" "Mozilla/5.0 (compatible; pathscan/1.0)"
45.148.10.244 - - [20/Jul/2026:09:20:46 +0000] "GET /test/ HTTP/2" 403 5812 "-" "Mozilla/5.0 (compatible; pathscan/1.0)"
45.148.10.244 - - [20/Jul/2026:09:20:48 +0000] "GET /.env.sample HTTP/2" 403 5812 "-" "Mozilla/5.0 (compatible; pathscan/1.0)"
45.148.10.244 - - [20/Jul/2026:09:20:48 +0000] "GET /app_dev.php/_profiler/open?file=app/config/parameters.yml HTTP/2" 403 5812 "-" "Mozilla/5.0 (compatible; pathscan/1.0)"
45.148.10.244 - - [20/Jul/2026:09:20:48 +0000] "GET /.env.dev HTTP/2" 403 5812 "-" "Mozilla/5.0 (compatible; pathscan/1.0)"
45.148.10.244 - - [20/Jul/2026:09:20:49 +0000] "GET /wp-content/mysql.sql HTTP/2" 403 5812 "-" "Mozilla/5.0 (compatible; pathscan/1.0)"
45.148.10.244 - - [20/Jul/2026:09:20:52 +0000] "GET /.env.dev.local HTTP/2" 403 5812 "-" "Mozilla/5.0 (compatible; pathscan/1.0)"
45.148.10.244 - - [20/Jul/2026:09:20:52 +0000] "GET /.env.example HTTP/2" 403 5812 "-" "Mozilla/5.0 (compatible; pathscan/1.0)"
45.148.10.244 - - [20/Jul/2026:09:20:52 +0000] "GET /php-info.php HTTP/2" 403 5812 "-" "Mozilla/5.0 (compatible; pathscan/1.0)"
45.148.10.244 - - [20/Jul/2026:09:20:53 +0000] "GET /.env.prod HTTP/2" 403 5812 "-" "Mozilla/5.0 (compatible; pathscan/1.0)"
45.148.10.244 - - [20/Jul/2026:09:20:53 +0000] "GET /.env.stage HTTP/2" 403 5812 "-" "Mozilla/5.0 (compatible; pathscan/1.0)"
45.148.10.244 - - [20/Jul/2026:09:20:53 +0000] "GET /info.php.bak HTTP/2" 403 5806 "-" "Mozilla/5.0 (compatible; pathscan/1.0)"
45.148.10.244 - - [20/Jul/2026:09:20:53 +0000] "GET /phpinfo.php.bak HTTP/2" 403 5812 "-" "Mozilla/5.0 (compatible; pathscan/1.0)"
45.148.10.244 - - [20/Jul/2026:09:20:53 +0000] "GET /.aws/credentials HTTP/2" 403 5812 "-" "Mozilla/5.0 (compatible; pathscan/1.0)"
45.148.10.244 - - [20/Jul/2026:09:20:54 +0000] "GET /info.txt HTTP/2" 403 5812 "-" "Mozilla/5.0 (compatible; pathscan/1.0)"
45.148.10.244 - - [20/Jul/2026:09:20:54 +0000] "GET /env/.env HTTP/2" 403 5806 "-" "Mozilla/5.0 (compatible; pathscan/1.0)"
45.148.10.244 - - [20/Jul/2026:09:20:54 +0000] "GET /config.json HTTP/2" 403 5812 "-" "Mozilla/5.0 (compatible; pathscan/1.0)"
45.148.10.244 - - [20/Jul/2026:09:20:57 +0000] "GET /src/.env HTTP/2" 403 5812 "-" "Mozilla/5.0 (compatible; pathscan/1.0)"
45.148.10.244 - - [20/Jul/2026:09:20:57 +0000] "GET /.env_copy HTTP/2" 403 5812 "-" "Mozilla/5.0 (compatible; pathscan/1.0)"
45.148.10.244 - - [20/Jul/2026:09:20:57 +0000] "GET /config/app.php HTTP/2" 403 5812 "-" "Mozilla/5.0 (compatible; pathscan/1.0)"
45.148.10.244 - - [20/Jul/2026:09:20:58 +0000] "GET /vendor/phpunit/phpunit/src/Util/PHP/eval-stdin.php HTTP/2" 403 5812 "-" "Mozilla/5.0 (compatible; pathscan/1.0)"
45.148.10.244 - - [20/Jul/2026:09:20:58 +0000] "GET /env.example HTTP/2" 403 5812 "-" "Mozilla/5.0 (compatible; pathscan/1.0)"
45.148.10.244 - - [20/Jul/2026:09:20:58 +0000] "GET /web/.env HTTP/2" 403 5812 "-" "Mozilla/5.0 (compatible; pathscan/1.0)"
45.148.10.244 - - [20/Jul/2026:09:20:58 +0000] "GET /core/.env HTTP/2" 403 5806 "-" "Mozilla/5.0 (compatible; pathscan/1.0)"
45.148.10.244 - - [20/Jul/2026:09:20:58 +0000] "GET /phpinfo.php3 HTTP/2" 403 5806 "-" "Mozilla/5.0 (compatible; pathscan/1.0)"
45.148.10.244 - - [20/Jul/2026:09:20:58 +0000] "GET /env HTTP/2" 403 5812 "-" "Mozilla/5.0 (compatible; pathscan/1.0)"
45.148.10.244 - - [20/Jul/2026:09:21:00 +0000] "GET /.envrc HTTP/2" 403 5812 "-" "Mozilla/5.0 (compatible; pathscan/1.0)"
45.148.10.244 - - [20/Jul/2026:09:21:00 +0000] "GET / HTTP/2" 403 5812 "-" "Mozilla/5.0 (compatible; pathscan/1.0)"
45.148.10.244 - - [20/Jul/2026:09:21:00 +0000] "GET /.bashrc HTTP/2" 403 5812 "-" "Mozilla/5.0 (compatible; pathscan/1.0)"
69.5.20.170 - - [20/Jul/2026:09:21:18 +0000] "GET /wp/wp-login.php HTTP/2" 200 57285 "-" "Mozilla/5.0 (Macintosh; Intel Mac OS X 14_7_1) AppleWebKit/537.36 (KHTML, like Gecko) Chrome/147.0.0.0 Safari/537.36"
72.60.40.175 - - [20/Jul/2026:09:22:19 +0000] "GET /shop/ HTTP/2" 200 234009 "-" "Mozilla/5.0 (Windows NT 10.0; Win64; x64) AppleWebKit/537.36"
91.92.243.239 - - [20/Jul/2026:09:22:48 +0000] "POST /wp-login.php HTTP/1.1" 403 19352 "-" "Mozilla/5.0"
91.92.243.239 - - [20/Jul/2026:09:22:48 +0000] "POST /wp-login.php HTTP/1.1" 403 19352 "-" "Mozilla/5.0"
137.184.46.134 - - [20/Jul/2026:09:23:35 +0000] "GET / HTTP/1.1" 200 12486 "-" "Mozilla/5.0 (X11; Linux x86_64; rv:142.0) Gecko/20100101 Firefox/142.0"
91.92.243.239 - - [20/Jul/2026:09:26:01 +0000] "POST /wp-login.php HTTP/1.1" 403 19352 "-" "Mozilla/5.0"
91.92.243.239 - - [20/Jul/2026:09:26:01 +0000] "POST /wp-login.php HTTP/1.1" 403 19352 "-" "Mozilla/5.0"
194.39.149.53 - - [20/Jul/2026:09:26:04 +0000] "POST /wp-cron.php?doing_wp_cron=1784539564.3926770687103271484375 HTTP/1.1" 200 0 "-" "WordPress/7.0.2; https://blackhat-unlock.com"
106.76.174.212 - - [20/Jul/2026:09:26:01 +0000] "POST /xmlrpc.php HTTP/1.1" 200 403 "-" "Jetpack by WordPress.com"
106.76.174.212 - - [20/Jul/2026:09:26:11 +0000] "POST /xmlrpc.php HTTP/1.1" 200 403 "-" "Jetpack by WordPress.com (Jetpack 12.5; WordPress 6.2)"
194.39.149.53 - - [20/Jul/2026:09:26:25 +0000] "POST /wp-cron.php?doing_wp_cron=1784539584.9039819240570068359375 HTTP/1.1" 200 0 "-" "WordPress/7.0.2; https://blackhat-unlock.com"
106.76.174.212 - - [20/Jul/2026:09:26:21 +0000] "POST /xmlrpc.php HTTP/1.1" 200 403 "-" "WordPress.com; https://wordpress.com"
106.76.174.212 - - [20/Jul/2026:09:26:32 +0000] "POST /xmlrpc.php HTTP/1.1" 200 403 "-" "Jetpack by WordPress.com"
106.76.174.212 - - [20/Jul/2026:09:26:42 +0000] "POST /xmlrpc.php HTTP/1.1" 200 403 "-" "WordPress.com; https://wordpress.com"
45.148.10.62 - - [20/Jul/2026:09:26:46 +0000] "GET / HTTP/1.1" 200 12492 "-" "Mozilla/5.0 (Macintosh; Intel Mac OS X 10_15_7) AppleWebKit/537.36 (KHTML, like Gecko) Chrome/131.0.0.0 Safari/537.36"
45.148.10.62 - - [20/Jul/2026:09:26:47 +0000] "GET /.env HTTP/1.1" 404 3418 "-" "Mozilla/5.0 (Macintosh; Intel Mac OS X 10_15_7) AppleWebKit/537.36 (KHTML, like Gecko) Chrome/131.0.0.0 Safari/537.36"
45.148.10.62 - - [20/Jul/2026:09:26:47 +0000] "GET /unprotected/json-minified.js HTTP/1.1" 200 843 "-" "Mozilla/5.0 (Windows NT 10.0; Win64; x64) AppleWebKit/537.36 (KHTML, like Gecko) Chrome/131.0.0.0 Safari/537.36"
45.148.10.62 - - [20/Jul/2026:09:26:47 +0000] "GET /%2eenv HTTP/1.1" 404 3418 "-" "Mozilla/5.0 (X11; Linux x86_64) AppleWebKit/537.36 (KHTML, like Gecko) Chrome/131.0.0.0 Safari/537.36"
45.148.10.62 - - [20/Jul/2026:09:26:47 +0000] "GET /sharedjs/jstz.min.js HTTP/1.1" 200 12484 "-" "Mozilla/5.0 (X11; Linux x86_64) AppleWebKit/537.36 (KHTML, like Gecko) Chrome/131.0.0.0 Safari/537.36"
45.148.10.62 - - [20/Jul/2026:09:26:47 +0000] "GET /%2f%2eenv HTTP/1.1" 404 3418 "-" "Mozilla/5.0 (Windows NT 10.0; Win64; x64) AppleWebKit/537.36 (KHTML, like Gecko) Chrome/131.0.0.0 Safari/537.36"
45.148.10.62 - - [20/Jul/2026:09:26:47 +0000] "GET /?phpinfo=1 HTTP/1.1" 200 12488 "-" "Mozilla/5.0 (Windows NT 10.0; Win64; x64) AppleWebKit/537.36 (KHTML, like Gecko) Chrome/131.0.0.0 Safari/537.36"
45.148.10.62 - - [20/Jul/2026:09:26:47 +0000] "GET /.aws/credentials HTTP/1.1" 404 3418 "-" "Mozilla/5.0 (X11; Linux x86_64) AppleWebKit/537.36 (KHTML, like Gecko) Chrome/131.0.0.0 Safari/537.36"
45.148.10.62 - - [20/Jul/2026:09:26:48 +0000] "GET /api/.env HTTP/1.1" 404 3418 "-" "Mozilla/5.0 (Windows NT 10.0; Win64; x64) AppleWebKit/537.36 (KHTML, like Gecko) Chrome/131.0.0.0 Safari/537.36"
45.148.10.62 - - [20/Jul/2026:09:26:48 +0000] "GET /.env.bak HTTP/1.1" 404 3418 "-" "Mozilla/5.0 (Windows NT 10.0; Win64; x64; rv:133.0) Gecko/20100101 Firefox/133.0"
45.148.10.62 - - [20/Jul/2026:09:26:48 +0000] "GET /aws-ses.json HTTP/1.1" 404 3418 "-" "Mozilla/5.0 (Windows NT 10.0; Win64; x64) AppleWebKit/537.36 (KHTML, like Gecko) Chrome/131.0.0.0 Safari/537.36"
45.148.10.62 - - [20/Jul/2026:09:26:48 +0000] "GET /.stripe/ HTTP/1.1" 404 3418 "-" "Mozilla/5.0 (Windows NT 10.0; Win64; x64; rv:133.0) Gecko/20100101 Firefox/133.0"
45.148.10.62 - - [20/Jul/2026:09:26:48 +0000] "GET /stripe/.env HTTP/1.1" 404 3418 "-" "Mozilla/5.0 (X11; Linux x86_64) AppleWebKit/537.36 (KHTML, like Gecko) Chrome/131.0.0.0 Safari/537.36"
45.148.10.62 - - [20/Jul/2026:09:26:48 +0000] "GET /.env.aws HTTP/1.1" 404 3418 "-" "Mozilla/5.0 (X11; Linux x86_64) AppleWebKit/537.36 (KHTML, like Gecko) Chrome/131.0.0.0 Safari/537.36"
45.148.10.62 - - [20/Jul/2026:09:26:49 +0000] "GET /.env.save HTTP/1.1" 404 3418 "-" "Mozilla/5.0 (Windows NT 10.0; Win64; x64) AppleWebKit/537.36 (KHTML, like Gecko) Chrome/131.0.0.0 Safari/537.36"
45.148.10.62 - - [20/Jul/2026:09:26:49 +0000] "GET /.env.local HTTP/1.1" 404 3418 "-" "Mozilla/5.0 (Macintosh; Intel Mac OS X 10_15_7) AppleWebKit/537.36 (KHTML, like Gecko) Chrome/131.0.0.0 Safari/537.36"
45.148.10.62 - - [20/Jul/2026:09:26:49 +0000] "GET /backend/.env HTTP/1.1" 404 3418 "-" "Mozilla/5.0 (Windows NT 10.0; Win64; x64; rv:133.0) Gecko/20100101 Firefox/133.0"
45.148.10.62 - - [20/Jul/2026:09:26:49 +0000] "GET /test.php HTTP/1.1" 404 3418 "-" "Mozilla/5.0 (Windows NT 10.0; Win64; x64; rv:133.0) Gecko/20100101 Firefox/133.0"
45.148.10.62 - - [20/Jul/2026:09:26:49 +0000] "GET /.env.backup HTTP/1.1" 404 3418 "-" "Mozilla/5.0 (Macintosh; Intel Mac OS X 10_15_7) AppleWebKit/537.36 (KHTML, like Gecko) Chrome/131.0.0.0 Safari/537.36"
45.148.10.62 - - [20/Jul/2026:09:26:49 +0000] "GET /.env.old HTTP/1.1" 404 3418 "-" "Mozilla/5.0 (Windows NT 10.0; Win64; x64) AppleWebKit/537.36 (KHTML, like Gecko) Chrome/131.0.0.0 Safari/537.36"
45.148.10.62 - - [20/Jul/2026:09:26:49 +0000] "GET /.env.tmp HTTP/1.1" 404 3418 "-" "Mozilla/5.0 (Macintosh; Intel Mac OS X 10_15_7) AppleWebKit/537.36 (KHTML, like Gecko) Chrome/131.0.0.0 Safari/537.36"
45.148.10.62 - - [20/Jul/2026:09:26:50 +0000] "GET /.env.php.bak HTTP/1.1" 404 3418 "-" "Mozilla/5.0 (Windows NT 10.0; Win64; x64; rv:133.0) Gecko/20100101 Firefox/133.0"
45.148.10.62 - - [20/Jul/2026:09:26:50 +0000] "GET /.env.php HTTP/1.1" 404 3418 "-" "Mozilla/5.0 (Windows NT 10.0; Win64; x64) AppleWebKit/537.36 (KHTML, like Gecko) Chrome/131.0.0.0 Safari/537.36"
45.148.10.62 - - [20/Jul/2026:09:26:50 +0000] "GET /.env.txt HTTP/1.1" 404 3418 "-" "Mozilla/5.0 (Windows NT 10.0; Win64; x64; rv:133.0) Gecko/20100101 Firefox/133.0"
45.148.10.62 - - [20/Jul/2026:09:26:50 +0000] "GET /.env.prod HTTP/1.1" 404 3418 "-" "Mozilla/5.0 (Windows NT 10.0; Win64; x64; rv:133.0) Gecko/20100101 Firefox/133.0"
45.148.10.62 - - [20/Jul/2026:09:26:50 +0000] "GET /.env.dev HTTP/1.1" 404 3418 "-" "Mozilla/5.0 (Windows NT 10.0; Win64; x64; rv:133.0) Gecko/20100101 Firefox/133.0"
45.148.10.62 - - [20/Jul/2026:09:26:50 +0000] "GET /config.json.save HTTP/1.1" 404 3418 "-" "Mozilla/5.0 (Macintosh; Intel Mac OS X 10_15_7) AppleWebKit/537.36 (KHTML, like Gecko) Chrome/131.0.0.0 Safari/537.36"
45.148.10.62 - - [20/Jul/2026:09:26:50 +0000] "GET /.git/config HTTP/1.1" 404 3418 "-" "Mozilla/5.0 (Windows NT 10.0; Win64; x64; rv:133.0) Gecko/20100101 Firefox/133.0"
45.148.10.62 - - [20/Jul/2026:09:26:51 +0000] "GET /wp-config.php HTTP/1.1" 404 3418 "-" "Mozilla/5.0 (Macintosh; Intel Mac OS X 10_15_7) AppleWebKit/537.36 (KHTML, like Gecko) Chrome/131.0.0.0 Safari/537.36"
45.148.10.62 - - [20/Jul/2026:09:26:51 +0000] "GET /wp-config.php.old HTTP/1.1" 404 3418 "-" "Mozilla/5.0 (X11; Linux x86_64) AppleWebKit/537.36 (KHTML, like Gecko) Chrome/131.0.0.0 Safari/537.36"
45.148.10.62 - - [20/Jul/2026:09:26:51 +0000] "GET /config.php HTTP/1.1" 404 3418 "-" "Mozilla/5.0 (X11; Linux x86_64) AppleWebKit/537.36 (KHTML, like Gecko) Chrome/131.0.0.0 Safari/537.36"
45.148.10.62 - - [20/Jul/2026:09:26:51 +0000] "GET /config.php.bak HTTP/1.1" 404 3418 "-" "Mozilla/5.0 (Macintosh; Intel Mac OS X 10_15_7) AppleWebKit/537.36 (KHTML, like Gecko) Chrome/131.0.0.0 Safari/537.36"
45.148.10.62 - - [20/Jul/2026:09:26:51 +0000] "GET /config.js HTTP/1.1" 404 3418 "-" "Mozilla/5.0 (X11; Linux x86_64) AppleWebKit/537.36 (KHTML, like Gecko) Chrome/131.0.0.0 Safari/537.36"
45.148.10.62 - - [20/Jul/2026:09:26:51 +0000] "GET /aws-config.js HTTP/1.1" 404 3418 "-" "Mozilla/5.0 (Windows NT 10.0; Win64; x64) AppleWebKit/537.36 (KHTML, like Gecko) Chrome/131.0.0.0 Safari/537.36"
45.148.10.62 - - [20/Jul/2026:09:26:52 +0000] "GET /aws.config.js HTTP/1.1" 404 3418 "-" "Mozilla/5.0 (Windows NT 10.0; Win64; x64; rv:133.0) Gecko/20100101 Firefox/133.0"
45.148.10.62 - - [20/Jul/2026:09:26:52 +0000] "GET /phpinfo.php HTTP/1.1" 200 12484 "-" "Mozilla/5.0 (X11; Linux x86_64) AppleWebKit/537.36 (KHTML, like Gecko) Chrome/131.0.0.0 Safari/537.36"
106.76.174.212 - - [20/Jul/2026:09:26:53 +0000] "POST /xmlrpc.php HTTP/1.1" 200 403 "-" "Jetpack by WordPress.com (Jetpack 13.0; WordPress 6.3)"
106.76.174.212 - - [20/Jul/2026:09:27:03 +0000] "POST /xmlrpc.php HTTP/1.1" 200 403 "-" "WordPress.com; https://wordpress.com"
106.76.174.212 - - [20/Jul/2026:09:27:14 +0000] "POST /xmlrpc.php HTTP/1.1" 200 403 "-" "WordPress.com; https://wordpress.com"
194.39.149.53 - - [20/Jul/2026:09:27:18 +0000] "POST /wp-cron.php?doing_wp_cron=1784539638.4997711181640625000000 HTTP/1.1" 200 0 "-" "WordPress/7.0.2; https://blackhat-unlock.com"
106.76.174.212 - - [20/Jul/2026:09:27:25 +0000] "POST /xmlrpc.php HTTP/1.1" 200 403 "-" "Jetpack by WordPress.com"
106.76.174.212 - - [20/Jul/2026:09:27:35 +0000] "POST /xmlrpc.php HTTP/1.1" 200 403 "-" "WordPress.com; https://wordpress.com"
106.76.174.212 - - [20/Jul/2026:09:27:46 +0000] "POST /xmlrpc.php HTTP/1.1" 200 403 "-" "Jetpack by WordPress.com"
106.76.174.212 - - [20/Jul/2026:09:27:56 +0000] "POST /xmlrpc.php HTTP/1.1" 200 403 "-" "Jetpack/12.5; WordPress/6.2; http://site43152290.com"
106.76.174.212 - - [20/Jul/2026:09:28:06 +0000] "POST /xmlrpc.php HTTP/1.1" 200 0 "-" "Jetpack by WordPress.com (Jetpack 12.0; WordPress 6.1)"
103.161.172.221 - - [20/Jul/2026:09:28:09 +0000] "GET /wp-login.php HTTP/2" 200 2184 "-" "Mozilla/5.0 (Windows NT 6.1; Win64; x64) AppleWebKit/537.36 (KHTML, like Gecko) Chrome/147.0.0.0 Safari/537.36"
194.39.149.53 - - [20/Jul/2026:09:28:15 +0000] "POST /wp-cron.php?doing_wp_cron=1784539695.2263410091400146484375 HTTP/1.1" 200 0 "-" "WordPress/7.0.2; https://blackhat-unlock.com"
103.161.172.221 - - [20/Jul/2026:09:28:16 +0000] "POST /wp-login.php HTTP/2" 200 2319 "https://blackhat-unlock.com/wp-login.php" "Mozilla/5.0 (Windows NT 6.1; Win64; x64) AppleWebKit/537.36 (KHTML, like Gecko) Chrome/147.0.0.0 Safari/537.36"
106.76.174.212 - - [20/Jul/2026:09:28:18 +0000] "POST /xmlrpc.php HTTP/1.1" 200 0 "-" "Jetpack/12.5; WordPress/6.1; http://site15851833.com"
91.92.243.239 - - [20/Jul/2026:09:28:32 +0000] "POST /wp-login.php HTTP/1.1" 403 19352 "-" "Mozilla/5.0"
91.92.243.239 - - [20/Jul/2026:09:28:32 +0000] "POST /wp-login.php HTTP/1.1" 403 19352 "-" "Mozilla/5.0"
106.76.174.212 - - [20/Jul/2026:09:28:28 +0000] "POST /xmlrpc.php HTTP/1.1" 200 403 "-" "Jetpack/13.0; WordPress/6.4; http://site84116188.com"
106.76.174.212 - - [20/Jul/2026:09:28:38 +0000] "POST /xmlrpc.php HTTP/1.1" 200 403 "-" "Jetpack by WordPress.com"
106.76.174.212 - - [20/Jul/2026:09:28:48 +0000] "POST /xmlrpc.php HTTP/1.1" 200 403 "-" "WordPress.com; https://wordpress.com"
106.76.174.212 - - [20/Jul/2026:09:28:59 +0000] "POST /xmlrpc.php HTTP/1.1" 200 0 "-" "Jetpack by WordPress.com"
106.76.174.212 - - [20/Jul/2026:09:29:10 +0000] "POST /xmlrpc.php HTTP/1.1" 200 0 "-" "Jetpack/12.5; WordPress/6.4; http://site55726935.com"
106.76.174.212 - - [20/Jul/2026:09:29:20 +0000] "POST /xmlrpc.php HTTP/1.1" 200 403 "-" "Jetpack by WordPress.com (Jetpack 12.5; WordPress 6.1)"
194.39.149.53 - - [20/Jul/2026:09:29:26 +0000] "POST /wp-cron.php?doing_wp_cron=1784539766.4995861053466796875000 HTTP/1.1" 200 0 "-" "WordPress/7.0.2; https://blackhat-unlock.com"
106.76.174.212 - - [20/Jul/2026:09:29:31 +0000] "POST /xmlrpc.php HTTP/1.1" 200 0 "-" "Jetpack by WordPress.com (Jetpack 12.0; WordPress 6.3)"
106.76.174.212 - - [20/Jul/2026:09:29:41 +0000] "POST /xmlrpc.php HTTP/1.1" 200 0 "-" "Jetpack by WordPress.com (Jetpack 12.5; WordPress 6.4)"
106.76.174.212 - - [20/Jul/2026:09:29:52 +0000] "POST /xmlrpc.php HTTP/1.1" 200 0 "-" "Jetpack by WordPress.com (Jetpack 12.5; WordPress 6.2)"
106.76.174.212 - - [20/Jul/2026:09:30:03 +0000] "POST /xmlrpc.php HTTP/1.1" 200 0 "-" "Jetpack by WordPress.com (Jetpack 12.0; WordPress 6.4)"
106.76.174.212 - - [20/Jul/2026:09:30:13 +0000] "POST /xmlrpc.php HTTP/1.1" 200 0 "-" "Jetpack by WordPress.com"
106.76.174.212 - - [20/Jul/2026:09:30:24 +0000] "POST /xmlrpc.php HTTP/1.1" 200 0 "-" "Jetpack by WordPress.com (Jetpack 12.5; WordPress 6.1)"
194.39.149.53 - - [20/Jul/2026:09:30:32 +0000] "POST /wp-cron.php?doing_wp_cron=1784539832.6094579696655273437500 HTTP/1.1" 200 0 "-" "WordPress/7.0.2; https://blackhat-unlock.com"
106.76.174.212 - - [20/Jul/2026:09:30:34 +0000] "POST /xmlrpc.php HTTP/1.1" 200 0 "-" "Jetpack by WordPress.com (Jetpack 12.1; WordPress 6.4)"
106.76.174.212 - - [20/Jul/2026:09:30:44 +0000] "POST /xmlrpc.php HTTP/1.1" 200 0 "-" "WordPress.com; https://wordpress.com"
106.76.174.212 - - [20/Jul/2026:09:30:55 +0000] "POST /xmlrpc.php HTTP/1.1" 200 0 "-" "Jetpack by WordPress.com (Jetpack 12.5; WordPress 6.4)"
106.76.174.212 - - [20/Jul/2026:09:31:06 +0000] "POST /xmlrpc.php HTTP/1.1" 200 0 "-" "WordPress.com; https://wordpress.com"
106.76.174.212 - - [20/Jul/2026:09:31:16 +0000] "POST /xmlrpc.php HTTP/1.1" 200 0 "-" "Jetpack by WordPress.com (Jetpack 12.1; WordPress 6.1)"
106.76.174.212 - - [20/Jul/2026:09:31:27 +0000] "POST /xmlrpc.php HTTP/1.1" 200 0 "-" "Jetpack by WordPress.com (Jetpack 12.1; WordPress 6.3)"
91.92.243.239 - - [20/Jul/2026:09:31:42 +0000] "POST /wp-login.php HTTP/1.1" 403 19352 "-" "Mozilla/5.0"
91.92.243.239 - - [20/Jul/2026:09:31:42 +0000] "POST /wp-login.php HTTP/1.1" 403 19352 "-" "Mozilla/5.0"
106.76.174.212 - - [20/Jul/2026:09:31:37 +0000] "POST /xmlrpc.php HTTP/1.1" 200 0 "-" "Jetpack by WordPress.com"
106.76.174.212 - - [20/Jul/2026:09:31:48 +0000] "POST /xmlrpc.php HTTP/1.1" 200 0 "-" "Jetpack/12.1; WordPress/6.4; http://site26802704.com"
106.76.174.212 - - [20/Jul/2026:09:31:58 +0000] "POST /xmlrpc.php HTTP/1.1" 200 0 "-" "Jetpack/12.5; WordPress/6.4; http://site69973379.com"
106.76.174.212 - - [20/Jul/2026:09:32:09 +0000] "POST /xmlrpc.php HTTP/1.1" 200 0 "-" "Jetpack by WordPress.com (Jetpack 12.1; WordPress 6.4)"
106.76.174.212 - - [20/Jul/2026:09:32:19 +0000] "POST /xmlrpc.php HTTP/1.1" 200 0 "-" "WordPress.com; https://wordpress.com"
