194.39.149.53 - - [19/Jul/2026:15:48:56 +0000] "POST /wp-cron.php?doing_wp_cron=1784476136.3479120731353759765625 HTTP/1.1" 200 0 "-" "WordPress/7.0.2; https://blackhat-unlock.com"
3.229.95.193 - - [19/Jul/2026:15:48:25 +0000] "GET /wp-json/oembed/1.0/embed?format=xml&url=https://blackhat-unlock.com/product/biovert-cleaner/ HTTP/1.1" 200 1186 "-" "Mozilla/5.0 AppleWebKit/537.36 (KHTML, like Gecko; compatible; Amazonbot/0.1; +https://developer.amazon.com/support/amazonbot) Chrome/119.0.6045.214 Safari/537.36"
185.251.19.138 - - [19/Jul/2026:15:49:11 +0000] "POST /wp-login.php HTTP/1.1" 200 2536 "-" "Mozilla/5.0 (Windows NT 10.0; Win64; rv:143.0) Gecko/20100101 Firefox/143.0"
194.39.149.53 - - [19/Jul/2026:15:49:20 +0000] "POST /wp-cron.php?doing_wp_cron=1784476160.6212100982666015625000 HTTP/1.1" 200 0 "-" "WordPress/7.0.2; https://blackhat-unlock.com"
91.92.243.239 - - [19/Jul/2026:15:50:39 +0000] "POST /wp-login.php HTTP/1.1" 403 19352 "-" "Mozilla/5.0"
91.92.243.239 - - [19/Jul/2026:15:50:39 +0000] "POST /wp-login.php HTTP/1.1" 403 19352 "-" "Mozilla/5.0"
43.165.2.110 - - [19/Jul/2026:15:50:37 +0000] "GET / HTTP/1.1" 200 42878 "http://www.blackhat-unlock.com" "Mozilla/5.0 (iPhone; CPU iPhone OS 13_2_3 like Mac OS X) AppleWebKit/605.1.15 (KHTML, like Gecko) Version/13.0.3 Mobile/15E148 Safari/604.1"
98.82.214.73 - - [19/Jul/2026:15:51:35 +0000] "GET /wp-content/uploads/2026/05/email-hack-768x400.webp HTTP/1.1" 200 15624 "-" "Mozilla/5.0 AppleWebKit/537.36 (KHTML, like Gecko; compatible; Amazonbot/0.1; +https://developer.amazon.com/support/amazonbot) Chrome/119.0.6045.214 Safari/537.36"
194.39.149.53 - - [19/Jul/2026:15:52:56 +0000] "POST /wp-cron.php?doing_wp_cron=1784476376.3305540084838867187500 HTTP/1.1" 200 0 "-" "WordPress/7.0.2; https://blackhat-unlock.com"
17.22.253.93 - - [19/Jul/2026:15:52:52 +0000] "GET /portfolio-masonry/ HTTP/2" 200 28580 "-" "Mozilla/5.0 (Macintosh; Intel Mac OS X 10_15_7) AppleWebKit/605.1.15 (KHTML, like Gecko) Version/17.4 Safari/605.1.15 (Applebot/0.1; +http://www.apple.com/go/applebot)"
91.92.243.239 - - [19/Jul/2026:15:53:06 +0000] "POST /wp-login.php HTTP/1.1" 403 19352 "-" "Mozilla/5.0"
91.92.243.239 - - [19/Jul/2026:15:53:06 +0000] "POST /wp-login.php HTTP/1.1" 403 19352 "-" "Mozilla/5.0"
72.60.40.175 - - [19/Jul/2026:15:53:06 +0000] "GET /shop/ HTTP/2" 200 96075 "-" "Mozilla/5.0 (Windows NT 10.0; Win64; x64) AppleWebKit/537.36"
194.39.149.53 - - [19/Jul/2026:15:53:25 +0000] "POST /wp-cron.php?doing_wp_cron=1784476405.6381869316101074218750 HTTP/1.1" 200 0 "-" "WordPress/7.0.2; https://blackhat-unlock.com"
160.187.68.132 - - [19/Jul/2026:15:53:23 +0000] "POST /wp/xmlrpc.php HTTP/2" 404 22915 "-" "Mozilla/5.0 (Macintosh; Intel Mac OS X 14_7_1) AppleWebKit/537.36 (KHTML, like Gecko) Chrome/147.0.0.0 Safari/537.36"
160.187.68.132 - - [19/Jul/2026:15:53:29 +0000] "POST /wp/xmlrpc.php HTTP/2" 403 5137 "-" "Mozilla/5.0 (Macintosh; Intel Mac OS X 14_7_1) AppleWebKit/537.36 (KHTML, like Gecko) Chrome/147.0.0.0 Safari/537.36"
17.22.237.36 - - [19/Jul/2026:15:53:43 +0000] "GET /wp-content/uploads/elementor/css/post-341.css?ver=1784476375 HTTP/2" 200 282 "https://blackhat-unlock.com/portfolio-masonry/" "Mozilla/5.0 (Macintosh; Intel Mac OS X 10_15_7) AppleWebKit/605.1.15 (KHTML, like Gecko) Version/17.4 Safari/605.1.15 (Applebot/0.1; +http://www.apple.com/go/applebot)"
91.92.243.239 - - [19/Jul/2026:15:56:09 +0000] "POST /wp-login.php HTTP/1.1" 403 19352 "-" "Mozilla/5.0"
91.92.243.239 - - [19/Jul/2026:15:56:09 +0000] "POST /wp-login.php HTTP/1.1" 403 19352 "-" "Mozilla/5.0"
66.249.82.132 - - [19/Jul/2026:15:58:21 +0000] "GET /.well-known/traffic-advice HTTP/1.1" 200 0 "-" "Chrome Privacy Preserving Prefetch Proxy"
66.249.82.131 - - [19/Jul/2026:15:58:21 +0000] "GET /.well-known/traffic-advice HTTP/1.1" 200 0 "-" "Chrome Privacy Preserving Prefetch Proxy"
194.39.149.53 - - [19/Jul/2026:15:58:33 +0000] "POST /wp-cron.php?doing_wp_cron=1784476713.2093999385833740234375 HTTP/1.1" 200 0 "-" "WordPress/7.0.2; https://blackhat-unlock.com"
91.92.243.239 - - [19/Jul/2026:15:58:33 +0000] "POST /wp-login.php HTTP/1.1" 403 19352 "-" "Mozilla/5.0"
91.92.243.239 - - [19/Jul/2026:15:58:33 +0000] "POST /wp-login.php HTTP/1.1" 403 19352 "-" "Mozilla/5.0"
194.39.149.53 - - [19/Jul/2026:15:59:55 +0000] "POST /wp-cron.php?doing_wp_cron=1784476795.2122750282287597656250 HTTP/1.1" 200 0 "-" "WordPress/7.0.2; https://blackhat-unlock.com"
17.246.15.248 - - [19/Jul/2026:15:59:40 +0000] "GET /portfolio/door-cleaning/ HTTP/2" 200 31345 "-" "Mozilla/5.0 (Macintosh; Intel Mac OS X 10_15_7) AppleWebKit/605.1.15 (KHTML, like Gecko) Version/17.4 Safari/605.1.15 (Applebot/0.1; +http://www.apple.com/go/applebot)"
91.92.243.239 - - [19/Jul/2026:16:01:35 +0000] "POST /wp-login.php HTTP/1.1" 403 19352 "-" "Mozilla/5.0"
91.92.243.239 - - [19/Jul/2026:16:01:35 +0000] "POST /wp-login.php HTTP/1.1" 403 19352 "-" "Mozilla/5.0"
45.132.227.218 - - [19/Jul/2026:16:01:46 +0000] "POST /wp-login.php HTTP/1.1" 200 2536 "-" "Mozilla/5.0 (Macintosh; Intel Mac OS X 10_15_7) AppleWebKit/605.1.15 Version/17.0 Safari/605.1.15"
194.39.149.53 - - [19/Jul/2026:16:01:58 +0000] "POST /wp-cron.php?doing_wp_cron=1784476917.9108839035034179687500 HTTP/1.1" 200 0 "-" "WordPress/7.0.2; https://blackhat-unlock.com"
72.60.40.175 - - [19/Jul/2026:16:02:16 +0000] "GET /shop/ HTTP/2" 200 96075 "-" "Mozilla/5.0 (Windows NT 10.0; Win64; x64) AppleWebKit/537.36"
72.167.132.114 - - [19/Jul/2026:16:02:32 +0000] "POST /xmlrpc.php HTTP/2" 200 186 "-" "Mozilla/5.0 (Windows NT 10.0) AppleWebKit/537.36 (KHTML, like Gecko) Chrome/147.0.0.0 Safari/537.36"
91.92.243.239 - - [19/Jul/2026:16:04:09 +0000] "POST /wp-login.php HTTP/1.1" 403 19352 "-" "Mozilla/5.0"
91.92.243.239 - - [19/Jul/2026:16:04:09 +0000] "POST /wp-login.php HTTP/1.1" 403 19352 "-" "Mozilla/5.0"
194.39.149.53 - - [19/Jul/2026:16:04:23 +0000] "POST /wp-cron.php?doing_wp_cron=1784477063.8494939804077148437500 HTTP/1.1" 200 0 "-" "WordPress/7.0.2; https://blackhat-unlock.com"
49.13.1.223 - - [19/Jul/2026:16:04:20 +0000] "POST /wp/xmlrpc.php HTTP/2" 404 22917 "-" "Mozilla/5.0 (Linux; Android 12; SM-G991B) AppleWebKit/537.36 (KHTML, like Gecko) Chrome/147.0.0.0 Mobile Safari/537.36"
49.13.1.223 - - [19/Jul/2026:16:04:24 +0000] "POST /wp/xmlrpc.php HTTP/2" 403 5137 "-" "Mozilla/5.0 (Linux; Android 12; SM-G991B) AppleWebKit/537.36 (KHTML, like Gecko) Chrome/147.0.0.0 Mobile Safari/537.36"
91.92.243.239 - - [19/Jul/2026:16:07:25 +0000] "POST /wp-login.php HTTP/1.1" 403 19352 "-" "Mozilla/5.0"
91.92.243.239 - - [19/Jul/2026:16:07:25 +0000] "POST /wp-login.php HTTP/1.1" 403 19352 "-" "Mozilla/5.0"
40.77.167.123 - - [19/Jul/2026:16:08:53 +0000] "GET /tag/business/ HTTP/2" 200 26310 "-" "Mozilla/5.0 AppleWebKit/537.36 (KHTML, like Gecko; compatible; bingbot/2.0; +http://www.bing.com/bingbot.htm) Chrome/116.0.1938.76 Safari/537.36"
194.39.149.53 - - [19/Jul/2026:16:09:07 +0000] "POST /wp-cron.php?doing_wp_cron=1784477347.4017241001129150390625 HTTP/1.1" 200 0 "-" "WordPress/7.0.2; https://blackhat-unlock.com"
17.246.23.128 - - [19/Jul/2026:16:09:48 +0000] "GET /wp-content/uploads/elementor/css/post-240.css?ver=1784476794 HTTP/2" 200 1153 "https://blackhat-unlock.com/portfolio/door-cleaning/" "Mozilla/5.0 (Macintosh; Intel Mac OS X 10_15_7) AppleWebKit/605.1.15 (KHTML, like Gecko) Version/17.4 Safari/605.1.15 (Applebot/0.1; +http://www.apple.com/go/applebot)"
17.246.23.128 - - [19/Jul/2026:16:09:51 +0000] "GET /wp-json/yith/wishlist/v1/lists/?_locale=user HTTP/2" 401 119 "https://blackhat-unlock.com/portfolio/door-cleaning/" "Mozilla/5.0 (Macintosh; Intel Mac OS X 10_15_7) AppleWebKit/605.1.15 (KHTML, like Gecko) Version/17.4 Safari/605.1.15 (Applebot/0.1; +http://www.apple.com/go/applebot)"
91.92.243.239 - - [19/Jul/2026:16:09:55 +0000] "POST /wp-login.php HTTP/1.1" 403 19352 "-" "Mozilla/5.0"
91.92.243.239 - - [19/Jul/2026:16:09:55 +0000] "POST /wp-login.php HTTP/1.1" 403 19352 "-" "Mozilla/5.0"
17.246.23.128 - - [19/Jul/2026:16:09:53 +0000] "GET /wp-json/contact-form-7/v1/contact-forms/214/feedback/schema HTTP/2" 200 363 "https://blackhat-unlock.com/portfolio/door-cleaning/" "Mozilla/5.0 (Macintosh; Intel Mac OS X 10_15_7) AppleWebKit/605.1.15 (KHTML, like Gecko) Version/17.4 Safari/605.1.15 (Applebot/0.1; +http://www.apple.com/go/applebot)"
198.235.24.131 - - [19/Jul/2026:16:12:44 +0000] "GET / HTTP/1.1" 200 213459 "http://mail.blackhat-unlock.com/" "Hello from Palo Alto Networks, find out more about our scans in https://docs-cortex.paloaltonetworks.com/r/1/Cortex-Xpanse/Scanning-activity"
91.92.243.239 - - [19/Jul/2026:16:13:02 +0000] "POST /wp-login.php HTTP/1.1" 403 19352 "-" "Mozilla/5.0"
91.92.243.239 - - [19/Jul/2026:16:13:02 +0000] "POST /wp-login.php HTTP/1.1" 403 19352 "-" "Mozilla/5.0"
194.39.149.53 - - [19/Jul/2026:16:14:23 +0000] "POST /wp-cron.php?doing_wp_cron=1784477663.1001970767974853515625 HTTP/1.1" 200 0 "-" "WordPress/7.0.2; https://blackhat-unlock.com"
72.60.40.175 - - [19/Jul/2026:16:14:16 +0000] "GET /shop/ HTTP/2" 200 96075 "-" "Mozilla/5.0 (Windows NT 10.0; Win64; x64) AppleWebKit/537.36"
45.132.227.221 - - [19/Jul/2026:16:14:23 +0000] "POST /wp-login.php HTTP/1.1" 200 2536 "-" "Mozilla/5.0 (Windows NT 10.0; Win64; rv:143.0) Gecko/20100101 Firefox/143.0"
66.249.64.173 - - [19/Jul/2026:16:14:43 +0000] "GET /robots.txt HTTP/1.1" 200 164 "-" "Mozilla/5.0 (compatible; Googlebot/2.1; +http://www.google.com/bot.html)"
194.39.149.53 - - [19/Jul/2026:16:15:26 +0000] "POST /wp-cron.php?doing_wp_cron=1784477726.4337840080261230468750 HTTP/1.1" 200 0 "-" "WordPress/7.0.2; https://blackhat-unlock.com"
85.208.96.205 - - [19/Jul/2026:16:15:18 +0000] "GET /robots.txt HTTP/1.1" 200 179 "-" "Mozilla/5.0 (compatible; SemrushBot/7~bl; +http://www.semrush.com/bot.html)"
185.191.171.9 - - [19/Jul/2026:16:15:26 +0000] "GET /blog-standard-sidebar-left/ HTTP/1.1" 200 30632 "-" "Mozilla/5.0 (compatible; SemrushBot/7~bl; +http://www.semrush.com/bot.html)"
194.39.149.53 - - [19/Jul/2026:16:15:30 +0000] "POST /wp-cron.php?doing_wp_cron=1784477730.1128799915313720703125 HTTP/1.1" 200 0 "-" "WordPress/7.0.2; https://blackhat-unlock.com"
66.249.64.173 - - [19/Jul/2026:16:15:13 +0000] "GET /shop/sitemap-index.xml HTTP/1.1" 404 22944 "-" "Mozilla/5.0 (compatible; Googlebot/2.1; +http://www.google.com/bot.html)"
91.92.243.239 - - [19/Jul/2026:16:15:34 +0000] "POST /wp-login.php HTTP/1.1" 403 19352 "-" "Mozilla/5.0"
91.92.243.239 - - [19/Jul/2026:16:15:34 +0000] "POST /wp-login.php HTTP/1.1" 403 19352 "-" "Mozilla/5.0"
103.90.225.206 - - [19/Jul/2026:16:15:52 +0000] "GET /wp-login.php HTTP/2" 200 2184 "-" "Mozilla/5.0 (Windows NT 6.1; Win64; x64) AppleWebKit/537.36 (KHTML, like Gecko) Chrome/150.0.0.0 Safari/537.36"
103.90.225.206 - - [19/Jul/2026:16:16:04 +0000] "POST /wp-login.php HTTP/2" 200 2329 "https://mail.blackhat-unlock.com/wp-login.php" "Mozilla/5.0 (Windows NT 6.1; Win64; x64) AppleWebKit/537.36 (KHTML, like Gecko) Chrome/150.0.0.0 Safari/537.36"
185.223.152.105 - - [19/Jul/2026:16:16:14 +0000] "POST /wp-login.php HTTP/1.1" 200 2536 "-" "Mozilla/5.0 (iPhone; CPU iPhone OS 16_2 like Mac OS X) AppleWebKit/605.1.15 (KHTML, like Gecko) Mobile/15E148 Instagram 271.1.0.11.84 (iPhone14,8; iOS 16_2; fr_GT; fr-GT; scale=3.00; 1284x2778; 449456748) NW/3"
91.92.243.239 - - [19/Jul/2026:16:18:43 +0000] "POST /wp-login.php HTTP/1.1" 403 19352 "-" "Mozilla/5.0"
91.92.243.239 - - [19/Jul/2026:16:18:43 +0000] "POST /wp-login.php HTTP/1.1" 403 19352 "-" "Mozilla/5.0"
185.223.152.91 - - [19/Jul/2026:16:19:03 +0000] "POST /wp-login.php HTTP/1.1" 200 2536 "-" "Mozilla/5.0 (Macintosh; Intel Mac OS X 10_15_7) AppleWebKit/605.1.15 Version/17.0 Safari/605.1.15"
194.39.149.53 - - [19/Jul/2026:16:20:27 +0000] "POST /wp-cron.php?doing_wp_cron=1784478026.9284119606018066406250 HTTP/1.1" 200 0 "-" "WordPress/7.0.2; https://blackhat-unlock.com"
194.164.192.228 - - [19/Jul/2026:16:20:10 +0000] "POST /xmlrpc.php HTTP/2" 200 186 "-" "Mozilla/5.0 (X11; Linux i686) AppleWebKit/537.36 (KHTML, like Gecko) Chrome/147.0.0.0 Safari/537.36"
91.92.243.239 - - [19/Jul/2026:16:21:18 +0000] "POST /wp-login.php HTTP/1.1" 403 19352 "-" "Mozilla/5.0"
91.92.243.239 - - [19/Jul/2026:16:21:18 +0000] "POST /wp-login.php HTTP/1.1" 403 19352 "-" "Mozilla/5.0"
72.60.40.175 - - [19/Jul/2026:16:22:09 +0000] "GET /shop/ HTTP/2" 200 96075 "-" "Mozilla/5.0 (Windows NT 10.0; Win64; x64) AppleWebKit/537.36"
194.39.149.53 - - [19/Jul/2026:16:22:28 +0000] "POST /wp-cron.php?doing_wp_cron=1784478148.3648509979248046875000 HTTP/1.1" 200 0 "-" "WordPress/7.0.2; https://blackhat-unlock.com"
68.178.160.25 - - [19/Jul/2026:16:22:24 +0000] "GET /wp/wp-login.php HTTP/2" 404 22934 "-" "Mozilla/5.0 (Windows NT 6.1; Win64; x64) AppleWebKit/537.36 (KHTML, like Gecko) Chrome/147.0.0.0 Safari/537.36"
194.39.149.53 - - [19/Jul/2026:16:22:47 +0000] "POST /wp-cron.php?doing_wp_cron=1784478167.8146200180053710937500 HTTP/1.1" 200 0 "-" "WordPress/7.0.2; https://blackhat-unlock.com"
47.86.33.52 - - [19/Jul/2026:16:22:33 +0000] "GET /wp-login.php HTTP/2" 200 2184 "-" "Mozilla/5.0 (Windows NT 6.1; Win64; x64) AppleWebKit/537.36 (KHTML, like Gecko) Chrome/147.0.0.0 Safari/537.36"
47.86.33.52 - - [19/Jul/2026:16:22:55 +0000] "POST /wp-login.php HTTP/2" 200 2319 "https://blackhat-unlock.com/wp-login.php" "Mozilla/5.0 (Windows NT 6.1; Win64; x64) AppleWebKit/537.36 (KHTML, like Gecko) Chrome/147.0.0.0 Safari/537.36"
66.249.64.173 - - [19/Jul/2026:16:23:06 +0000] "GET /shop/sitemap-31.xml HTTP/1.1" 404 22947 "-" "Mozilla/5.0 (compatible; Googlebot/2.1; +http://www.google.com/bot.html)"
194.39.149.53 - - [19/Jul/2026:16:23:21 +0000] "POST /wp-cron.php?doing_wp_cron=1784478201.0033218860626220703125 HTTP/1.1" 200 0 "-" "WordPress/7.0.2; https://blackhat-unlock.com"
91.92.243.239 - - [19/Jul/2026:16:24:35 +0000] "POST /wp-login.php HTTP/1.1" 403 19352 "-" "Mozilla/5.0"
91.92.243.239 - - [19/Jul/2026:16:24:35 +0000] "POST /wp-login.php HTTP/1.1" 403 19352 "-" "Mozilla/5.0"
194.39.149.53 - - [19/Jul/2026:16:26:14 +0000] "POST /wp-cron.php?doing_wp_cron=1784478374.7368400096893310546875 HTTP/1.1" 200 0 "-" "WordPress/7.0.2; https://blackhat-unlock.com"
185.223.152.85 - - [19/Jul/2026:16:26:11 +0000] "POST /wp-login.php HTTP/1.1" 200 2536 "-" "Mozilla/5.0 (Windows NT 10.0; Win64; x64) AppleWebKit/537.36 Chrome/129.0.0.0 Safari/537.36"
45.132.227.226 - - [19/Jul/2026:16:27:01 +0000] "POST /wp-login.php HTTP/1.1" 200 2536 "-" "Mozilla/5.0 (Windows NT 10.0; Win64; x64) AppleWebKit/537.36 Chrome/129.0.0.0 Safari/537.36"
51.68.87.127 - - [19/Jul/2026:16:27:06 +0000] "POST /xmlrpc.php HTTP/2" 200 186 "-" "Mozilla/5.0 (iPhone; CPU iPhone OS 18_6_1 like Mac OS X) AppleWebKit/605.1.15 (KHTML, like Gecko) CriOS/147.0.7871.34 Mobile/15E148 Safari/604.1"
91.92.243.239 - - [19/Jul/2026:16:27:16 +0000] "POST /wp-login.php HTTP/1.1" 403 19352 "-" "Mozilla/5.0"
91.92.243.239 - - [19/Jul/2026:16:27:16 +0000] "POST /wp-login.php HTTP/1.1" 403 19352 "-" "Mozilla/5.0"
94.154.43.183 - - [19/Jul/2026:16:27:52 +0000] "GET /wp-content/plugins/yith-woocommerce-quick-view/plugin-fw/dist/lapilli-ui/styles/index.js HTTP/1.1" 200 47241 "-" "Mozilla/5.0 (Windows NT 10.0; Win64; x64) AppleWebKit/537.36 (KHTML, like Gecko) Chrome/147.0.0.0 Safari/537.36"
94.154.43.183 - - [19/Jul/2026:16:27:52 +0000] "GET /wp-content/plugins/contact-form-7/includes/js/index.js HTTP/1.1" 200 13452 "-" "Mozilla/5.0 (Windows NT 10.0; Win64; x64) AppleWebKit/537.36 (KHTML, like Gecko) Chrome/147.0.0.0 Safari/537.36"
94.154.43.179 - - [19/Jul/2026:16:27:52 +0000] "GET /wp-content/plugins/yith-woocommerce-quick-view/plugin-fw/dist/lapilli-ui/date/index.js HTTP/1.1" 200 28915 "-" "Mozilla/5.0 (Windows NT 10.0; Win64; x64) AppleWebKit/537.36 (KHTML, like Gecko) Chrome/147.0.0.0 Safari/537.36"
94.154.43.177 - - [19/Jul/2026:16:27:52 +0000] "GET /wp-content/themes/bixol/assets/js/main.js HTTP/1.1" 200 25836 "-" "Mozilla/5.0 (Windows NT 10.0; Win64; x64) AppleWebKit/537.36 (KHTML, like Gecko) Chrome/147.0.0.0 Safari/537.36"
94.154.43.177 - - [19/Jul/2026:16:27:52 +0000] "GET /wp-content/plugins/contact-form-7/includes/swv/js/index.js HTTP/1.1" 200 12512 "-" "Mozilla/5.0 (Windows NT 10.0; Win64; x64) AppleWebKit/537.36 (KHTML, like Gecko) Chrome/147.0.0.0 Safari/537.36"
94.154.43.229 - - [19/Jul/2026:16:27:52 +0000] "GET /wp-content/plugins/case-theme-core/assets/js/main.js HTTP/1.1" 200 978 "-" "Mozilla/5.0 (Windows NT 10.0; Win64; x64) AppleWebKit/537.36 (KHTML, like Gecko) Chrome/147.0.0.0 Safari/537.36"
94.154.43.186 - - [19/Jul/2026:16:27:52 +0000] "GET /wp-content/plugins/yith-woocommerce-quick-view/plugin-fw/dist/lapilli-ui/components/index.js HTTP/1.1" 200 138390 "-" "Mozilla/5.0 (Windows NT 10.0; Win64; x64) AppleWebKit/537.36 (KHTML, like Gecko) Chrome/147.0.0.0 Safari/537.36"
94.154.43.183 - - [19/Jul/2026:16:27:52 +0000] "GET /wp-content/themes/bixol/assets/js/main.js HTTP/1.1" 200 25836 "-" "Mozilla/5.0 (Windows NT 10.0; Win64; x64) AppleWebKit/537.36 (KHTML, like Gecko) Chrome/147.0.0.0 Safari/537.36"
94.154.43.188 - - [19/Jul/2026:16:27:52 +0000] "GET /wp-content/plugins/contact-form-7/includes/swv/js/index.js HTTP/1.1" 200 12512 "-" "Mozilla/5.0 (Windows NT 10.0; Win64; x64) AppleWebKit/537.36 (KHTML, like Gecko) Chrome/147.0.0.0 Safari/537.36"
94.154.43.184 - - [19/Jul/2026:16:27:52 +0000] "GET /wp-content/plugins/contact-form-7/includes/js/index.js HTTP/1.1" 200 13452 "-" "Mozilla/5.0 (Windows NT 10.0; Win64; x64) AppleWebKit/537.36 (KHTML, like Gecko) Chrome/147.0.0.0 Safari/537.36"
94.154.43.177 - - [19/Jul/2026:16:27:52 +0000] "GET /wp-content/plugins/yith-woocommerce-quick-view/plugin-fw/dist/lapilli-ui/date/index.js HTTP/1.1" 200 28915 "-" "Mozilla/5.0 (Windows NT 10.0; Win64; x64) AppleWebKit/537.36 (KHTML, like Gecko) Chrome/147.0.0.0 Safari/537.36"
94.154.43.188 - - [19/Jul/2026:16:27:52 +0000] "GET /wp-content/plugins/case-theme-core/assets/js/main.js HTTP/1.1" 200 978 "-" "Mozilla/5.0 (Windows NT 10.0; Win64; x64) AppleWebKit/537.36 (KHTML, like Gecko) Chrome/147.0.0.0 Safari/537.36"
94.154.43.184 - - [19/Jul/2026:16:27:52 +0000] "GET /wp-content/plugins/yith-woocommerce-quick-view/plugin-fw/dist/lapilli-ui/styles/index.js HTTP/1.1" 200 47241 "-" "Mozilla/5.0 (Windows NT 10.0; Win64; x64) AppleWebKit/537.36 (KHTML, like Gecko) Chrome/147.0.0.0 Safari/537.36"
94.154.43.186 - - [19/Jul/2026:16:27:52 +0000] "GET /wp-content/plugins/yith-woocommerce-wishlist/assets/js/dist/components/add-to-wishlist/index.js HTTP/1.1" 200 549227 "-" "Mozilla/5.0 (Windows NT 10.0; Win64; x64) AppleWebKit/537.36 (KHTML, like Gecko) Chrome/147.0.0.0 Safari/537.36"
94.154.43.229 - - [19/Jul/2026:16:27:52 +0000] "GET /wp-content/plugins/yith-woocommerce-quick-view/plugin-fw/dist/lapilli-ui/components/index.js HTTP/1.1" 200 138390 "-" "Mozilla/5.0 (Windows NT 10.0; Win64; x64) AppleWebKit/537.36 (KHTML, like Gecko) Chrome/147.0.0.0 Safari/537.36"
94.154.43.177 - - [19/Jul/2026:16:27:52 +0000] "GET /wp-content/plugins/yith-woocommerce-wishlist/assets/js/dist/components/add-to-wishlist/index.js HTTP/1.1" 200 549227 "-" "Mozilla/5.0 (Windows NT 10.0; Win64; x64) AppleWebKit/537.36 (KHTML, like Gecko) Chrome/147.0.0.0 Safari/537.36"
94.154.43.187 - - [19/Jul/2026:16:27:58 +0000] "GET /wp-content/themes/bixol/assets/js/main.js HTTP/1.1" 200 25836 "-" "Mozilla/5.0 (Windows NT 10.0; Win64; x64) AppleWebKit/537.36 (KHTML, like Gecko) Chrome/147.0.0.0 Safari/537.36"
94.154.43.187 - - [19/Jul/2026:16:27:58 +0000] "GET /wp-content/plugins/yith-woocommerce-quick-view/plugin-fw/dist/lapilli-ui/styles/index.js HTTP/1.1" 200 47241 "-" "Mozilla/5.0 (Windows NT 10.0; Win64; x64) AppleWebKit/537.36 (KHTML, like Gecko) Chrome/147.0.0.0 Safari/537.36"
94.154.43.185 - - [19/Jul/2026:16:27:58 +0000] "GET /wp-content/plugins/contact-form-7/includes/js/index.js HTTP/1.1" 200 13452 "-" "Mozilla/5.0 (Windows NT 10.0; Win64; x64) AppleWebKit/537.36 (KHTML, like Gecko) Chrome/147.0.0.0 Safari/537.36"
94.154.43.187 - - [19/Jul/2026:16:27:58 +0000] "GET /wp-content/plugins/yith-woocommerce-quick-view/plugin-fw/dist/lapilli-ui/date/index.js HTTP/1.1" 200 28915 "-" "Mozilla/5.0 (Windows NT 10.0; Win64; x64) AppleWebKit/537.36 (KHTML, like Gecko) Chrome/147.0.0.0 Safari/537.36"
94.154.43.187 - - [19/Jul/2026:16:27:58 +0000] "GET /wp-content/plugins/case-theme-core/assets/js/main.js HTTP/1.1" 200 978 "-" "Mozilla/5.0 (Windows NT 10.0; Win64; x64) AppleWebKit/537.36 (KHTML, like Gecko) Chrome/147.0.0.0 Safari/537.36"
94.154.43.183 - - [19/Jul/2026:16:27:58 +0000] "GET /wp-content/plugins/contact-form-7/includes/swv/js/index.js HTTP/1.1" 200 12512 "-" "Mozilla/5.0 (Windows NT 10.0; Win64; x64) AppleWebKit/537.36 (KHTML, like Gecko) Chrome/147.0.0.0 Safari/537.36"
94.154.43.188 - - [19/Jul/2026:16:27:58 +0000] "GET /wp-content/plugins/yith-woocommerce-quick-view/plugin-fw/dist/lapilli-ui/components/index.js HTTP/1.1" 200 138390 "-" "Mozilla/5.0 (Windows NT 10.0; Win64; x64) AppleWebKit/537.36 (KHTML, like Gecko) Chrome/147.0.0.0 Safari/537.36"
94.154.43.183 - - [19/Jul/2026:16:27:58 +0000] "GET /wp-content/plugins/yith-woocommerce-wishlist/assets/js/dist/components/add-to-wishlist/index.js HTTP/1.1" 200 549227 "-" "Mozilla/5.0 (Windows NT 10.0; Win64; x64) AppleWebKit/537.36 (KHTML, like Gecko) Chrome/147.0.0.0 Safari/537.36"
91.92.243.239 - - [19/Jul/2026:16:30:24 +0000] "POST /wp-login.php HTTP/1.1" 403 19352 "-" "Mozilla/5.0"
91.92.243.239 - - [19/Jul/2026:16:30:24 +0000] "POST /wp-login.php HTTP/1.1" 403 19352 "-" "Mozilla/5.0"
91.92.243.239 - - [19/Jul/2026:16:32:57 +0000] "POST /wp-login.php HTTP/1.1" 403 19352 "-" "Mozilla/5.0"
91.92.243.239 - - [19/Jul/2026:16:32:57 +0000] "POST /wp-login.php HTTP/1.1" 403 19352 "-" "Mozilla/5.0"
194.39.149.53 - - [19/Jul/2026:16:33:36 +0000] "POST /wp-cron.php?doing_wp_cron=1784478816.2182080745697021484375 HTTP/1.1" 200 0 "-" "WordPress/7.0.2; https://blackhat-unlock.com"
185.223.152.81 - - [19/Jul/2026:16:33:24 +0000] "POST /wp-login.php HTTP/1.1" 200 2536 "-" "Mozilla/5.0 (Windows NT 10.0; Win64; x64) AppleWebKit/537.36 Chrome/129.0.0.0 Safari/537.36"
72.60.40.175 - - [19/Jul/2026:16:35:46 +0000] "GET /shop/ HTTP/2" 200 96075 "-" "Mozilla/5.0 (Windows NT 10.0; Win64; x64) AppleWebKit/537.36"
194.39.149.53 - - [19/Jul/2026:16:35:57 +0000] "POST /wp-cron.php?doing_wp_cron=1784478957.4175488948822021484375 HTTP/1.1" 200 0 "-" "WordPress/7.0.2; https://blackhat-unlock.com"
91.92.243.239 - - [19/Jul/2026:16:36:05 +0000] "POST /wp-login.php HTTP/1.1" 403 19352 "-" "Mozilla/5.0"
91.92.243.239 - - [19/Jul/2026:16:36:05 +0000] "POST /wp-login.php HTTP/1.1" 403 19352 "-" "Mozilla/5.0"
185.223.152.111 - - [19/Jul/2026:16:35:55 +0000] "POST /wp-login.php HTTP/1.1" 200 2536 "-" "Mozilla/5.0 (Linux; Android 11; Mi 9T) AppleWebKit/537.36 (KHTML, like Gecko) Chrome/122.0.6261.149 Mobile Safari/537.36 OPR/81.5.4292.78980 [ip:78.211.91.110]"
194.39.149.53 - - [19/Jul/2026:16:37:36 +0000] "POST /wp-cron.php?doing_wp_cron=1784479056.5387248992919921875000 HTTP/1.1" 200 0 "-" "WordPress/7.0.2; https://blackhat-unlock.com"
44.196.172.251 - - [19/Jul/2026:16:37:30 +0000] "GET /robots.txt HTTP/1.1" 200 179 "-" "Mozilla/5.0 (Macintosh; Intel Mac OS X 10_10_1) AppleWebKit/600.2.5 (KHTML, like Gecko) Version/8.0.2 Safari/600.2.5 (Gort)"
194.39.149.53 - - [19/Jul/2026:16:38:30 +0000] "POST /wp-cron.php?doing_wp_cron=1784479110.1284470558166503906250 HTTP/1.1" 200 0 "-" "WordPress/7.0.2; https://blackhat-unlock.com"
66.249.64.160 - - [19/Jul/2026:16:38:25 +0000] "GET /shop/sitemap-27.xml HTTP/1.1" 404 22947 "-" "Mozilla/5.0 (compatible; Googlebot/2.1; +http://www.google.com/bot.html)"
91.92.243.239 - - [19/Jul/2026:16:38:31 +0000] "POST /wp-login.php HTTP/1.1" 403 19352 "-" "Mozilla/5.0"
91.92.243.239 - - [19/Jul/2026:16:38:31 +0000] "POST /wp-login.php HTTP/1.1" 403 19352 "-" "Mozilla/5.0"
194.39.149.53 - - [19/Jul/2026:16:39:41 +0000] "POST /wp-cron.php?doing_wp_cron=1784479180.9037361145019531250000 HTTP/1.1" 200 0 "-" "WordPress/7.0.2; https://blackhat-unlock.com"
185.251.19.117 - - [19/Jul/2026:16:39:32 +0000] "POST /wp-login.php HTTP/1.1" 200 2536 "-" "Mozilla/5.0 (Windows NT 10.0; Win64; rv:143.0) Gecko/20100101 Firefox/143.0"
194.39.149.53 - - [19/Jul/2026:16:40:51 +0000] "POST /wp-cron.php?doing_wp_cron=1784479251.5052399635314941406250 HTTP/1.1" 200 0 "-" "WordPress/7.0.2; https://blackhat-unlock.com"
185.223.152.72 - - [19/Jul/2026:16:40:46 +0000] "POST /wp-login.php HTTP/1.1" 200 2536 "-" "Mozilla/5.0 (Windows NT 10.0; Win64; x64) AppleWebKit/537.36 Chrome/129.0.0.0 Safari/537.36"
91.92.243.239 - - [19/Jul/2026:16:41:30 +0000] "POST /wp-login.php HTTP/1.1" 403 19352 "-" "Mozilla/5.0"
91.92.243.239 - - [19/Jul/2026:16:41:30 +0000] "POST /wp-login.php HTTP/1.1" 403 19352 "-" "Mozilla/5.0"
194.39.149.53 - - [19/Jul/2026:16:42:30 +0000] "POST /wp-cron.php?doing_wp_cron=1784479350.5019190311431884765625 HTTP/1.1" 200 0 "-" "WordPress/7.0.2; https://blackhat-unlock.com"
72.60.40.175 - - [19/Jul/2026:16:42:12 +0000] "GET /shop/ HTTP/2" 200 96075 "-" "Mozilla/5.0 (Windows NT 10.0; Win64; x64) AppleWebKit/537.36"
66.249.70.174 - - [19/Jul/2026:16:42:45 +0000] "GET /robots.txt HTTP/1.1" 301 0 "-" "Mozilla/5.0 (compatible; Googlebot/2.1; +http://www.google.com/bot.html)"
91.92.243.239 - - [19/Jul/2026:16:43:59 +0000] "POST /wp-login.php HTTP/1.1" 403 19352 "-" "Mozilla/5.0"
91.92.243.239 - - [19/Jul/2026:16:43:59 +0000] "POST /wp-login.php HTTP/1.1" 403 19352 "-" "Mozilla/5.0"
194.39.149.53 - - [19/Jul/2026:16:44:10 +0000] "POST /wp-cron.php?doing_wp_cron=1784479450.5377309322357177734375 HTTP/1.1" 200 0 "-" "WordPress/7.0.2; https://blackhat-unlock.com"
66.249.64.160 - - [19/Jul/2026:16:44:06 +0000] "GET /shop/sitemap-2.xml HTTP/1.1" 404 22951 "-" "Mozilla/5.0 (compatible; Googlebot/2.1; +http://www.google.com/bot.html)"
89.117.63.72 - - [19/Jul/2026:16:44:56 +0000] "GET /wp-login.php HTTP/2" 200 2184 "-" "Mozilla/5.0 (Linux; Android 13; Pixel 7) AppleWebKit/537.36 (KHTML, like Gecko) Chrome/150.0.0.0 Mobile Safari/537.36"
194.39.149.53 - - [19/Jul/2026:16:45:20 +0000] "POST /wp-cron.php?doing_wp_cron=1784479520.5379509925842285156250 HTTP/1.1" 200 0 "-" "WordPress/7.0.2; https://blackhat-unlock.com"
89.117.63.72 - - [19/Jul/2026:16:45:22 +0000] "POST /wp-login.php HTTP/2" 200 2329 "https://mail.blackhat-unlock.com/wp-login.php" "Mozilla/5.0 (Linux; Android 13; Pixel 7) AppleWebKit/537.36 (KHTML, like Gecko) Chrome/150.0.0.0 Mobile Safari/537.36"
66.249.69.224 - - [19/Jul/2026:16:45:33 +0000] "GET /shop/sitemap-19.xml HTTP/1.1" 404 22947 "-" "Mozilla/5.0 (compatible; Googlebot/2.1; +http://www.google.com/bot.html)"
91.92.243.239 - - [19/Jul/2026:16:47:14 +0000] "POST /wp-login.php HTTP/1.1" 403 19352 "-" "Mozilla/5.0"
91.92.243.239 - - [19/Jul/2026:16:47:14 +0000] "POST /wp-login.php HTTP/1.1" 403 19352 "-" "Mozilla/5.0"
194.39.149.53 - - [19/Jul/2026:16:48:12 +0000] "POST /wp-cron.php?doing_wp_cron=1784479692.1523690223693847656250 HTTP/1.1" 200 0 "-" "WordPress/7.0.2; https://blackhat-unlock.com"
185.223.152.80 - - [19/Jul/2026:16:48:09 +0000] "POST /wp-login.php HTTP/1.1" 200 2536 "-" "Mozilla/5.0 (Macintosh; Intel Mac OS X 10_15_7) AppleWebKit/605.1.15 Version/17.0 Safari/605.1.15"
91.92.243.239 - - [19/Jul/2026:16:49:44 +0000] "POST /wp-login.php HTTP/1.1" 403 19352 "-" "Mozilla/5.0"
91.92.243.239 - - [19/Jul/2026:16:49:44 +0000] "POST /wp-login.php HTTP/1.1" 403 19352 "-" "Mozilla/5.0"
194.39.149.53 - - [19/Jul/2026:16:52:23 +0000] "POST /wp-cron.php?doing_wp_cron=1784479943.6232440471649169921875 HTTP/1.1" 200 0 "-" "WordPress/7.0.2; https://blackhat-unlock.com"
120.72.98.5 - - [19/Jul/2026:16:52:19 +0000] "POST /wp/xmlrpc.php HTTP/2" 404 22917 "-" "Mozilla/5.0 (Linux; Android 14; SM-S921B) AppleWebKit/537.36 (KHTML, like Gecko) Chrome/147.0.0.0 Mobile Safari/537.36"
120.72.98.5 - - [19/Jul/2026:16:52:24 +0000] "POST /wp/xmlrpc.php HTTP/2" 403 5135 "-" "Mozilla/5.0 (Linux; Android 14; SM-S921B) AppleWebKit/537.36 (KHTML, like Gecko) Chrome/147.0.0.0 Mobile Safari/537.36"
91.92.243.239 - - [19/Jul/2026:16:52:53 +0000] "POST /wp-login.php HTTP/1.1" 403 19352 "-" "Mozilla/5.0"
91.92.243.239 - - [19/Jul/2026:16:52:53 +0000] "POST /wp-login.php HTTP/1.1" 403 19352 "-" "Mozilla/5.0"
72.60.40.175 - - [19/Jul/2026:16:53:10 +0000] "GET /shop/ HTTP/2" 200 96075 "-" "Mozilla/5.0 (Windows NT 10.0; Win64; x64) AppleWebKit/537.36"
194.39.149.53 - - [19/Jul/2026:16:54:19 +0000] "POST /wp-cron.php?doing_wp_cron=1784480059.3778889179229736328125 HTTP/1.1" 200 0 "-" "WordPress/7.0.2; https://blackhat-unlock.com"
66.249.64.173 - - [19/Jul/2026:16:54:17 +0000] "GET /shop/sitemap-20.xml HTTP/1.1" 404 22947 "-" "Mozilla/5.0 (compatible; Googlebot/2.1; +http://www.google.com/bot.html)"
194.39.149.53 - - [19/Jul/2026:16:55:30 +0000] "POST /wp-cron.php?doing_wp_cron=1784480130.5673019886016845703125 HTTP/1.1" 200 0 "-" "WordPress/7.0.2; https://blackhat-unlock.com"
185.223.152.110 - - [19/Jul/2026:16:55:28 +0000] "POST /wp-login.php HTTP/1.1" 200 2536 "-" "Mozilla/5.0 (Windows; U; Windows NT 6.1; en-US) AppleWebKit/530.19.2 (KHTML, like Gecko) Version/4.0.2 Safari/530.19.1"
185.223.152.90 - - [19/Jul/2026:16:55:33 +0000] "POST /wp-login.php HTTP/1.1" 200 2536 "-" "Mozilla/5.0 (Windows NT 10.0; Win64; x64) AppleWebKit/537.36 Chrome/129.0.0.0 Safari/537.36"
91.92.243.239 - - [19/Jul/2026:16:55:35 +0000] "POST /wp-login.php HTTP/1.1" 403 19352 "-" "Mozilla/5.0"
91.92.243.239 - - [19/Jul/2026:16:55:35 +0000] "POST /wp-login.php HTTP/1.1" 403 19352 "-" "Mozilla/5.0"
194.39.149.53 - - [19/Jul/2026:16:56:17 +0000] "POST /wp-cron.php?doing_wp_cron=1784480177.0192489624023437500000 HTTP/1.1" 200 0 "-" "WordPress/7.0.2; https://blackhat-unlock.com"
41.186.86.12 - - [19/Jul/2026:16:56:14 +0000] "GET /wp-login.php HTTP/2" 200 2184 "-" "Mozilla/5.0 (Linux; Android 12; SM-G998B) AppleWebKit/537.36 (KHTML, like Gecko) Chrome/147.0.0.0 Mobile Safari/537.36"
41.186.86.12 - - [19/Jul/2026:16:56:18 +0000] "POST /wp-login.php HTTP/2" 200 2319 "https://blackhat-unlock.com/wp-login.php" "Mozilla/5.0 (Linux; Android 12; SM-G998B) AppleWebKit/537.36 (KHTML, like Gecko) Chrome/147.0.0.0 Mobile Safari/537.36"
91.92.243.239 - - [19/Jul/2026:16:58:43 +0000] "POST /wp-login.php HTTP/1.1" 403 19352 "-" "Mozilla/5.0"
91.92.243.239 - - [19/Jul/2026:16:58:43 +0000] "POST /wp-login.php HTTP/1.1" 403 19352 "-" "Mozilla/5.0"
117.0.21.154 - - [19/Jul/2026:16:58:51 +0000] "POST /xmlrpc.php HTTP/2" 200 186 "-" "Mozilla/5.0 (X11; Linux x86_64) AppleWebKit/537.36 (KHTML, like Gecko) Chrome/147.0.0.0 Safari/537.36 Edg/147.0.0.0"
194.39.149.53 - - [19/Jul/2026:16:58:53 +0000] "POST /wp-cron.php?doing_wp_cron=1784480333.8514690399169921875000 HTTP/1.1" 200 0 "-" "WordPress/7.0.2; https://blackhat-unlock.com"
198.235.24.129 - - [19/Jul/2026:17:00:32 +0000] "GET / HTTP/1.1" 200 40080 "-" "Hello from Palo Alto Networks, find out more about our scans in https://docs-cortex.paloaltonetworks.com/r/1/Cortex-Xpanse/Scanning-activity"
91.92.243.239 - - [19/Jul/2026:17:01:19 +0000] "POST /wp-login.php HTTP/1.1" 403 19352 "-" "Mozilla/5.0"
91.92.243.239 - - [19/Jul/2026:17:01:19 +0000] "POST /wp-login.php HTTP/1.1" 403 19352 "-" "Mozilla/5.0"
194.39.149.53 - - [19/Jul/2026:17:01:41 +0000] "POST /wp-cron.php?doing_wp_cron=1784480501.6131649017333984375000 HTTP/1.1" 200 0 "-" "WordPress/7.0.2; https://blackhat-unlock.com"
72.60.40.175 - - [19/Jul/2026:17:01:39 +0000] "GET /shop/ HTTP/2" 200 96075 "-" "Mozilla/5.0 (Windows NT 10.0; Win64; x64) AppleWebKit/537.36"
160.187.68.132 - - [19/Jul/2026:17:01:53 +0000] "GET /wp/wp-login.php HTTP/2" 404 22934 "-" "Mozilla/5.0 (X11; Ubuntu; Linux x86_64) AppleWebKit/537.36 (KHTML, like Gecko) Chrome/147.0.0.0 Safari/537.36"
194.39.149.53 - - [19/Jul/2026:17:03:04 +0000] "POST /wp-cron.php?doing_wp_cron=1784480584.1612970829010009765625 HTTP/1.1" 200 0 "-" "WordPress/7.0.2; https://blackhat-unlock.com"
185.223.152.76 - - [19/Jul/2026:17:02:59 +0000] "POST /wp-login.php HTTP/1.1" 200 2536 "-" "Mozilla/5.0 (Windows NT 10.0; Win64; x64) AppleWebKit/537.36 Chrome/129.0.0.0 Safari/537.36"
91.92.243.239 - - [19/Jul/2026:17:04:32 +0000] "POST /wp-login.php HTTP/1.1" 403 19352 "-" "Mozilla/5.0"
91.92.243.239 - - [19/Jul/2026:17:04:32 +0000] "POST /wp-login.php HTTP/1.1" 403 19352 "-" "Mozilla/5.0"
91.92.243.239 - - [19/Jul/2026:17:07:14 +0000] "POST /wp-login.php HTTP/1.1" 403 19352 "-" "Mozilla/5.0"
91.92.243.239 - - [19/Jul/2026:17:07:14 +0000] "POST /wp-login.php HTTP/1.1" 403 19352 "-" "Mozilla/5.0"
167.179.28.137 - - [19/Jul/2026:17:07:20 +0000] "GET / HTTP/2" 200 37163 "-" "Mozilla/5.0 (Windows NT 10.0; Win64; x64) AppleWebKit/537.36 (KHTML, like Gecko) Chrome/150.0.0.0 Safari/537.36"
194.39.149.53 - - [19/Jul/2026:17:07:25 +0000] "POST /wp-cron.php?doing_wp_cron=1784480845.6062190532684326171875 HTTP/1.1" 200 0 "-" "WordPress/7.0.2; https://blackhat-unlock.com"
167.179.28.137 - - [19/Jul/2026:17:07:25 +0000] "GET /wp-json/yith/wishlist/v1/lists/?_locale=user HTTP/2" 401 119 "https://blackhat-unlock.com/" "Mozilla/5.0 (Windows NT 10.0; Win64; x64) AppleWebKit/537.36 (KHTML, like Gecko) Chrome/150.0.0.0 Safari/537.36"
167.179.28.137 - - [19/Jul/2026:17:07:26 +0000] "GET /wp-json/contact-form-7/v1/contact-forms/3563/feedback/schema HTTP/2" 200 289 "https://blackhat-unlock.com/" "Mozilla/5.0 (Windows NT 10.0; Win64; x64) AppleWebKit/537.36 (KHTML, like Gecko) Chrome/150.0.0.0 Safari/537.36"
167.179.28.137 - - [19/Jul/2026:17:08:10 +0000] "GET / HTTP/2" 200 57240 "-" "Mozilla/5.0 (Windows NT 10.0; Win64; x64) AppleWebKit/537.36 (KHTML, like Gecko) Chrome/150.0.0.0 Safari/537.36"
167.179.28.137 - - [19/Jul/2026:17:08:13 +0000] "GET /api/v3/ajax/member/users/listings-favorites-collections-map?listing_ids%5B%5D=1790774795 HTTP/2" 200 57285 "https://blackhat-unlock.com/" "Mozilla/5.0 (Windows NT 10.0; Win64; x64) AppleWebKit/537.36 (KHTML, like Gecko) Chrome/150.0.0.0 Safari/537.36"
167.179.28.137 - - [19/Jul/2026:17:08:13 +0000] "GET /images/1x1.gif?ch=1&rn=6.262768096071722 HTTP/2" 200 57285 "https://blackhat-unlock.com/" "Mozilla/5.0 (Windows NT 10.0; Win64; x64) AppleWebKit/537.36 (KHTML, like Gecko) Chrome/150.0.0.0 Safari/537.36"
167.179.28.137 - - [19/Jul/2026:17:08:13 +0000] "GET /images/1x1.gif?ch=2&rn=6.262768096071722 HTTP/2" 200 57240 "https://blackhat-unlock.com/" "Mozilla/5.0 (Windows NT 10.0; Win64; x64) AppleWebKit/537.36 (KHTML, like Gecko) Chrome/150.0.0.0 Safari/537.36"
167.179.28.137 - - [19/Jul/2026:17:08:13 +0000] "POST /api/v3/ajax/public/statsd HTTP/2" 200 57285 "https://blackhat-unlock.com/" "Mozilla/5.0 (Windows NT 10.0; Win64; x64) AppleWebKit/537.36 (KHTML, like Gecko) Chrome/150.0.0.0 Safari/537.36"
167.179.28.137 - - [19/Jul/2026:17:08:15 +0000] "POST /cdn-cgi/rum? HTTP/2" 200 57285 "https://blackhat-unlock.com/" "Mozilla/5.0 (Windows NT 10.0; Win64; x64) AppleWebKit/537.36 (KHTML, like Gecko) Chrome/150.0.0.0 Safari/537.36"
167.179.28.137 - - [19/Jul/2026:17:08:15 +0000] "GET /osdd.php HTTP/2" 200 57284 "-" "Mozilla/5.0 (Windows NT 10.0; Win64; x64) AppleWebKit/537.36 (KHTML, like Gecko) Chrome/150.0.0.0 Safari/537.36"
167.179.28.137 - - [19/Jul/2026:17:08:17 +0000] "POST /cdn-cgi/rum? HTTP/2" 200 57285 "https://blackhat-unlock.com/" "Mozilla/5.0 (Windows NT 10.0; Win64; x64) AppleWebKit/537.36 (KHTML, like Gecko) Chrome/150.0.0.0 Safari/537.36"
91.92.243.239 - - [19/Jul/2026:17:10:25 +0000] "POST /wp-login.php HTTP/1.1" 403 19352 "-" "Mozilla/5.0"
91.92.243.239 - - [19/Jul/2026:17:10:25 +0000] "POST /wp-login.php HTTP/1.1" 403 19352 "-" "Mozilla/5.0"
167.179.28.137 - - [19/Jul/2026:17:10:30 +0000] "GET /about-us/ HTTP/2" 200 57363 "-" "Mozilla/5.0 (Windows NT 10.0; Win64; x64) AppleWebKit/537.36 (KHTML, like Gecko) Chrome/150.0.0.0 Safari/537.36"
194.39.149.53 - - [19/Jul/2026:17:10:30 +0000] "POST /wp-cron.php?doing_wp_cron=1784481030.8047549724578857421875 HTTP/1.1" 200 0 "-" "WordPress/7.0.2; https://blackhat-unlock.com"
185.223.152.4 - - [19/Jul/2026:17:10:26 +0000] "POST /wp-login.php HTTP/1.1" 200 2536 "-" "Mozilla/5.0 (Windows NT 10.0; Win64; rv:143.0) Gecko/20100101 Firefox/143.0"
167.179.28.137 - - [19/Jul/2026:17:10:30 +0000] "GET /images/1x1.gif?ch=1&rn=4.892329780227422 HTTP/2" 200 57240 "https://blackhat-unlock.com/about-us/" "Mozilla/5.0 (Windows NT 10.0; Win64; x64) AppleWebKit/537.36 (KHTML, like Gecko) Chrome/150.0.0.0 Safari/537.36"
167.179.28.137 - - [19/Jul/2026:17:10:30 +0000] "GET /api/v3/ajax/member/users/listings-favorites-collections-map?listing_ids%5B%5D=1790774795 HTTP/2" 200 57240 "https://blackhat-unlock.com/about-us/" "Mozilla/5.0 (Windows NT 10.0; Win64; x64) AppleWebKit/537.36 (KHTML, like Gecko) Chrome/150.0.0.0 Safari/537.36"
167.179.28.137 - - [19/Jul/2026:17:10:30 +0000] "GET /images/1x1.gif?ch=2&rn=4.892329780227422 HTTP/2" 200 57240 "https://blackhat-unlock.com/about-us/" "Mozilla/5.0 (Windows NT 10.0; Win64; x64) AppleWebKit/537.36 (KHTML, like Gecko) Chrome/150.0.0.0 Safari/537.36"
167.179.28.137 - - [19/Jul/2026:17:10:32 +0000] "POST /cdn-cgi/rum? HTTP/2" 200 57285 "https://blackhat-unlock.com/about-us/" "Mozilla/5.0 (Windows NT 10.0; Win64; x64) AppleWebKit/537.36 (KHTML, like Gecko) Chrome/150.0.0.0 Safari/537.36"
17.241.75.115 - - [19/Jul/2026:17:11:49 +0000] "GET /robots.txt HTTP/2" 200 65490 "-" "Mozilla/5.0 (Macintosh; Intel Mac OS X 10_15_7) AppleWebKit/605.1.15 (KHTML, like Gecko) Version/17.4 Safari/605.1.15 (Applebot/0.1; +http://www.apple.com/go/applebot)"
17.241.75.115 - - [19/Jul/2026:17:11:49 +0000] "GET /elements/accordions-toggles/ HTTP/2" 200 65490 "-" "Mozilla/5.0 (Macintosh; Intel Mac OS X 10_15_7) AppleWebKit/605.1.15 (KHTML, like Gecko) Version/17.4 Safari/605.1.15 (Applebot/0.1; +http://www.apple.com/go/applebot)"
91.92.243.239 - - [19/Jul/2026:17:13:04 +0000] "POST /wp-login.php HTTP/1.1" 403 19352 "-" "Mozilla/5.0"
91.92.243.239 - - [19/Jul/2026:17:13:04 +0000] "POST /wp-login.php HTTP/1.1" 403 19352 "-" "Mozilla/5.0"
72.60.40.175 - - [19/Jul/2026:17:13:11 +0000] "GET /shop/ HTTP/2" 200 234009 "-" "Mozilla/5.0 (Windows NT 10.0; Win64; x64) AppleWebKit/537.36"
167.179.28.137 - - [19/Jul/2026:17:13:15 +0000] "GET /about-us/ HTTP/2" 200 57397 "-" "Mozilla/5.0 (Windows NT 10.0; Win64; x64) AppleWebKit/537.36 (KHTML, like Gecko) Chrome/150.0.0.0 Safari/537.36"
167.179.28.137 - - [19/Jul/2026:17:13:24 +0000] "GET /about-us/ HTTP/2" 200 57397 "-" "Mozilla/5.0 (Windows NT 10.0; Win64; x64) AppleWebKit/537.36 (KHTML, like Gecko) Chrome/150.0.0.0 Safari/537.36"
167.179.28.137 - - [19/Jul/2026:17:13:28 +0000] "GET /api/v3/ajax/member/users/listings-favorites-collections-map?listing_ids%5B%5D=1790774795 HTTP/2" 200 57242 "https://blackhat-unlock.com/about-us/" "Mozilla/5.0 (Windows NT 10.0; Win64; x64) AppleWebKit/537.36 (KHTML, like Gecko) Chrome/150.0.0.0 Safari/537.36"
167.179.28.137 - - [19/Jul/2026:17:13:28 +0000] "GET /images/1x1.gif?ch=1&rn=7.520805745024643 HTTP/2" 200 57285 "https://blackhat-unlock.com/about-us/" "Mozilla/5.0 (Windows NT 10.0; Win64; x64) AppleWebKit/537.36 (KHTML, like Gecko) Chrome/150.0.0.0 Safari/537.36"
167.179.28.137 - - [19/Jul/2026:17:13:28 +0000] "GET /images/1x1.gif?ch=2&rn=7.520805745024643 HTTP/2" 200 57285 "https://blackhat-unlock.com/about-us/" "Mozilla/5.0 (Windows NT 10.0; Win64; x64) AppleWebKit/537.36 (KHTML, like Gecko) Chrome/150.0.0.0 Safari/537.36"
167.179.28.137 - - [19/Jul/2026:17:13:31 +0000] "POST /cdn-cgi/rum? HTTP/2" 200 57285 "https://blackhat-unlock.com/about-us/" "Mozilla/5.0 (Windows NT 10.0; Win64; x64) AppleWebKit/537.36 (KHTML, like Gecko) Chrome/150.0.0.0 Safari/537.36"
185.223.152.99 - - [19/Jul/2026:17:14:43 +0000] "POST /wp-login.php HTTP/1.1" 200 2536 "-" "Mozilla/5.0 (X11; U; Slackware Linux i686; en-US; rv:1.9.0.10) Gecko/2009042315 Firefox/3.0.10"
194.39.149.53 - - [19/Jul/2026:17:14:56 +0000] "POST /wp-cron.php?doing_wp_cron=1784481296.5196321010589599609375 HTTP/1.1" 200 0 "-" "WordPress/7.0.2; https://blackhat-unlock.com"
167.179.28.137 - - [19/Jul/2026:17:15:26 +0000] "GET /about-us/ HTTP/2" 200 57318 "-" "Mozilla/5.0 (Windows NT 10.0; Win64; x64) AppleWebKit/537.36 (KHTML, like Gecko) Chrome/150.0.0.0 Safari/537.36"
167.179.28.137 - - [19/Jul/2026:17:15:27 +0000] "GET /about-us/ HTTP/2" 200 57318 "-" "Mozilla/5.0 (Windows NT 10.0; Win64; x64) AppleWebKit/537.36 (KHTML, like Gecko) Chrome/150.0.0.0 Safari/537.36"
167.179.28.137 - - [19/Jul/2026:17:15:28 +0000] "GET /api/v3/ajax/member/users/listings-favorites-collections-map?listing_ids%5B%5D=1790774795 HTTP/2" 200 57285 "https://blackhat-unlock.com/about-us/" "Mozilla/5.0 (Windows NT 10.0; Win64; x64) AppleWebKit/537.36 (KHTML, like Gecko) Chrome/150.0.0.0 Safari/537.36"
167.179.28.137 - - [19/Jul/2026:17:15:28 +0000] "GET /images/1x1.gif?ch=2&rn=1.0361849485762253 HTTP/2" 200 57284 "https://blackhat-unlock.com/about-us/" "Mozilla/5.0 (Windows NT 10.0; Win64; x64) AppleWebKit/537.36 (KHTML, like Gecko) Chrome/150.0.0.0 Safari/537.36"
167.179.28.137 - - [19/Jul/2026:17:15:28 +0000] "GET /images/1x1.gif?ch=1&rn=1.0361849485762253 HTTP/2" 200 57285 "https://blackhat-unlock.com/about-us/" "Mozilla/5.0 (Windows NT 10.0; Win64; x64) AppleWebKit/537.36 (KHTML, like Gecko) Chrome/150.0.0.0 Safari/537.36"
167.179.28.137 - - [19/Jul/2026:17:15:28 +0000] "POST /cdn-cgi/rum? HTTP/2" 200 57285 "https://blackhat-unlock.com/about-us/" "Mozilla/5.0 (Windows NT 10.0; Win64; x64) AppleWebKit/537.36 (KHTML, like Gecko) Chrome/150.0.0.0 Safari/537.36"
167.179.28.137 - - [19/Jul/2026:17:15:31 +0000] "POST /cdn-cgi/rum? HTTP/2" 200 57285 "https://blackhat-unlock.com/about-us/" "Mozilla/5.0 (Windows NT 10.0; Win64; x64) AppleWebKit/537.36 (KHTML, like Gecko) Chrome/150.0.0.0 Safari/537.36"
91.92.243.239 - - [19/Jul/2026:17:16:12 +0000] "POST /wp-login.php HTTP/1.1" 403 19352 "-" "Mozilla/5.0"
91.92.243.239 - - [19/Jul/2026:17:16:12 +0000] "POST /wp-login.php HTTP/1.1" 403 19352 "-" "Mozilla/5.0"
17.241.75.174 - - [19/Jul/2026:17:16:59 +0000] "GET /api/v3/ajax/member/users/listings-favorites-collections-map?listing_ids%5B%5D=1790774795 HTTP/2" 200 57240 "https://blackhat-unlock.com/elements/accordions-toggles/" "Mozilla/5.0 (Macintosh; Intel Mac OS X 10_15_7) AppleWebKit/605.1.15 (KHTML, like Gecko) Version/17.4 Safari/605.1.15 (Applebot/0.1; +http://www.apple.com/go/applebot)"
194.39.149.53 - - [19/Jul/2026:17:18:13 +0000] "POST /wp-cron.php?doing_wp_cron=1784481493.3009328842163085937500 HTTP/1.1" 200 0 "-" "WordPress/7.0.2; https://blackhat-unlock.com"
185.223.152.75 - - [19/Jul/2026:17:18:03 +0000] "POST /wp-login.php HTTP/1.1" 200 2536 "-" "Mozilla/5.0 (Macintosh; Intel Mac OS X 10_15_7) AppleWebKit/605.1.15 Version/17.0 Safari/605.1.15"
91.92.243.239 - - [19/Jul/2026:17:18:41 +0000] "POST /wp-login.php HTTP/1.1" 403 19352 "-" "Mozilla/5.0"
91.92.243.239 - - [19/Jul/2026:17:18:41 +0000] "POST /wp-login.php HTTP/1.1" 403 19352 "-" "Mozilla/5.0"
72.167.132.114 - - [19/Jul/2026:17:18:42 +0000] "POST /wp/xmlrpc.php HTTP/2" 200 57240 "-" "Mozilla/5.0 (Linux; Android 11; Redmi Note 9) AppleWebKit/537.36 (KHTML, like Gecko) Chrome/147.0.0.0 Mobile Safari/537.36"
72.167.132.114 - - [19/Jul/2026:17:18:43 +0000] "POST /wp/xmlrpc.php HTTP/2" 403 5137 "-" "Mozilla/5.0 (Linux; Android 11; Redmi Note 9) AppleWebKit/537.36 (KHTML, like Gecko) Chrome/147.0.0.0 Mobile Safari/537.36"
34.193.2.57 - - [19/Jul/2026:17:19:11 +0000] "GET /wp-json/oembed/1.0/embed?url=https://blackhat-unlock.com/product/biovert-cleaner/ HTTP/1.1" 200 65490 "-" "Mozilla/5.0 AppleWebKit/537.36 (KHTML, like Gecko; compatible; Amazonbot/0.1; +https://developer.amazon.com/support/amazonbot) Chrome/119.0.6045.214 Safari/537.36"
54.167.32.123 - - [19/Jul/2026:17:19:13 +0000] "GET /wp-json/oembed/1.0/embed?format=xml&url=https://blackhat-unlock.com/product/upholstery-cleaner/ HTTP/1.1" 200 65490 "-" "Mozilla/5.0 AppleWebKit/537.36 (KHTML, like Gecko; compatible; Amazonbot/0.1; +https://developer.amazon.com/support/amazonbot) Chrome/119.0.6045.214 Safari/537.36"
194.39.149.53 - - [19/Jul/2026:17:21:35 +0000] "POST /wp-cron.php?doing_wp_cron=1784481695.4461140632629394531250 HTTP/1.1" 200 0 "-" "WordPress/7.0.2; https://blackhat-unlock.com"
45.90.123.233 - - [19/Jul/2026:17:21:30 +0000] "GET /wp-login.php HTTP/2" 200 2184 "-" "Mozilla/5.0 (iPad; CPU OS 17_5_1 like Mac OS X) AppleWebKit/605.1.15 (KHTML, like Gecko) CriOS/150.0.7871.34 Mobile/15E148 Safari/604.1"
45.90.123.233 - - [19/Jul/2026:17:21:36 +0000] "POST /wp-login.php HTTP/2" 200 2329 "https://mail.blackhat-unlock.com/wp-login.php" "Mozilla/5.0 (iPad; CPU OS 17_5_1 like Mac OS X) AppleWebKit/605.1.15 (KHTML, like Gecko) CriOS/150.0.7871.34 Mobile/15E148 Safari/604.1"
91.92.243.239 - - [19/Jul/2026:17:21:39 +0000] "POST /wp-login.php HTTP/1.1" 403 19352 "-" "Mozilla/5.0"
91.92.243.239 - - [19/Jul/2026:17:21:39 +0000] "POST /wp-login.php HTTP/1.1" 403 19352 "-" "Mozilla/5.0"
72.60.40.175 - - [19/Jul/2026:17:23:20 +0000] "GET /shop/ HTTP/2" 200 234009 "-" "Mozilla/5.0 (Windows NT 10.0; Win64; x64) AppleWebKit/537.36"
91.92.243.239 - - [19/Jul/2026:17:24:17 +0000] "POST /wp-login.php HTTP/1.1" 403 19352 "-" "Mozilla/5.0"
91.92.243.239 - - [19/Jul/2026:17:24:17 +0000] "POST /wp-login.php HTTP/1.1" 403 19352 "-" "Mozilla/5.0"
185.223.152.4 - - [19/Jul/2026:17:25:23 +0000] "POST /wp-login.php HTTP/1.1" 200 2536 "-" "Mozilla/5.0 (Windows NT 10.0; Win64; x64) AppleWebKit/537.36 Chrome/129.0.0.0 Safari/537.36"
194.39.149.53 - - [19/Jul/2026:17:25:35 +0000] "POST /wp-cron.php?doing_wp_cron=1784481935.5053989887237548828125 HTTP/1.1" 200 0 "-" "WordPress/7.0.2; https://blackhat-unlock.com"
91.92.243.239 - - [19/Jul/2026:17:27:32 +0000] "POST /wp-login.php HTTP/1.1" 403 19352 "-" "Mozilla/5.0"
91.92.243.239 - - [19/Jul/2026:17:27:32 +0000] "POST /wp-login.php HTTP/1.1" 403 19352 "-" "Mozilla/5.0"
91.92.243.239 - - [19/Jul/2026:17:30:09 +0000] "POST /wp-login.php HTTP/1.1" 403 19352 "-" "Mozilla/5.0"
91.92.243.239 - - [19/Jul/2026:17:30:09 +0000] "POST /wp-login.php HTTP/1.1" 403 19352 "-" "Mozilla/5.0"
74.125.209.67 - - [19/Jul/2026:17:31:59 +0000] "GET / HTTP/1.1" 200 57284 "-" "Mozilla/5.0 (compatible; Google-Site-Verification/1.0)"
64.233.173.170 - - [19/Jul/2026:17:32:00 +0000] "GET / HTTP/1.1" 200 57284 "-" "Mozilla/5.0 (compatible; Google-Site-Verification/1.0)"
64.233.173.170 - - [19/Jul/2026:17:32:00 +0000] "GET /googlecb079382c941329a.html HTTP/1.1" 200 57284 "-" "Mozilla/5.0 (compatible; Google-Site-Verification/1.0)"
64.233.173.160 - - [19/Jul/2026:17:32:00 +0000] "GET /google34c4cd0e3639e90d.html HTTP/1.1" 200 57284 "-" "Mozilla/5.0 (compatible; Google-Site-Verification/1.0)"
64.233.173.170 - - [19/Jul/2026:17:32:00 +0000] "GET / HTTP/1.1" 200 57284 "-" "Mozilla/5.0 (compatible; Google-Site-Verification/1.0)"
74.125.209.66 - - [19/Jul/2026:17:32:00 +0000] "GET /?cachebuster=2952676051 HTTP/1.1" 200 57284 "-" "Mozilla/5.0 (compatible; Google-Site-Verification/1.0)"
72.60.40.175 - - [19/Jul/2026:17:32:33 +0000] "GET /shop/ HTTP/2" 200 234009 "-" "Mozilla/5.0 (Windows NT 10.0; Win64; x64) AppleWebKit/537.36"
64.233.173.160 - - [19/Jul/2026:17:32:39 +0000] "GET /googlecb079382c941329a.html HTTP/1.1" 200 53 "-" "Mozilla/5.0 (compatible; Google-Site-Verification/1.0)"
64.233.173.160 - - [19/Jul/2026:17:32:39 +0000] "GET /google34c4cd0e3639e90d.html HTTP/1.1" 200 57240 "-" "Mozilla/5.0 (compatible; Google-Site-Verification/1.0)"
66.249.64.174 - - [19/Jul/2026:17:32:59 +0000] "GET /robots.txt HTTP/1.1" 200 57285 "-" "Mozilla/5.0 (compatible; Googlebot/2.1; +http://www.google.com/bot.html)"
66.249.64.160 - - [19/Jul/2026:17:33:01 +0000] "GET /sitemap.xml HTTP/1.1" 200 211 "-" "Mozilla/5.0 (compatible; Googlebot/2.1; +http://www.google.com/bot.html)"
185.223.152.72 - - [19/Jul/2026:17:32:50 +0000] "POST /wp-login.php HTTP/1.1" 200 2536 "-" "Mozilla/5.0 (Windows NT 10.0; Win64; rv:143.0) Gecko/20100101 Firefox/143.0"
194.39.149.53 - - [19/Jul/2026:17:33:04 +0000] "POST /wp-cron.php?doing_wp_cron=1784482384.3182790279388427734375 HTTP/1.1" 200 0 "-" "WordPress/7.0.2; https://blackhat-unlock.com"
66.249.64.173 - - [19/Jul/2026:17:33:26 +0000] "GET /about-us/ HTTP/1.1" 200 57352 "-" "Mozilla/5.0 (Linux; Android 6.0.1; Nexus 5X Build/MMB29P) AppleWebKit/537.36 (KHTML, like Gecko) Chrome/99.0.4844.84 Mobile Safari/537.36 (compatible; Googlebot/2.1; +http://www.google.com/bot.html)"
66.249.64.173 - - [19/Jul/2026:17:33:27 +0000] "GET /about-us/ HTTP/1.1" 200 57318 "-" "Mozilla/5.0 (compatible; Googlebot/2.1; +http://www.google.com/bot.html)"
66.249.64.173 - - [19/Jul/2026:17:33:28 +0000] "GET /api/v3/ajax/member/users/listings-favorites-collections-map?listing_ids%5B%5D=1790774795 HTTP/1.1" 200 57240 "https://blackhat-unlock.com/about-us/" "Mozilla/5.0 AppleWebKit/537.36 (KHTML, like Gecko; compatible; Googlebot/2.1; +http://www.google.com/bot.html) Chrome/149.0.7827.200 Safari/537.36"
91.92.243.239 - - [19/Jul/2026:17:33:29 +0000] "POST /wp-login.php HTTP/1.1" 403 19352 "-" "Mozilla/5.0"
91.92.243.239 - - [19/Jul/2026:17:33:29 +0000] "POST /wp-login.php HTTP/1.1" 403 19352 "-" "Mozilla/5.0"
66.249.64.173 - - [19/Jul/2026:17:33:29 +0000] "GET /api/v3/ajax/member/users/listings-favorites-collections-map?listing_ids%5B%5D=1790774795 HTTP/1.1" 200 57285 "https://blackhat-unlock.com/about-us/" "Mozilla/5.0 (Linux; Android 6.0.1; Nexus 5X Build/MMB29P) AppleWebKit/537.36 (KHTML, like Gecko) Chrome/149.0.7827.200 Mobile Safari/537.36 (compatible; Googlebot/2.1; +http://www.google.com/bot.html)"
