HEX
Server: LiteSpeed
System: Linux s1083.usc1.mysecurecloudhost.com 4.18.0-477.27.2.lve.el8.x86_64 #1 SMP Wed Oct 11 12:32:56 UTC 2023 x86_64
User: keeloilc (1034)
PHP: 8.1.34
Disabled: NONE
Upload Files
File: /home/keeloilc/access-logs/anvil-portal.upright-solutions.com-ssl_log
72.60.40.175 - - [19/Jul/2026:12:13:59 +0000] "GET /shop/ HTTP/2" 301 0 "-" "Mozilla/5.0 (Windows NT 10.0; Win64; x64) AppleWebKit/537.36"
72.60.40.175 - - [19/Jul/2026:12:24:00 +0000] "GET /shop/ HTTP/2" 301 0 "-" "Mozilla/5.0 (Windows NT 10.0; Win64; x64) AppleWebKit/537.36"
72.60.40.175 - - [19/Jul/2026:12:32:52 +0000] "GET /shop/ HTTP/2" 301 0 "-" "Mozilla/5.0 (Windows NT 10.0; Win64; x64) AppleWebKit/537.36"
72.60.40.175 - - [19/Jul/2026:12:44:10 +0000] "GET /shop/ HTTP/2" 301 0 "-" "Mozilla/5.0 (Windows NT 10.0; Win64; x64) AppleWebKit/537.36"
72.60.40.175 - - [19/Jul/2026:12:54:01 +0000] "GET /shop/ HTTP/2" 301 0 "-" "Mozilla/5.0 (Windows NT 10.0; Win64; x64) AppleWebKit/537.36"
72.60.40.175 - - [19/Jul/2026:13:03:15 +0000] "GET /shop/ HTTP/2" 301 0 "-" "Mozilla/5.0 (Windows NT 10.0; Win64; x64) AppleWebKit/537.36"
72.60.40.175 - - [19/Jul/2026:13:15:46 +0000] "GET /shop/ HTTP/2" 301 0 "-" "Mozilla/5.0 (Windows NT 10.0; Win64; x64) AppleWebKit/537.36"
72.60.40.175 - - [19/Jul/2026:13:24:54 +0000] "GET /shop/ HTTP/2" 301 0 "-" "Mozilla/5.0 (Windows NT 10.0; Win64; x64) AppleWebKit/537.36"
72.60.40.175 - - [19/Jul/2026:13:33:43 +0000] "GET /shop/ HTTP/2" 301 0 "-" "Mozilla/5.0 (Windows NT 10.0; Win64; x64) AppleWebKit/537.36"
72.60.40.175 - - [19/Jul/2026:13:43:45 +0000] "GET /shop/ HTTP/2" 301 0 "-" "Mozilla/5.0 (Windows NT 10.0; Win64; x64) AppleWebKit/537.36"
72.60.40.175 - - [19/Jul/2026:13:55:47 +0000] "GET /shop/ HTTP/2" 301 0 "-" "Mozilla/5.0 (Windows NT 10.0; Win64; x64) AppleWebKit/537.36"
43.165.7.135 - - [19/Jul/2026:13:57:23 +0000] "GET / HTTP/1.1" 200 10091 "http://anvil-portal.upright-solutions.com" "Mozilla/5.0 (iPhone; CPU iPhone OS 13_2_3 like Mac OS X) AppleWebKit/605.1.15 (KHTML, like Gecko) Version/13.0.3 Mobile/15E148 Safari/604.1"
72.60.40.175 - - [19/Jul/2026:14:03:13 +0000] "GET /shop/ HTTP/2" 301 0 "-" "Mozilla/5.0 (Windows NT 10.0; Win64; x64) AppleWebKit/537.36"
20.226.26.5 - - [19/Jul/2026:14:07:02 +0000] "GET /this_is_a_new_hello_world.php HTTP/1.1" 404 33680 "-" "-"
20.226.26.5 - - [19/Jul/2026:14:07:08 +0000] "GET //sql.php HTTP/1.1" 301 2 "-" "-"
20.226.26.5 - - [19/Jul/2026:14:07:13 +0000] "GET /sql.php HTTP/1.1" 404 33680 "-" "-"
20.226.26.5 - - [19/Jul/2026:14:07:23 +0000] "GET /1index.php HTTP/1.1" 404 33680 "-" "-"
20.226.26.5 - - [19/Jul/2026:14:07:30 +0000] "GET /reop1.php HTTP/1.1" 404 33680 "-" "-"
20.226.26.5 - - [19/Jul/2026:14:07:42 +0000] "GET /trusj18.php HTTP/1.1" 404 33680 "-" "-"
20.226.26.5 - - [19/Jul/2026:14:07:47 +0000] "GET /trusj15.php HTTP/1.1" 404 33680 "-" "-"
20.226.26.5 - - [19/Jul/2026:14:07:50 +0000] "GET /rft8.php HTTP/1.1" 404 33680 "-" "-"
20.226.26.5 - - [19/Jul/2026:14:07:55 +0000] "GET /ai.php HTTP/1.1" 404 33680 "-" "-"
20.226.26.5 - - [19/Jul/2026:14:07:58 +0000] "GET /wp-rdf.php HTTP/1.1" 301 2 "-" "-"
20.226.26.5 - - [19/Jul/2026:14:07:59 +0000] "GET /feed/rdf/ HTTP/1.1" 200 2889 "-" "-"
194.39.149.53 - - [19/Jul/2026:14:08:11 +0000] "POST /wp-cron.php?doing_wp_cron=1784470091.5037341117858886718750 HTTP/1.1" 200 0 "-" "WordPress/7.0.2; https://anvil-portal.upright-solutions.com"
20.226.26.5 - - [19/Jul/2026:14:08:06 +0000] "GET /fx.php HTTP/1.1" 404 33680 "-" "-"
20.226.26.5 - - [19/Jul/2026:14:08:17 +0000] "GET /file11.php HTTP/1.1" 404 33680 "-" "-"
20.226.26.5 - - [19/Jul/2026:14:08:21 +0000] "GET /png.php HTTP/1.1" 404 33680 "-" "-"
194.39.149.53 - - [19/Jul/2026:14:08:36 +0000] "POST /wp-cron.php?doing_wp_cron=1784470116.1370890140533447265625 HTTP/1.1" 200 0 "-" "WordPress/7.0.2; https://anvil-portal.upright-solutions.com"
20.226.26.5 - - [19/Jul/2026:14:08:33 +0000] "GET /wp-slss.php HTTP/1.1" 404 33680 "-" "-"
20.226.26.5 - - [19/Jul/2026:14:08:42 +0000] "GET /ah25.php HTTP/1.1" 404 33680 "-" "-"
20.226.26.5 - - [19/Jul/2026:14:08:49 +0000] "GET /ccou.php HTTP/1.1" 404 33680 "-" "-"
20.226.26.5 - - [19/Jul/2026:14:08:54 +0000] "GET /900.php HTTP/1.1" 404 33680 "-" "-"
20.226.26.5 - - [19/Jul/2026:14:08:57 +0000] "GET /file59.php HTTP/1.1" 404 33680 "-" "-"
20.226.26.5 - - [19/Jul/2026:14:09:01 +0000] "GET /amxloxxr.php HTTP/1.1" 404 33680 "-" "-"
194.39.149.53 - - [19/Jul/2026:14:09:08 +0000] "POST /wp-cron.php?doing_wp_cron=1784470148.2023611068725585937500 HTTP/1.1" 200 0 "-" "WordPress/7.0.2; https://anvil-portal.upright-solutions.com"
20.226.26.5 - - [19/Jul/2026:14:09:06 +0000] "GET /aboutc.php HTTP/1.1" 404 33680 "-" "-"
20.226.26.5 - - [19/Jul/2026:14:09:11 +0000] "GET /bless18.php HTTP/1.1" 404 33680 "-" "-"
20.226.26.5 - - [19/Jul/2026:14:09:17 +0000] "GET /crgio.php HTTP/1.1" 404 33680 "-" "-"
20.226.26.5 - - [19/Jul/2026:14:09:23 +0000] "GET /wp-act.php HTTP/1.1" 404 33680 "-" "-"
20.226.26.5 - - [19/Jul/2026:14:09:35 +0000] "GET /new4.php HTTP/1.1" 404 33680 "-" "-"
194.39.149.53 - - [19/Jul/2026:14:09:57 +0000] "POST /wp-cron.php?doing_wp_cron=1784470197.2094700336456298828125 HTTP/1.1" 200 0 "-" "WordPress/7.0.2; https://anvil-portal.upright-solutions.com"
20.226.26.5 - - [19/Jul/2026:14:09:51 +0000] "GET /wp-the.php HTTP/1.1" 404 33680 "-" "-"
20.226.26.5 - - [19/Jul/2026:14:10:05 +0000] "GET /atkno.php HTTP/1.1" 200 0 "-" "-"
194.39.149.53 - - [19/Jul/2026:14:10:16 +0000] "POST /wp-cron.php?doing_wp_cron=1784470216.5034830570220947265625 HTTP/1.1" 200 0 "-" "WordPress/7.0.2; https://anvil-portal.upright-solutions.com"
20.226.26.5 - - [19/Jul/2026:14:10:24 +0000] "GET /mass.php HTTP/1.1" 200 0 "-" "-"
20.226.26.5 - - [19/Jul/2026:14:10:57 +0000] "GET //min.php HTTP/1.1" 301 2 "-" "-"
194.39.149.53 - - [19/Jul/2026:14:11:10 +0000] "POST /wp-cron.php?doing_wp_cron=1784470270.7038800716400146484375 HTTP/1.1" 200 0 "-" "WordPress/7.0.2; https://anvil-portal.upright-solutions.com"
20.226.26.5 - - [19/Jul/2026:14:11:02 +0000] "GET /sid3.php HTTP/1.1" 404 33680 "-" "-"
20.226.26.5 - - [19/Jul/2026:14:11:16 +0000] "GET /fileas.php HTTP/1.1" 404 33680 "-" "-"
20.226.26.5 - - [19/Jul/2026:14:11:19 +0000] "GET /bless24.php HTTP/1.1" 404 33680 "-" "-"
20.226.26.5 - - [19/Jul/2026:14:11:23 +0000] "GET /fun.php HTTP/1.1" 404 33680 "-" "-"
20.226.26.5 - - [19/Jul/2026:14:11:26 +0000] "GET /drykl.php HTTP/1.1" 404 33680 "-" "-"
20.226.26.5 - - [19/Jul/2026:14:11:31 +0000] "GET /home/ HTTP/1.1" 200 6987 "-" "-"
20.226.26.5 - - [19/Jul/2026:14:11:34 +0000] "GET /mifta.php HTTP/1.1" 404 33680 "-" "-"
20.226.26.5 - - [19/Jul/2026:14:11:37 +0000] "GET /vgtyu.php HTTP/1.1" 404 33680 "-" "-"
20.226.26.5 - - [19/Jul/2026:14:11:43 +0000] "GET /atomlib.php HTTP/1.1" 404 33680 "-" "-"
20.226.26.5 - - [19/Jul/2026:14:11:47 +0000] "GET /wp-access.php HTTP/1.1" 404 33680 "-" "-"
20.226.26.5 - - [19/Jul/2026:14:11:55 +0000] "GET /wp-update.php HTTP/1.1" 404 33680 "-" "-"
20.226.26.5 - - [19/Jul/2026:14:11:58 +0000] "GET //erty.php HTTP/1.1" 301 2 "-" "-"
20.226.26.5 - - [19/Jul/2026:14:12:00 +0000] "GET /erty.php HTTP/1.1" 404 33680 "-" "-"
20.226.26.5 - - [19/Jul/2026:14:12:05 +0000] "GET /home/ HTTP/1.1" 200 6987 "-" "-"
20.226.26.5 - - [19/Jul/2026:14:12:09 +0000] "GET /like.php HTTP/1.1" 404 33680 "-" "-"
20.226.26.5 - - [19/Jul/2026:14:12:14 +0000] "GET /bless5.php HTTP/1.1" 404 33680 "-" "-"
20.226.26.5 - - [19/Jul/2026:14:12:33 +0000] "GET /xoot.php HTTP/1.1" 404 33680 "-" "-"
20.226.26.5 - - [19/Jul/2026:14:12:40 +0000] "GET /xqq.php HTTP/1.1" 404 33680 "-" "-"
20.226.26.5 - - [19/Jul/2026:14:12:46 +0000] "GET /ms-edit.php HTTP/1.1" 404 33680 "-" "-"
20.226.26.5 - - [19/Jul/2026:14:12:49 +0000] "GET /v2.php HTTP/1.1" 404 33680 "-" "-"
20.226.26.5 - - [19/Jul/2026:14:12:55 +0000] "GET /new.php HTTP/1.1" 404 33680 "-" "-"
20.226.26.5 - - [19/Jul/2026:14:13:02 +0000] "GET /home/ HTTP/1.1" 200 6987 "-" "-"
194.39.149.53 - - [19/Jul/2026:14:13:10 +0000] "POST /wp-cron.php?doing_wp_cron=1784470390.3872129917144775390625 HTTP/1.1" 200 0 "-" "WordPress/7.0.2; https://anvil-portal.upright-solutions.com"
20.226.26.5 - - [19/Jul/2026:14:13:07 +0000] "GET /pouhg.php HTTP/1.1" 404 33680 "-" "-"
20.226.26.5 - - [19/Jul/2026:14:13:13 +0000] "GET /cilus.php HTTP/1.1" 404 33680 "-" "-"
20.226.26.5 - - [19/Jul/2026:14:13:20 +0000] "GET /file4.php HTTP/1.1" 404 33680 "-" "-"
72.60.40.175 - - [19/Jul/2026:14:13:25 +0000] "GET /shop/ HTTP/2" 301 0 "-" "Mozilla/5.0 (Windows NT 10.0; Win64; x64) AppleWebKit/537.36"
20.226.26.5 - - [19/Jul/2026:14:13:26 +0000] "GET /samll.php HTTP/1.1" 404 33680 "-" "-"
20.226.26.5 - - [19/Jul/2026:14:13:33 +0000] "GET /Okxob.php HTTP/1.1" 404 33680 "-" "-"
20.226.26.5 - - [19/Jul/2026:14:13:44 +0000] "GET /ok.php HTTP/1.1" 404 33680 "-" "-"
20.226.26.5 - - [19/Jul/2026:14:13:50 +0000] "GET /wuasr.php HTTP/1.1" 404 33680 "-" "-"
20.226.26.5 - - [19/Jul/2026:14:13:53 +0000] "GET /bless11.php HTTP/1.1" 404 33680 "-" "-"
20.226.26.5 - - [19/Jul/2026:14:13:57 +0000] "GET /wp-block.php HTTP/1.1" 404 33680 "-" "-"
20.226.26.5 - - [19/Jul/2026:14:14:01 +0000] "GET /aevly.php HTTP/1.1" 404 33680 "-" "-"
194.39.149.53 - - [19/Jul/2026:14:14:09 +0000] "POST /wp-cron.php?doing_wp_cron=1784470449.8668899536132812500000 HTTP/1.1" 200 0 "-" "WordPress/7.0.2; https://anvil-portal.upright-solutions.com"
20.226.26.5 - - [19/Jul/2026:14:14:06 +0000] "GET /hello.php HTTP/1.1" 404 33680 "-" "-"
20.226.26.5 - - [19/Jul/2026:14:14:16 +0000] "GET /forbidals.php HTTP/1.1" 404 33680 "-" "-"
20.226.26.5 - - [19/Jul/2026:14:14:19 +0000] "GET /file30.php HTTP/1.1" 404 33680 "-" "-"
20.226.26.5 - - [19/Jul/2026:14:14:23 +0000] "GET /xda.php HTTP/1.1" 404 33680 "-" "-"
20.226.26.5 - - [19/Jul/2026:14:14:28 +0000] "GET /edit.php HTTP/1.1" 404 33680 "-" "-"
20.226.26.5 - - [19/Jul/2026:14:14:33 +0000] "GET /app.php HTTP/1.1" 404 33680 "-" "-"
20.226.26.5 - - [19/Jul/2026:14:14:36 +0000] "GET /wp-png.php HTTP/1.1" 404 33680 "-" "-"
20.226.26.5 - - [19/Jul/2026:14:14:39 +0000] "GET /lib.php HTTP/1.1" 404 33680 "-" "-"
20.226.26.5 - - [19/Jul/2026:14:14:43 +0000] "GET /sys.php HTTP/1.1" 404 33680 "-" "-"
20.226.26.5 - - [19/Jul/2026:14:14:46 +0000] "GET /la.php HTTP/1.1" 404 33680 "-" "-"
194.39.149.53 - - [19/Jul/2026:14:14:51 +0000] "POST /wp-cron.php?doing_wp_cron=1784470491.4130859375000000000000 HTTP/1.1" 200 0 "-" "WordPress/7.0.2; https://anvil-portal.upright-solutions.com"
20.226.26.5 - - [19/Jul/2026:14:14:49 +0000] "GET /tires.php HTTP/1.1" 404 33680 "-" "-"
20.226.26.5 - - [19/Jul/2026:14:14:53 +0000] "GET /lv.php HTTP/1.1" 404 33680 "-" "-"
20.226.26.5 - - [19/Jul/2026:14:14:58 +0000] "GET /myfile.php HTTP/1.1" 404 33680 "-" "-"
20.226.26.5 - - [19/Jul/2026:14:15:04 +0000] "GET /06.php HTTP/1.1" 404 33680 "-" "-"
20.226.26.5 - - [19/Jul/2026:14:15:09 +0000] "GET /fs.php HTTP/1.1" 404 33680 "-" "-"
20.226.26.5 - - [19/Jul/2026:14:15:13 +0000] "GET /asasx.php HTTP/1.1" 404 33680 "-" "-"
20.226.26.5 - - [19/Jul/2026:14:15:17 +0000] "GET /wp-kd4xalrg7m.php HTTP/1.1" 404 33680 "-" "-"
20.226.26.5 - - [19/Jul/2026:14:15:22 +0000] "GET /wp-good.php HTTP/1.1" 404 33680 "-" "-"
20.226.26.5 - - [19/Jul/2026:14:15:27 +0000] "GET /scxy.php HTTP/1.1" 404 33680 "-" "-"
20.226.26.5 - - [19/Jul/2026:14:15:31 +0000] "GET /wmore1.php HTTP/1.1" 404 33680 "-" "-"
20.226.26.5 - - [19/Jul/2026:14:15:35 +0000] "GET //like.php HTTP/1.1" 301 2 "-" "-"
20.226.26.5 - - [19/Jul/2026:14:15:37 +0000] "GET /like.php HTTP/1.1" 404 33680 "-" "-"
20.226.26.5 - - [19/Jul/2026:14:15:43 +0000] "GET /xa.php HTTP/1.1" 404 33680 "-" "-"
20.226.26.5 - - [19/Jul/2026:14:15:49 +0000] "GET /kolda.php HTTP/1.1" 404 33680 "-" "-"
20.226.26.5 - - [19/Jul/2026:14:15:55 +0000] "GET /wp-aothait.php HTTP/1.1" 404 33680 "-" "-"
20.226.26.5 - - [19/Jul/2026:14:15:58 +0000] "GET /ftde.php HTTP/1.1" 404 33680 "-" "-"
20.226.26.5 - - [19/Jul/2026:14:16:02 +0000] "GET /vx.php HTTP/1.1" 404 33680 "-" "-"
20.226.26.5 - - [19/Jul/2026:14:16:05 +0000] "GET /a5.php HTTP/1.1" 404 33680 "-" "-"
20.226.26.5 - - [19/Jul/2026:14:16:22 +0000] "GET /wp-sing.php HTTP/1.1" 200 0 "-" "-"
20.226.26.5 - - [19/Jul/2026:14:16:35 +0000] "GET /database.php HTTP/1.1" 200 0 "-" "-"
20.226.26.5 - - [19/Jul/2026:14:16:50 +0000] "GET /explorer/index_.php HTTP/1.1" 404 33680 "-" "-"
20.226.26.5 - - [19/Jul/2026:14:17:01 +0000] "GET /wp-at.php HTTP/1.1" 404 33680 "-" "-"
194.39.149.53 - - [19/Jul/2026:14:17:12 +0000] "POST /wp-cron.php?doing_wp_cron=1784470631.9208760261535644531250 HTTP/1.1" 200 0 "-" "WordPress/7.0.2; https://anvil-portal.upright-solutions.com"
20.226.26.5 - - [19/Jul/2026:14:17:07 +0000] "GET /wp-wz.php HTTP/1.1" 404 33680 "-" "-"
20.226.26.5 - - [19/Jul/2026:14:17:19 +0000] "GET /wp-ver.php HTTP/1.1" 404 33680 "-" "-"
20.226.26.5 - - [19/Jul/2026:14:17:30 +0000] "GET /wp5.php HTTP/1.1" 404 33680 "-" "-"
20.226.26.5 - - [19/Jul/2026:14:17:34 +0000] "GET /wp-pp.php HTTP/1.1" 404 33680 "-" "-"
20.226.26.5 - - [19/Jul/2026:14:17:38 +0000] "GET //w3lls.php HTTP/1.1" 301 2 "-" "-"
20.226.26.5 - - [19/Jul/2026:14:17:40 +0000] "GET /w3lls.php HTTP/1.1" 404 33680 "-" "-"
20.226.26.5 - - [19/Jul/2026:14:17:47 +0000] "GET /sbhu.php HTTP/1.1" 404 33680 "-" "-"
20.226.26.5 - - [19/Jul/2026:14:17:51 +0000] "GET /favicon.php HTTP/1.1" 404 33680 "-" "-"
20.226.26.5 - - [19/Jul/2026:14:17:54 +0000] "GET /txets.php HTTP/1.1" 404 33680 "-" "-"
20.226.26.5 - - [19/Jul/2026:14:17:59 +0000] "GET /wp-su.php HTTP/1.1" 404 33680 "-" "-"
20.226.26.5 - - [19/Jul/2026:14:18:02 +0000] "GET /ff.php HTTP/1.1" 404 33680 "-" "-"
194.39.149.53 - - [19/Jul/2026:14:18:09 +0000] "POST /wp-cron.php?doing_wp_cron=1784470689.4302589893341064453125 HTTP/1.1" 200 0 "-" "WordPress/7.0.2; https://anvil-portal.upright-solutions.com"
20.226.26.5 - - [19/Jul/2026:14:18:06 +0000] "GET /reze.php HTTP/1.1" 404 33680 "-" "-"
20.226.26.5 - - [19/Jul/2026:14:18:12 +0000] "GET /666.php HTTP/1.1" 404 33680 "-" "-"
20.226.26.5 - - [19/Jul/2026:14:18:19 +0000] "GET /wehrman.php HTTP/1.1" 404 33680 "-" "-"
20.226.26.5 - - [19/Jul/2026:14:18:25 +0000] "GET /wp-conflg.php HTTP/1.1" 404 33680 "-" "-"
20.226.26.5 - - [19/Jul/2026:14:18:35 +0000] "GET /ff1.php HTTP/1.1" 404 33680 "-" "-"
20.226.26.5 - - [19/Jul/2026:14:18:46 +0000] "GET /fff.php HTTP/1.1" 404 33680 "-" "-"
20.226.26.5 - - [19/Jul/2026:14:18:51 +0000] "GET /amax.php HTTP/1.1" 404 33680 "-" "-"
20.226.26.5 - - [19/Jul/2026:14:18:57 +0000] "GET /wp-firewall.php HTTP/1.1" 404 33680 "-" "-"
20.226.26.5 - - [19/Jul/2026:14:19:02 +0000] "GET /appt.php HTTP/1.1" 404 33680 "-" "-"
20.226.26.5 - - [19/Jul/2026:14:19:06 +0000] "GET /wp-thi.php HTTP/1.1" 404 33680 "-" "-"
20.226.26.5 - - [19/Jul/2026:14:19:09 +0000] "GET /jj.php HTTP/1.1" 404 33680 "-" "-"
20.226.26.5 - - [19/Jul/2026:14:19:15 +0000] "GET /333.php HTTP/1.1" 404 33680 "-" "-"
20.226.26.5 - - [19/Jul/2026:14:19:18 +0000] "GET /albin.php HTTP/1.1" 404 33680 "-" "-"
20.226.26.5 - - [19/Jul/2026:14:19:20 +0000] "GET /66.php HTTP/1.1" 404 33680 "-" "-"
20.226.26.5 - - [19/Jul/2026:14:19:23 +0000] "GET /motu.php HTTP/1.1" 404 33680 "-" "-"
20.226.26.5 - - [19/Jul/2026:14:19:28 +0000] "GET /kj.php HTTP/1.1" 404 33680 "-" "-"
20.226.26.5 - - [19/Jul/2026:14:19:33 +0000] "GET /wp4.php HTTP/1.1" 404 33680 "-" "-"
20.226.26.5 - - [19/Jul/2026:14:19:38 +0000] "GET /file61.php HTTP/1.1" 404 33680 "-" "-"
20.226.26.5 - - [19/Jul/2026:14:19:43 +0000] "GET //wp.php HTTP/1.1" 301 2 "-" "-"
20.226.26.5 - - [19/Jul/2026:14:19:44 +0000] "GET /wp.php HTTP/1.1" 404 33680 "-" "-"
20.226.26.5 - - [19/Jul/2026:14:19:46 +0000] "GET /wp-trackback.php HTTP/1.1" 404 137 "-" "-"
194.39.149.53 - - [19/Jul/2026:14:19:52 +0000] "POST /wp-cron.php?doing_wp_cron=1784470792.6149260997772216796875 HTTP/1.1" 200 0 "-" "WordPress/7.0.2; https://anvil-portal.upright-solutions.com"
20.226.26.5 - - [19/Jul/2026:14:19:50 +0000] "GET /db.php HTTP/1.1" 404 33680 "-" "-"
20.226.26.5 - - [19/Jul/2026:14:19:55 +0000] "GET /NewFile.php HTTP/1.1" 404 33680 "-" "-"
20.226.26.5 - - [19/Jul/2026:14:19:59 +0000] "GET /ms.php HTTP/1.1" 404 33680 "-" "-"
20.226.26.5 - - [19/Jul/2026:14:20:03 +0000] "GET /first.php HTTP/1.1" 404 33680 "-" "-"
20.226.26.5 - - [19/Jul/2026:14:20:06 +0000] "GET /0okj.php HTTP/1.1" 404 33680 "-" "-"
20.226.26.5 - - [19/Jul/2026:14:20:09 +0000] "GET /grsiuk.php HTTP/1.1" 404 33680 "-" "-"
20.226.26.5 - - [19/Jul/2026:14:20:19 +0000] "GET /revealability.php HTTP/1.1" 404 33680 "-" "-"
20.226.26.5 - - [19/Jul/2026:14:20:27 +0000] "GET //btx25.php HTTP/1.1" 301 2 "-" "-"
20.226.26.5 - - [19/Jul/2026:14:20:29 +0000] "GET /btx25.php HTTP/1.1" 404 33680 "-" "-"
20.226.26.5 - - [19/Jul/2026:14:20:35 +0000] "GET /bthil.php HTTP/1.1" 404 33680 "-" "-"
20.226.26.5 - - [19/Jul/2026:14:20:40 +0000] "GET /hplfuns.php HTTP/1.1" 404 33680 "-" "-"
20.226.26.5 - - [19/Jul/2026:14:20:45 +0000] "GET /error.php HTTP/1.1" 404 33680 "-" "-"
20.226.26.5 - - [19/Jul/2026:14:20:50 +0000] "GET //edit.php HTTP/1.1" 301 2 "-" "-"
20.226.26.5 - - [19/Jul/2026:14:20:51 +0000] "GET /edit.php HTTP/1.1" 404 33680 "-" "-"
20.226.26.5 - - [19/Jul/2026:14:20:57 +0000] "GET /pass4.php HTTP/1.1" 404 33680 "-" "-"
20.226.26.5 - - [19/Jul/2026:14:21:04 +0000] "GET /sadcut1.php HTTP/1.1" 404 33680 "-" "-"
20.226.26.5 - - [19/Jul/2026:14:21:09 +0000] "GET /bgymj.php HTTP/1.1" 404 33680 "-" "-"
20.226.26.5 - - [19/Jul/2026:14:21:15 +0000] "GET /yas.php HTTP/1.1" 404 33680 "-" "-"
20.226.26.5 - - [19/Jul/2026:14:21:18 +0000] "GET //dx.php HTTP/1.1" 301 2 "-" "-"
20.226.26.5 - - [19/Jul/2026:14:21:19 +0000] "GET /dx.php HTTP/1.1" 404 33680 "-" "-"
20.226.26.5 - - [19/Jul/2026:14:21:21 +0000] "GET /yellow.php HTTP/1.1" 404 33680 "-" "-"
20.226.26.5 - - [19/Jul/2026:14:21:24 +0000] "GET /wp-der.php HTTP/1.1" 404 33680 "-" "-"
20.226.26.5 - - [19/Jul/2026:14:21:28 +0000] "GET /lala.php HTTP/1.1" 404 33680 "-" "-"
20.226.26.5 - - [19/Jul/2026:14:21:33 +0000] "GET /aa.php HTTP/1.1" 404 33680 "-" "-"
72.60.40.175 - - [19/Jul/2026:14:23:17 +0000] "GET /shop/ HTTP/2" 301 0 "-" "Mozilla/5.0 (Windows NT 10.0; Win64; x64) AppleWebKit/537.36"
72.60.40.175 - - [19/Jul/2026:14:33:37 +0000] "GET /shop/ HTTP/2" 301 0 "-" "Mozilla/5.0 (Windows NT 10.0; Win64; x64) AppleWebKit/537.36"
72.60.40.175 - - [19/Jul/2026:14:43:53 +0000] "GET /shop/ HTTP/2" 301 0 "-" "Mozilla/5.0 (Windows NT 10.0; Win64; x64) AppleWebKit/537.36"
72.60.40.175 - - [19/Jul/2026:14:54:39 +0000] "GET /shop/ HTTP/2" 301 0 "-" "Mozilla/5.0 (Windows NT 10.0; Win64; x64) AppleWebKit/537.36"
66.249.68.163 - - [19/Jul/2026:14:56:35 +0000] "GET /shop/sitemap-19.xml HTTP/1.1" 200 103141 "-" "Mozilla/5.0 (compatible; Googlebot/2.1; +http://www.google.com/bot.html)"
72.60.40.175 - - [19/Jul/2026:15:05:36 +0000] "GET /shop/ HTTP/2" 301 0 "-" "Mozilla/5.0 (Windows NT 10.0; Win64; x64) AppleWebKit/537.36"
72.60.40.175 - - [19/Jul/2026:15:14:25 +0000] "GET /shop/ HTTP/2" 301 0 "-" "Mozilla/5.0 (Windows NT 10.0; Win64; x64) AppleWebKit/537.36"
176.97.123.28 - - [19/Jul/2026:15:17:43 +0000] "GET / HTTP/1.1" 200 39648 "-" "Mozilla/5.0 (Windows NT 10.0; Win64; x64) AppleWebKit/537.36 (KHTML, like Gecko) Chrome/91.0.4472.106 Safari/537.36"
176.97.123.28 - - [19/Jul/2026:15:18:26 +0000] "GET / HTTP/1.1" 200 39648 "-" "Mozilla/5.0 (compatible; Googlebot/2.1; +http://www.google.com/bot.html)"
194.39.149.53 - - [19/Jul/2026:15:19:01 +0000] "POST /wp-cron.php?doing_wp_cron=1784474340.9992909431457519531250 HTTP/1.1" 200 0 "-" "WordPress/7.0.2; https://anvil-portal.upright-solutions.com"
176.97.123.28 - - [19/Jul/2026:15:18:48 +0000] "GET /606976/admin.php?520 HTTP/1.1" 404 33680 "-" "Mozilla/5.0 (Windows NT 10.0; Win64; x64) AppleWebKit/537.36 (KHTML, like Gecko) Chrome/136.0.0.0 Safari/537.36 Edg/136.0.0.0"
47.148.234.160 - - [19/Jul/2026:15:18:58 +0000] "GET /606976/admin.php?520 HTTP/1.1" 200 0 "-" "Mozilla/5.0 (Windows NT 10.0; Win64; x64) AppleWebKit/537.36 (KHTML, like Gecko) Chrome/136.0.0.0 Safari/537.36 Edg/136.0.0.0"
64.90.71.249 - - [19/Jul/2026:15:19:09 +0000] "GET /606976/admin.php?520 HTTP/1.1" 404 33680 "-" "Mozilla/5.0 (Windows NT 10.0; Win64; x64) AppleWebKit/537.36 (KHTML, like Gecko) Chrome/136.0.0.0 Safari/537.36 Edg/136.0.0.0"
194.39.149.53 - - [19/Jul/2026:15:19:17 +0000] "POST /wp-cron.php?doing_wp_cron=1784474357.5705919265747070312500 HTTP/1.1" 200 0 "-" "WordPress/7.0.2; https://anvil-portal.upright-solutions.com"
97.202.43.232 - - [19/Jul/2026:15:19:36 +0000] "GET /606976/admin.php?520 HTTP/1.1" 404 33680 "-" "Mozilla/5.0 (Windows NT 10.0; Win64; x64) AppleWebKit/537.36 (KHTML, like Gecko) Chrome/136.0.0.0 Safari/537.36 Edg/136.0.0.0"
72.60.40.175 - - [19/Jul/2026:15:24:32 +0000] "GET /shop/ HTTP/2" 301 0 "-" "Mozilla/5.0 (Windows NT 10.0; Win64; x64) AppleWebKit/537.36"
72.60.40.175 - - [19/Jul/2026:15:33:55 +0000] "GET /shop/ HTTP/2" 301 0 "-" "Mozilla/5.0 (Windows NT 10.0; Win64; x64) AppleWebKit/537.36"
66.249.68.163 - - [19/Jul/2026:15:34:52 +0000] "GET /shop/sitemap-16.xml HTTP/1.1" 200 136178 "-" "Mozilla/5.0 (compatible; Googlebot/2.1; +http://www.google.com/bot.html)"
72.60.40.175 - - [19/Jul/2026:15:45:38 +0000] "GET /shop/ HTTP/2" 301 0 "-" "Mozilla/5.0 (Windows NT 10.0; Win64; x64) AppleWebKit/537.36"
72.60.40.175 - - [19/Jul/2026:15:53:36 +0000] "GET /shop/ HTTP/2" 301 0 "-" "Mozilla/5.0 (Windows NT 10.0; Win64; x64) AppleWebKit/537.36"
66.249.68.165 - - [19/Jul/2026:15:54:09 +0000] "GET /shop/sitemap-34.xml HTTP/1.1" 200 30170 "-" "Mozilla/5.0 (compatible; Googlebot/2.1; +http://www.google.com/bot.html)"
194.39.149.53 - - [19/Jul/2026:15:54:23 +0000] "POST /wp-cron.php?doing_wp_cron=1784476463.1196699142456054687500 HTTP/1.1" 200 0 "-" "WordPress/7.0.2; https://anvil-portal.upright-solutions.com"
66.249.68.164 - - [19/Jul/2026:15:54:20 +0000] "GET /robots.txt HTTP/1.1" 200 174 "-" "Mozilla/5.0 (compatible; Googlebot/2.1; +http://www.google.com/bot.html)"
185.202.108.32 - - [19/Jul/2026:15:54:49 +0000] "HEAD / HTTP/1.1" 200 0 "-" "curl/8.6.0"
157.22.102.35 - - [19/Jul/2026:15:54:52 +0000] "POST /xmlrpc.php HTTP/1.1" 200 212 "-" "curl/7.88.1"
146.19.140.57 - - [19/Jul/2026:15:54:52 +0000] "POST /xmlrpc.php HTTP/1.1" 200 284 "-" "curl/7.88.1"
194.39.149.53 - - [19/Jul/2026:15:54:54 +0000] "POST /wp-cron.php?doing_wp_cron=1784476493.9172890186309814453125 HTTP/1.1" 200 0 "-" "WordPress/7.0.2; https://anvil-portal.upright-solutions.com"
178.20.31.249 - - [19/Jul/2026:15:54:52 +0000] "POST /xmlrpc.php HTTP/1.1" 200 284 "-" "curl/7.88.1"
146.19.140.57 - - [19/Jul/2026:15:55:00 +0000] "POST /xmlrpc.php HTTP/1.1" 200 284 "-" "curl/8.6.0"
157.22.102.35 - - [19/Jul/2026:15:55:00 +0000] "POST /xmlrpc.php HTTP/1.1" 200 212 "-" "curl/7.88.1"
157.22.102.35 - - [19/Jul/2026:15:55:10 +0000] "POST /xmlrpc.php HTTP/1.1" 200 212 "-" "Wget/1.21.4"
178.20.31.249 - - [19/Jul/2026:15:55:02 +0000] "POST /xmlrpc.php HTTP/1.1" 200 284 "-" "Wget/1.21.4"
146.19.140.57 - - [19/Jul/2026:15:55:10 +0000] "GET /wp-login.php HTTP/1.1" 404 6680 "-" "Wget/1.21.4"
185.168.29.82 - - [19/Jul/2026:15:55:18 +0000] "GET /wp-login.php HTTP/1.1" 404 6680 "-" "Wget/1.21.4"
178.20.31.249 - - [19/Jul/2026:15:55:18 +0000] "GET /wp-login.php HTTP/1.1" 404 6680 "-" "curl/8.6.0"
146.19.140.57 - - [19/Jul/2026:15:55:19 +0000] "GET /wp-login.php HTTP/1.1" 404 6680 "-" "curl/8.6.0"
185.168.29.82 - - [19/Jul/2026:15:55:30 +0000] "GET /wp-admin/ HTTP/1.1" 302 22 "-" "Wget/1.21.4"
178.20.31.249 - - [19/Jul/2026:15:55:30 +0000] "GET /wp-login.php HTTP/1.1" 404 6680 "-" "curl/7.88.1"
146.19.140.57 - - [19/Jul/2026:15:55:33 +0000] "GET /wp-admin/ HTTP/1.1" 302 22 "-" "curl/7.88.1"
185.168.29.82 - - [19/Jul/2026:15:55:43 +0000] "GET /home/ HTTP/1.1" 200 2222 "https://anvil-portal.upright-solutions.com/wp-admin/" "Wget/1.21.4"
146.19.140.57 - - [19/Jul/2026:15:55:44 +0000] "GET /home/ HTTP/1.1" 200 2222 "https://anvil-portal.upright-solutions.com/wp-admin/" "curl/7.88.1"
178.20.31.249 - - [19/Jul/2026:15:55:44 +0000] "GET /wp-admin/ HTTP/1.1" 302 22 "-" "curl/7.88.1"
185.168.29.82 - - [19/Jul/2026:15:55:51 +0000] "POST /home/ HTTP/1.1" 200 2329 "https://anvil-portal.upright-solutions.com/home/" "curl/8.6.0"
146.19.140.57 - - [19/Jul/2026:15:55:51 +0000] "POST /home/ HTTP/1.1" 302 22 "https://anvil-portal.upright-solutions.com/home/" "curl/8.6.0"
178.20.31.249 - - [19/Jul/2026:15:55:52 +0000] "GET /home/ HTTP/1.1" 200 2222 "https://anvil-portal.upright-solutions.com/wp-admin/" "curl/7.88.1"
146.19.140.57 - - [19/Jul/2026:15:55:58 +0000] "GET /home//wp-admin/ HTTP/1.1" 301 22 "https://anvil-portal.upright-solutions.com/home/" "curl/8.6.0"
178.20.31.249 - - [19/Jul/2026:15:55:59 +0000] "POST /home/ HTTP/1.1" 302 22 "https://anvil-portal.upright-solutions.com/home/" "Wget/1.21.4"
194.39.149.53 - - [19/Jul/2026:15:56:13 +0000] "POST /wp-cron.php?doing_wp_cron=1784476573.2997090816497802734375 HTTP/1.1" 200 0 "-" "WordPress/7.0.2; https://anvil-portal.upright-solutions.com"
178.20.31.249 - - [19/Jul/2026:15:56:06 +0000] "GET /home//wp-admin/ HTTP/1.1" 301 22 "https://anvil-portal.upright-solutions.com/home/" "Wget/1.21.4"
146.19.140.57 - - [19/Jul/2026:15:56:05 +0000] "GET /home/wp-admin/ HTTP/1.1" 404 8838 "https://anvil-portal.upright-solutions.com/home/" "curl/8.6.0"
146.19.140.57 - - [19/Jul/2026:15:56:14 +0000] "GET /home/wp-admin/plugins.php HTTP/1.1" 404 8838 "-" "Wget/1.21.4"
178.20.31.249 - - [19/Jul/2026:15:56:14 +0000] "GET /home/wp-admin/ HTTP/1.1" 404 11890 "https://anvil-portal.upright-solutions.com/home/" "Wget/1.21.4"
146.19.140.57 - - [19/Jul/2026:15:56:24 +0000] "GET /home/wp-admin/admin.php?page=wc-orders HTTP/1.1" 404 8838 "-" "curl/7.88.1"
178.20.31.249 - - [19/Jul/2026:15:56:24 +0000] "GET /home/wp-admin/plugins.php HTTP/1.1" 404 11890 "-" "curl/8.6.0"
146.19.140.57 - - [19/Jul/2026:15:56:24 +0000] "GET /home/wp-admin/admin.php?page=wc-reports HTTP/1.1" 404 8838 "-" "curl/7.88.1"
178.20.31.249 - - [19/Jul/2026:15:56:31 +0000] "GET /home/wp-admin/post-new.php HTTP/1.1" 404 11890 "-" "curl/7.88.1"
146.19.140.57 - - [19/Jul/2026:15:56:31 +0000] "GET /home/wp-admin/post-new.php HTTP/1.1" 404 8838 "-" "curl/7.88.1"
178.20.31.249 - - [19/Jul/2026:15:56:31 +0000] "GET /home/wp-admin/admin.php?page=wc-reports HTTP/1.1" 404 11890 "-" "curl/7.88.1"
146.19.140.57 - - [19/Jul/2026:15:56:31 +0000] "GET /home/wp-admin/edit.php?post_type=shop_order HTTP/1.1" 404 8838 "-" "curl/7.88.1"
146.19.140.57 - - [19/Jul/2026:15:56:40 +0000] "GET /wp-login.php HTTP/1.1" 404 6680 "-" "curl/7.88.1"
178.20.31.249 - - [19/Jul/2026:15:56:40 +0000] "GET /home/wp-admin/admin.php?page=wc-orders HTTP/1.1" 404 11890 "-" "curl/7.88.1"
178.20.31.249 - - [19/Jul/2026:15:56:40 +0000] "GET /home/wp-admin/edit.php?post_type=shop_order HTTP/1.1" 404 11890 "-" "curl/7.88.1"
178.20.31.249 - - [19/Jul/2026:15:56:51 +0000] "GET /wp-login.php HTTP/1.1" 404 6680 "-" "curl/8.6.0"
146.19.140.57 - - [19/Jul/2026:15:56:51 +0000] "POST /wp-login.php HTTP/1.1" 404 6680 "https://anvil-portal.upright-solutions.com/wp-login.php" "curl/7.88.1"
178.20.31.249 - - [19/Jul/2026:15:56:58 +0000] "POST /wp-login.php HTTP/1.1" 404 6680 "https://anvil-portal.upright-solutions.com/wp-login.php" "curl/8.6.0"
146.19.140.57 - - [19/Jul/2026:15:56:59 +0000] "POST /xmlrpc.php HTTP/1.1" 200 221 "-" "curl/8.6.0"
178.20.31.249 - - [19/Jul/2026:15:57:02 +0000] "POST /xmlrpc.php HTTP/1.1" 200 428 "-" "curl/7.88.1"
146.19.140.57 - - [19/Jul/2026:15:57:02 +0000] "POST /xmlrpc.php HTTP/1.1" 200 223 "-" "curl/7.88.1"
194.39.149.53 - - [19/Jul/2026:15:57:09 +0000] "POST /wp-cron.php?doing_wp_cron=1784476629.6342570781707763671875 HTTP/1.1" 200 0 "-" "WordPress/7.0.2; https://anvil-portal.upright-solutions.com"
178.20.31.249 - - [19/Jul/2026:15:57:07 +0000] "GET /wp-login.php HTTP/1.1" 404 6680 "-" "curl/8.6.0"
178.20.31.249 - - [19/Jul/2026:15:57:10 +0000] "POST /wp-login.php HTTP/1.1" 404 6680 "https://anvil-portal.upright-solutions.com/wp-login.php" "curl/8.6.0"
178.20.31.249 - - [19/Jul/2026:15:57:13 +0000] "GET /wp-login.php HTTP/1.1" 404 6680 "-" "curl/7.88.1"
130.49.78.203 - - [19/Jul/2026:15:57:16 +0000] "GET /wp-login.php HTTP/1.1" 404 6680 "-" "Wget/1.21.4"
178.20.31.249 - - [19/Jul/2026:15:57:19 +0000] "GET /wp-login.php HTTP/1.1" 404 6680 "-" "curl/7.88.1"
157.22.74.93 - - [19/Jul/2026:15:57:23 +0000] "GET /wp-login.php HTTP/1.1" 404 6680 "-" "curl/8.6.0"
146.19.140.57 - - [19/Jul/2026:15:57:32 +0000] "POST /xmlrpc.php HTTP/1.1" 200 230 "-" "Wget/1.21.4"
146.19.140.57 - - [19/Jul/2026:15:57:34 +0000] "GET /wp-login.php HTTP/1.1" 404 6680 "-" "Wget/1.21.4"
146.19.140.57 - - [19/Jul/2026:15:57:36 +0000] "POST /wp-login.php HTTP/1.1" 404 6680 "https://anvil-portal.upright-solutions.com/wp-login.php" "curl/7.88.1"
72.60.40.175 - - [19/Jul/2026:16:03:26 +0000] "GET /shop/ HTTP/2" 301 0 "-" "Mozilla/5.0 (Windows NT 10.0; Win64; x64) AppleWebKit/537.36"
176.126.104.218 - - [19/Jul/2026:16:15:42 +0000] "POST /xmlrpc.php HTTP/1.1" 200 284 "-" "curl/7.88.1"
170.168.240.206 - - [19/Jul/2026:16:15:39 +0000] "HEAD / HTTP/1.1" 200 0 "-" "curl/8.6.0"
194.39.149.53 - - [19/Jul/2026:16:15:53 +0000] "POST /wp-cron.php?doing_wp_cron=1784477753.5081100463867187500000 HTTP/1.1" 200 0 "-" "WordPress/7.0.2; https://anvil-portal.upright-solutions.com"
176.126.104.218 - - [19/Jul/2026:16:15:54 +0000] "POST /xmlrpc.php HTTP/1.1" 200 284 "-" "Wget/1.21.4"
194.39.149.53 - - [19/Jul/2026:16:16:12 +0000] "POST /wp-cron.php?doing_wp_cron=1784477771.8226540088653564453125 HTTP/1.1" 200 0 "-" "WordPress/7.0.2; https://anvil-portal.upright-solutions.com"
176.126.104.218 - - [19/Jul/2026:16:16:02 +0000] "GET /wp-login.php HTTP/1.1" 404 6680 "-" "curl/7.88.1"
176.126.104.218 - - [19/Jul/2026:16:16:13 +0000] "GET /wp-login.php HTTP/1.1" 404 6680 "-" "Wget/1.21.4"
72.60.40.175 - - [19/Jul/2026:16:16:28 +0000] "GET /shop/ HTTP/2" 301 0 "-" "Mozilla/5.0 (Windows NT 10.0; Win64; x64) AppleWebKit/537.36"
176.126.104.218 - - [19/Jul/2026:16:16:24 +0000] "GET /wp-admin/ HTTP/1.1" 302 22 "-" "curl/7.88.1"
176.126.104.218 - - [19/Jul/2026:16:16:49 +0000] "GET /home/ HTTP/1.1" 200 2222 "https://anvil-portal.upright-solutions.com/wp-admin/" "curl/7.88.1"
194.39.149.53 - - [19/Jul/2026:16:17:10 +0000] "POST /wp-cron.php?doing_wp_cron=1784477830.0175309181213378906250 HTTP/1.1" 200 0 "-" "WordPress/7.0.2; https://anvil-portal.upright-solutions.com"
176.126.104.218 - - [19/Jul/2026:16:16:54 +0000] "GET /my-account/ HTTP/1.1" 200 11886 "-" "curl/7.88.1"
176.126.104.218 - - [19/Jul/2026:16:17:10 +0000] "POST /my-account/ HTTP/1.1" 302 22 "https://anvil-portal.upright-solutions.com/my-account/" "curl/7.88.1"
176.126.104.218 - - [19/Jul/2026:16:17:20 +0000] "GET /my-account/ HTTP/1.1" 200 14876 "https://anvil-portal.upright-solutions.com/my-account/" "curl/7.88.1"
176.126.104.218 - - [19/Jul/2026:16:17:24 +0000] "GET /wp-admin/plugins.php HTTP/1.1" 403 1164 "-" "curl/8.6.0"
176.126.104.218 - - [19/Jul/2026:16:17:28 +0000] "GET /wp-admin/admin.php?page=wc-reports HTTP/1.1" 403 1164 "-" "curl/7.88.1"
176.126.104.218 - - [19/Jul/2026:16:17:32 +0000] "GET /wp-admin/admin.php?page=wc-orders HTTP/1.1" 500 1135 "-" "curl/7.88.1"
176.126.104.218 - - [19/Jul/2026:16:17:28 +0000] "GET /wp-admin/post-new.php HTTP/1.1" 200 247738 "-" "curl/7.88.1"
176.126.104.218 - - [19/Jul/2026:16:17:37 +0000] "GET /wp-admin/edit.php?post_type=shop_order HTTP/1.1" 301 290 "-" "curl/7.88.1"
176.126.104.218 - - [19/Jul/2026:16:17:38 +0000] "GET /wp-login.php HTTP/1.1" 404 6680 "-" "Wget/1.21.4"
176.126.104.218 - - [19/Jul/2026:16:17:43 +0000] "POST /wp-login.php HTTP/1.1" 404 6680 "https://anvil-portal.upright-solutions.com/wp-login.php" "Wget/1.21.4"
178.20.28.191 - - [19/Jul/2026:16:17:49 +0000] "POST /xmlrpc.php HTTP/1.1" 200 284 "-" "Wget/1.21.4"
176.126.104.218 - - [19/Jul/2026:16:17:49 +0000] "GET /wp-login.php HTTP/1.1" 404 6680 "-" "Wget/1.21.4"
178.20.28.191 - - [19/Jul/2026:16:17:55 +0000] "POST /xmlrpc.php HTTP/1.1" 200 284 "-" "curl/7.88.1"
185.88.103.140 - - [19/Jul/2026:16:17:55 +0000] "GET /wp-login.php HTTP/1.1" 404 6680 "-" "Wget/1.21.4"
176.126.104.218 - - [19/Jul/2026:16:18:00 +0000] "GET /wp-login.php HTTP/1.1" 404 6680 "-" "Wget/1.21.4"
178.20.28.191 - - [19/Jul/2026:16:17:59 +0000] "GET /wp-login.php HTTP/1.1" 404 6680 "-" "curl/7.88.1"
170.168.173.21 - - [19/Jul/2026:16:18:08 +0000] "GET /wp-login.php HTTP/1.1" 404 6680 "-" "curl/7.88.1"
194.39.149.53 - - [19/Jul/2026:16:18:16 +0000] "POST /wp-cron.php?doing_wp_cron=1784477895.8264899253845214843750 HTTP/1.1" 200 0 "-" "WordPress/7.0.2; https://anvil-portal.upright-solutions.com"
178.20.28.191 - - [19/Jul/2026:16:18:08 +0000] "GET /wp-login.php HTTP/1.1" 404 6680 "-" "Wget/1.21.4"
178.20.28.191 - - [19/Jul/2026:16:18:17 +0000] "GET /wp-admin/ HTTP/1.1" 302 22 "-" "Wget/1.21.4"
178.20.28.191 - - [19/Jul/2026:16:18:26 +0000] "GET /home/ HTTP/1.1" 200 2222 "https://anvil-portal.upright-solutions.com/wp-admin/" "Wget/1.21.4"
194.39.149.53 - - [19/Jul/2026:16:18:39 +0000] "POST /wp-cron.php?doing_wp_cron=1784477919.0105268955230712890625 HTTP/1.1" 200 0 "-" "WordPress/7.0.2; https://anvil-portal.upright-solutions.com"
178.20.28.191 - - [19/Jul/2026:16:18:31 +0000] "POST /home/ HTTP/1.1" 302 22 "https://anvil-portal.upright-solutions.com/home/" "curl/8.6.0"
178.20.28.191 - - [19/Jul/2026:16:18:40 +0000] "GET /home//wp-admin/ HTTP/1.1" 301 22 "https://anvil-portal.upright-solutions.com/home/" "curl/8.6.0"
178.20.28.191 - - [19/Jul/2026:16:18:52 +0000] "GET /home/wp-admin/ HTTP/1.1" 404 8835 "https://anvil-portal.upright-solutions.com/home/" "curl/8.6.0"
178.20.28.191 - - [19/Jul/2026:16:18:55 +0000] "GET /home/wp-admin/plugins.php HTTP/1.1" 404 8835 "-" "Wget/1.21.4"
178.20.28.191 - - [19/Jul/2026:16:19:02 +0000] "GET /home/wp-admin/admin.php?page=wc-reports HTTP/1.1" 404 8835 "-" "curl/7.88.1"
194.39.149.53 - - [19/Jul/2026:16:19:14 +0000] "POST /wp-cron.php?doing_wp_cron=1784477954.6262960433959960937500 HTTP/1.1" 200 0 "-" "WordPress/7.0.2; https://anvil-portal.upright-solutions.com"
178.20.28.191 - - [19/Jul/2026:16:19:02 +0000] "GET /home/wp-admin/post-new.php HTTP/1.1" 404 8835 "-" "curl/7.88.1"
178.20.28.191 - - [19/Jul/2026:16:19:16 +0000] "GET /home/wp-admin/admin.php?page=wc-orders HTTP/1.1" 404 8835 "-" "curl/7.88.1"
178.20.28.191 - - [19/Jul/2026:16:19:15 +0000] "GET /home/wp-admin/edit.php?post_type=shop_order HTTP/1.1" 404 8835 "-" "curl/7.88.1"
178.20.28.191 - - [19/Jul/2026:16:19:26 +0000] "GET /wp-login.php HTTP/1.1" 404 6680 "-" "curl/7.88.1"
178.20.28.191 - - [19/Jul/2026:16:19:32 +0000] "POST /wp-login.php HTTP/1.1" 404 6680 "https://anvil-portal.upright-solutions.com/wp-login.php" "curl/7.88.1"
178.20.28.191 - - [19/Jul/2026:16:19:36 +0000] "POST /xmlrpc.php HTTP/1.1" 200 221 "-" "curl/7.88.1"
178.20.28.191 - - [19/Jul/2026:16:19:42 +0000] "POST /xmlrpc.php HTTP/1.1" 200 223 "-" "Wget/1.21.4"
194.39.149.53 - - [19/Jul/2026:16:19:54 +0000] "POST /wp-cron.php?doing_wp_cron=1784477994.4119389057159423828125 HTTP/1.1" 200 0 "-" "WordPress/7.0.2; https://anvil-portal.upright-solutions.com"
178.20.28.191 - - [19/Jul/2026:16:19:48 +0000] "POST /xmlrpc.php HTTP/1.1" 200 230 "-" "curl/7.88.1"
178.20.28.191 - - [19/Jul/2026:16:19:55 +0000] "GET /wp-login.php HTTP/1.1" 404 6680 "-" "curl/8.6.0"
194.39.149.53 - - [19/Jul/2026:16:20:22 +0000] "POST /wp-cron.php?doing_wp_cron=1784478022.1676878929138183593750 HTTP/1.1" 200 0 "-" "WordPress/7.0.2; https://anvil-portal.upright-solutions.com"
178.20.28.191 - - [19/Jul/2026:16:20:04 +0000] "POST /wp-login.php HTTP/1.1" 404 6680 "https://anvil-portal.upright-solutions.com/wp-login.php" "Wget/1.21.4"
178.20.28.191 - - [19/Jul/2026:16:20:22 +0000] "GET /wp-login.php HTTP/1.1" 404 6680 "-" "curl/8.6.0"
77.220.193.79 - - [19/Jul/2026:16:20:42 +0000] "GET /wp-login.php HTTP/1.1" 404 6680 "-" "Wget/1.21.4"
194.39.149.53 - - [19/Jul/2026:16:21:14 +0000] "POST /wp-cron.php?doing_wp_cron=1784478074.4114959239959716796875 HTTP/1.1" 200 0 "-" "WordPress/7.0.2; https://anvil-portal.upright-solutions.com"
178.20.28.191 - - [19/Jul/2026:16:21:04 +0000] "GET /wp-login.php HTTP/1.1" 404 6680 "-" "curl/7.88.1"
185.168.29.234 - - [19/Jul/2026:16:21:15 +0000] "GET /wp-login.php HTTP/1.1" 404 6680 "-" "Wget/1.21.4"
72.60.40.175 - - [19/Jul/2026:16:24:21 +0000] "GET /shop/ HTTP/2" 301 0 "-" "Mozilla/5.0 (Windows NT 10.0; Win64; x64) AppleWebKit/537.36"
72.60.40.175 - - [19/Jul/2026:16:37:20 +0000] "GET /shop/ HTTP/2" 301 0 "-" "Mozilla/5.0 (Windows NT 10.0; Win64; x64) AppleWebKit/537.36"
66.249.68.164 - - [19/Jul/2026:16:39:16 +0000] "GET /shop/sitemap-31.xml HTTP/1.1" 200 31091 "-" "Mozilla/5.0 (compatible; Googlebot/2.1; +http://www.google.com/bot.html)"
72.60.40.175 - - [19/Jul/2026:16:43:36 +0000] "GET /shop/ HTTP/2" 301 0 "-" "Mozilla/5.0 (Windows NT 10.0; Win64; x64) AppleWebKit/537.36"
66.249.68.165 - - [19/Jul/2026:16:44:56 +0000] "GET /shop/sitemap-14.xml HTTP/1.1" 200 137207 "-" "Mozilla/5.0 (compatible; Googlebot/2.1; +http://www.google.com/bot.html)"
72.60.40.175 - - [19/Jul/2026:16:54:07 +0000] "GET /shop/ HTTP/2" 301 0 "-" "Mozilla/5.0 (Windows NT 10.0; Win64; x64) AppleWebKit/537.36"
66.249.68.165 - - [19/Jul/2026:16:59:01 +0000] "GET /shop/?video=%E0%B8%9B%E0%B8%A5%E0%B8%94%E0%B8%9A%E0%B8%A5%E0%B9%87%E0%B8%AD%E0%B8%81%E0%B8%82%E0%B9%89%E0%B8%AD%E0%B8%84%E0%B8%A7%E0%B8%B2%E0%B8%A1%E0%B9%80%E0%B8%9F%E0%B8%AA HTTP/1.1" 200 162265 "-" "Mozilla/5.0 (compatible; Googlebot/2.1; +http://www.google.com/bot.html)"
72.60.40.175 - - [19/Jul/2026:17:02:24 +0000] "GET /shop/ HTTP/2" 301 0 "-" "Mozilla/5.0 (Windows NT 10.0; Win64; x64) AppleWebKit/537.36"
35.247.190.41 - - [19/Jul/2026:17:05:20 +0000] "GET / HTTP/1.1" 200 10091 "http://anvil-portal.upright-solutions.com/" "Mozilla/5.0 (Macintosh; Intel Mac OS X 10_15_7) AppleWebKit/537.36 (KHTML, like Gecko) Chrome/131.0.0.0 Safari/537.36"
66.249.68.165 - - [19/Jul/2026:17:06:50 +0000] "GET /shop/sitemap-29.xml HTTP/1.1" 200 31201 "-" "Mozilla/5.0 (compatible; Googlebot/2.1; +http://www.google.com/bot.html)"
66.249.68.165 - - [19/Jul/2026:17:08:33 +0000] "GET /shop/sitemap-3.xml HTTP/1.1" 200 104120 "-" "Mozilla/5.0 (compatible; Googlebot/2.1; +http://www.google.com/bot.html)"
43.166.136.202 - - [19/Jul/2026:17:13:10 +0000] "GET / HTTP/1.1" 200 10091 "http://anvil-portal.upright-solutions.com" "Mozilla/5.0 (iPhone; CPU iPhone OS 13_2_3 like Mac OS X) AppleWebKit/605.1.15 (KHTML, like Gecko) Version/13.0.3 Mobile/15E148 Safari/604.1"
72.60.40.175 - - [19/Jul/2026:17:14:59 +0000] "GET /shop/ HTTP/2" 301 0 "-" "Mozilla/5.0 (Windows NT 10.0; Win64; x64) AppleWebKit/537.36"
72.60.40.175 - - [19/Jul/2026:17:24:39 +0000] "GET /shop/ HTTP/2" 301 0 "-" "Mozilla/5.0 (Windows NT 10.0; Win64; x64) AppleWebKit/537.36"
72.60.40.175 - - [19/Jul/2026:17:33:35 +0000] "GET /shop/ HTTP/2" 301 0 "-" "Mozilla/5.0 (Windows NT 10.0; Win64; x64) AppleWebKit/537.36"
66.249.68.164 - - [19/Jul/2026:17:39:44 +0000] "GET /shop/sitemap-4.xml HTTP/1.1" 200 83541 "-" "Mozilla/5.0 (compatible; Googlebot/2.1; +http://www.google.com/bot.html)"
66.249.68.165 - - [19/Jul/2026:17:43:18 +0000] "GET /shop/sitemap-20.xml HTTP/1.1" 200 101033 "-" "Mozilla/5.0 (compatible; Googlebot/2.1; +http://www.google.com/bot.html)"
72.60.40.175 - - [19/Jul/2026:17:45:15 +0000] "GET /shop/ HTTP/2" 301 0 "-" "Mozilla/5.0 (Windows NT 10.0; Win64; x64) AppleWebKit/537.36"
72.60.40.175 - - [19/Jul/2026:17:54:01 +0000] "GET /shop/ HTTP/2" 301 0 "-" "Mozilla/5.0 (Windows NT 10.0; Win64; x64) AppleWebKit/537.36"
72.60.40.175 - - [19/Jul/2026:18:04:18 +0000] "GET /shop/ HTTP/2" 301 0 "-" "Mozilla/5.0 (Windows NT 10.0; Win64; x64) AppleWebKit/537.36"
66.249.68.165 - - [19/Jul/2026:18:05:53 +0000] "GET /shop/sitemap-5.xml HTTP/1.1" 200 78224 "-" "Mozilla/5.0 (compatible; Googlebot/2.1; +http://www.google.com/bot.html)"
66.249.68.164 - - [19/Jul/2026:18:06:53 +0000] "GET /shop/sitemap-22.xml HTTP/1.1" 200 115018 "-" "Mozilla/5.0 (compatible; Googlebot/2.1; +http://www.google.com/bot.html)"
66.249.68.164 - - [19/Jul/2026:18:09:05 +0000] "GET /shop/sitemap-9.xml HTTP/1.1" 200 136895 "-" "Mozilla/5.0 (compatible; Googlebot/2.1; +http://www.google.com/bot.html)"
72.60.40.175 - - [19/Jul/2026:18:14:13 +0000] "GET /shop/ HTTP/2" 301 0 "-" "Mozilla/5.0 (Windows NT 10.0; Win64; x64) AppleWebKit/537.36"
194.39.149.53 - - [19/Jul/2026:18:21:56 +0000] "POST /wp-cron.php?doing_wp_cron=1784485316.1612279415130615234375 HTTP/1.1" 200 0 "-" "WordPress/7.0.2; https://anvil-portal.upright-solutions.com"
170.238.59.186 - - [19/Jul/2026:18:21:42 +0000] "GET /wp-json/batch/v1 HTTP/1.1" 404 122 "-" "Mozilla/5.0 (Windows NT 10.0; Win64; x64) AppleWebKit/537.36"
170.238.59.186 - - [19/Jul/2026:18:22:00 +0000] "POST /?rest_route=/batch/v1 HTTP/1.1" 207 38 "-" "Mozilla/5.0 (Windows NT 10.0; Win64; x64) AppleWebKit/537.36"
170.238.59.186 - - [19/Jul/2026:18:22:17 +0000] "POST /?rest_route=/batch/v1 HTTP/1.1" 403 5812 "-" "Mozilla/5.0 (Windows NT 10.0; Win64; x64) AppleWebKit/537.36"
72.60.40.175 - - [19/Jul/2026:18:25:55 +0000] "GET /shop/ HTTP/2" 301 0 "-" "Mozilla/5.0 (Windows NT 10.0; Win64; x64) AppleWebKit/537.36"
66.249.68.164 - - [19/Jul/2026:18:29:27 +0000] "GET /shop/sitemap-21.xml HTTP/1.1" 200 104236 "-" "Mozilla/5.0 (compatible; Googlebot/2.1; +http://www.google.com/bot.html)"
72.60.40.175 - - [19/Jul/2026:18:34:04 +0000] "GET /shop/ HTTP/2" 301 0 "-" "Mozilla/5.0 (Windows NT 10.0; Win64; x64) AppleWebKit/537.36"
66.249.68.164 - - [19/Jul/2026:18:40:53 +0000] "GET /shop/sitemap-36.xml HTTP/1.1" 200 30344 "-" "Mozilla/5.0 (compatible; Googlebot/2.1; +http://www.google.com/bot.html)"
72.60.40.175 - - [19/Jul/2026:18:44:15 +0000] "GET /shop/ HTTP/2" 301 0 "-" "Mozilla/5.0 (Windows NT 10.0; Win64; x64) AppleWebKit/537.36"
66.249.68.163 - - [19/Jul/2026:18:46:26 +0000] "GET /shop/sitemap-8.xml HTTP/1.1" 200 118969 "-" "Mozilla/5.0 (compatible; Googlebot/2.1; +http://www.google.com/bot.html)"
66.249.68.163 - - [19/Jul/2026:18:46:47 +0000] "GET /shop/sitemap-17.xml HTTP/1.1" 200 136285 "-" "Mozilla/5.0 (compatible; Googlebot/2.1; +http://www.google.com/bot.html)"
72.60.40.175 - - [19/Jul/2026:18:54:06 +0000] "GET /shop/ HTTP/2" 301 0 "-" "Mozilla/5.0 (Windows NT 10.0; Win64; x64) AppleWebKit/537.36"
66.249.68.165 - - [19/Jul/2026:19:01:28 +0000] "GET /shop/sitemap-2.xml HTTP/1.1" 200 84623 "-" "Mozilla/5.0 (compatible; Googlebot/2.1; +http://www.google.com/bot.html)"
72.60.40.175 - - [19/Jul/2026:19:04:33 +0000] "GET /shop/ HTTP/2" 301 0 "-" "Mozilla/5.0 (Windows NT 10.0; Win64; x64) AppleWebKit/537.36"
66.249.68.164 - - [19/Jul/2026:19:05:08 +0000] "GET /shop/sitemap-27.xml HTTP/1.1" 200 31322 "-" "Mozilla/5.0 (compatible; Googlebot/2.1; +http://www.google.com/bot.html)"
66.249.68.165 - - [19/Jul/2026:19:07:52 +0000] "GET /shop/sitemap-18.xml HTTP/1.1" 200 135855 "-" "Mozilla/5.0 (compatible; Googlebot/2.1; +http://www.google.com/bot.html)"
72.60.40.175 - - [19/Jul/2026:19:13:44 +0000] "GET /shop/ HTTP/2" 301 0 "-" "Mozilla/5.0 (Windows NT 10.0; Win64; x64) AppleWebKit/537.36"
66.249.68.163 - - [19/Jul/2026:19:16:36 +0000] "GET /shop/sitemap-15.xml HTTP/1.1" 200 136076 "-" "Mozilla/5.0 (compatible; Googlebot/2.1; +http://www.google.com/bot.html)"
66.249.68.165 - - [19/Jul/2026:19:20:17 +0000] "GET /shop/sitemap-32.xml HTTP/1.1" 200 30258 "-" "Mozilla/5.0 (compatible; Googlebot/2.1; +http://www.google.com/bot.html)"
66.249.68.164 - - [19/Jul/2026:19:23:44 +0000] "GET /shop/sitemap-30.xml HTTP/1.1" 200 30162 "-" "Mozilla/5.0 (compatible; Googlebot/2.1; +http://www.google.com/bot.html)"
72.60.40.175 - - [19/Jul/2026:19:24:23 +0000] "GET /shop/ HTTP/2" 301 0 "-" "Mozilla/5.0 (Windows NT 10.0; Win64; x64) AppleWebKit/537.36"
72.60.40.175 - - [19/Jul/2026:19:33:58 +0000] "GET /shop/ HTTP/2" 301 0 "-" "Mozilla/5.0 (Windows NT 10.0; Win64; x64) AppleWebKit/537.36"
72.60.40.175 - - [19/Jul/2026:19:44:00 +0000] "GET /shop/ HTTP/2" 301 0 "-" "Mozilla/5.0 (Windows NT 10.0; Win64; x64) AppleWebKit/537.36"
66.249.68.164 - - [19/Jul/2026:19:47:08 +0000] "GET /shop/sitemap-6.xml HTTP/1.1" 200 99342 "-" "Mozilla/5.0 (compatible; Googlebot/2.1; +http://www.google.com/bot.html)"
72.60.40.175 - - [19/Jul/2026:19:52:51 +0000] "GET /shop/ HTTP/2" 301 0 "-" "Mozilla/5.0 (Windows NT 10.0; Win64; x64) AppleWebKit/537.36"
66.249.68.165 - - [19/Jul/2026:19:54:28 +0000] "GET /shop/sitemap-35.xml HTTP/1.1" 200 28110 "-" "Mozilla/5.0 (compatible; Googlebot/2.1; +http://www.google.com/bot.html)"
72.60.40.175 - - [19/Jul/2026:20:04:04 +0000] "GET /shop/ HTTP/2" 301 0 "-" "Mozilla/5.0 (Windows NT 10.0; Win64; x64) AppleWebKit/537.36"
66.249.68.163 - - [19/Jul/2026:20:07:09 +0000] "GET /shop/sitemap-25.xml HTTP/1.1" 200 31339 "-" "Mozilla/5.0 (compatible; Googlebot/2.1; +http://www.google.com/bot.html)"
194.39.149.53 - - [19/Jul/2026:20:09:50 +0000] "POST /wp-cron.php?doing_wp_cron=1784491790.5492238998413085937500 HTTP/1.1" 200 0 "-" "WordPress/7.0.2; https://anvil-portal.upright-solutions.com"
93.177.118.163 - - [19/Jul/2026:20:09:47 +0000] "HEAD / HTTP/1.1" 200 0 "-" "curl/8.6.0"
66.249.68.164 - - [19/Jul/2026:20:13:12 +0000] "GET /shop/sitemap-28.xml HTTP/1.1" 200 29896 "-" "Mozilla/5.0 (compatible; Googlebot/2.1; +http://www.google.com/bot.html)"
72.60.40.175 - - [19/Jul/2026:20:14:22 +0000] "GET /shop/ HTTP/2" 301 0 "-" "Mozilla/5.0 (Windows NT 10.0; Win64; x64) AppleWebKit/537.36"
66.249.68.164 - - [19/Jul/2026:20:19:23 +0000] "GET /shop/sitemap-23.xml HTTP/1.1" 200 143296 "-" "Mozilla/5.0 (compatible; Googlebot/2.1; +http://www.google.com/bot.html)"
72.60.40.175 - - [19/Jul/2026:20:23:42 +0000] "GET /shop/ HTTP/2" 301 0 "-" "Mozilla/5.0 (Windows NT 10.0; Win64; x64) AppleWebKit/537.36"
43.154.127.188 - - [19/Jul/2026:20:28:39 +0000] "GET / HTTP/1.1" 200 10091 "http://anvil-portal.upright-solutions.com" "Mozilla/5.0 (iPhone; CPU iPhone OS 13_2_3 like Mac OS X) AppleWebKit/605.1.15 (KHTML, like Gecko) Version/13.0.3 Mobile/15E148 Safari/604.1"
72.60.40.175 - - [19/Jul/2026:20:35:13 +0000] "GET /shop/ HTTP/2" 301 0 "-" "Mozilla/5.0 (Windows NT 10.0; Win64; x64) AppleWebKit/537.36"
66.249.68.165 - - [19/Jul/2026:20:37:33 +0000] "GET /shop/sitemap-24.xml HTTP/1.1" 200 85153 "-" "Mozilla/5.0 (compatible; Googlebot/2.1; +http://www.google.com/bot.html)"
72.60.40.175 - - [19/Jul/2026:20:44:42 +0000] "GET /shop/ HTTP/2" 301 0 "-" "Mozilla/5.0 (Windows NT 10.0; Win64; x64) AppleWebKit/537.36"
72.60.40.175 - - [19/Jul/2026:20:54:41 +0000] "GET /shop/ HTTP/2" 301 0 "-" "Mozilla/5.0 (Windows NT 10.0; Win64; x64) AppleWebKit/537.36"
72.60.40.175 - - [19/Jul/2026:21:04:04 +0000] "GET /shop/ HTTP/2" 301 0 "-" "Mozilla/5.0 (Windows NT 10.0; Win64; x64) AppleWebKit/537.36"
72.60.40.175 - - [19/Jul/2026:21:14:41 +0000] "GET /shop/ HTTP/2" 301 0 "-" "Mozilla/5.0 (Windows NT 10.0; Win64; x64) AppleWebKit/537.36"
66.249.68.164 - - [19/Jul/2026:21:20:02 +0000] "GET /shop/sitemap-13.xml HTTP/1.1" 200 136309 "-" "Mozilla/5.0 (compatible; Googlebot/2.1; +http://www.google.com/bot.html)"
72.60.40.175 - - [19/Jul/2026:21:23:50 +0000] "GET /shop/ HTTP/2" 301 0 "-" "Mozilla/5.0 (Windows NT 10.0; Win64; x64) AppleWebKit/537.36"
66.249.68.165 - - [19/Jul/2026:21:28:19 +0000] "GET /shop/sitemap-26.xml HTTP/1.1" 200 30096 "-" "Mozilla/5.0 (compatible; Googlebot/2.1; +http://www.google.com/bot.html)"
72.60.40.175 - - [19/Jul/2026:21:43:01 +0000] "GET /shop/ HTTP/2" 301 0 "-" "Mozilla/5.0 (Windows NT 10.0; Win64; x64) AppleWebKit/537.36"
66.249.68.163 - - [19/Jul/2026:21:45:32 +0000] "GET /shop/sitemap-33.xml HTTP/1.1" 200 30405 "-" "Mozilla/5.0 (compatible; Googlebot/2.1; +http://www.google.com/bot.html)"
72.60.40.175 - - [19/Jul/2026:21:46:23 +0000] "GET /shop/ HTTP/2" 301 0 "-" "Mozilla/5.0 (Windows NT 10.0; Win64; x64) AppleWebKit/537.36"
66.249.68.165 - - [19/Jul/2026:21:51:46 +0000] "GET /shop/sitemap-7.xml HTTP/1.1" 200 102881 "-" "Mozilla/5.0 (compatible; Googlebot/2.1; +http://www.google.com/bot.html)"
72.60.40.175 - - [19/Jul/2026:21:53:45 +0000] "GET /shop/ HTTP/2" 301 0 "-" "Mozilla/5.0 (Windows NT 10.0; Win64; x64) AppleWebKit/537.36"
72.60.40.175 - - [19/Jul/2026:22:04:10 +0000] "GET /shop/ HTTP/2" 301 0 "-" "Mozilla/5.0 (Windows NT 10.0; Win64; x64) AppleWebKit/537.36"
72.60.40.175 - - [19/Jul/2026:22:15:36 +0000] "GET /shop/ HTTP/2" 301 0 "-" "Mozilla/5.0 (Windows NT 10.0; Win64; x64) AppleWebKit/537.36"
20.127.18.0 - - [19/Jul/2026:22:15:36 +0000] "GET /this_is_a_new_hello_world.php HTTP/1.1" 404 33680 "-" "-"
20.127.18.0 - - [19/Jul/2026:22:15:40 +0000] "GET /asd67.php HTTP/1.1" 404 33680 "-" "-"
20.127.18.0 - - [19/Jul/2026:22:15:45 +0000] "GET /csa.php HTTP/1.1" 404 33680 "-" "-"
20.127.18.0 - - [19/Jul/2026:22:15:50 +0000] "GET /667.php HTTP/1.1" 404 33680 "-" "-"
20.127.18.0 - - [19/Jul/2026:22:15:57 +0000] "GET /09.php HTTP/1.1" 404 33680 "-" "-"
20.127.18.0 - - [19/Jul/2026:22:16:09 +0000] "GET /fz.php HTTP/1.1" 404 33680 "-" "-"
20.127.18.0 - - [19/Jul/2026:22:16:20 +0000] "GET /taff.php HTTP/1.1" 404 33680 "-" "-"
20.127.18.0 - - [19/Jul/2026:22:16:26 +0000] "GET /ty.php HTTP/1.1" 404 33680 "-" "-"
20.127.18.0 - - [19/Jul/2026:22:16:32 +0000] "GET /v2.php HTTP/1.1" 404 33680 "-" "-"
20.127.18.0 - - [19/Jul/2026:22:16:36 +0000] "GET /fm-cdjs.php HTTP/1.1" 404 33680 "-" "-"
20.127.18.0 - - [19/Jul/2026:22:16:42 +0000] "GET /cls.php HTTP/1.1" 404 33680 "-" "-"
20.127.18.0 - - [19/Jul/2026:22:16:45 +0000] "GET /wo.php HTTP/1.1" 404 33680 "-" "-"
20.127.18.0 - - [19/Jul/2026:22:16:49 +0000] "GET /zxcs.php HTTP/1.1" 404 33680 "-" "-"
20.127.18.0 - - [19/Jul/2026:22:16:53 +0000] "GET /FX.php HTTP/1.1" 404 33680 "-" "-"
20.127.18.0 - - [19/Jul/2026:22:16:57 +0000] "GET /911.php HTTP/1.1" 404 33680 "-" "-"
20.127.18.0 - - [19/Jul/2026:22:17:01 +0000] "GET /qterm.php HTTP/1.1" 404 33680 "-" "-"
20.127.18.0 - - [19/Jul/2026:22:17:10 +0000] "GET /mac.php HTTP/1.1" 404 33680 "-" "-"
20.127.18.0 - - [19/Jul/2026:22:17:18 +0000] "GET /ah25.php HTTP/1.1" 404 33680 "-" "-"
20.127.18.0 - - [19/Jul/2026:22:17:24 +0000] "GET /k2.php HTTP/1.1" 404 33680 "-" "-"
20.127.18.0 - - [19/Jul/2026:22:17:29 +0000] "GET /term.php HTTP/1.1" 404 33680 "-" "-"
20.127.18.0 - - [19/Jul/2026:22:17:33 +0000] "GET /fffm.php HTTP/1.1" 404 33680 "-" "-"
