114.119.154.115 - - [16/Jul/2026:23:53:12 +0000] "GET /for-business HTTP/1.1" 301 0 "https://wishcard365.com/home-v2" "Mozilla/5.0 (Linux; Android 7.0;) AppleWebKit/537.36 (HTML, like Gecko) Mobile Safari/537.36 (compatible; PetalBot;+https://webmaster.petalsearch.com/site/petalbot)"
114.119.154.115 - - [16/Jul/2026:23:53:13 +0000] "GET /for-business/ HTTP/1.1" 200 35187 "https://wishcard365.com/home-v2" "Mozilla/5.0 (Linux; Android 7.0;) AppleWebKit/537.36 (HTML, like Gecko) Mobile Safari/537.36 (compatible; PetalBot;+https://webmaster.petalsearch.com/site/petalbot)"
43.135.145.77 - - [16/Jul/2026:23:53:17 +0000] "GET / HTTP/1.1" 200 43497 "https://wishcard365.com/embed/" "Mozilla/5.0 (iPhone; CPU iPhone OS 13_2_3 like Mac OS X) AppleWebKit/605.1.15 (KHTML, like Gecko) Version/13.0.3 Mobile/15E148 Safari/604.1"
194.39.149.53 - - [16/Jul/2026:23:54:36 +0000] "POST /wp-cron.php?doing_wp_cron=1784246076.4931008815765380859375 HTTP/1.1" 200 0 "-" "WordPress/7.0.1; https://wishcard365.com"
114.119.154.115 - - [16/Jul/2026:23:54:35 +0000] "GET /change_password/ HTTP/1.1" 302 28122 "https://wishcard365.com/wp-sitemap-posts-page-1.xml" "Mozilla/5.0 (Linux; Android 7.0;) AppleWebKit/537.36 (HTML, like Gecko) Mobile Safari/537.36 (compatible; PetalBot;+https://webmaster.petalsearch.com/site/petalbot)"
194.39.149.53 - - [16/Jul/2026:23:54:39 +0000] "GET /wp-content/plugins/armember-membership/images/loader.svg HTTP/1.1" 200 936 "-" "-"
114.119.154.115 - - [16/Jul/2026:23:54:37 +0000] "GET /login/?arm_redirect=https%3A%2F%2Fwishcard365.com%2Fchange_password%2F HTTP/1.1" 200 35213 "https://wishcard365.com/wp-sitemap-posts-page-1.xml" "Mozilla/5.0 (Linux; Android 7.0;) AppleWebKit/537.36 (HTML, like Gecko) Mobile Safari/537.36 (compatible; PetalBot;+https://webmaster.petalsearch.com/site/petalbot)"
17.241.219.205 - - [16/Jul/2026:23:55:48 +0000] "GET /wp-content/plugins/contact-form-7/includes/css/styles.css?ver=5.7.6 HTTP/2" 200 878 "https://wishcard365.com/behold-everything-you-need-to-know-about-curtain-bangs/" "Mozilla/5.0 (Macintosh; Intel Mac OS X 10_15_7) AppleWebKit/605.1.15 (KHTML, like Gecko) Version/17.4 Safari/605.1.15 (Applebot/0.1; +http://www.apple.com/go/applebot)"
17.241.219.205 - - [16/Jul/2026:23:55:49 +0000] "GET /wp-content/plugins/woocommerce-payments/vendor/woocommerce/subscriptions-core/build/index.css?ver=5.7.2 HTTP/2" 200 326 "https://wishcard365.com/behold-everything-you-need-to-know-about-curtain-bangs/" "Mozilla/5.0 (Macintosh; Intel Mac OS X 10_15_7) AppleWebKit/605.1.15 (KHTML, like Gecko) Version/17.4 Safari/605.1.15 (Applebot/0.1; +http://www.apple.com/go/applebot)"
17.241.219.205 - - [16/Jul/2026:23:55:50 +0000] "GET /wp-content/plugins/coupon-pro/css/style.css?ver=7.0.1 HTTP/2" 200 391 "https://wishcard365.com/behold-everything-you-need-to-know-about-curtain-bangs/" "Mozilla/5.0 (Macintosh; Intel Mac OS X 10_15_7) AppleWebKit/605.1.15 (KHTML, like Gecko) Version/17.4 Safari/605.1.15 (Applebot/0.1; +http://www.apple.com/go/applebot)"
17.241.219.205 - - [16/Jul/2026:23:55:52 +0000] "GET /wp-content/plugins/novaworks/public/css/frontend.css?ver=1.0.0 HTTP/2" 200 58 "https://wishcard365.com/behold-everything-you-need-to-know-about-curtain-bangs/" "Mozilla/5.0 (Macintosh; Intel Mac OS X 10_15_7) AppleWebKit/605.1.15 (KHTML, like Gecko) Version/17.4 Safari/605.1.15 (Applebot/0.1; +http://www.apple.com/go/applebot)"
17.241.219.205 - - [16/Jul/2026:23:55:54 +0000] "GET /wp-content/plugins/wcboost-variation-swatches/assets/css/frontend.css?ver=1.0.12 HTTP/2" 200 791 "https://wishcard365.com/behold-everything-you-need-to-know-about-curtain-bangs/" "Mozilla/5.0 (Macintosh; Intel Mac OS X 10_15_7) AppleWebKit/605.1.15 (KHTML, like Gecko) Version/17.4 Safari/605.1.15 (Applebot/0.1; +http://www.apple.com/go/applebot)"
17.241.219.205 - - [16/Jul/2026:23:55:55 +0000] "GET /wp-content/plugins/advanced-google-recaptcha/assets/css/captcha.min.css?ver=1.0.14 HTTP/2" 200 128 "https://wishcard365.com/behold-everything-you-need-to-know-about-curtain-bangs/" "Mozilla/5.0 (Macintosh; Intel Mac OS X 10_15_7) AppleWebKit/605.1.15 (KHTML, like Gecko) Version/17.4 Safari/605.1.15 (Applebot/0.1; +http://www.apple.com/go/applebot)"
17.241.219.205 - - [16/Jul/2026:23:55:57 +0000] "GET /wp-content/plugins/elementor/assets/lib/eicons/css/elementor-icons.min.css?ver=5.18.0 HTTP/2" 200 3646 "https://wishcard365.com/behold-everything-you-need-to-know-about-curtain-bangs/" "Mozilla/5.0 (Macintosh; Intel Mac OS X 10_15_7) AppleWebKit/605.1.15 (KHTML, like Gecko) Version/17.4 Safari/605.1.15 (Applebot/0.1; +http://www.apple.com/go/applebot)"
17.241.219.205 - - [16/Jul/2026:23:55:58 +0000] "GET /wp-content/uploads/elementor/css/custom-frontend-lite.min.css?ver=1679423055 HTTP/2" 200 11055 "https://wishcard365.com/behold-everything-you-need-to-know-about-curtain-bangs/" "Mozilla/5.0 (Macintosh; Intel Mac OS X 10_15_7) AppleWebKit/605.1.15 (KHTML, like Gecko) Version/17.4 Safari/605.1.15 (Applebot/0.1; +http://www.apple.com/go/applebot)"
17.241.219.205 - - [16/Jul/2026:23:56:00 +0000] "GET /wp-content/plugins/elementor/assets/lib/swiper/css/swiper.min.css?ver=5.3.6 HTTP/2" 200 2179 "https://wishcard365.com/behold-everything-you-need-to-know-about-curtain-bangs/" "Mozilla/5.0 (Macintosh; Intel Mac OS X 10_15_7) AppleWebKit/605.1.15 (KHTML, like Gecko) Version/17.4 Safari/605.1.15 (Applebot/0.1; +http://www.apple.com/go/applebot)"
17.241.219.205 - - [16/Jul/2026:23:56:01 +0000] "GET /wp-content/uploads/elementor/css/post-6.css?ver=1679423055 HTTP/2" 200 329 "https://wishcard365.com/behold-everything-you-need-to-know-about-curtain-bangs/" "Mozilla/5.0 (Macintosh; Intel Mac OS X 10_15_7) AppleWebKit/605.1.15 (KHTML, like Gecko) Version/17.4 Safari/605.1.15 (Applebot/0.1; +http://www.apple.com/go/applebot)"
17.241.219.205 - - [16/Jul/2026:23:56:02 +0000] "GET /wp-content/uploads/elementor/css/custom-pro-frontend-lite.min.css?ver=1679423055 HTTP/2" 200 1474 "https://wishcard365.com/behold-everything-you-need-to-know-about-curtain-bangs/" "Mozilla/5.0 (Macintosh; Intel Mac OS X 10_15_7) AppleWebKit/605.1.15 (KHTML, like Gecko) Version/17.4 Safari/605.1.15 (Applebot/0.1; +http://www.apple.com/go/applebot)"
17.241.219.205 - - [16/Jul/2026:23:56:04 +0000] "GET /wp-content/plugins/razzi-addons/modules/product-deals/assets/deals.css?ver=1.0.0 HTTP/2" 200 526 "https://wishcard365.com/behold-everything-you-need-to-know-about-curtain-bangs/" "Mozilla/5.0 (Macintosh; Intel Mac OS X 10_15_7) AppleWebKit/605.1.15 (KHTML, like Gecko) Version/17.4 Safari/605.1.15 (Applebot/0.1; +http://www.apple.com/go/applebot)"
17.241.219.205 - - [16/Jul/2026:23:56:05 +0000] "GET /wp-content/plugins/woo-variation-swatches/assets/css/frontend.min.css?ver=1680178980 HTTP/2" 200 4052 "https://wishcard365.com/behold-everything-you-need-to-know-about-curtain-bangs/" "Mozilla/5.0 (Macintosh; Intel Mac OS X 10_15_7) AppleWebKit/605.1.15 (KHTML, like Gecko) Version/17.4 Safari/605.1.15 (Applebot/0.1; +http://www.apple.com/go/applebot)"
17.241.219.205 - - [16/Jul/2026:23:56:07 +0000] "GET /wp-content/plugins/woocommerce-ultimate-gift-card/assets/css/mwb_wgm_common.css?ver=7.0.1 HTTP/2" 200 1383 "https://wishcard365.com/behold-everything-you-need-to-know-about-curtain-bangs/" "Mozilla/5.0 (Macintosh; Intel Mac OS X 10_15_7) AppleWebKit/605.1.15 (KHTML, like Gecko) Version/17.4 Safari/605.1.15 (Applebot/0.1; +http://www.apple.com/go/applebot)"
17.241.219.205 - - [16/Jul/2026:23:56:08 +0000] "GET /wp-content/plugins/yith-woocommerce-wishlist/assets/css/jquery.selectBox.css?ver=1.2.0 HTTP/2" 200 670 "https://wishcard365.com/behold-everything-you-need-to-know-about-curtain-bangs/" "Mozilla/5.0 (Macintosh; Intel Mac OS X 10_15_7) AppleWebKit/605.1.15 (KHTML, like Gecko) Version/17.4 Safari/605.1.15 (Applebot/0.1; +http://www.apple.com/go/applebot)"
17.241.219.205 - - [16/Jul/2026:23:56:10 +0000] "GET /wp-content/plugins/yith-woocommerce-wishlist/assets/css/font-awesome.css?ver=4.7.0 HTTP/2" 200 6581 "https://wishcard365.com/behold-everything-you-need-to-know-about-curtain-bangs/" "Mozilla/5.0 (Macintosh; Intel Mac OS X 10_15_7) AppleWebKit/605.1.15 (KHTML, like Gecko) Version/17.4 Safari/605.1.15 (Applebot/0.1; +http://www.apple.com/go/applebot)"
17.241.219.205 - - [16/Jul/2026:23:56:11 +0000] "GET /wp-content/plugins/woocommerce/assets/css/prettyPhoto.css?ver=3.1.6 HTTP/2" 200 1857 "https://wishcard365.com/behold-everything-you-need-to-know-about-curtain-bangs/" "Mozilla/5.0 (Macintosh; Intel Mac OS X 10_15_7) AppleWebKit/605.1.15 (KHTML, like Gecko) Version/17.4 Safari/605.1.15 (Applebot/0.1; +http://www.apple.com/go/applebot)"
17.241.219.205 - - [16/Jul/2026:23:56:13 +0000] "GET /wp-content/plugins/yith-woocommerce-wishlist/assets/css/style.css?ver=3.20.0 HTTP/2" 200 4583 "https://wishcard365.com/behold-everything-you-need-to-know-about-curtain-bangs/" "Mozilla/5.0 (Macintosh; Intel Mac OS X 10_15_7) AppleWebKit/605.1.15 (KHTML, like Gecko) Version/17.4 Safari/605.1.15 (Applebot/0.1; +http://www.apple.com/go/applebot)"
17.241.219.205 - - [16/Jul/2026:23:56:14 +0000] "GET /wp-content/themes/razzi/style.css?ver=20220610 HTTP/2" 200 49104 "https://wishcard365.com/behold-everything-you-need-to-know-about-curtain-bangs/" "Mozilla/5.0 (Macintosh; Intel Mac OS X 10_15_7) AppleWebKit/605.1.15 (KHTML, like Gecko) Version/17.4 Safari/605.1.15 (Applebot/0.1; +http://www.apple.com/go/applebot)"
17.241.219.205 - - [16/Jul/2026:23:56:16 +0000] "GET /wp-content/plugins/woocommerce/assets/css/select2.css?ver=7.6.1 HTTP/2" 200 1701 "https://wishcard365.com/behold-everything-you-need-to-know-about-curtain-bangs/" "Mozilla/5.0 (Macintosh; Intel Mac OS X 10_15_7) AppleWebKit/605.1.15 (KHTML, like Gecko) Version/17.4 Safari/605.1.15 (Applebot/0.1; +http://www.apple.com/go/applebot)"
17.241.219.205 - - [16/Jul/2026:23:56:17 +0000] "GET /wp-content/themes/razzi/woocommerce.css?ver=20220610 HTTP/2" 200 36724 "https://wishcard365.com/behold-everything-you-need-to-know-about-curtain-bangs/" "Mozilla/5.0 (Macintosh; Intel Mac OS X 10_15_7) AppleWebKit/605.1.15 (KHTML, like Gecko) Version/17.4 Safari/605.1.15 (Applebot/0.1; +http://www.apple.com/go/applebot)"
17.241.219.205 - - [16/Jul/2026:23:56:19 +0000] "GET /wp-content/plugins/cookie-law-info/lite/frontend/js/script.min.js?ver=3.0.8 HTTP/2" 200 5806 "https://wishcard365.com/behold-everything-you-need-to-know-about-curtain-bangs/" "Mozilla/5.0 (Macintosh; Intel Mac OS X 10_15_7) AppleWebKit/605.1.15 (KHTML, like Gecko) Version/17.4 Safari/605.1.15 (Applebot/0.1; +http://www.apple.com/go/applebot)"
17.241.219.205 - - [16/Jul/2026:23:56:20 +0000] "GET /wp-includes/js/jquery/jquery.min.js?ver=3.7.1 HTTP/2" 200 29744 "https://wishcard365.com/behold-everything-you-need-to-know-about-curtain-bangs/" "Mozilla/5.0 (Macintosh; Intel Mac OS X 10_15_7) AppleWebKit/605.1.15 (KHTML, like Gecko) Version/17.4 Safari/605.1.15 (Applebot/0.1; +http://www.apple.com/go/applebot)"
17.241.219.205 - - [16/Jul/2026:23:56:22 +0000] "GET /wp-includes/js/jquery/jquery-migrate.min.js?ver=3.4.1 HTTP/2" 200 4678 "https://wishcard365.com/behold-everything-you-need-to-know-about-curtain-bangs/" "Mozilla/5.0 (Macintosh; Intel Mac OS X 10_15_7) AppleWebKit/605.1.15 (KHTML, like Gecko) Version/17.4 Safari/605.1.15 (Applebot/0.1; +http://www.apple.com/go/applebot)"
17.241.219.205 - - [16/Jul/2026:23:56:23 +0000] "GET /wp-content/plugins/advanced-google-recaptcha/assets/js/captcha.min.js?ver=1.0.14 HTTP/2" 200 210 "https://wishcard365.com/behold-everything-you-need-to-know-about-curtain-bangs/" "Mozilla/5.0 (Macintosh; Intel Mac OS X 10_15_7) AppleWebKit/605.1.15 (KHTML, like Gecko) Version/17.4 Safari/605.1.15 (Applebot/0.1; +http://www.apple.com/go/applebot)"
17.241.219.205 - - [16/Jul/2026:23:56:25 +0000] "GET /wp-includes/js/jquery/ui/core.min.js?ver=1.13.3 HTTP/2" 200 6812 "https://wishcard365.com/behold-everything-you-need-to-know-about-curtain-bangs/" "Mozilla/5.0 (Macintosh; Intel Mac OS X 10_15_7) AppleWebKit/605.1.15 (KHTML, like Gecko) Version/17.4 Safari/605.1.15 (Applebot/0.1; +http://www.apple.com/go/applebot)"
17.241.219.205 - - [16/Jul/2026:23:56:26 +0000] "GET /wp-includes/js/jquery/ui/datepicker.min.js?ver=1.13.3 HTTP/2" 200 10506 "https://wishcard365.com/behold-everything-you-need-to-know-about-curtain-bangs/" "Mozilla/5.0 (Macintosh; Intel Mac OS X 10_15_7) AppleWebKit/605.1.15 (KHTML, like Gecko) Version/17.4 Safari/605.1.15 (Applebot/0.1; +http://www.apple.com/go/applebot)"
17.241.219.205 - - [16/Jul/2026:23:56:28 +0000] "GET /wp-content/plugins/woocommerce-ultimate-gift-card//assets/js/mwb-wgm-balance-checker.js?ver=7.0.1 HTTP/2" 200 361 "https://wishcard365.com/behold-everything-you-need-to-know-about-curtain-bangs/" "Mozilla/5.0 (Macintosh; Intel Mac OS X 10_15_7) AppleWebKit/605.1.15 (KHTML, like Gecko) Version/17.4 Safari/605.1.15 (Applebot/0.1; +http://www.apple.com/go/applebot)"
17.241.219.205 - - [16/Jul/2026:23:56:29 +0000] "GET /wp-content/plugins/revslider/public/assets/css/rs6.css?ver=6.6.3 HTTP/2" 200 11947 "https://wishcard365.com/behold-everything-you-need-to-know-about-curtain-bangs/" "Mozilla/5.0 (Macintosh; Intel Mac OS X 10_15_7) AppleWebKit/605.1.15 (KHTML, like Gecko) Version/17.4 Safari/605.1.15 (Applebot/0.1; +http://www.apple.com/go/applebot)"
17.241.219.205 - - [16/Jul/2026:23:56:31 +0000] "GET /wp-content/plugins/contact-form-7/includes/swv/js/index.js?ver=5.7.6 HTTP/2" 200 2894 "https://wishcard365.com/behold-everything-you-need-to-know-about-curtain-bangs/" "Mozilla/5.0 (Macintosh; Intel Mac OS X 10_15_7) AppleWebKit/605.1.15 (KHTML, like Gecko) Version/17.4 Safari/605.1.15 (Applebot/0.1; +http://www.apple.com/go/applebot)"
17.241.219.205 - - [16/Jul/2026:23:56:32 +0000] "GET /wp-content/plugins/contact-form-7/includes/js/index.js?ver=5.7.6 HTTP/2" 200 3918 "https://wishcard365.com/behold-everything-you-need-to-know-about-curtain-bangs/" "Mozilla/5.0 (Macintosh; Intel Mac OS X 10_15_7) AppleWebKit/605.1.15 (KHTML, like Gecko) Version/17.4 Safari/605.1.15 (Applebot/0.1; +http://www.apple.com/go/applebot)"
17.241.219.205 - - [16/Jul/2026:23:56:34 +0000] "GET /wp-content/plugins/woocommerce/assets/js/jquery-blockui/jquery.blockUI.min.js?ver=2.7.0-wc.7.6.1 HTTP/2" 200 3247 "https://wishcard365.com/behold-everything-you-need-to-know-about-curtain-bangs/" "Mozilla/5.0 (Macintosh; Intel Mac OS X 10_15_7) AppleWebKit/605.1.15 (KHTML, like Gecko) Version/17.4 Safari/605.1.15 (Applebot/0.1; +http://www.apple.com/go/applebot)"
17.241.219.205 - - [16/Jul/2026:23:56:35 +0000] "GET /wp-content/plugins/woocommerce/assets/js/frontend/add-to-cart.min.js?ver=7.6.1 HTTP/2" 200 972 "https://wishcard365.com/behold-everything-you-need-to-know-about-curtain-bangs/" "Mozilla/5.0 (Macintosh; Intel Mac OS X 10_15_7) AppleWebKit/605.1.15 (KHTML, like Gecko) Version/17.4 Safari/605.1.15 (Applebot/0.1; +http://www.apple.com/go/applebot)"
17.241.219.205 - - [16/Jul/2026:23:56:37 +0000] "GET /wp-content/plugins/woocommerce/assets/js/js-cookie/js.cookie.min.js?ver=2.1.4-wc.7.6.1 HTTP/2" 200 899 "https://wishcard365.com/behold-everything-you-need-to-know-about-curtain-bangs/" "Mozilla/5.0 (Macintosh; Intel Mac OS X 10_15_7) AppleWebKit/605.1.15 (KHTML, like Gecko) Version/17.4 Safari/605.1.15 (Applebot/0.1; +http://www.apple.com/go/applebot)"
17.241.219.205 - - [16/Jul/2026:23:56:38 +0000] "GET /wp-content/plugins/woocommerce/assets/js/frontend/woocommerce.min.js?ver=7.6.1 HTTP/2" 200 677 "https://wishcard365.com/behold-everything-you-need-to-know-about-curtain-bangs/" "Mozilla/5.0 (Macintosh; Intel Mac OS X 10_15_7) AppleWebKit/605.1.15 (KHTML, like Gecko) Version/17.4 Safari/605.1.15 (Applebot/0.1; +http://www.apple.com/go/applebot)"
17.241.219.205 - - [16/Jul/2026:23:56:40 +0000] "GET /wp-content/plugins/woocommerce/assets/js/frontend/cart-fragments.min.js?ver=7.6.1 HTTP/2" 200 934 "https://wishcard365.com/behold-everything-you-need-to-know-about-curtain-bangs/" "Mozilla/5.0 (Macintosh; Intel Mac OS X 10_15_7) AppleWebKit/605.1.15 (KHTML, like Gecko) Version/17.4 Safari/605.1.15 (Applebot/0.1; +http://www.apple.com/go/applebot)"
17.241.219.205 - - [16/Jul/2026:23:56:41 +0000] "GET /wp-content/plugins/wcboost-variation-swatches/assets/js/frontend.min.js?ver=1.0.12 HTTP/2" 200 976 "https://wishcard365.com/behold-everything-you-need-to-know-about-curtain-bangs/" "Mozilla/5.0 (Macintosh; Intel Mac OS X 10_15_7) AppleWebKit/605.1.15 (KHTML, like Gecko) Version/17.4 Safari/605.1.15 (Applebot/0.1; +http://www.apple.com/go/applebot)"
17.241.219.205 - - [16/Jul/2026:23:56:42 +0000] "GET /wp-content/plugins/razzi-addons//assets/js/plugins/jquery.coundown.js?ver=1.0 HTTP/2" 200 495 "https://wishcard365.com/behold-everything-you-need-to-know-about-curtain-bangs/" "Mozilla/5.0 (Macintosh; Intel Mac OS X 10_15_7) AppleWebKit/605.1.15 (KHTML, like Gecko) Version/17.4 Safari/605.1.15 (Applebot/0.1; +http://www.apple.com/go/applebot)"
17.241.219.205 - - [16/Jul/2026:23:56:44 +0000] "GET /wp-includes/js/underscore.min.js?ver=1.13.8 HTTP/2" 200 7228 "https://wishcard365.com/behold-everything-you-need-to-know-about-curtain-bangs/" "Mozilla/5.0 (Macintosh; Intel Mac OS X 10_15_7) AppleWebKit/605.1.15 (KHTML, like Gecko) Version/17.4 Safari/605.1.15 (Applebot/0.1; +http://www.apple.com/go/applebot)"
17.241.219.205 - - [16/Jul/2026:23:56:45 +0000] "GET /wp-includes/js/wp-util.min.js?ver=7.0.1 HTTP/2" 200 693 "https://wishcard365.com/behold-everything-you-need-to-know-about-curtain-bangs/" "Mozilla/5.0 (Macintosh; Intel Mac OS X 10_15_7) AppleWebKit/605.1.15 (KHTML, like Gecko) Version/17.4 Safari/605.1.15 (Applebot/0.1; +http://www.apple.com/go/applebot)"
17.241.219.205 - - [16/Jul/2026:23:56:47 +0000] "GET /wp-includes/js/api-request.min.js?ver=7.0.1 HTTP/2" 200 530 "https://wishcard365.com/behold-everything-you-need-to-know-about-curtain-bangs/" "Mozilla/5.0 (Macintosh; Intel Mac OS X 10_15_7) AppleWebKit/605.1.15 (KHTML, like Gecko) Version/17.4 Safari/605.1.15 (Applebot/0.1; +http://www.apple.com/go/applebot)"
17.241.219.205 - - [16/Jul/2026:23:56:48 +0000] "GET /wp-includes/js/dist/hooks.min.js?ver=7496969728ca0f95732d HTTP/2" 200 1734 "https://wishcard365.com/behold-everything-you-need-to-know-about-curtain-bangs/" "Mozilla/5.0 (Macintosh; Intel Mac OS X 10_15_7) AppleWebKit/605.1.15 (KHTML, like Gecko) Version/17.4 Safari/605.1.15 (Applebot/0.1; +http://www.apple.com/go/applebot)"
17.241.219.205 - - [16/Jul/2026:23:56:50 +0000] "GET /wp-includes/js/dist/i18n.min.js?ver=781d11515ad3d91786ec HTTP/2" 200 2354 "https://wishcard365.com/behold-everything-you-need-to-know-about-curtain-bangs/" "Mozilla/5.0 (Macintosh; Intel Mac OS X 10_15_7) AppleWebKit/605.1.15 (KHTML, like Gecko) Version/17.4 Safari/605.1.15 (Applebot/0.1; +http://www.apple.com/go/applebot)"
17.241.219.205 - - [16/Jul/2026:23:56:51 +0000] "GET /wp-includes/js/dist/url.min.js?ver=bb0f766c3d2efe497871 HTTP/2" 200 3629 "https://wishcard365.com/behold-everything-you-need-to-know-about-curtain-bangs/" "Mozilla/5.0 (Macintosh; Intel Mac OS X 10_15_7) AppleWebKit/605.1.15 (KHTML, like Gecko) Version/17.4 Safari/605.1.15 (Applebot/0.1; +http://www.apple.com/go/applebot)"
17.241.219.205 - - [16/Jul/2026:23:56:53 +0000] "GET /wp-includes/js/dist/api-fetch.min.js?ver=d7efe4dc1468d36c39b8 HTTP/2" 200 2692 "https://wishcard365.com/behold-everything-you-need-to-know-about-curtain-bangs/" "Mozilla/5.0 (Macintosh; Intel Mac OS X 10_15_7) AppleWebKit/605.1.15 (KHTML, like Gecko) Version/17.4 Safari/605.1.15 (Applebot/0.1; +http://www.apple.com/go/applebot)"
17.241.219.205 - - [16/Jul/2026:23:56:54 +0000] "GET /wp-includes/js/dist/vendor/wp-polyfill.min.js?ver=3.15.0 HTTP/2" 200 11581 "https://wishcard365.com/behold-everything-you-need-to-know-about-curtain-bangs/" "Mozilla/5.0 (Macintosh; Intel Mac OS X 10_15_7) AppleWebKit/605.1.15 (KHTML, like Gecko) Version/17.4 Safari/605.1.15 (Applebot/0.1; +http://www.apple.com/go/applebot)"
17.241.219.205 - - [16/Jul/2026:23:56:56 +0000] "GET /wp-content/plugins/woo-variation-swatches/assets/js/frontend.min.js?ver=1680178980 HTTP/2" 200 3668 "https://wishcard365.com/behold-everything-you-need-to-know-about-curtain-bangs/" "Mozilla/5.0 (Macintosh; Intel Mac OS X 10_15_7) AppleWebKit/605.1.15 (KHTML, like Gecko) Version/17.4 Safari/605.1.15 (Applebot/0.1; +http://www.apple.com/go/applebot)"
17.241.219.205 - - [16/Jul/2026:23:56:57 +0000] "GET /wp-content/themes/razzi/assets/js/plugins/isInViewport.min.js?ver=20201012 HTTP/2" 200 1036 "https://wishcard365.com/behold-everything-you-need-to-know-about-curtain-bangs/" "Mozilla/5.0 (Macintosh; Intel Mac OS X 10_15_7) AppleWebKit/605.1.15 (KHTML, like Gecko) Version/17.4 Safari/605.1.15 (Applebot/0.1; +http://www.apple.com/go/applebot)"
17.241.219.205 - - [16/Jul/2026:23:56:59 +0000] "GET /wp-content/themes/razzi/assets/js/plugins/swiper.min.js?ver=5.3.8 HTTP/2" 200 34194 "https://wishcard365.com/behold-everything-you-need-to-know-about-curtain-bangs/" "Mozilla/5.0 (Macintosh; Intel Mac OS X 10_15_7) AppleWebKit/605.1.15 (KHTML, like Gecko) Version/17.4 Safari/605.1.15 (Applebot/0.1; +http://www.apple.com/go/applebot)"
17.241.219.205 - - [16/Jul/2026:23:57:00 +0000] "GET /wp-content/themes/razzi/assets/js/plugins/notify.min.js?ver=1.0.0 HTTP/2" 200 7000 "https://wishcard365.com/behold-everything-you-need-to-know-about-curtain-bangs/" "Mozilla/5.0 (Macintosh; Intel Mac OS X 10_15_7) AppleWebKit/605.1.15 (KHTML, like Gecko) Version/17.4 Safari/605.1.15 (Applebot/0.1; +http://www.apple.com/go/applebot)"
17.241.219.205 - - [16/Jul/2026:23:57:02 +0000] "GET /wp-includes/js/imagesloaded.min.js?ver=5.0.0 HTTP/2" 200 1687 "https://wishcard365.com/behold-everything-you-need-to-know-about-curtain-bangs/" "Mozilla/5.0 (Macintosh; Intel Mac OS X 10_15_7) AppleWebKit/605.1.15 (KHTML, like Gecko) Version/17.4 Safari/605.1.15 (Applebot/0.1; +http://www.apple.com/go/applebot)"
17.241.219.205 - - [16/Jul/2026:23:57:03 +0000] "GET /wp-content/themes/razzi/assets/js/scripts.min.js?ver=20220610 HTTP/2" 200 10261 "https://wishcard365.com/behold-everything-you-need-to-know-about-curtain-bangs/" "Mozilla/5.0 (Macintosh; Intel Mac OS X 10_15_7) AppleWebKit/605.1.15 (KHTML, like Gecko) Version/17.4 Safari/605.1.15 (Applebot/0.1; +http://www.apple.com/go/applebot)"
17.241.219.205 - - [16/Jul/2026:23:57:04 +0000] "GET /wp-content/plugins/woocommerce/assets/js/selectWoo/selectWoo.full.min.js?ver=1.0.9-wc.7.6.1 HTTP/2" 200 20073 "https://wishcard365.com/behold-everything-you-need-to-know-about-curtain-bangs/" "Mozilla/5.0 (Macintosh; Intel Mac OS X 10_15_7) AppleWebKit/605.1.15 (KHTML, like Gecko) Version/17.4 Safari/605.1.15 (Applebot/0.1; +http://www.apple.com/go/applebot)"
17.241.219.205 - - [16/Jul/2026:23:57:06 +0000] "GET /wp-content/plugins/woocommerce/assets/js/select2/select2.full.min.js?ver=4.0.3-wc.7.6.1 HTTP/2" 200 19362 "https://wishcard365.com/behold-everything-you-need-to-know-about-curtain-bangs/" "Mozilla/5.0 (Macintosh; Intel Mac OS X 10_15_7) AppleWebKit/605.1.15 (KHTML, like Gecko) Version/17.4 Safari/605.1.15 (Applebot/0.1; +http://www.apple.com/go/applebot)"
17.241.219.205 - - [16/Jul/2026:23:57:07 +0000] "GET /wp-includes/js/jquery/jquery.serialize-object.js?ver=0.2-wp HTTP/2" 200 390 "https://wishcard365.com/behold-everything-you-need-to-know-about-curtain-bangs/" "Mozilla/5.0 (Macintosh; Intel Mac OS X 10_15_7) AppleWebKit/605.1.15 (KHTML, like Gecko) Version/17.4 Safari/605.1.15 (Applebot/0.1; +http://www.apple.com/go/applebot)"
17.241.219.205 - - [16/Jul/2026:23:57:09 +0000] "GET /wp-content/plugins/razzi-addons/modules/products-filter/assets/js/products-filter.js?ver=20210223 HTTP/2" 200 3127 "https://wishcard365.com/behold-everything-you-need-to-know-about-curtain-bangs/" "Mozilla/5.0 (Macintosh; Intel Mac OS X 10_15_7) AppleWebKit/605.1.15 (KHTML, like Gecko) Version/17.4 Safari/605.1.15 (Applebot/0.1; +http://www.apple.com/go/applebot)"
17.241.219.205 - - [16/Jul/2026:23:57:10 +0000] "GET /wp-content/plugins/woocommerce/assets/js/frontend/add-to-cart-variation.min.js?ver=7.6.1 HTTP/2" 200 3437 "https://wishcard365.com/behold-everything-you-need-to-know-about-curtain-bangs/" "Mozilla/5.0 (Macintosh; Intel Mac OS X 10_15_7) AppleWebKit/605.1.15 (KHTML, like Gecko) Version/17.4 Safari/605.1.15 (Applebot/0.1; +http://www.apple.com/go/applebot)"
17.241.219.205 - - [16/Jul/2026:23:57:12 +0000] "GET /wp-content/plugins/gtranslate/js/dwf.js?ver=7.0.1 HTTP/2" 200 5853 "https://wishcard365.com/behold-everything-you-need-to-know-about-curtain-bangs/" "Mozilla/5.0 (Macintosh; Intel Mac OS X 10_15_7) AppleWebKit/605.1.15 (KHTML, like Gecko) Version/17.4 Safari/605.1.15 (Applebot/0.1; +http://www.apple.com/go/applebot)"
17.241.219.205 - - [16/Jul/2026:23:57:13 +0000] "GET /wp-content/plugins/mailchimp-for-wp/assets/js/forms.js?ver=4.9.4 HTTP/2" 200 2481 "https://wishcard365.com/behold-everything-you-need-to-know-about-curtain-bangs/" "Mozilla/5.0 (Macintosh; Intel Mac OS X 10_15_7) AppleWebKit/605.1.15 (KHTML, like Gecko) Version/17.4 Safari/605.1.15 (Applebot/0.1; +http://www.apple.com/go/applebot)"
17.241.219.205 - - [16/Jul/2026:23:57:15 +0000] "GET /wp-content/plugins/revslider/public/assets/js/rbtools.min.js?ver=6.6.3 HTTP/2" 200 59937 "https://wishcard365.com/behold-everything-you-need-to-know-about-curtain-bangs/" "Mozilla/5.0 (Macintosh; Intel Mac OS X 10_15_7) AppleWebKit/605.1.15 (KHTML, like Gecko) Version/17.4 Safari/605.1.15 (Applebot/0.1; +http://www.apple.com/go/applebot)"
17.241.219.205 - - [16/Jul/2026:23:57:16 +0000] "GET /wp-content/plugins/revslider/public/assets/js/rs6.min.js?ver=6.6.3 HTTP/2" 200 101490 "https://wishcard365.com/behold-everything-you-need-to-know-about-curtain-bangs/" "Mozilla/5.0 (Macintosh; Intel Mac OS X 10_15_7) AppleWebKit/605.1.15 (KHTML, like Gecko) Version/17.4 Safari/605.1.15 (Applebot/0.1; +http://www.apple.com/go/applebot)"
17.241.219.205 - - [16/Jul/2026:23:57:17 +0000] "GET /wp-includes/js/wp-emoji-release.min.js?ver=7.0.1 HTTP/2" 200 4974 "https://wishcard365.com/behold-everything-you-need-to-know-about-curtain-bangs/" "Mozilla/5.0 (Macintosh; Intel Mac OS X 10_15_7) AppleWebKit/605.1.15 (KHTML, like Gecko) Version/17.4 Safari/605.1.15 (Applebot/0.1; +http://www.apple.com/go/applebot)"
17.241.219.205 - - [16/Jul/2026:23:57:20 +0000] "GET /wp-includes/js/comment-reply.min.js?ver=7.0.1 HTTP/2" 200 1247 "https://wishcard365.com/behold-everything-you-need-to-know-about-curtain-bangs/" "Mozilla/5.0 (Macintosh; Intel Mac OS X 10_15_7) AppleWebKit/605.1.15 (KHTML, like Gecko) Version/17.4 Safari/605.1.15 (Applebot/0.1; +http://www.apple.com/go/applebot)"
194.39.149.53 - - [16/Jul/2026:23:57:21 +0000] "POST /wp-cron.php?doing_wp_cron=1784246241.0433731079101562500000 HTTP/1.1" 200 0 "-" "WordPress/7.0.1; https://wishcard365.com"
17.241.219.205 - - [16/Jul/2026:23:57:19 +0000] "POST /?wc-ajax=get_refreshed_fragments HTTP/2" 200 576 "https://wishcard365.com/behold-everything-you-need-to-know-about-curtain-bangs/" "Mozilla/5.0 (Macintosh; Intel Mac OS X 10_15_7) AppleWebKit/605.1.15 (KHTML, like Gecko) Version/17.4 Safari/605.1.15 (Applebot/0.1; +http://www.apple.com/go/applebot)"
194.39.149.53 - - [16/Jul/2026:23:59:28 +0000] "POST /wp-cron.php?doing_wp_cron=1784246368.1422140598297119140625 HTTP/1.1" 200 0 "-" "WordPress/7.0.1; https://wishcard365.com"
43.134.62.67 - - [16/Jul/2026:23:59:26 +0000] "GET /wp-json/oembed/1.0/embed?url=https%3A%2F%2Fwishcard365.com%2Flogin%2F&format=xml HTTP/1.1" 200 1109 "-" "Mozilla/5.0 (iPhone; CPU iPhone OS 13_2_3 like Mac OS X) AppleWebKit/605.1.15 (KHTML, like Gecko) Version/13.0.3 Mobile/15E148 Safari/604.1"
194.39.149.53 - - [17/Jul/2026:00:07:37 +0000] "POST /wp-cron.php?doing_wp_cron=1784246857.4033598899841308593750 HTTP/1.1" 200 0 "-" "WordPress/7.0.1; https://wishcard365.com"
114.119.130.67 - - [17/Jul/2026:00:07:32 +0000] "GET /wishlist-3/ HTTP/1.1" 200 29286 "https://wishcard365.com/wishlist-3/" "Mozilla/5.0 (Linux; Android 7.0;) AppleWebKit/537.36 (HTML, like Gecko) Mobile Safari/537.36 (compatible; PetalBot;+https://webmaster.petalsearch.com/site/petalbot)"
194.39.149.53 - - [17/Jul/2026:00:08:58 +0000] "POST /wp-cron.php?doing_wp_cron=1784246938.6646280288696289062500 HTTP/1.1" 200 0 "-" "WordPress/7.0.1; https://wishcard365.com"
114.119.148.161 - - [17/Jul/2026:00:08:55 +0000] "GET /sample-page-3 HTTP/1.1" 301 0 "https://wishcard365.com/sample-page-3" "Mozilla/5.0 (Linux; Android 7.0;) AppleWebKit/537.36 (HTML, like Gecko) Mobile Safari/537.36 (compatible; PetalBot;+https://webmaster.petalsearch.com/site/petalbot)"
114.119.148.161 - - [17/Jul/2026:00:08:59 +0000] "GET /sample-page-3/ HTTP/1.1" 200 28729 "https://wishcard365.com/sample-page-3" "Mozilla/5.0 (Linux; Android 7.0;) AppleWebKit/537.36 (HTML, like Gecko) Mobile Safari/537.36 (compatible; PetalBot;+https://webmaster.petalsearch.com/site/petalbot)"
194.39.149.53 - - [17/Jul/2026:00:09:26 +0000] "POST /wp-cron.php?doing_wp_cron=1784246966.4757399559020996093750 HTTP/1.1" 200 0 "-" "WordPress/7.0.1; https://wishcard365.com"
170.106.187.106 - - [17/Jul/2026:00:09:23 +0000] "GET /?p=12012 HTTP/1.1" 301 0 "-" "Mozilla/5.0 (iPhone; CPU iPhone OS 13_2_3 like Mac OS X) AppleWebKit/605.1.15 (KHTML, like Gecko) Version/13.0.3 Mobile/15E148 Safari/604.1"
194.39.149.53 - - [17/Jul/2026:00:09:31 +0000] "GET /wp-content/plugins/armember-membership/images/loader.svg HTTP/1.1" 200 936 "-" "-"
170.106.187.106 - - [17/Jul/2026:00:09:26 +0000] "GET /login/ HTTP/1.1" 200 41215 "https://wishcard365.com/?p=12012" "Mozilla/5.0 (iPhone; CPU iPhone OS 13_2_3 like Mac OS X) AppleWebKit/605.1.15 (KHTML, like Gecko) Version/13.0.3 Mobile/15E148 Safari/604.1"
194.39.149.53 - - [17/Jul/2026:00:10:23 +0000] "POST /wp-cron.php?doing_wp_cron=1784247022.9908599853515625000000 HTTP/1.1" 200 0 "-" "WordPress/7.0.1; https://wishcard365.com"
114.119.130.67 - - [17/Jul/2026:00:10:19 +0000] "GET /home-v2/ HTTP/1.1" 200 34070 "https://wishcard365.com/home-v2/" "Mozilla/5.0 (Linux; Android 7.0;) AppleWebKit/537.36 (HTML, like Gecko) Mobile Safari/537.36 (compatible; PetalBot;+https://webmaster.petalsearch.com/site/petalbot)"
194.39.149.53 - - [17/Jul/2026:00:11:43 +0000] "POST /wp-cron.php?doing_wp_cron=1784247103.7950799465179443359375 HTTP/1.1" 200 0 "-" "WordPress/7.0.1; https://wishcard365.com"
114.119.141.228 - - [17/Jul/2026:00:11:42 +0000] "GET /blog-style-03 HTTP/1.1" 301 0 "https://wishcard365.com/blog-style-03" "Mozilla/5.0 (Linux; Android 7.0;) AppleWebKit/537.36 (HTML, like Gecko) Mobile Safari/537.36 (compatible; PetalBot;+https://webmaster.petalsearch.com/site/petalbot)"
114.119.141.228 - - [17/Jul/2026:00:11:44 +0000] "GET /blog-style-03/ HTTP/1.1" 200 31423 "https://wishcard365.com/blog-style-03" "Mozilla/5.0 (Linux; Android 7.0;) AppleWebKit/537.36 (HTML, like Gecko) Mobile Safari/537.36 (compatible; PetalBot;+https://webmaster.petalsearch.com/site/petalbot)"
194.39.149.53 - - [17/Jul/2026:00:22:13 +0000] "GET /wp-content/plugins/armember-membership/images/loader.svg HTTP/1.1" 200 936 "-" "-"
194.39.149.53 - - [17/Jul/2026:00:22:13 +0000] "POST /wp-cron.php?doing_wp_cron=1784247733.1326329708099365234375 HTTP/1.1" 200 0 "-" "WordPress/7.0.1; https://wishcard365.com"
43.134.38.171 - - [17/Jul/2026:00:22:09 +0000] "GET /wp-json/wp/v2/pages/12012 HTTP/1.1" 200 8956 "-" "Mozilla/5.0 (iPhone; CPU iPhone OS 13_2_3 like Mac OS X) AppleWebKit/605.1.15 (KHTML, like Gecko) Version/13.0.3 Mobile/15E148 Safari/604.1"
103.112.69.58 - - [17/Jul/2026:00:23:11 +0000] "POST /wp-comments-post.php HTTP/1.1" 403 5812 "-" "Mozilla/5.0 (Windows NT 10.0; Win64; x64) AppleWebKit/537.36 (KHTML, like Gecko) Chrome/120.0.0.0 Safari/537.36"
103.112.69.58 - - [17/Jul/2026:00:23:12 +0000] "POST /wp-comments-post.php HTTP/1.1" 403 5812 "-" "Mozilla/5.0 (Windows NT 10.0; Win64; x64) AppleWebKit/537.36 (KHTML, like Gecko) Chrome/120.0.0.0 Safari/537.36"
103.112.69.58 - - [17/Jul/2026:00:23:12 +0000] "POST /wp-comments-post.php HTTP/1.1" 403 5812 "-" "Mozilla/5.0 (Windows NT 10.0; Win64; x64) AppleWebKit/537.36 (KHTML, like Gecko) Chrome/120.0.0.0 Safari/537.36"
103.112.69.58 - - [17/Jul/2026:00:23:13 +0000] "POST /wp-comments-post.php HTTP/1.1" 403 1189 "-" "Mozilla/5.0 (Windows NT 10.0; Win64; x64) AppleWebKit/537.36 (KHTML, like Gecko) Chrome/120.0.0.0 Safari/537.36"
103.112.69.58 - - [17/Jul/2026:00:23:15 +0000] "POST /wp-comments-post.php HTTP/1.1" 403 5812 "-" "Mozilla/5.0 (Windows NT 10.0; Win64; x64) AppleWebKit/537.36 (KHTML, like Gecko) Chrome/120.0.0.0 Safari/537.36"
103.112.69.58 - - [17/Jul/2026:00:23:15 +0000] "POST /wp-comments-post.php HTTP/1.1" 403 5812 "-" "Mozilla/5.0 (Windows NT 10.0; Win64; x64) AppleWebKit/537.36 (KHTML, like Gecko) Chrome/120.0.0.0 Safari/537.36"
103.112.69.58 - - [17/Jul/2026:00:23:15 +0000] "POST /wp-comments-post.php HTTP/1.1" 403 5806 "-" "Mozilla/5.0 (Windows NT 10.0; Win64; x64) AppleWebKit/537.36 (KHTML, like Gecko) Chrome/120.0.0.0 Safari/537.36"
103.112.69.58 - - [17/Jul/2026:00:23:16 +0000] "POST /wp-comments-post.php HTTP/1.1" 403 5812 "-" "Mozilla/5.0 (Windows NT 10.0; Win64; x64) AppleWebKit/537.36 (KHTML, like Gecko) Chrome/120.0.0.0 Safari/537.36"
103.112.69.58 - - [17/Jul/2026:00:23:16 +0000] "POST /wp-comments-post.php HTTP/1.1" 403 5812 "-" "Mozilla/5.0 (Windows NT 10.0; Win64; x64) AppleWebKit/537.36 (KHTML, like Gecko) Chrome/120.0.0.0 Safari/537.36"
103.112.69.58 - - [17/Jul/2026:00:23:17 +0000] "POST /wp-comments-post.php HTTP/1.1" 403 5806 "-" "Mozilla/5.0 (Windows NT 10.0; Win64; x64) AppleWebKit/537.36 (KHTML, like Gecko) Chrome/120.0.0.0 Safari/537.36"
194.39.149.53 - - [17/Jul/2026:00:29:41 +0000] "POST /wp-cron.php?doing_wp_cron=1784248181.4981529712677001953125 HTTP/1.1" 200 0 "-" "WordPress/7.0.1; https://wishcard365.com"
194.39.149.53 - - [17/Jul/2026:00:29:41 +0000] "POST /wp-cron.php?doing_wp_cron=1784248181.4981279373168945312500 HTTP/1.1" 200 0 "-" "WordPress/7.0.1; https://wishcard365.com"
47.86.33.52 - - [17/Jul/2026:00:29:34 +0000] "GET /wp-login.php HTTP/2" 200 2831 "-" "Mozilla/5.0 (Linux; Android 10; K) AppleWebKit/537.36 (KHTML, like Gecko) Chrome/148.0.0.0 Mobile Safari/537.36"
45.32.103.140 - - [17/Jul/2026:00:29:37 +0000] "GET /wp-login.php HTTP/2" 200 2831 "-" "Mozilla/5.0 (Macintosh; Intel Mac OS X 10_15_7) AppleWebKit/537.36 (KHTML, like Gecko) Chrome/149.0.0.0 Safari/537.36"
194.39.149.53 - - [17/Jul/2026:00:31:14 +0000] "POST /wp-cron.php?doing_wp_cron=1784248273.9692230224609375000000 HTTP/1.1" 200 0 "-" "WordPress/7.0.1; https://wishcard365.com"
57.141.0.53 - - [17/Jul/2026:00:31:12 +0000] "GET /wp-sitemap-taxonomies-post_tag-1.xml HTTP/2" 200 784 "-" "Mozilla/5.0 (Windows NT 10.0; Win64; x64) AppleWebKit/537.36 (KHTML, like Gecko) Chrome/145.0.0.0 Safari/537.36 (compatible; meta-externalagent/1.1 (+https://developers.facebook.com/docs/sharing/webmasters/crawler))"
4.194.24.143 - - [17/Jul/2026:00:31:16 +0000] "GET /.dj/index.php HTTP/1.1" 301 0 "-" "Mozilla/5.0 (Windows NT 10.0; Win64; x64) AppleWebKit/537.36 (KHTML, like Gecko) Chrome/120.0.0.0 Safari/537.36"
4.194.24.143 - - [17/Jul/2026:00:31:17 +0000] "GET /.tmb/ HTTP/1.1" 404 27714 "-" "Mozilla/5.0 (Windows NT 10.0; Win64; x64) AppleWebKit/537.36 (KHTML, like Gecko) Chrome/120.0.0.0 Safari/537.36"
4.194.24.143 - - [17/Jul/2026:00:31:19 +0000] "GET /.trash7206/index.php HTTP/1.1" 301 0 "-" "Mozilla/5.0 (Windows NT 10.0; Win64; x64) AppleWebKit/537.36 (KHTML, like Gecko) Chrome/120.0.0.0 Safari/537.36"
4.194.24.143 - - [17/Jul/2026:00:31:20 +0000] "GET /.well-known/ HTTP/1.1" 404 1251 "-" "Mozilla/5.0 (Windows NT 10.0; Win64; x64) AppleWebKit/537.36 (KHTML, like Gecko) Chrome/120.0.0.0 Safari/537.36"
4.194.24.143 - - [17/Jul/2026:00:31:20 +0000] "GET /.well-known/acme-challenge/ HTTP/1.1" 404 1251 "-" "Mozilla/5.0 (Windows NT 10.0; Win64; x64) AppleWebKit/537.36 (KHTML, like Gecko) Chrome/120.0.0.0 Safari/537.36"
4.194.24.143 - - [17/Jul/2026:00:31:21 +0000] "GET /.well-known/gecko-litespeed.php HTTP/1.1" 403 5135 "-" "Mozilla/5.0 (Windows NT 10.0; Win64; x64) AppleWebKit/537.36 (KHTML, like Gecko) Chrome/120.0.0.0 Safari/537.36"
4.194.24.143 - - [17/Jul/2026:00:31:21 +0000] "GET /.well-known/logs233/index.php HTTP/1.1" 301 0 "-" "Mozilla/5.0 (Windows NT 10.0; Win64; x64) AppleWebKit/537.36 (KHTML, like Gecko) Chrome/120.0.0.0 Safari/537.36"
4.194.24.143 - - [17/Jul/2026:00:31:23 +0000] "GET /.well-known/wp-cron.php HTTP/1.1" 404 27745 "-" "Mozilla/5.0 (Windows NT 10.0; Win64; x64) AppleWebKit/537.36 (KHTML, like Gecko) Chrome/120.0.0.0 Safari/537.36"
4.194.24.143 - - [17/Jul/2026:00:31:25 +0000] "GET /0.kb-v3.php HTTP/1.1" 404 27725 "-" "Mozilla/5.0 (Windows NT 10.0; Win64; x64) AppleWebKit/537.36 (KHTML, like Gecko) Chrome/120.0.0.0 Safari/537.36"
4.194.24.143 - - [17/Jul/2026:00:31:26 +0000] "GET /0.php HTTP/1.1" 404 27715 "-" "Mozilla/5.0 (Windows NT 10.0; Win64; x64) AppleWebKit/537.36 (KHTML, like Gecko) Chrome/120.0.0.0 Safari/537.36"
4.194.24.143 - - [17/Jul/2026:00:31:28 +0000] "GET /002.php HTTP/1.1" 404 27717 "-" "Mozilla/5.0 (Windows NT 10.0; Win64; x64) AppleWebKit/537.36 (KHTML, like Gecko) Chrome/120.0.0.0 Safari/537.36"
4.194.24.143 - - [17/Jul/2026:00:31:30 +0000] "GET /01.php HTTP/1.1" 404 27717 "-" "Mozilla/5.0 (Windows NT 10.0; Win64; x64) AppleWebKit/537.36 (KHTML, like Gecko) Chrome/120.0.0.0 Safari/537.36"
4.194.24.143 - - [17/Jul/2026:00:31:31 +0000] "GET /0x.php HTTP/1.1" 403 5137 "-" "Mozilla/5.0 (Windows NT 10.0; Win64; x64) AppleWebKit/537.36 (KHTML, like Gecko) Chrome/120.0.0.0 Safari/537.36"
4.194.24.143 - - [17/Jul/2026:00:31:32 +0000] "GET /1.php HTTP/1.1" 404 27716 "-" "Mozilla/5.0 (Windows NT 10.0; Win64; x64) AppleWebKit/537.36 (KHTML, like Gecko) Chrome/120.0.0.0 Safari/537.36"
194.39.149.53 - - [17/Jul/2026:00:31:35 +0000] "POST /wp-cron.php?doing_wp_cron=1784248295.1157948970794677734375 HTTP/1.1" 200 0 "-" "WordPress/7.0.1; https://wishcard365.com"
4.194.24.143 - - [17/Jul/2026:00:31:33 +0000] "GET /100.php HTTP/1.1" 404 27719 "-" "Mozilla/5.0 (Windows NT 10.0; Win64; x64) AppleWebKit/537.36 (KHTML, like Gecko) Chrome/120.0.0.0 Safari/537.36"
4.194.24.143 - - [17/Jul/2026:00:31:35 +0000] "GET /122.php HTTP/1.1" 404 27719 "-" "Mozilla/5.0 (Windows NT 10.0; Win64; x64) AppleWebKit/537.36 (KHTML, like Gecko) Chrome/120.0.0.0 Safari/537.36"
4.194.24.143 - - [17/Jul/2026:00:31:38 +0000] "GET /123.php HTTP/1.1" 404 27718 "-" "Mozilla/5.0 (Windows NT 10.0; Win64; x64) AppleWebKit/537.36 (KHTML, like Gecko) Chrome/120.0.0.0 Safari/537.36"
4.194.24.143 - - [17/Jul/2026:00:31:42 +0000] "GET /13.php HTTP/1.1" 404 27717 "-" "Mozilla/5.0 (Windows NT 10.0; Win64; x64) AppleWebKit/537.36 (KHTML, like Gecko) Chrome/120.0.0.0 Safari/537.36"
4.194.24.143 - - [17/Jul/2026:00:31:45 +0000] "GET /133.php HTTP/1.1" 404 27717 "-" "Mozilla/5.0 (Windows NT 10.0; Win64; x64) AppleWebKit/537.36 (KHTML, like Gecko) Chrome/120.0.0.0 Safari/537.36"
4.194.24.143 - - [17/Jul/2026:00:31:47 +0000] "GET /155.php HTTP/1.1" 404 27719 "-" "Mozilla/5.0 (Windows NT 10.0; Win64; x64) AppleWebKit/537.36 (KHTML, like Gecko) Chrome/120.0.0.0 Safari/537.36"
4.194.24.143 - - [17/Jul/2026:00:31:48 +0000] "GET /177.php HTTP/1.1" 404 27719 "-" "Mozilla/5.0 (Windows NT 10.0; Win64; x64) AppleWebKit/537.36 (KHTML, like Gecko) Chrome/120.0.0.0 Safari/537.36"
4.194.24.143 - - [17/Jul/2026:00:31:50 +0000] "GET /1index.php HTTP/1.1" 404 27729 "-" "Mozilla/5.0 (Windows NT 10.0; Win64; x64) AppleWebKit/537.36 (KHTML, like Gecko) Chrome/120.0.0.0 Safari/537.36"
4.194.24.143 - - [17/Jul/2026:00:31:51 +0000] "GET /2.php HTTP/1.1" 404 27719 "-" "Mozilla/5.0 (Windows NT 10.0; Win64; x64) AppleWebKit/537.36 (KHTML, like Gecko) Chrome/120.0.0.0 Safari/537.36"
4.194.24.143 - - [17/Jul/2026:00:31:53 +0000] "GET /222.php HTTP/1.1" 404 27718 "-" "Mozilla/5.0 (Windows NT 10.0; Win64; x64) AppleWebKit/537.36 (KHTML, like Gecko) Chrome/120.0.0.0 Safari/537.36"
4.194.24.143 - - [17/Jul/2026:00:31:55 +0000] "GET /2p.update.php HTTP/1.1" 404 27731 "-" "Mozilla/5.0 (Windows NT 10.0; Win64; x64) AppleWebKit/537.36 (KHTML, like Gecko) Chrome/120.0.0.0 Safari/537.36"
4.194.24.143 - - [17/Jul/2026:00:31:56 +0000] "GET /3.php HTTP/1.1" 404 27716 "-" "Mozilla/5.0 (Windows NT 10.0; Win64; x64) AppleWebKit/537.36 (KHTML, like Gecko) Chrome/120.0.0.0 Safari/537.36"
4.194.24.143 - - [17/Jul/2026:00:31:57 +0000] "GET /3pjcpmfsd8b.php HTTP/1.1" 404 27727 "-" "Mozilla/5.0 (Windows NT 10.0; Win64; x64) AppleWebKit/537.36 (KHTML, like Gecko) Chrome/120.0.0.0 Safari/537.36"
4.194.24.143 - - [17/Jul/2026:00:31:59 +0000] "GET /403.php HTTP/1.1" 404 27719 "-" "Mozilla/5.0 (Windows NT 10.0; Win64; x64) AppleWebKit/537.36 (KHTML, like Gecko) Chrome/120.0.0.0 Safari/537.36"
4.194.24.143 - - [17/Jul/2026:00:32:00 +0000] "GET /404.php HTTP/1.1" 404 27717 "-" "Mozilla/5.0 (Windows NT 10.0; Win64; x64) AppleWebKit/537.36 (KHTML, like Gecko) Chrome/120.0.0.0 Safari/537.36"
194.39.149.53 - - [17/Jul/2026:00:32:40 +0000] "POST /wp-cron.php?doing_wp_cron=1784248360.7933840751647949218750 HTTP/1.1" 200 0 "-" "WordPress/7.0.1; https://wishcard365.com"
129.226.174.80 - - [17/Jul/2026:00:32:39 +0000] "GET /affiliate-area/ HTTP/1.1" 200 33155 "-" "Mozilla/5.0 (iPhone; CPU iPhone OS 13_2_3 like Mac OS X) AppleWebKit/605.1.15 (KHTML, like Gecko) Version/13.0.3 Mobile/15E148 Safari/604.1"
194.39.149.53 - - [17/Jul/2026:00:33:23 +0000] "POST /wp-cron.php?doing_wp_cron=1784248403.5417389869689941406250 HTTP/1.1" 200 0 "-" "WordPress/7.0.1; https://wishcard365.com"
63.135.161.155 - - [17/Jul/2026:00:33:22 +0000] "POST /wp-login.php HTTP/1.1" 200 3244 "-" "Mozilla/5.0 (Windows NT 10.0; Win64; rv:143.0) Gecko/20100101 Firefox/143.0"
194.39.149.53 - - [17/Jul/2026:00:33:49 +0000] "POST /wp-cron.php?doing_wp_cron=1784248429.8706440925598144531250 HTTP/1.1" 200 0 "-" "WordPress/7.0.1; https://wishcard365.com"
114.119.132.207 - - [17/Jul/2026:00:33:48 +0000] "GET /wishlist-2/ HTTP/1.1" 200 29260 "https://wishcard365.com/wishlist-2/" "Mozilla/5.0 (Linux; Android 7.0;) AppleWebKit/537.36 (HTML, like Gecko) Mobile Safari/537.36 (compatible; PetalBot;+https://webmaster.petalsearch.com/site/petalbot)"
194.39.149.53 - - [17/Jul/2026:00:35:13 +0000] "POST /wp-cron.php?doing_wp_cron=1784248513.4755630493164062500000 HTTP/1.1" 200 0 "-" "WordPress/7.0.1; https://wishcard365.com"
114.119.132.207 - - [17/Jul/2026:00:35:12 +0000] "GET /wishlist HTTP/1.1" 301 0 "https://wishcard365.com/home-v2" "Mozilla/5.0 (Linux; Android 7.0;) AppleWebKit/537.36 (HTML, like Gecko) Mobile Safari/537.36 (compatible; PetalBot;+https://webmaster.petalsearch.com/site/petalbot)"
114.119.132.207 - - [17/Jul/2026:00:35:14 +0000] "GET /wishlist/ HTTP/1.1" 200 29257 "https://wishcard365.com/home-v2" "Mozilla/5.0 (Linux; Android 7.0;) AppleWebKit/537.36 (HTML, like Gecko) Mobile Safari/537.36 (compatible; PetalBot;+https://webmaster.petalsearch.com/site/petalbot)"
91.224.92.127 - - [17/Jul/2026:00:35:16 +0000] "GET /wp-login.php HTTP/1.1" 200 2831 "https://t.co/" "Mozilla/5.0 (Macintosh; Intel Mac OS X 10_15_7; rv:119.0) Gecko/20100101 Firefox/119.0"
91.224.92.127 - - [17/Jul/2026:00:35:19 +0000] "GET /wp-login.php HTTP/1.1" 200 2831 "https://www.facebook.com/" "Mozilla/5.0 (X11; Linux x86_64) AppleWebKit/537.36 (KHTML, like Gecko) Chrome/120.0.0.0 Safari/537.36"
91.224.92.127 - - [17/Jul/2026:00:35:20 +0000] "GET /wp-admin/ HTTP/1.1" 302 0 "https://www.facebook.com/" "Mozilla/5.0 (Windows NT 11.0; Win64; x64) AppleWebKit/537.36 (KHTML, like Gecko) Chrome/120.0.0.0 Safari/537.36"
91.224.92.127 - - [17/Jul/2026:00:35:22 +0000] "GET /wp-login.php?redirect_to=https%3A%2F%2Fwishcard365.com%2Fwp-admin%2F&reauth=1 HTTP/1.1" 200 2840 "https://www.facebook.com/" "Mozilla/5.0 (Windows NT 11.0; Win64; x64) AppleWebKit/537.36 (KHTML, like Gecko) Chrome/120.0.0.0 Safari/537.36"
194.39.149.53 - - [17/Jul/2026:00:36:37 +0000] "POST /wp-cron.php?doing_wp_cron=1784248596.9801499843597412109375 HTTP/1.1" 200 0 "-" "WordPress/7.0.1; https://wishcard365.com"
114.119.137.98 - - [17/Jul/2026:00:36:35 +0000] "GET /faq/ HTTP/1.1" 200 55773 "https://wishcard365.com/faq" "Mozilla/5.0 (Linux; Android 7.0;) AppleWebKit/537.36 (HTML, like Gecko) Mobile Safari/537.36 (compatible; PetalBot;+https://webmaster.petalsearch.com/site/petalbot)"
194.39.149.53 - - [17/Jul/2026:00:38:00 +0000] "POST /wp-cron.php?doing_wp_cron=1784248680.3455359935760498046875 HTTP/1.1" 200 0 "-" "WordPress/7.0.1; https://wishcard365.com"
114.119.130.67 - - [17/Jul/2026:00:37:59 +0000] "GET /contact-us HTTP/1.1" 301 0 "https://wishcard365.com/contact-us" "Mozilla/5.0 (Linux; Android 7.0;) AppleWebKit/537.36 (HTML, like Gecko) Mobile Safari/537.36 (compatible; PetalBot;+https://webmaster.petalsearch.com/site/petalbot)"
114.119.130.67 - - [17/Jul/2026:00:38:01 +0000] "GET /contact-us-2/ HTTP/1.1" 200 30819 "https://wishcard365.com/contact-us" "Mozilla/5.0 (Linux; Android 7.0;) AppleWebKit/537.36 (HTML, like Gecko) Mobile Safari/537.36 (compatible; PetalBot;+https://webmaster.petalsearch.com/site/petalbot)"
194.39.149.53 - - [17/Jul/2026:00:39:24 +0000] "POST /wp-cron.php?doing_wp_cron=1784248763.9067959785461425781250 HTTP/1.1" 200 0 "-" "WordPress/7.0.1; https://wishcard365.com"
114.119.137.98 - - [17/Jul/2026:00:39:22 +0000] "GET /about-us-2/ HTTP/1.1" 200 34161 "https://wishcard365.com/about-us-2/" "Mozilla/5.0 (Linux; Android 7.0;) AppleWebKit/537.36 (HTML, like Gecko) Mobile Safari/537.36 (compatible; PetalBot;+https://webmaster.petalsearch.com/site/petalbot)"
194.39.149.53 - - [17/Jul/2026:00:40:47 +0000] "POST /wp-cron.php?doing_wp_cron=1784248847.4495050907135009765625 HTTP/1.1" 200 0 "-" "WordPress/7.0.1; https://wishcard365.com"
114.119.137.98 - - [17/Jul/2026:00:40:46 +0000] "GET /about-us-2 HTTP/1.1" 301 0 "https://wishcard365.com/about-us-2" "Mozilla/5.0 (Linux; Android 7.0;) AppleWebKit/537.36 (HTML, like Gecko) Mobile Safari/537.36 (compatible; PetalBot;+https://webmaster.petalsearch.com/site/petalbot)"
114.119.137.98 - - [17/Jul/2026:00:40:48 +0000] "GET /about-us-2/ HTTP/1.1" 200 34162 "https://wishcard365.com/about-us-2" "Mozilla/5.0 (Linux; Android 7.0;) AppleWebKit/537.36 (HTML, like Gecko) Mobile Safari/537.36 (compatible; PetalBot;+https://webmaster.petalsearch.com/site/petalbot)"
43.159.148.221 - - [17/Jul/2026:00:41:17 +0000] "GET /login/embed/ HTTP/1.1" 200 6829 "-" "Mozilla/5.0 (iPhone; CPU iPhone OS 13_2_3 like Mac OS X) AppleWebKit/605.1.15 (KHTML, like Gecko) Version/13.0.3 Mobile/15E148 Safari/604.1"
194.39.149.53 - - [17/Jul/2026:00:42:10 +0000] "POST /wp-cron.php?doing_wp_cron=1784248930.8051819801330566406250 HTTP/1.1" 200 0 "-" "WordPress/7.0.1; https://wishcard365.com"
114.119.141.228 - - [17/Jul/2026:00:42:09 +0000] "GET /21-asian-owned-beauty-brands-to-support-now-and-forever/ HTTP/1.1" 200 34553 "https://wishcard365.com/category/fashion/" "Mozilla/5.0 (Linux; Android 7.0;) AppleWebKit/537.36 (HTML, like Gecko) Mobile Safari/537.36 (compatible; PetalBot;+https://webmaster.petalsearch.com/site/petalbot)"
45.32.103.140 - - [17/Jul/2026:00:42:25 +0000] "GET /wp-login.php HTTP/2" 200 2831 "-" "Mozilla/5.0 (iPhone; CPU iPhone OS 18_0 like Mac OS X) AppleWebKit/605.1.15 (KHTML, like Gecko) CriOS/145.0.6917.0 Mobile/15E148 Safari/604.1"
103.171.88.220 - - [17/Jul/2026:00:42:29 +0000] "GET /wp-login.php HTTP/2" 200 2831 "-" "Mozilla/5.0 (iPhone; CPU iPhone OS 18_0 like Mac OS X) AppleWebKit/605.1.15 (KHTML, like Gecko) CriOS/147.0.6917.0 Mobile/15E148 Safari/604.1"
194.39.149.53 - - [17/Jul/2026:00:45:36 +0000] "POST /wp-cron.php?doing_wp_cron=1784249136.6989519596099853515625 HTTP/1.1" 200 0 "-" "WordPress/7.0.1; https://wishcard365.com"
167.58.190.89 - - [17/Jul/2026:00:45:33 +0000] "GET / HTTP/1.1" 200 43516 "-" "Python/3.12 aiohttp/3.14.1"
194.39.149.53 - - [17/Jul/2026:00:50:11 +0000] "POST /wp-cron.php?doing_wp_cron=1784249411.7967309951782226562500 HTTP/1.1" 200 0 "-" "WordPress/7.0.1; https://wishcard365.com"
43.163.80.48 - - [17/Jul/2026:00:50:09 +0000] "GET /wp-json/oembed/1.0/embed?url=https%3A%2F%2Fwishcard365.com%2Flogin%2F HTTP/1.1" 200 1087 "-" "Mozilla/5.0 (iPhone; CPU iPhone OS 13_2_3 like Mac OS X) AppleWebKit/605.1.15 (KHTML, like Gecko) Version/13.0.3 Mobile/15E148 Safari/604.1"
35.254.244.123 - - [17/Jul/2026:00:58:53 +0000] "POST / HTTP/1.1" 200 0 "https://www.wishcard365.keeloil.com/" "Mozilla/5.0 (Windows NT 10.0; Win64; x64) AppleWebKit/537.36 (KHTML, like Gecko) Chrome/146.0.0.0 Safari/537.36"
194.39.149.53 - - [17/Jul/2026:00:58:55 +0000] "POST /wp-cron.php?doing_wp_cron=1784249935.2190029621124267578125 HTTP/1.1" 200 0 "-" "WordPress/7.0.1; https://wishcard365.com"
194.39.149.53 - - [17/Jul/2026:01:01:37 +0000] "POST /wp-cron.php?doing_wp_cron=1784250097.1156508922576904296875 HTTP/1.1" 200 0 "-" "WordPress/7.0.1; https://wishcard365.com"
43.130.74.193 - - [17/Jul/2026:01:01:35 +0000] "GET /wp-json/oembed/1.0/embed?url=https%3A%2F%2Fwishcard365.com%2Faffiliate-area%2F&format=xml HTTP/1.1" 200 1124 "-" "Mozilla/5.0 (iPhone; CPU iPhone OS 13_2_3 like Mac OS X) AppleWebKit/605.1.15 (KHTML, like Gecko) Version/13.0.3 Mobile/15E148 Safari/604.1"
194.39.149.53 - - [17/Jul/2026:01:09:33 +0000] "POST /wp-cron.php?doing_wp_cron=1784250573.7540578842163085937500 HTTP/1.1" 200 0 "-" "WordPress/7.0.1; https://wishcard365.com"
101.33.66.34 - - [17/Jul/2026:01:09:30 +0000] "GET /wp-login.php HTTP/1.1" 200 3159 "-" "Mozilla/5.0 (iPhone; CPU iPhone OS 13_2_3 like Mac OS X) AppleWebKit/605.1.15 (KHTML, like Gecko) Version/13.0.3 Mobile/15E148 Safari/604.1"
194.39.149.53 - - [17/Jul/2026:01:18:05 +0000] "POST /wp-cron.php?doing_wp_cron=1784251085.3259859085083007812500 HTTP/1.1" 200 0 "-" "WordPress/7.0.1; https://wishcard365.com"
114.119.137.153 - - [17/Jul/2026:01:18:04 +0000] "GET /law-roach-walks-us-through-zendayas-oscars-diamonds HTTP/1.1" 301 0 "https://wishcard365.com/law-roach-walks-us-through-zendayas-oscars-diamonds" "Mozilla/5.0 (Linux; Android 7.0;) AppleWebKit/537.36 (HTML, like Gecko) Mobile Safari/537.36 (compatible; PetalBot;+https://webmaster.petalsearch.com/site/petalbot)"
