20.195.181.252 - - [16/Jul/2026:21:41:42 +0000] "GET /file56.php HTTP/1.1" 401 53 "-" "Mozilla/5.0 (Windows NT 10.0; Win64; x64) AppleWebKit/537.36 (KHTML, like Gecko) Chrome/120.0.0.0 Safari/537.36"
20.195.181.252 - - [16/Jul/2026:21:41:42 +0000] "GET /wp-includes/PHPMailer/admin.php HTTP/1.1" 401 53 "-" "Mozilla/5.0 (Windows NT 10.0; Win64; x64) AppleWebKit/537.36 (KHTML, like Gecko) Chrome/120.0.0.0 Safari/537.36"
20.195.181.252 - - [16/Jul/2026:21:41:42 +0000] "GET /wp-admin/css/index.php HTTP/1.1" 401 53 "-" "Mozilla/5.0 (Windows NT 10.0; Win64; x64) AppleWebKit/537.36 (KHTML, like Gecko) Chrome/120.0.0.0 Safari/537.36"
20.195.181.252 - - [16/Jul/2026:21:41:42 +0000] "GET /wp-content/edit.php HTTP/1.1" 401 53 "-" "Mozilla/5.0 (Windows NT 10.0; Win64; x64) AppleWebKit/537.36 (KHTML, like Gecko) Chrome/120.0.0.0 Safari/537.36"
20.195.181.252 - - [16/Jul/2026:21:41:42 +0000] "GET /2.php HTTP/1.1" 401 53 "-" "Mozilla/5.0 (Windows NT 10.0; Win64; x64) AppleWebKit/537.36 (KHTML, like Gecko) Chrome/120.0.0.0 Safari/537.36"
20.195.181.252 - - [16/Jul/2026:21:41:42 +0000] "GET /wp-content/uploads/admin.php HTTP/1.1" 401 53 "-" "Mozilla/5.0 (Windows NT 10.0; Win64; x64) AppleWebKit/537.36 (KHTML, like Gecko) Chrome/120.0.0.0 Safari/537.36"
20.195.181.252 - - [16/Jul/2026:21:41:43 +0000] "GET /mah.php HTTP/1.1" 401 53 "-" "Mozilla/5.0 (Windows NT 10.0; Win64; x64) AppleWebKit/537.36 (KHTML, like Gecko) Chrome/120.0.0.0 Safari/537.36"
20.195.181.252 - - [16/Jul/2026:21:41:43 +0000] "GET /send.php HTTP/1.1" 401 53 "-" "Mozilla/5.0 (Windows NT 10.0; Win64; x64) AppleWebKit/537.36 (KHTML, like Gecko) Chrome/120.0.0.0 Safari/537.36"
20.195.181.252 - - [16/Jul/2026:21:41:43 +0000] "GET /wp-content/plugins/dummyyummy/wp-signup.php HTTP/1.1" 401 53 "-" "Mozilla/5.0 (Windows NT 10.0; Win64; x64) AppleWebKit/537.36 (KHTML, like Gecko) Chrome/120.0.0.0 Safari/537.36"
20.195.181.252 - - [16/Jul/2026:21:41:43 +0000] "GET /wp-includes/js/crop/ HTTP/1.1" 401 53 "-" "Mozilla/5.0 (Windows NT 10.0; Win64; x64) AppleWebKit/537.36 (KHTML, like Gecko) Chrome/120.0.0.0 Safari/537.36"
20.195.181.252 - - [16/Jul/2026:21:41:43 +0000] "GET /about.php HTTP/1.1" 401 53 "-" "Mozilla/5.0 (Windows NT 10.0; Win64; x64) AppleWebKit/537.36 (KHTML, like Gecko) Chrome/120.0.0.0 Safari/537.36"
20.195.181.252 - - [16/Jul/2026:21:41:44 +0000] "GET /options.php HTTP/1.1" 401 53 "-" "Mozilla/5.0 (Windows NT 10.0; Win64; x64) AppleWebKit/537.36 (KHTML, like Gecko) Chrome/120.0.0.0 Safari/537.36"
20.195.181.252 - - [16/Jul/2026:21:41:44 +0000] "GET /wp-content/themes/index.php HTTP/1.1" 401 53 "-" "Mozilla/5.0 (Windows NT 10.0; Win64; x64) AppleWebKit/537.36 (KHTML, like Gecko) Chrome/120.0.0.0 Safari/537.36"
20.195.181.252 - - [16/Jul/2026:21:41:44 +0000] "GET /wp-file.php HTTP/1.1" 401 53 "-" "Mozilla/5.0 (Windows NT 10.0; Win64; x64) AppleWebKit/537.36 (KHTML, like Gecko) Chrome/120.0.0.0 Safari/537.36"
20.195.181.252 - - [16/Jul/2026:21:41:44 +0000] "GET /init.php HTTP/1.1" 401 53 "-" "Mozilla/5.0 (Windows NT 10.0; Win64; x64) AppleWebKit/537.36 (KHTML, like Gecko) Chrome/120.0.0.0 Safari/537.36"
20.195.181.252 - - [16/Jul/2026:21:41:44 +0000] "GET /sid3.php HTTP/1.1" 401 53 "-" "Mozilla/5.0 (Windows NT 10.0; Win64; x64) AppleWebKit/537.36 (KHTML, like Gecko) Chrome/120.0.0.0 Safari/537.36"
20.195.181.252 - - [16/Jul/2026:21:41:44 +0000] "GET /themes.php HTTP/1.1" 401 53 "-" "Mozilla/5.0 (Windows NT 10.0; Win64; x64) AppleWebKit/537.36 (KHTML, like Gecko) Chrome/120.0.0.0 Safari/537.36"
20.195.181.252 - - [16/Jul/2026:21:41:45 +0000] "GET /wp-content/plugins/index.php HTTP/1.1" 401 53 "-" "Mozilla/5.0 (Windows NT 10.0; Win64; x64) AppleWebKit/537.36 (KHTML, like Gecko) Chrome/120.0.0.0 Safari/537.36"
20.195.181.252 - - [16/Jul/2026:21:41:45 +0000] "GET /admin/controller/extension/extension/ HTTP/1.1" 401 53 "-" "Mozilla/5.0 (Windows NT 10.0; Win64; x64) AppleWebKit/537.36 (KHTML, like Gecko) Chrome/120.0.0.0 Safari/537.36"
20.195.181.252 - - [16/Jul/2026:21:41:45 +0000] "GET /goods.php HTTP/1.1" 401 53 "-" "Mozilla/5.0 (Windows NT 10.0; Win64; x64) AppleWebKit/537.36 (KHTML, like Gecko) Chrome/120.0.0.0 Safari/537.36"
20.195.181.252 - - [16/Jul/2026:21:41:45 +0000] "GET /wp-includes/css/dist/widgets/ HTTP/1.1" 401 53 "-" "Mozilla/5.0 (Windows NT 10.0; Win64; x64) AppleWebKit/537.36 (KHTML, like Gecko) Chrome/120.0.0.0 Safari/537.36"
20.195.181.252 - - [16/Jul/2026:21:41:45 +0000] "GET /wp-admin/images/index.php HTTP/1.1" 401 53 "-" "Mozilla/5.0 (Windows NT 10.0; Win64; x64) AppleWebKit/537.36 (KHTML, like Gecko) Chrome/120.0.0.0 Safari/537.36"
20.195.181.252 - - [16/Jul/2026:21:41:46 +0000] "GET /num.php HTTP/1.1" 401 53 "-" "Mozilla/5.0 (Windows NT 10.0; Win64; x64) AppleWebKit/537.36 (KHTML, like Gecko) Chrome/120.0.0.0 Safari/537.36"
20.195.181.252 - - [16/Jul/2026:21:41:46 +0000] "GET /wp-admin/css/colors/ocean/ HTTP/1.1" 401 53 "-" "Mozilla/5.0 (Windows NT 10.0; Win64; x64) AppleWebKit/537.36 (KHTML, like Gecko) Chrome/120.0.0.0 Safari/537.36"
20.195.181.252 - - [16/Jul/2026:21:41:46 +0000] "GET /wp-content/et-cache/ HTTP/1.1" 401 53 "-" "Mozilla/5.0 (Windows NT 10.0; Win64; x64) AppleWebKit/537.36 (KHTML, like Gecko) Chrome/120.0.0.0 Safari/537.36"
20.195.181.252 - - [16/Jul/2026:21:41:46 +0000] "GET /wp-admin/images/admin.php HTTP/1.1" 401 53 "-" "Mozilla/5.0 (Windows NT 10.0; Win64; x64) AppleWebKit/537.36 (KHTML, like Gecko) Chrome/120.0.0.0 Safari/537.36"
20.195.181.252 - - [16/Jul/2026:21:41:46 +0000] "GET /wp-content/upgrade/index.php HTTP/1.1" 401 53 "-" "Mozilla/5.0 (Windows NT 10.0; Win64; x64) AppleWebKit/537.36 (KHTML, like Gecko) Chrome/120.0.0.0 Safari/537.36"
20.195.181.252 - - [16/Jul/2026:21:41:46 +0000] "GET /wp-includes/SimplePie/index.php HTTP/1.1" 401 53 "-" "Mozilla/5.0 (Windows NT 10.0; Win64; x64) AppleWebKit/537.36 (KHTML, like Gecko) Chrome/120.0.0.0 Safari/537.36"
20.195.181.252 - - [16/Jul/2026:21:41:47 +0000] "GET /gifclass.php HTTP/1.1" 401 53 "-" "Mozilla/5.0 (Windows NT 10.0; Win64; x64) AppleWebKit/537.36 (KHTML, like Gecko) Chrome/120.0.0.0 Safari/537.36"
20.195.181.252 - - [16/Jul/2026:21:41:47 +0000] "GET /wp-includes/certificates/ HTTP/1.1" 401 53 "-" "Mozilla/5.0 (Windows NT 10.0; Win64; x64) AppleWebKit/537.36 (KHTML, like Gecko) Chrome/120.0.0.0 Safari/537.36"
20.195.181.252 - - [16/Jul/2026:21:41:47 +0000] "GET /222.php HTTP/1.1" 401 53 "-" "Mozilla/5.0 (Windows NT 10.0; Win64; x64) AppleWebKit/537.36 (KHTML, like Gecko) Chrome/120.0.0.0 Safari/537.36"
20.195.181.252 - - [16/Jul/2026:21:41:47 +0000] "GET /wp-content/plugins/admin.php HTTP/1.1" 401 53 "-" "Mozilla/5.0 (Windows NT 10.0; Win64; x64) AppleWebKit/537.36 (KHTML, like Gecko) Chrome/120.0.0.0 Safari/537.36"
20.195.181.252 - - [16/Jul/2026:21:41:47 +0000] "GET /css/index.php HTTP/1.1" 401 53 "-" "Mozilla/5.0 (Windows NT 10.0; Win64; x64) AppleWebKit/537.36 (KHTML, like Gecko) Chrome/120.0.0.0 Safari/537.36"
20.195.181.252 - - [16/Jul/2026:21:41:48 +0000] "GET /wp-cron.php HTTP/1.1" 401 53 "-" "Mozilla/5.0 (Windows NT 10.0; Win64; x64) AppleWebKit/537.36 (KHTML, like Gecko) Chrome/120.0.0.0 Safari/537.36"
20.195.181.252 - - [16/Jul/2026:21:41:48 +0000] "GET /wp-block.php HTTP/1.1" 401 53 "-" "Mozilla/5.0 (Windows NT 10.0; Win64; x64) AppleWebKit/537.36 (KHTML, like Gecko) Chrome/120.0.0.0 Safari/537.36"
20.195.181.252 - - [16/Jul/2026:21:41:48 +0000] "GET /wp-includes/fonts/admin.php HTTP/1.1" 401 53 "-" "Mozilla/5.0 (Windows NT 10.0; Win64; x64) AppleWebKit/537.36 (KHTML, like Gecko) Chrome/120.0.0.0 Safari/537.36"
20.195.181.252 - - [16/Jul/2026:21:41:48 +0000] "GET /wp-admin/css/colors/modern/ HTTP/1.1" 401 53 "-" "Mozilla/5.0 (Windows NT 10.0; Win64; x64) AppleWebKit/537.36 (KHTML, like Gecko) Chrome/120.0.0.0 Safari/537.36"
20.195.181.252 - - [16/Jul/2026:21:41:48 +0000] "GET /classwithtostring.php HTTP/1.1" 401 53 "-" "Mozilla/5.0 (Windows NT 10.0; Win64; x64) AppleWebKit/537.36 (KHTML, like Gecko) Chrome/120.0.0.0 Safari/537.36"
20.195.181.252 - - [16/Jul/2026:21:41:48 +0000] "GET /test1.php HTTP/1.1" 401 53 "-" "Mozilla/5.0 (Windows NT 10.0; Win64; x64) AppleWebKit/537.36 (KHTML, like Gecko) Chrome/120.0.0.0 Safari/537.36"
20.195.181.252 - - [16/Jul/2026:21:41:49 +0000] "GET /wp-admin/images/ HTTP/1.1" 401 53 "-" "Mozilla/5.0 (Windows NT 10.0; Win64; x64) AppleWebKit/537.36 (KHTML, like Gecko) Chrome/120.0.0.0 Safari/537.36"
20.195.181.252 - - [16/Jul/2026:21:41:49 +0000] "GET /images/index.php HTTP/1.1" 401 53 "-" "Mozilla/5.0 (Windows NT 10.0; Win64; x64) AppleWebKit/537.36 (KHTML, like Gecko) Chrome/120.0.0.0 Safari/537.36"
20.195.181.252 - - [16/Jul/2026:21:41:49 +0000] "GET /wp-includes/rest-api/fields/ HTTP/1.1" 401 53 "-" "Mozilla/5.0 (Windows NT 10.0; Win64; x64) AppleWebKit/537.36 (KHTML, like Gecko) Chrome/120.0.0.0 Safari/537.36"
20.195.181.252 - - [16/Jul/2026:21:41:49 +0000] "GET /asd.php HTTP/1.1" 401 53 "-" "Mozilla/5.0 (Windows NT 10.0; Win64; x64) AppleWebKit/537.36 (KHTML, like Gecko) Chrome/120.0.0.0 Safari/537.36"
20.195.181.252 - - [16/Jul/2026:21:41:49 +0000] "GET /wp-includes/customize/index.php HTTP/1.1" 401 53 "-" "Mozilla/5.0 (Windows NT 10.0; Win64; x64) AppleWebKit/537.36 (KHTML, like Gecko) Chrome/120.0.0.0 Safari/537.36"
20.195.181.252 - - [16/Jul/2026:21:41:49 +0000] "GET /wp-content/plugins/core-plugin/include.php HTTP/1.1" 401 53 "-" "Mozilla/5.0 (Windows NT 10.0; Win64; x64) AppleWebKit/537.36 (KHTML, like Gecko) Chrome/120.0.0.0 Safari/537.36"
20.195.181.252 - - [16/Jul/2026:21:41:50 +0000] "GET /atomlib.php HTTP/1.1" 401 53 "-" "Mozilla/5.0 (Windows NT 10.0; Win64; x64) AppleWebKit/537.36 (KHTML, like Gecko) Chrome/120.0.0.0 Safari/537.36"
20.195.181.252 - - [16/Jul/2026:21:41:50 +0000] "GET /wp-includes/html-api/ HTTP/1.1" 401 53 "-" "Mozilla/5.0 (Windows NT 10.0; Win64; x64) AppleWebKit/537.36 (KHTML, like Gecko) Chrome/120.0.0.0 Safari/537.36"
20.195.181.252 - - [16/Jul/2026:21:41:50 +0000] "GET /wp-admin/js/ HTTP/1.1" 401 53 "-" "Mozilla/5.0 (Windows NT 10.0; Win64; x64) AppleWebKit/537.36 (KHTML, like Gecko) Chrome/120.0.0.0 Safari/537.36"
20.195.181.252 - - [16/Jul/2026:21:41:50 +0000] "GET /wp-includes/IXR/chosen.php HTTP/1.1" 401 53 "-" "Mozilla/5.0 (Windows NT 10.0; Win64; x64) AppleWebKit/537.36 (KHTML, like Gecko) Chrome/120.0.0.0 Safari/537.36"
20.195.181.252 - - [16/Jul/2026:21:41:50 +0000] "GET /wp-admin/css/colors/ectoplasm/ HTTP/1.1" 401 53 "-" "Mozilla/5.0 (Windows NT 10.0; Win64; x64) AppleWebKit/537.36 (KHTML, like Gecko) Chrome/120.0.0.0 Safari/537.36"
20.195.181.252 - - [16/Jul/2026:21:41:50 +0000] "GET /wp-includes/blocks/block/ HTTP/1.1" 401 53 "-" "Mozilla/5.0 (Windows NT 10.0; Win64; x64) AppleWebKit/537.36 (KHTML, like Gecko) Chrome/120.0.0.0 Safari/537.36"
20.195.181.252 - - [16/Jul/2026:21:41:50 +0000] "GET /wp-includes/pomo/ HTTP/1.1" 401 53 "-" "Mozilla/5.0 (Windows NT 10.0; Win64; x64) AppleWebKit/537.36 (KHTML, like Gecko) Chrome/120.0.0.0 Safari/537.36"
20.195.181.252 - - [16/Jul/2026:21:41:51 +0000] "GET /wp-includes/rest-api/ HTTP/1.1" 401 53 "-" "Mozilla/5.0 (Windows NT 10.0; Win64; x64) AppleWebKit/537.36 (KHTML, like Gecko) Chrome/120.0.0.0 Safari/537.36"
20.195.181.252 - - [16/Jul/2026:21:41:51 +0000] "GET /inputs.php HTTP/1.1" 401 53 "-" "Mozilla/5.0 (Windows NT 10.0; Win64; x64) AppleWebKit/537.36 (KHTML, like Gecko) Chrome/120.0.0.0 Safari/537.36"
20.195.181.252 - - [16/Jul/2026:21:41:51 +0000] "GET /wp-content/index.php HTTP/1.1" 401 53 "-" "Mozilla/5.0 (Windows NT 10.0; Win64; x64) AppleWebKit/537.36 (KHTML, like Gecko) Chrome/120.0.0.0 Safari/537.36"
20.195.181.252 - - [16/Jul/2026:21:41:51 +0000] "GET /wp-admin/network/index.php HTTP/1.1" 401 53 "-" "Mozilla/5.0 (Windows NT 10.0; Win64; x64) AppleWebKit/537.36 (KHTML, like Gecko) Chrome/120.0.0.0 Safari/537.36"
20.195.181.252 - - [16/Jul/2026:21:41:51 +0000] "GET /wp-content/1.php HTTP/1.1" 401 53 "-" "Mozilla/5.0 (Windows NT 10.0; Win64; x64) AppleWebKit/537.36 (KHTML, like Gecko) Chrome/120.0.0.0 Safari/537.36"
20.195.181.252 - - [16/Jul/2026:21:41:52 +0000] "GET /plugin.php HTTP/1.1" 401 53 "-" "Mozilla/5.0 (Windows NT 10.0; Win64; x64) AppleWebKit/537.36 (KHTML, like Gecko) Chrome/120.0.0.0 Safari/537.36"
20.195.181.252 - - [16/Jul/2026:21:41:52 +0000] "GET /1.php HTTP/1.1" 401 53 "-" "Mozilla/5.0 (Windows NT 10.0; Win64; x64) AppleWebKit/537.36 (KHTML, like Gecko) Chrome/120.0.0.0 Safari/537.36"
20.195.181.252 - - [16/Jul/2026:21:41:52 +0000] "GET /gg.php HTTP/1.1" 401 53 "-" "Mozilla/5.0 (Windows NT 10.0; Win64; x64) AppleWebKit/537.36 (KHTML, like Gecko) Chrome/120.0.0.0 Safari/537.36"
20.195.181.252 - - [16/Jul/2026:21:41:52 +0000] "GET /wp-includes/images/crystal/ HTTP/1.1" 401 53 "-" "Mozilla/5.0 (Windows NT 10.0; Win64; x64) AppleWebKit/537.36 (KHTML, like Gecko) Chrome/120.0.0.0 Safari/537.36"
20.195.181.252 - - [16/Jul/2026:21:41:52 +0000] "GET /aa.php HTTP/1.1" 401 53 "-" "Mozilla/5.0 (Windows NT 10.0; Win64; x64) AppleWebKit/537.36 (KHTML, like Gecko) Chrome/120.0.0.0 Safari/537.36"
20.195.181.252 - - [16/Jul/2026:21:41:52 +0000] "GET /wp-content/languages/index.php HTTP/1.1" 401 53 "-" "Mozilla/5.0 (Windows NT 10.0; Win64; x64) AppleWebKit/537.36 (KHTML, like Gecko) Chrome/120.0.0.0 Safari/537.36"
20.195.181.252 - - [16/Jul/2026:21:41:53 +0000] "GET /wp.php HTTP/1.1" 401 53 "-" "Mozilla/5.0 (Windows NT 10.0; Win64; x64) AppleWebKit/537.36 (KHTML, like Gecko) Chrome/120.0.0.0 Safari/537.36"
20.195.181.252 - - [16/Jul/2026:21:41:53 +0000] "GET /wp-includes/blocks/about.php HTTP/1.1" 401 53 "-" "Mozilla/5.0 (Windows NT 10.0; Win64; x64) AppleWebKit/537.36 (KHTML, like Gecko) Chrome/120.0.0.0 Safari/537.36"
20.195.181.252 - - [16/Jul/2026:21:41:53 +0000] "GET /wp-admin/file.php HTTP/1.1" 401 53 "-" "Mozilla/5.0 (Windows NT 10.0; Win64; x64) AppleWebKit/537.36 (KHTML, like Gecko) Chrome/120.0.0.0 Safari/537.36"
20.195.181.252 - - [16/Jul/2026:21:41:53 +0000] "GET /wp-admin/user/index.php HTTP/1.1" 401 53 "-" "Mozilla/5.0 (Windows NT 10.0; Win64; x64) AppleWebKit/537.36 (KHTML, like Gecko) Chrome/120.0.0.0 Safari/537.36"
20.195.181.252 - - [16/Jul/2026:21:41:53 +0000] "GET /wp-content/plugins/WordPressCore/ HTTP/1.1" 401 53 "-" "Mozilla/5.0 (Windows NT 10.0; Win64; x64) AppleWebKit/537.36 (KHTML, like Gecko) Chrome/120.0.0.0 Safari/537.36"
20.195.181.252 - - [16/Jul/2026:21:41:54 +0000] "GET /wp-admin/css/colors/blue/admin.php HTTP/1.1" 401 53 "-" "Mozilla/5.0 (Windows NT 10.0; Win64; x64) AppleWebKit/537.36 (KHTML, like Gecko) Chrome/120.0.0.0 Safari/537.36"
20.195.181.252 - - [16/Jul/2026:21:41:54 +0000] "GET /index/function.php HTTP/1.1" 401 53 "-" "Mozilla/5.0 (Windows NT 10.0; Win64; x64) AppleWebKit/537.36 (KHTML, like Gecko) Chrome/120.0.0.0 Safari/537.36"
20.195.181.252 - - [16/Jul/2026:21:41:54 +0000] "GET /wp-includes/PHPMailer/ HTTP/1.1" 401 53 "-" "Mozilla/5.0 (Windows NT 10.0; Win64; x64) AppleWebKit/537.36 (KHTML, like Gecko) Chrome/120.0.0.0 Safari/537.36"
20.195.181.252 - - [16/Jul/2026:21:41:54 +0000] "GET /wp-includes/css/ HTTP/1.1" 401 53 "-" "Mozilla/5.0 (Windows NT 10.0; Win64; x64) AppleWebKit/537.36 (KHTML, like Gecko) Chrome/120.0.0.0 Safari/537.36"
194.39.149.53 - - [16/Jul/2026:21:42:58 +0000] "POST /wp-cron.php?doing_wp_cron=1784238178.4980340003967285156250 HTTP/1.1" 200 0 "-" "WordPress/7.0.1; https://wishcard365.com"
43.130.139.177 - - [16/Jul/2026:21:42:57 +0000] "GET /wp-json/wp/v2/posts/2304 HTTP/1.1" 200 3206 "-" "Mozilla/5.0 (iPhone; CPU iPhone OS 13_2_3 like Mac OS X) AppleWebKit/605.1.15 (KHTML, like Gecko) Version/13.0.3 Mobile/15E148 Safari/604.1"
20.46.252.52 - - [16/Jul/2026:21:47:30 +0000] "GET /wp-admin/options.php HTTP/1.1" 302 0 "-" "-"
194.39.149.53 - - [16/Jul/2026:21:47:35 +0000] "POST /wp-cron.php?doing_wp_cron=1784238455.8106648921966552734375 HTTP/1.1" 200 0 "-" "WordPress/7.0.1; https://wishcard365.com"
20.46.252.52 - - [16/Jul/2026:21:47:33 +0000] "GET /wp-login.php?redirect_to=https%3A%2F%2Fwishcard365.keeloil.com%2Fwp-admin%2Foptions.php&reauth=1 HTTP/1.1" 200 9890 "-" "-"
63.135.161.140 - - [16/Jul/2026:21:49:48 +0000] "POST /wp-login.php HTTP/1.1" 200 3245 "-" "Mozilla/5.0 (Macintosh; Intel Mac OS X 10_15_7) AppleWebKit/605.1.15 Version/17.0 Safari/605.1.15"
194.39.149.53 - - [16/Jul/2026:21:51:29 +0000] "POST /wp-cron.php?doing_wp_cron=1784238689.8587369918823242187500 HTTP/1.1" 200 0 "-" "WordPress/7.0.1; https://wishcard365.com"
170.106.197.109 - - [16/Jul/2026:21:51:27 +0000] "GET /affiliate-area/?affiliates-dashboard-section=login HTTP/1.1" 200 33157 "-" "Mozilla/5.0 (iPhone; CPU iPhone OS 13_2_3 like Mac OS X) AppleWebKit/605.1.15 (KHTML, like Gecko) Version/13.0.3 Mobile/15E148 Safari/604.1"
4.194.24.143 - - [16/Jul/2026:21:57:28 +0000] "GET /.dj/index.php HTTP/1.1" 400 52 "-" "Mozilla/5.0 (Windows NT 10.0; Win64; x64) AppleWebKit/537.36 (KHTML, like Gecko) Chrome/120.0.0.0 Safari/537.36"
4.194.24.143 - - [16/Jul/2026:21:57:28 +0000] "GET /.tmb/ HTTP/1.1" 400 52 "-" "Mozilla/5.0 (Windows NT 10.0; Win64; x64) AppleWebKit/537.36 (KHTML, like Gecko) Chrome/120.0.0.0 Safari/537.36"
4.194.24.143 - - [16/Jul/2026:21:57:28 +0000] "GET /.trash7206/index.php HTTP/1.1" 400 52 "-" "Mozilla/5.0 (Windows NT 10.0; Win64; x64) AppleWebKit/537.36 (KHTML, like Gecko) Chrome/120.0.0.0 Safari/537.36"
4.194.24.143 - - [16/Jul/2026:21:57:28 +0000] "GET /.well-known/ HTTP/1.1" 400 52 "-" "Mozilla/5.0 (Windows NT 10.0; Win64; x64) AppleWebKit/537.36 (KHTML, like Gecko) Chrome/120.0.0.0 Safari/537.36"
4.194.24.143 - - [16/Jul/2026:21:57:28 +0000] "GET /.well-known/acme-challenge/ HTTP/1.1" 400 52 "-" "Mozilla/5.0 (Windows NT 10.0; Win64; x64) AppleWebKit/537.36 (KHTML, like Gecko) Chrome/120.0.0.0 Safari/537.36"
4.194.24.143 - - [16/Jul/2026:21:57:29 +0000] "GET /.well-known/gecko-litespeed.php HTTP/1.1" 400 52 "-" "Mozilla/5.0 (Windows NT 10.0; Win64; x64) AppleWebKit/537.36 (KHTML, like Gecko) Chrome/120.0.0.0 Safari/537.36"
4.194.24.143 - - [16/Jul/2026:21:57:29 +0000] "GET /.well-known/logs233/index.php HTTP/1.1" 400 52 "-" "Mozilla/5.0 (Windows NT 10.0; Win64; x64) AppleWebKit/537.36 (KHTML, like Gecko) Chrome/120.0.0.0 Safari/537.36"
4.194.24.143 - - [16/Jul/2026:21:57:29 +0000] "GET /.well-known/wp-cron.php HTTP/1.1" 400 52 "-" "Mozilla/5.0 (Windows NT 10.0; Win64; x64) AppleWebKit/537.36 (KHTML, like Gecko) Chrome/120.0.0.0 Safari/537.36"
4.194.24.143 - - [16/Jul/2026:21:57:29 +0000] "GET /0.kb-v3.php HTTP/1.1" 400 52 "-" "Mozilla/5.0 (Windows NT 10.0; Win64; x64) AppleWebKit/537.36 (KHTML, like Gecko) Chrome/120.0.0.0 Safari/537.36"
4.194.24.143 - - [16/Jul/2026:21:57:29 +0000] "GET /0.php HTTP/1.1" 400 52 "-" "Mozilla/5.0 (Windows NT 10.0; Win64; x64) AppleWebKit/537.36 (KHTML, like Gecko) Chrome/120.0.0.0 Safari/537.36"
4.194.24.143 - - [16/Jul/2026:21:57:30 +0000] "GET /002.php HTTP/1.1" 400 52 "-" "Mozilla/5.0 (Windows NT 10.0; Win64; x64) AppleWebKit/537.36 (KHTML, like Gecko) Chrome/120.0.0.0 Safari/537.36"
4.194.24.143 - - [16/Jul/2026:21:57:30 +0000] "GET /01.php HTTP/1.1" 400 52 "-" "Mozilla/5.0 (Windows NT 10.0; Win64; x64) AppleWebKit/537.36 (KHTML, like Gecko) Chrome/120.0.0.0 Safari/537.36"
4.194.24.143 - - [16/Jul/2026:21:57:30 +0000] "GET /0x.php HTTP/1.1" 400 52 "-" "Mozilla/5.0 (Windows NT 10.0; Win64; x64) AppleWebKit/537.36 (KHTML, like Gecko) Chrome/120.0.0.0 Safari/537.36"
4.194.24.143 - - [16/Jul/2026:21:57:30 +0000] "GET /1.php HTTP/1.1" 400 52 "-" "Mozilla/5.0 (Windows NT 10.0; Win64; x64) AppleWebKit/537.36 (KHTML, like Gecko) Chrome/120.0.0.0 Safari/537.36"
4.194.24.143 - - [16/Jul/2026:21:57:30 +0000] "GET /100.php HTTP/1.1" 400 52 "-" "Mozilla/5.0 (Windows NT 10.0; Win64; x64) AppleWebKit/537.36 (KHTML, like Gecko) Chrome/120.0.0.0 Safari/537.36"
4.194.24.143 - - [16/Jul/2026:21:57:31 +0000] "GET /122.php HTTP/1.1" 400 52 "-" "Mozilla/5.0 (Windows NT 10.0; Win64; x64) AppleWebKit/537.36 (KHTML, like Gecko) Chrome/120.0.0.0 Safari/537.36"
4.194.24.143 - - [16/Jul/2026:21:57:31 +0000] "GET /123.php HTTP/1.1" 400 52 "-" "Mozilla/5.0 (Windows NT 10.0; Win64; x64) AppleWebKit/537.36 (KHTML, like Gecko) Chrome/120.0.0.0 Safari/537.36"
4.194.24.143 - - [16/Jul/2026:21:57:31 +0000] "GET /13.php HTTP/1.1" 400 52 "-" "Mozilla/5.0 (Windows NT 10.0; Win64; x64) AppleWebKit/537.36 (KHTML, like Gecko) Chrome/120.0.0.0 Safari/537.36"
4.194.24.143 - - [16/Jul/2026:21:57:31 +0000] "GET /133.php HTTP/1.1" 400 52 "-" "Mozilla/5.0 (Windows NT 10.0; Win64; x64) AppleWebKit/537.36 (KHTML, like Gecko) Chrome/120.0.0.0 Safari/537.36"
4.194.24.143 - - [16/Jul/2026:21:57:32 +0000] "GET /155.php HTTP/1.1" 400 52 "-" "Mozilla/5.0 (Windows NT 10.0; Win64; x64) AppleWebKit/537.36 (KHTML, like Gecko) Chrome/120.0.0.0 Safari/537.36"
4.194.24.143 - - [16/Jul/2026:21:57:32 +0000] "GET /177.php HTTP/1.1" 400 52 "-" "Mozilla/5.0 (Windows NT 10.0; Win64; x64) AppleWebKit/537.36 (KHTML, like Gecko) Chrome/120.0.0.0 Safari/537.36"
4.194.24.143 - - [16/Jul/2026:21:57:32 +0000] "GET /1index.php HTTP/1.1" 400 52 "-" "Mozilla/5.0 (Windows NT 10.0; Win64; x64) AppleWebKit/537.36 (KHTML, like Gecko) Chrome/120.0.0.0 Safari/537.36"
4.194.24.143 - - [16/Jul/2026:21:57:32 +0000] "GET /2.php HTTP/1.1" 400 52 "-" "Mozilla/5.0 (Windows NT 10.0; Win64; x64) AppleWebKit/537.36 (KHTML, like Gecko) Chrome/120.0.0.0 Safari/537.36"
4.194.24.143 - - [16/Jul/2026:21:57:32 +0000] "GET /222.php HTTP/1.1" 400 52 "-" "Mozilla/5.0 (Windows NT 10.0; Win64; x64) AppleWebKit/537.36 (KHTML, like Gecko) Chrome/120.0.0.0 Safari/537.36"
4.194.24.143 - - [16/Jul/2026:21:57:33 +0000] "GET /2p.update.php HTTP/1.1" 400 52 "-" "Mozilla/5.0 (Windows NT 10.0; Win64; x64) AppleWebKit/537.36 (KHTML, like Gecko) Chrome/120.0.0.0 Safari/537.36"
4.194.24.143 - - [16/Jul/2026:21:57:33 +0000] "GET /3.php HTTP/1.1" 400 52 "-" "Mozilla/5.0 (Windows NT 10.0; Win64; x64) AppleWebKit/537.36 (KHTML, like Gecko) Chrome/120.0.0.0 Safari/537.36"
4.194.24.143 - - [16/Jul/2026:21:57:33 +0000] "GET /3pjcpmfsd8b.php HTTP/1.1" 400 52 "-" "Mozilla/5.0 (Windows NT 10.0; Win64; x64) AppleWebKit/537.36 (KHTML, like Gecko) Chrome/120.0.0.0 Safari/537.36"
4.194.24.143 - - [16/Jul/2026:21:57:33 +0000] "GET /403.php HTTP/1.1" 400 52 "-" "Mozilla/5.0 (Windows NT 10.0; Win64; x64) AppleWebKit/537.36 (KHTML, like Gecko) Chrome/120.0.0.0 Safari/537.36"
4.194.24.143 - - [16/Jul/2026:21:57:33 +0000] "GET /404.php HTTP/1.1" 400 52 "-" "Mozilla/5.0 (Windows NT 10.0; Win64; x64) AppleWebKit/537.36 (KHTML, like Gecko) Chrome/120.0.0.0 Safari/537.36"
194.39.149.53 - - [16/Jul/2026:21:59:01 +0000] "POST /wp-cron.php?doing_wp_cron=1784239141.3559451103210449218750 HTTP/1.1" 200 0 "-" "WordPress/7.0.1; https://wishcard365.com"
192.190.221.37 - - [16/Jul/2026:21:58:59 +0000] "GET /wp-login.php HTTP/2" 200 2831 "-" "Mozilla/5.0 (Windows NT 10.0; Win64; x64) AppleWebKit/537.36 (KHTML, like Gecko) Chrome/149.0.0.0 Safari/537.36"
20.153.140.50 - - [16/Jul/2026:21:59:08 +0000] "GET /wp-login.php HTTP/2" 200 2831 "-" "Mozilla/5.0 (Windows NT 10.0; Win64; x64) AppleWebKit/537.36 (KHTML, like Gecko) Chrome/145.0.0.0 Safari/537.36"
194.39.149.53 - - [16/Jul/2026:22:01:31 +0000] "POST /wp-cron.php?doing_wp_cron=1784239291.7092521190643310546875 HTTP/1.1" 200 0 "-" "WordPress/7.0.1; https://wishcard365.com"
43.135.145.117 - - [16/Jul/2026:22:01:28 +0000] "GET /wp-json/oembed/1.0/embed?url=https%3A%2F%2Fwishcard365.com%2Fanya-taylor-joy-wore-vera-wang-and-800000-of-tiffany-co-diamonds%2F HTTP/1.1" 200 1248 "-" "Mozilla/5.0 (iPhone; CPU iPhone OS 13_2_3 like Mac OS X) AppleWebKit/605.1.15 (KHTML, like Gecko) Version/13.0.3 Mobile/15E148 Safari/604.1"
194.39.149.53 - - [16/Jul/2026:22:11:04 +0000] "POST /wp-cron.php?doing_wp_cron=1784239864.0656421184539794921875 HTTP/1.1" 200 0 "-" "WordPress/7.0.1; https://wishcard365.com"
43.153.104.196 - - [16/Jul/2026:22:11:02 +0000] "GET /anya-taylor-joy-wore-vera-wang-and-800000-of-tiffany-co-diamonds/feed/ HTTP/1.1" 200 498 "-" "Mozilla/5.0 (iPhone; CPU iPhone OS 13_2_3 like Mac OS X) AppleWebKit/605.1.15 (KHTML, like Gecko) Version/13.0.3 Mobile/15E148 Safari/604.1"
194.39.149.53 - - [16/Jul/2026:22:13:25 +0000] "POST /wp-cron.php?doing_wp_cron=1784240005.1564249992370605468750 HTTP/1.1" 200 0 "-" "WordPress/7.0.1; https://wishcard365.com"
163.227.186.27 - - [16/Jul/2026:22:13:23 +0000] "GET /wp-login.php HTTP/2" 200 2831 "-" "Mozilla/5.0 (iPhone; CPU iPhone OS 26_4_2 like Mac OS X) AppleWebKit/605.1.15 (KHTML, like Gecko) CriOS/148.0.7778.47 Mobile/15E148 Safari/604.1"
192.36.71.133 - - [16/Jul/2026:22:14:45 +0000] "GET / HTTP/1.1" 200 43507 "http://wishcard365.com/" "Mozilla/5.0 (Windows NT 10.0; Win64; x64; rv:123.0) Gecko/20100101 Firefox/123"
91.92.241.196 - - [16/Jul/2026:22:15:17 +0000] "GET /.env HTTP/1.1" 400 52 "-" "Mozilla/5.0 (Windows NT 10.0; Win64; x64) AppleWebKit/537.36"
91.92.241.196 - - [16/Jul/2026:22:15:20 +0000] "GET /.env.production HTTP/1.1" 400 52 "-" "Mozilla/5.0 (Windows NT 10.0; Win64; x64) AppleWebKit/537.36"
91.92.241.196 - - [16/Jul/2026:22:15:21 +0000] "GET /api/.env HTTP/1.1" 400 52 "-" "Mozilla/5.0 (Windows NT 10.0; Win64; x64) AppleWebKit/537.36"
91.92.241.196 - - [16/Jul/2026:22:15:23 +0000] "GET /.aws/credentials HTTP/1.1" 400 52 "-" "Mozilla/5.0 (Windows NT 10.0; Win64; x64) AppleWebKit/537.36"
194.39.149.53 - - [16/Jul/2026:22:17:40 +0000] "POST /wp-cron.php?doing_wp_cron=1784240260.4188029766082763671875 HTTP/1.1" 200 0 "-" "WordPress/7.0.1; https://wishcard365.com"
57.141.0.48 - - [16/Jul/2026:22:17:39 +0000] "GET /wp-sitemap-taxonomies-category-1.xml HTTP/2" 200 758 "-" "Mozilla/5.0 (Macintosh; Intel Mac OS X 10_15_7) AppleWebKit/537.36 (KHTML, like Gecko) Chrome/145.0.0.0 Safari/537.36 (compatible; meta-externalagent/1.1 (+https://developers.facebook.com/docs/sharing/webmasters/crawler))"
194.39.149.53 - - [16/Jul/2026:22:18:43 +0000] "POST /wp-cron.php?doing_wp_cron=1784240323.6061849594116210937500 HTTP/1.1" 200 0 "-" "WordPress/7.0.1; https://wishcard365.com"
68.178.160.25 - - [16/Jul/2026:22:18:42 +0000] "GET /wp-login.php HTTP/2" 200 2831 "-" "Mozilla/5.0 (Linux; Android 10; K) AppleWebKit/537.36 (KHTML, like Gecko) Chrome/148.0.0.0 Mobile Safari/537.36"
97.74.93.24 - - [16/Jul/2026:22:18:43 +0000] "GET /wp-login.php HTTP/2" 200 2831 "-" "Mozilla/5.0 (Windows NT 10.0; Win64; x64) AppleWebKit/537.36 (KHTML, like Gecko) Chrome/147.0.0.0 Safari/537.36"
194.39.149.53 - - [16/Jul/2026:22:22:14 +0000] "POST /wp-cron.php?doing_wp_cron=1784240534.6899499893188476562500 HTTP/1.1" 200 0 "-" "WordPress/7.0.1; https://wishcard365.com"
43.135.145.117 - - [16/Jul/2026:22:22:13 +0000] "GET /?add_to_wishlist=11803 HTTP/1.1" 200 43540 "-" "Mozilla/5.0 (iPhone; CPU iPhone OS 13_2_3 like Mac OS X) AppleWebKit/605.1.15 (KHTML, like Gecko) Version/13.0.3 Mobile/15E148 Safari/604.1"
141.98.11.224 - - [16/Jul/2026:22:23:08 +0000] "GET / HTTP/1.0" 200 208873 "https://wishcard365.com/" "Mozilla/5.0 (Windows NT 10.0; Win64; x64) AppleWebKit/537.36 (KHTML, like Gecko) Chrome/129.0.0.0 Safari/537.36"
194.39.149.53 - - [16/Jul/2026:22:23:12 +0000] "POST /wp-cron.php?doing_wp_cron=1784240592.0086390972137451171875 HTTP/1.1" 200 0 "-" "WordPress/7.0.1; https://wishcard365.com"
141.98.11.224 - - [16/Jul/2026:22:23:10 +0000] "GET /contact-us-2/ HTTP/1.0" 200 144249 "https://wishcard365.com/contact-us-2/" "Mozilla/5.0 (Windows NT 10.0; Win64; x64) AppleWebKit/537.36 (KHTML, like Gecko) Chrome/129.0.0.0 Safari/537.36"
141.98.11.224 - - [16/Jul/2026:22:23:13 +0000] "POST /wp-json/contact-form-7/v1/contact-forms/598/feedback HTTP/1.0" 200 233 "https://wishcard365.com/contact-us-2/" "Mozilla/5.0 (Windows NT 10.0; Win64; x64) AppleWebKit/537.36 (KHTML, like Gecko) Chrome/129.0.0.0 Safari/537.36"
194.39.149.53 - - [16/Jul/2026:22:29:01 +0000] "POST /wp-cron.php?doing_wp_cron=1784240940.9952249526977539062500 HTTP/1.1" 200 0 "-" "WordPress/7.0.1; https://wishcard365.com"
170.106.35.187 - - [16/Jul/2026:22:28:59 +0000] "GET /wp-json/oembed/1.0/embed?url=https%3A%2F%2Fwishcard365.com%2Faffiliate-area%2F HTTP/1.1" 200 1100 "-" "Mozilla/5.0 (iPhone; CPU iPhone OS 13_2_3 like Mac OS X) AppleWebKit/605.1.15 (KHTML, like Gecko) Version/13.0.3 Mobile/15E148 Safari/604.1"
194.39.149.53 - - [16/Jul/2026:22:29:51 +0000] "POST /wp-cron.php?doing_wp_cron=1784240991.3592789173126220703125 HTTP/1.1" 200 0 "-" "WordPress/7.0.1; https://wishcard365.com"
173.239.211.62 - - [16/Jul/2026:22:29:49 +0000] "POST /wp-login.php HTTP/1.1" 200 3245 "-" "Mozilla/5.0 (Macintosh; Intel Mac OS X 10_15_7) AppleWebKit/605.1.15 Version/17.0 Safari/605.1.15"
4.194.24.143 - - [16/Jul/2026:22:37:48 +0000] "GET /.dj/index.php HTTP/1.1" 404 3421 "-" "Mozilla/5.0 (Windows NT 10.0; Win64; x64) AppleWebKit/537.36 (KHTML, like Gecko) Chrome/120.0.0.0 Safari/537.36"
4.194.24.143 - - [16/Jul/2026:22:37:48 +0000] "GET /.tmb/ HTTP/1.1" 404 3421 "-" "Mozilla/5.0 (Windows NT 10.0; Win64; x64) AppleWebKit/537.36 (KHTML, like Gecko) Chrome/120.0.0.0 Safari/537.36"
4.194.24.143 - - [16/Jul/2026:22:37:48 +0000] "GET /.trash7206/index.php HTTP/1.1" 404 3421 "-" "Mozilla/5.0 (Windows NT 10.0; Win64; x64) AppleWebKit/537.36 (KHTML, like Gecko) Chrome/120.0.0.0 Safari/537.36"
4.194.24.143 - - [16/Jul/2026:22:37:49 +0000] "GET /.well-known/ HTTP/1.1" 404 3421 "-" "Mozilla/5.0 (Windows NT 10.0; Win64; x64) AppleWebKit/537.36 (KHTML, like Gecko) Chrome/120.0.0.0 Safari/537.36"
4.194.24.143 - - [16/Jul/2026:22:37:49 +0000] "GET /.well-known/acme-challenge/ HTTP/1.1" 404 3421 "-" "Mozilla/5.0 (Windows NT 10.0; Win64; x64) AppleWebKit/537.36 (KHTML, like Gecko) Chrome/120.0.0.0 Safari/537.36"
4.194.24.143 - - [16/Jul/2026:22:37:49 +0000] "GET /.well-known/gecko-litespeed.php HTTP/1.1" 404 3421 "-" "Mozilla/5.0 (Windows NT 10.0; Win64; x64) AppleWebKit/537.36 (KHTML, like Gecko) Chrome/120.0.0.0 Safari/537.36"
4.194.24.143 - - [16/Jul/2026:22:37:49 +0000] "GET /.well-known/logs233/index.php HTTP/1.1" 404 3421 "-" "Mozilla/5.0 (Windows NT 10.0; Win64; x64) AppleWebKit/537.36 (KHTML, like Gecko) Chrome/120.0.0.0 Safari/537.36"
4.194.24.143 - - [16/Jul/2026:22:37:49 +0000] "GET /.well-known/wp-cron.php HTTP/1.1" 404 3421 "-" "Mozilla/5.0 (Windows NT 10.0; Win64; x64) AppleWebKit/537.36 (KHTML, like Gecko) Chrome/120.0.0.0 Safari/537.36"
4.194.24.143 - - [16/Jul/2026:22:37:50 +0000] "GET /0.kb-v3.php HTTP/1.1" 404 3421 "-" "Mozilla/5.0 (Windows NT 10.0; Win64; x64) AppleWebKit/537.36 (KHTML, like Gecko) Chrome/120.0.0.0 Safari/537.36"
4.194.24.143 - - [16/Jul/2026:22:37:50 +0000] "GET /0.php HTTP/1.1" 404 3421 "-" "Mozilla/5.0 (Windows NT 10.0; Win64; x64) AppleWebKit/537.36 (KHTML, like Gecko) Chrome/120.0.0.0 Safari/537.36"
4.194.24.143 - - [16/Jul/2026:22:37:50 +0000] "GET /002.php HTTP/1.1" 404 3421 "-" "Mozilla/5.0 (Windows NT 10.0; Win64; x64) AppleWebKit/537.36 (KHTML, like Gecko) Chrome/120.0.0.0 Safari/537.36"
4.194.24.143 - - [16/Jul/2026:22:37:50 +0000] "GET /01.php HTTP/1.1" 404 3421 "-" "Mozilla/5.0 (Windows NT 10.0; Win64; x64) AppleWebKit/537.36 (KHTML, like Gecko) Chrome/120.0.0.0 Safari/537.36"
4.194.24.143 - - [16/Jul/2026:22:37:50 +0000] "GET /0x.php HTTP/1.1" 404 3421 "-" "Mozilla/5.0 (Windows NT 10.0; Win64; x64) AppleWebKit/537.36 (KHTML, like Gecko) Chrome/120.0.0.0 Safari/537.36"
4.194.24.143 - - [16/Jul/2026:22:37:51 +0000] "GET /1.php HTTP/1.1" 404 3421 "-" "Mozilla/5.0 (Windows NT 10.0; Win64; x64) AppleWebKit/537.36 (KHTML, like Gecko) Chrome/120.0.0.0 Safari/537.36"
4.194.24.143 - - [16/Jul/2026:22:37:51 +0000] "GET /100.php HTTP/1.1" 404 3421 "-" "Mozilla/5.0 (Windows NT 10.0; Win64; x64) AppleWebKit/537.36 (KHTML, like Gecko) Chrome/120.0.0.0 Safari/537.36"
4.194.24.143 - - [16/Jul/2026:22:37:51 +0000] "GET /122.php HTTP/1.1" 404 3421 "-" "Mozilla/5.0 (Windows NT 10.0; Win64; x64) AppleWebKit/537.36 (KHTML, like Gecko) Chrome/120.0.0.0 Safari/537.36"
4.194.24.143 - - [16/Jul/2026:22:37:51 +0000] "GET /123.php HTTP/1.1" 404 3421 "-" "Mozilla/5.0 (Windows NT 10.0; Win64; x64) AppleWebKit/537.36 (KHTML, like Gecko) Chrome/120.0.0.0 Safari/537.36"
4.194.24.143 - - [16/Jul/2026:22:37:52 +0000] "GET /13.php HTTP/1.1" 404 3421 "-" "Mozilla/5.0 (Windows NT 10.0; Win64; x64) AppleWebKit/537.36 (KHTML, like Gecko) Chrome/120.0.0.0 Safari/537.36"
4.194.24.143 - - [16/Jul/2026:22:37:52 +0000] "GET /133.php HTTP/1.1" 404 3421 "-" "Mozilla/5.0 (Windows NT 10.0; Win64; x64) AppleWebKit/537.36 (KHTML, like Gecko) Chrome/120.0.0.0 Safari/537.36"
4.194.24.143 - - [16/Jul/2026:22:37:52 +0000] "GET /155.php HTTP/1.1" 404 3421 "-" "Mozilla/5.0 (Windows NT 10.0; Win64; x64) AppleWebKit/537.36 (KHTML, like Gecko) Chrome/120.0.0.0 Safari/537.36"
4.194.24.143 - - [16/Jul/2026:22:37:52 +0000] "GET /177.php HTTP/1.1" 404 3421 "-" "Mozilla/5.0 (Windows NT 10.0; Win64; x64) AppleWebKit/537.36 (KHTML, like Gecko) Chrome/120.0.0.0 Safari/537.36"
4.194.24.143 - - [16/Jul/2026:22:37:52 +0000] "GET /1index.php HTTP/1.1" 404 3421 "-" "Mozilla/5.0 (Windows NT 10.0; Win64; x64) AppleWebKit/537.36 (KHTML, like Gecko) Chrome/120.0.0.0 Safari/537.36"
4.194.24.143 - - [16/Jul/2026:22:37:53 +0000] "GET /2.php HTTP/1.1" 404 3421 "-" "Mozilla/5.0 (Windows NT 10.0; Win64; x64) AppleWebKit/537.36 (KHTML, like Gecko) Chrome/120.0.0.0 Safari/537.36"
4.194.24.143 - - [16/Jul/2026:22:37:53 +0000] "GET /222.php HTTP/1.1" 404 3421 "-" "Mozilla/5.0 (Windows NT 10.0; Win64; x64) AppleWebKit/537.36 (KHTML, like Gecko) Chrome/120.0.0.0 Safari/537.36"
4.194.24.143 - - [16/Jul/2026:22:37:53 +0000] "GET /2p.update.php HTTP/1.1" 404 3421 "-" "Mozilla/5.0 (Windows NT 10.0; Win64; x64) AppleWebKit/537.36 (KHTML, like Gecko) Chrome/120.0.0.0 Safari/537.36"
4.194.24.143 - - [16/Jul/2026:22:37:53 +0000] "GET /3.php HTTP/1.1" 404 3421 "-" "Mozilla/5.0 (Windows NT 10.0; Win64; x64) AppleWebKit/537.36 (KHTML, like Gecko) Chrome/120.0.0.0 Safari/537.36"
4.194.24.143 - - [16/Jul/2026:22:37:53 +0000] "GET /3pjcpmfsd8b.php HTTP/1.1" 404 3421 "-" "Mozilla/5.0 (Windows NT 10.0; Win64; x64) AppleWebKit/537.36 (KHTML, like Gecko) Chrome/120.0.0.0 Safari/537.36"
4.194.24.143 - - [16/Jul/2026:22:37:54 +0000] "GET /403.php HTTP/1.1" 404 3421 "-" "Mozilla/5.0 (Windows NT 10.0; Win64; x64) AppleWebKit/537.36 (KHTML, like Gecko) Chrome/120.0.0.0 Safari/537.36"
4.194.24.143 - - [16/Jul/2026:22:37:54 +0000] "GET /404.php HTTP/1.1" 404 3421 "-" "Mozilla/5.0 (Windows NT 10.0; Win64; x64) AppleWebKit/537.36 (KHTML, like Gecko) Chrome/120.0.0.0 Safari/537.36"
194.39.149.53 - - [16/Jul/2026:22:40:58 +0000] "POST /wp-cron.php?doing_wp_cron=1784241658.0576128959655761718750 HTTP/1.1" 200 0 "-" "WordPress/7.0.1; https://wishcard365.com"
43.154.127.188 - - [16/Jul/2026:22:40:55 +0000] "GET /affiliate-area/?affiliates-dashboard-section=registration HTTP/1.1" 200 33240 "-" "Mozilla/5.0 (iPhone; CPU iPhone OS 13_2_3 like Mac OS X) AppleWebKit/605.1.15 (KHTML, like Gecko) Version/13.0.3 Mobile/15E148 Safari/604.1"
43.166.244.66 - - [16/Jul/2026:22:52:44 +0000] "GET /wp-json/oembed/1.0/embed?url=https%3A%2F%2Fwishcard365.com%2Faffiliate-area%2F&format=xml HTTP/1.1" 200 1123 "-" "Mozilla/5.0 (iPhone; CPU iPhone OS 13_2_3 like Mac OS X) AppleWebKit/605.1.15 (KHTML, like Gecko) Version/13.0.3 Mobile/15E148 Safari/604.1"
43.166.226.57 - - [16/Jul/2026:22:53:16 +0000] "GET / HTTP/1.1" 200 43502 "http://www.wishcard365.com" "Mozilla/5.0 (iPhone; CPU iPhone OS 13_2_3 like Mac OS X) AppleWebKit/605.1.15 (KHTML, like Gecko) Version/13.0.3 Mobile/15E148 Safari/604.1"
194.39.149.53 - - [16/Jul/2026:23:02:06 +0000] "POST /wp-cron.php?doing_wp_cron=1784242926.3924319744110107421875 HTTP/1.1" 200 0 "-" "WordPress/7.0.1; https://wishcard365.com"
43.130.16.140 - - [16/Jul/2026:23:02:01 +0000] "GET /wp-json/oembed/1.0/embed?url=https%3A%2F%2Fwishcard365.com%2F&format=xml HTTP/1.1" 200 1109 "-" "Mozilla/5.0 (iPhone; CPU iPhone OS 13_2_3 like Mac OS X) AppleWebKit/605.1.15 (KHTML, like Gecko) Version/13.0.3 Mobile/15E148 Safari/604.1"
194.39.149.53 - - [16/Jul/2026:23:07:00 +0000] "POST /wp-cron.php?doing_wp_cron=1784243220.6512429714202880859375 HTTP/1.1" 200 0 "-" "WordPress/7.0.1; https://wishcard365.com"
43.159.148.45 - - [16/Jul/2026:23:06:59 +0000] "GET / HTTP/1.1" 301 0 "-" "Mozilla/5.0 (iPhone; CPU iPhone OS 18_3_2 like Mac OS X) AppleWebKit/605.1.15 (KHTML, like Gecko) Version/18.3.1 Mobile/15E148 Safari/604.1"
194.39.149.53 - - [16/Jul/2026:23:09:51 +0000] "POST /wp-cron.php?doing_wp_cron=1784243391.1286959648132324218750 HTTP/1.1" 200 0 "-" "WordPress/7.0.1; https://wishcard365.com"
63.135.161.148 - - [16/Jul/2026:23:09:47 +0000] "POST /wp-login.php HTTP/1.1" 200 3245 "-" "Mozilla/5.0 (Macintosh; Intel Mac OS X 10_15_7) AppleWebKit/605.1.15 Version/17.0 Safari/605.1.15"
43.167.241.46 - - [16/Jul/2026:23:10:10 +0000] "GET /wp-json/wp/v2/pages/11974 HTTP/1.1" 200 1398 "-" "Mozilla/5.0 (iPhone; CPU iPhone OS 13_2_3 like Mac OS X) AppleWebKit/605.1.15 (KHTML, like Gecko) Version/13.0.3 Mobile/15E148 Safari/604.1"
194.39.149.53 - - [16/Jul/2026:23:12:43 +0000] "POST /wp-cron.php?doing_wp_cron=1784243563.1719989776611328125000 HTTP/1.1" 200 0 "-" "WordPress/7.0.1; https://wishcard365.com"
199.189.225.167 - - [16/Jul/2026:23:12:42 +0000] "GET /wp-login.php HTTP/2" 200 2831 "-" "Mozilla/5.0 (X11; Linux x86_64) AppleWebKit/537.36 (KHTML, like Gecko) Chrome/141.0.0.0 Safari/537.36"
194.39.149.53 - - [16/Jul/2026:23:19:53 +0000] "GET /wp-content/plugins/armember-membership/images/loader.svg HTTP/1.1" 200 936 "-" "-"
194.39.149.53 - - [16/Jul/2026:23:19:53 +0000] "POST /wp-cron.php?doing_wp_cron=1784243993.2280499935150146484375 HTTP/1.1" 200 0 "-" "WordPress/7.0.1; https://wishcard365.com"
170.106.113.235 - - [16/Jul/2026:23:19:52 +0000] "GET /login/ HTTP/1.1" 200 41210 "-" "Mozilla/5.0 (iPhone; CPU iPhone OS 13_2_3 like Mac OS X) AppleWebKit/605.1.15 (KHTML, like Gecko) Version/13.0.3 Mobile/15E148 Safari/604.1"
49.147.40.130 - - [16/Jul/2026:23:22:42 +0000] "POST /wp-comments-post.php HTTP/1.1" 403 5812 "-" "Mozilla/5.0 (Windows NT 10.0; Win64; x64) AppleWebKit/537.36 (KHTML, like Gecko) Chrome/120.0.0.0 Safari/537.36"
49.147.40.130 - - [16/Jul/2026:23:22:44 +0000] "POST /wp-comments-post.php HTTP/1.1" 403 5812 "-" "Mozilla/5.0 (Windows NT 10.0; Win64; x64) AppleWebKit/537.36 (KHTML, like Gecko) Chrome/120.0.0.0 Safari/537.36"
49.147.40.130 - - [16/Jul/2026:23:22:45 +0000] "POST /wp-comments-post.php HTTP/1.1" 403 5812 "-" "Mozilla/5.0 (Windows NT 10.0; Win64; x64) AppleWebKit/537.36 (KHTML, like Gecko) Chrome/120.0.0.0 Safari/537.36"
49.147.40.130 - - [16/Jul/2026:23:22:57 +0000] "POST /wp-comments-post.php HTTP/1.1" 403 5812 "-" "Mozilla/5.0 (Windows NT 10.0; Win64; x64) AppleWebKit/537.36 (KHTML, like Gecko) Chrome/120.0.0.0 Safari/537.36"
49.147.40.130 - - [16/Jul/2026:23:22:58 +0000] "POST /wp-comments-post.php HTTP/1.1" 403 5812 "-" "Mozilla/5.0 (Windows NT 10.0; Win64; x64) AppleWebKit/537.36 (KHTML, like Gecko) Chrome/120.0.0.0 Safari/537.36"
49.147.40.130 - - [16/Jul/2026:23:22:59 +0000] "POST /wp-comments-post.php HTTP/1.1" 403 5812 "-" "Mozilla/5.0 (Windows NT 10.0; Win64; x64) AppleWebKit/537.36 (KHTML, like Gecko) Chrome/120.0.0.0 Safari/537.36"
49.147.40.130 - - [16/Jul/2026:23:23:01 +0000] "POST /wp-comments-post.php HTTP/1.1" 403 5812 "-" "Mozilla/5.0 (Windows NT 10.0; Win64; x64) AppleWebKit/537.36 (KHTML, like Gecko) Chrome/120.0.0.0 Safari/537.36"
49.147.40.130 - - [16/Jul/2026:23:23:02 +0000] "POST /wp-comments-post.php HTTP/1.1" 403 5812 "-" "Mozilla/5.0 (Windows NT 10.0; Win64; x64) AppleWebKit/537.36 (KHTML, like Gecko) Chrome/120.0.0.0 Safari/537.36"
57.141.0.44 - - [16/Jul/2026:23:23:01 +0000] "GET /wp-sitemap-posts-product-1.xml HTTP/2" 200 2253 "-" "Mozilla/5.0 (Windows NT 10.0; Win64; x64) AppleWebKit/537.36 (KHTML, like Gecko) Chrome/145.0.0.0 Safari/537.36 (compatible; meta-externalagent/1.1 (+https://developers.facebook.com/docs/sharing/webmasters/crawler))"
49.147.40.130 - - [16/Jul/2026:23:23:04 +0000] "POST /wp-comments-post.php HTTP/1.1" 403 5812 "-" "Mozilla/5.0 (Windows NT 10.0; Win64; x64) AppleWebKit/537.36 (KHTML, like Gecko) Chrome/120.0.0.0 Safari/537.36"
5.175.189.113 - - [16/Jul/2026:23:24:05 +0000] "GET /newsite/xmlrpc.php HTTP/1.1" 404 31967 "-" "Mozilla/5.0 (Linux; Android 14; SM-S918B) AppleWebKit/537.36 (KHTML, like Gecko) Chrome/120.0.0.0 Mobile Safari/537.36"
5.175.189.113 - - [16/Jul/2026:23:24:05 +0000] "GET /core/xmlrpc.php HTTP/1.1" 404 31959 "-" "Mozilla/5.0 (Linux; Android 14; SM-S918B) AppleWebKit/537.36 (KHTML, like Gecko) Chrome/120.0.0.0 Mobile Safari/537.36"
5.175.189.113 - - [16/Jul/2026:23:24:05 +0000] "GET /wordpress/xmlrpc.php HTTP/1.1" 404 31957 "-" "Mozilla/5.0 (Windows NT 11.0; Win64; x64) AppleWebKit/537.36 (KHTML, like Gecko) Chrome/121.0.0.0 Safari/537.36"
5.175.189.113 - - [16/Jul/2026:23:24:05 +0000] "GET /main/xmlrpc.php HTTP/1.1" 404 31955 "-" "Mozilla/5.0 (Windows NT 11.0; Win64; x64) AppleWebKit/537.36 (KHTML, like Gecko) Chrome/121.0.0.0 Safari/537.36"
5.175.189.113 - - [16/Jul/2026:23:24:04 +0000] "GET /prod/xmlrpc.php HTTP/1.1" 404 31960 "-" "Mozilla/5.0 (Macintosh; Intel Mac OS X 14_2_1) AppleWebKit/537.36 (KHTML, like Gecko) Chrome/120.0.0.0 Safari/537.36"
5.175.189.113 - - [16/Jul/2026:23:24:04 +0000] "GET /site/xmlrpc.php HTTP/1.1" 404 31954 "-" "Mozilla/5.0 (Macintosh; Intel Mac OS X 14_2_1) AppleWebKit/605.1.15 (KHTML, like Gecko) Version/17.1 Safari/605.1.15"
5.175.189.113 - - [16/Jul/2026:23:24:05 +0000] "GET /news/xmlrpc.php HTTP/1.1" 404 31955 "-" "Mozilla/5.0 (Macintosh; Intel Mac OS X 14_2_1) AppleWebKit/537.36 (KHTML, like Gecko) Chrome/120.0.0.0 Safari/537.36"
5.175.189.113 - - [16/Jul/2026:23:24:05 +0000] "GET /blog/xmlrpc.php HTTP/1.1" 404 31960 "-" "Mozilla/5.0 (Windows NT 11.0; Win64; x64) AppleWebKit/537.36 (KHTML, like Gecko) Chrome/121.0.0.0 Safari/537.36"
5.175.189.113 - - [16/Jul/2026:23:24:05 +0000] "GET /old/xmlrpc.php HTTP/1.1" 404 31955 "-" "Mozilla/5.0 (Macintosh; Intel Mac OS X 14_2_1) AppleWebKit/537.36 (KHTML, like Gecko) Chrome/120.0.0.0 Safari/537.36"
5.175.189.113 - - [16/Jul/2026:23:24:05 +0000] "GET /wp/xmlrpc.php HTTP/1.1" 404 31962 "-" "Mozilla/5.0 (Windows NT 11.0; Win64; x64) AppleWebKit/537.36 (KHTML, like Gecko) Chrome/121.0.0.0 Safari/537.36"
5.175.189.113 - - [16/Jul/2026:23:24:19 +0000] "GET /newsite/xmlrpc.php HTTP/1.1" 404 31967 "-" "Mozilla/5.0 (Linux; Android 14; SM-S918B) AppleWebKit/537.36 (KHTML, like Gecko) Chrome/120.0.0.0 Mobile Safari/537.36"
5.175.189.113 - - [16/Jul/2026:23:24:20 +0000] "GET /main/xmlrpc.php HTTP/1.1" 404 31965 "-" "Mozilla/5.0 (Linux; Android 14; SM-S918B) AppleWebKit/537.36 (KHTML, like Gecko) Chrome/120.0.0.0 Mobile Safari/537.36"
5.175.189.113 - - [16/Jul/2026:23:24:20 +0000] "GET /wordpress/xmlrpc.php HTTP/1.1" 404 31968 "-" "Mozilla/5.0 (Macintosh; Intel Mac OS X 14_2_1) AppleWebKit/605.1.15 (KHTML, like Gecko) Version/17.1 Safari/605.1.15"
5.175.189.113 - - [16/Jul/2026:23:24:19 +0000] "GET /core/xmlrpc.php HTTP/1.1" 404 31961 "-" "Mozilla/5.0 (X11; Linux x86_64) AppleWebKit/537.36 (KHTML, like Gecko) Chrome/120.0.0.0 Safari/537.36"
5.175.189.113 - - [16/Jul/2026:23:24:20 +0000] "GET /site/xmlrpc.php HTTP/1.1" 404 31960 "-" "Mozilla/5.0 (Windows NT 10.0; Win64; x64; rv:121.0) Gecko/20100101 Firefox/121.0"
5.175.189.113 - - [16/Jul/2026:23:24:21 +0000] "GET /prod/xmlrpc.php HTTP/1.1" 404 31964 "-" "Mozilla/5.0 (Linux; Android 14; SM-S918B) AppleWebKit/537.36 (KHTML, like Gecko) Chrome/120.0.0.0 Mobile Safari/537.36"
5.175.189.113 - - [16/Jul/2026:23:24:21 +0000] "GET /blog/xmlrpc.php HTTP/1.1" 404 31964 "-" "Mozilla/5.0 (X11; Linux x86_64) AppleWebKit/537.36 (KHTML, like Gecko) Chrome/120.0.0.0 Safari/537.36"
5.175.189.113 - - [16/Jul/2026:23:24:21 +0000] "GET /news/xmlrpc.php HTTP/1.1" 404 31962 "-" "Mozilla/5.0 (Macintosh; Intel Mac OS X 14_2_1) AppleWebKit/605.1.15 (KHTML, like Gecko) Version/17.1 Safari/605.1.15"
5.175.189.113 - - [16/Jul/2026:23:24:21 +0000] "GET /old/xmlrpc.php HTTP/1.1" 404 31960 "-" "Mozilla/5.0 (Linux; Android 14; SM-S918B) AppleWebKit/537.36 (KHTML, like Gecko) Chrome/120.0.0.0 Mobile Safari/537.36"
5.175.189.113 - - [16/Jul/2026:23:24:21 +0000] "GET /wp/xmlrpc.php HTTP/1.1" 404 31958 "-" "Mozilla/5.0 (Macintosh; Intel Mac OS X 14_2_1) AppleWebKit/605.1.15 (KHTML, like Gecko) Version/17.1 Safari/605.1.15"
194.39.149.53 - - [16/Jul/2026:23:28:08 +0000] "POST /wp-cron.php?doing_wp_cron=1784244488.3208940029144287109375 HTTP/1.1" 200 0 "-" "WordPress/7.0.1; https://wishcard365.com"
114.119.154.115 - - [16/Jul/2026:23:28:07 +0000] "GET /third-darkness-and-second-dry-second-greater/ HTTP/1.1" 200 34686 "https://wishcard365.com/category/brands" "Mozilla/5.0 (Linux; Android 7.0;) AppleWebKit/537.36 (HTML, like Gecko) Mobile Safari/537.36 (compatible; PetalBot;+https://webmaster.petalsearch.com/site/petalbot)"
194.39.149.53 - - [16/Jul/2026:23:29:32 +0000] "POST /wp-cron.php?doing_wp_cron=1784244572.3846039772033691406250 HTTP/1.1" 200 0 "-" "WordPress/7.0.1; https://wishcard365.com"
114.119.137.153 - - [16/Jul/2026:23:29:30 +0000] "GET /recent/ HTTP/1.1" 200 34062 "https://wishcard365.com/recent" "Mozilla/5.0 (Linux; Android 7.0;) AppleWebKit/537.36 (HTML, like Gecko) Mobile Safari/537.36 (compatible; PetalBot;+https://webmaster.petalsearch.com/site/petalbot)"
194.39.149.53 - - [16/Jul/2026:23:30:19 +0000] "POST /wp-cron.php?doing_wp_cron=1784244619.4768679141998291015625 HTTP/1.1" 200 0 "-" "WordPress/7.0.1; https://wishcard365.com"
43.159.152.184 - - [16/Jul/2026:23:30:18 +0000] "GET /?p=11974 HTTP/1.1" 301 0 "-" "Mozilla/5.0 (iPhone; CPU iPhone OS 13_2_3 like Mac OS X) AppleWebKit/605.1.15 (KHTML, like Gecko) Version/13.0.3 Mobile/15E148 Safari/604.1"
43.159.152.184 - - [16/Jul/2026:23:30:25 +0000] "GET /affiliate-area/ HTTP/1.1" 200 33153 "https://wishcard365.com/?p=11974" "Mozilla/5.0 (iPhone; CPU iPhone OS 13_2_3 like Mac OS X) AppleWebKit/605.1.15 (KHTML, like Gecko) Version/13.0.3 Mobile/15E148 Safari/604.1"
194.39.149.53 - - [16/Jul/2026:23:37:34 +0000] "POST /wp-cron.php?doing_wp_cron=1784245054.4481799602508544921875 HTTP/1.1" 200 0 "-" "WordPress/7.0.1; https://wishcard365.com"
17.241.75.34 - - [16/Jul/2026:23:37:33 +0000] "GET /robots.txt HTTP/2" 200 113 "-" "Mozilla/5.0 (Macintosh; Intel Mac OS X 10_15_7) AppleWebKit/605.1.15 (KHTML, like Gecko) Version/17.4 Safari/605.1.15 (Applebot/0.1; +http://www.apple.com/go/applebot)"
17.241.75.34 - - [16/Jul/2026:23:37:34 +0000] "GET /behold-everything-you-need-to-know-about-curtain-bangs/ HTTP/2" 200 39872 "-" "Mozilla/5.0 (Macintosh; Intel Mac OS X 10_15_7) AppleWebKit/605.1.15 (KHTML, like Gecko) Version/17.4 Safari/605.1.15 (Applebot/0.1; +http://www.apple.com/go/applebot)"
194.39.149.53 - - [16/Jul/2026:23:40:42 +0000] "POST /wp-cron.php?doing_wp_cron=1784245242.5666780471801757812500 HTTP/1.1" 200 0 "-" "WordPress/7.0.1; https://wishcard365.com"
49.51.72.76 - - [16/Jul/2026:23:40:40 +0000] "GET /affiliate-area/?affiliates-dashboard-section=registration HTTP/1.1" 200 33246 "-" "Mozilla/5.0 (iPhone; CPU iPhone OS 13_2_3 like Mac OS X) AppleWebKit/605.1.15 (KHTML, like Gecko) Version/13.0.3 Mobile/15E148 Safari/604.1"
194.39.149.53 - - [16/Jul/2026:23:47:40 +0000] "POST /wp-cron.php?doing_wp_cron=1784245660.0865640640258789062500 HTTP/1.1" 200 0 "-" "WordPress/7.0.1; https://wishcard365.com"
114.119.137.153 - - [16/Jul/2026:23:47:38 +0000] "GET /wp-sitemap-posts-page-1.xml HTTP/1.1" 200 1351 "https://wishcard365.com/wp-sitemap-posts-page-1.xml" "Mozilla/5.0 (Linux; Android 7.0;) AppleWebKit/537.36 (HTML, like Gecko) Mobile Safari/537.36 (compatible; PetalBot;+https://webmaster.petalsearch.com/site/petalbot)"
194.39.149.53 - - [16/Jul/2026:23:49:03 +0000] "POST /wp-cron.php?doing_wp_cron=1784245743.2244660854339599609375 HTTP/1.1" 200 0 "-" "WordPress/7.0.1; https://wishcard365.com"
114.119.154.115 - - [16/Jul/2026:23:49:02 +0000] "GET /register HTTP/1.1" 301 0 "https://wishcard365.com/home-v2" "Mozilla/5.0 (Linux; Android 7.0;) AppleWebKit/537.36 (HTML, like Gecko) Mobile Safari/537.36 (compatible; PetalBot;+https://webmaster.petalsearch.com/site/petalbot)"
194.39.149.53 - - [16/Jul/2026:23:49:05 +0000] "GET /wp-content/plugins/armember-membership/images/loader.svg HTTP/1.1" 200 936 "-" "-"
114.119.154.115 - - [16/Jul/2026:23:49:04 +0000] "GET /register/ HTTP/1.1" 200 35767 "https://wishcard365.com/home-v2" "Mozilla/5.0 (Linux; Android 7.0;) AppleWebKit/537.36 (HTML, like Gecko) Mobile Safari/537.36 (compatible; PetalBot;+https://webmaster.petalsearch.com/site/petalbot)"
194.39.149.53 - - [16/Jul/2026:23:50:26 +0000] "POST /wp-cron.php?doing_wp_cron=1784245826.2525439262390136718750 HTTP/1.1" 200 0 "-" "WordPress/7.0.1; https://wishcard365.com"
114.119.132.207 - - [16/Jul/2026:23:50:25 +0000] "GET /my-account-3/ HTTP/1.1" 200 28200 "https://wishcard365.com/my-account-3/" "Mozilla/5.0 (Linux; Android 7.0;) AppleWebKit/537.36 (HTML, like Gecko) Mobile Safari/537.36 (compatible; PetalBot;+https://webmaster.petalsearch.com/site/petalbot)"
194.39.149.53 - - [16/Jul/2026:23:50:49 +0000] "POST /wp-cron.php?doing_wp_cron=1784245849.6300690174102783203125 HTTP/1.1" 200 0 "-" "WordPress/7.0.1; https://wishcard365.com"
173.239.211.64 - - [16/Jul/2026:23:50:48 +0000] "POST /wp-login.php HTTP/1.1" 200 3245 "-" "Mozilla/5.0 (Windows NT 10.0; Win64; x64) AppleWebKit/537.36 Chrome/129.0.0.0 Safari/537.36"
194.39.149.53 - - [16/Jul/2026:23:51:49 +0000] "POST /wp-cron.php?doing_wp_cron=1784245909.8374040126800537109375 HTTP/1.1" 200 0 "-" "WordPress/7.0.1; https://wishcard365.com"
114.119.137.153 - - [16/Jul/2026:23:51:48 +0000] "GET /kelly-marie-tran-felt-like-a-real-life-disney-princess-in-her-red-carpet-ao-dai/ HTTP/1.1" 200 34656 "https://wishcard365.com/blog-2/page/2/" "Mozilla/5.0 (Linux; Android 7.0;) AppleWebKit/537.36 (HTML, like Gecko) Mobile Safari/537.36 (compatible; PetalBot;+https://webmaster.petalsearch.com/site/petalbot)"
43.135.145.77 - - [16/Jul/2026:23:53:09 +0000] "GET /embed/ HTTP/1.1" 301 0 "-" "Mozilla/5.0 (iPhone; CPU iPhone OS 13_2_3 like Mac OS X) AppleWebKit/605.1.15 (KHTML, like Gecko) Version/13.0.3 Mobile/15E148 Safari/604.1"
