HEX
Server: LiteSpeed
System: Linux s1083.usc1.mysecurecloudhost.com 4.18.0-477.27.2.lve.el8.x86_64 #1 SMP Wed Oct 11 12:32:56 UTC 2023 x86_64
User: keeloilc (1034)
PHP: 8.1.34
Disabled: NONE
Upload Files
File: /home/keeloilc/access-logs/gradregalia242.com.keeloil.com
185.227.68.78 - - [16/Jul/2026:12:08:49 +0000] "GET / HTTP/1.1" 301 0 "gradregalia242.com" "Mozilla/5.0 (Windows NT 10.0; Win64; x64) AppleWebKit/537.36 (KHTML, like Gecko) Chrome/125.0.0.0 Safari/537.36"
194.39.149.53 - - [16/Jul/2026:12:11:40 +0000] "POST /wp-cron.php?doing_wp_cron=1784203900.8347098827362060546875 HTTP/1.1" 200 0 "-" "WordPress/7.0.1; https://gradregalia242.com"
216.244.66.246 - - [16/Jul/2026:12:11:40 +0000] "GET /robots.txt HTTP/1.1" 200 268 "-" "Mozilla/5.0 (compatible; DotBot/1.2; +https://opensiteexplorer.org/dotbot; help@moz.com)"
216.244.66.246 - - [16/Jul/2026:12:29:14 +0000] "GET /product/40-number-balloons-foil-gold/?add_to_wishlist=17942 HTTP/1.1" 200 300160 "-" "Mozilla/5.0 (compatible; DotBot/1.2; +https://opensiteexplorer.org/dotbot; help@moz.com)"
194.39.149.53 - - [16/Jul/2026:12:29:35 +0000] "POST /wp-cron.php?doing_wp_cron=1784204975.6119201183319091796875 HTTP/1.1" 200 0 "-" "WordPress/7.0.1; https://gradregalia242.com"
216.244.66.246 - - [16/Jul/2026:12:29:33 +0000] "GET /product/bachelors-gown-only-shiny/?add_to_wishlist=109278 HTTP/1.1" 200 969998 "-" "Mozilla/5.0 (compatible; DotBot/1.2; +https://opensiteexplorer.org/dotbot; help@moz.com)"
194.39.149.53 - - [16/Jul/2026:12:31:37 +0000] "POST /wp-cron.php?doing_wp_cron=1784205097.6723980903625488281250 HTTP/1.1" 200 0 "-" "WordPress/7.0.1; https://gradregalia242.com"
216.244.66.246 - - [16/Jul/2026:12:31:35 +0000] "GET /cart/?remove_item=ffe762d2e6689f3baf925724c29ea7c5&_wpnonce=dfbf3c4eb0 HTTP/1.1" 200 216885 "-" "Mozilla/5.0 (compatible; DotBot/1.2; +https://opensiteexplorer.org/dotbot; help@moz.com)"
194.39.149.53 - - [16/Jul/2026:12:58:06 +0000] "POST /wp-cron.php?doing_wp_cron=1784206686.6593990325927734375000 HTTP/1.1" 200 0 "-" "WordPress/7.0.1; https://gradregalia242.com"
216.244.66.246 - - [16/Jul/2026:12:58:04 +0000] "GET /robots.txt HTTP/1.1" 200 268 "-" "Mozilla/5.0 (compatible; DotBot/1.2; +https://opensiteexplorer.org/dotbot; help@moz.com)"
143.110.218.231 - - [16/Jul/2026:13:10:08 +0000] "GET / HTTP/1.1" 301 0 "-" "Mozilla/5.0 (X11; Linux x86_64) AppleWebKit/537.36 (KHTML, like Gecko) Chrome/142.0.0.0 Safari/537.36"
143.110.218.231 - - [16/Jul/2026:13:10:09 +0000] "GET /favicon.ico HTTP/1.1" 404 1251 "http://gradregalia242.com/" "Mozilla/5.0 (X11; Linux x86_64) AppleWebKit/537.36 (KHTML, like Gecko) Chrome/142.0.0.0 Safari/537.36"
216.244.66.246 - - [16/Jul/2026:13:15:39 +0000] "GET /product/gown-cap-tassel-honor-cord-stole-shiny/?add_to_wishlist=11134 HTTP/1.1" 200 335664 "-" "Mozilla/5.0 (compatible; DotBot/1.2; +https://opensiteexplorer.org/dotbot; help@moz.com)"
216.244.66.246 - - [16/Jul/2026:13:15:46 +0000] "GET /product/primary-gown-only-matte/?add_to_wishlist=178577 HTTP/1.1" 200 972528 "-" "Mozilla/5.0 (compatible; DotBot/1.2; +https://opensiteexplorer.org/dotbot; help@moz.com)"
216.244.66.246 - - [16/Jul/2026:13:16:06 +0000] "GET /product/econ-grad-package-gown-cap-tassel-printed-stole-diploma-cover/?add_to_wishlist=22220 HTTP/1.1" 200 262997 "-" "Mozilla/5.0 (compatible; DotBot/1.2; +https://opensiteexplorer.org/dotbot; help@moz.com)"
194.39.149.53 - - [16/Jul/2026:13:17:23 +0000] "POST /wp-cron.php?doing_wp_cron=1784207843.6792180538177490234375 HTTP/1.1" 200 0 "-" "WordPress/7.0.1; https://gradregalia242.com"
216.244.66.246 - - [16/Jul/2026:13:17:22 +0000] "GET /product-category/grad-decor/page/2/?add_to_wishlist=178535 HTTP/1.1" 200 194755 "-" "Mozilla/5.0 (compatible; DotBot/1.2; +https://opensiteexplorer.org/dotbot; help@moz.com)"
157.66.56.125 - - [16/Jul/2026:13:40:57 +0000] "GET / HTTP/1.1" 301 0 "-" "Mozilla/5.0 (Windows NT 10.0; Win64; x64) AppleWebKit/537.36 (KHTML, like Gecko) Chrome/88.0.4240.193 Safari/537.36"
194.39.149.53 - - [16/Jul/2026:13:42:41 +0000] "POST /wp-cron.php?doing_wp_cron=1784209361.4361948966979980468750 HTTP/1.1" 200 0 "-" "WordPress/7.0.1; https://gradregalia242.com"
216.244.66.246 - - [16/Jul/2026:13:42:40 +0000] "GET /robots.txt HTTP/1.1" 200 268 "-" "Mozilla/5.0 (compatible; DotBot/1.2; +https://opensiteexplorer.org/dotbot; help@moz.com)"
194.39.149.53 - - [16/Jul/2026:13:52:54 +0000] "POST /wp-cron.php?doing_wp_cron=1784209974.4934449195861816406250 HTTP/1.1" 200 0 "-" "WordPress/7.0.1; https://gradregalia242.com"
216.244.66.246 - - [16/Jul/2026:13:52:53 +0000] "GET /product/medal-ribbon/feed/ HTTP/1.1" 200 768 "-" "Mozilla/5.0 (compatible; DotBot/1.2; +https://opensiteexplorer.org/dotbot; help@moz.com)"
216.244.66.246 - - [16/Jul/2026:13:53:19 +0000] "GET /product/shiny-bachelors-cap-tassel-copy/feed/ HTTP/1.1" 200 827 "-" "Mozilla/5.0 (compatible; DotBot/1.2; +https://opensiteexplorer.org/dotbot; help@moz.com)"
194.39.149.53 - - [16/Jul/2026:14:00:25 +0000] "POST /wp-cron.php?doing_wp_cron=1784210425.7324419021606445312500 HTTP/1.1" 200 0 "-" "WordPress/7.0.1; https://gradregalia242.com"
216.244.66.246 - - [16/Jul/2026:14:00:24 +0000] "GET /product/gown-cap-tassel-gift-set-matte-2/?add_to_wishlist=109329 HTTP/1.1" 200 333543 "-" "Mozilla/5.0 (compatible; DotBot/1.2; +https://opensiteexplorer.org/dotbot; help@moz.com)"
194.39.149.53 - - [16/Jul/2026:14:02:49 +0000] "POST /wp-cron.php?doing_wp_cron=1784210569.0605559349060058593750 HTTP/1.1" 200 0 "-" "WordPress/7.0.1; https://gradregalia242.com"
216.244.66.246 - - [16/Jul/2026:14:02:30 +0000] "GET /product-category/elementary-school/page/2/?add_to_wishlist=109312 HTTP/1.1" 200 314825 "-" "Mozilla/5.0 (compatible; DotBot/1.2; +https://opensiteexplorer.org/dotbot; help@moz.com)"
216.244.66.246 - - [16/Jul/2026:14:05:39 +0000] "GET /product/diploma-cover/?add_to_wishlist=22202 HTTP/1.1" 200 264364 "-" "Mozilla/5.0 (compatible; DotBot/1.2; +https://opensiteexplorer.org/dotbot; help@moz.com)"
216.244.66.246 - - [16/Jul/2026:14:06:10 +0000] "GET /product/tissue-gift-wrap-paper/?add-to-cart=168226 HTTP/1.1" 200 280388 "-" "Mozilla/5.0 (compatible; DotBot/1.2; +https://opensiteexplorer.org/dotbot; help@moz.com)"
194.39.149.53 - - [16/Jul/2026:14:06:44 +0000] "POST /wp-cron.php?doing_wp_cron=1784210804.7579679489135742187500 HTTP/1.1" 200 0 "-" "WordPress/7.0.1; https://gradregalia242.com"
216.244.66.246 - - [16/Jul/2026:14:06:42 +0000] "GET /product/year-signet/?add_to_wishlist=13666 HTTP/1.1" 200 314361 "-" "Mozilla/5.0 (compatible; DotBot/1.2; +https://opensiteexplorer.org/dotbot; help@moz.com)"
62.60.130.128 - - [16/Jul/2026:14:12:14 +0000] "POST / HTTP/1.1" 200 45665 "-" "Mozilla/5.0 Nxploited-UP/1.0"
62.60.130.128 - - [16/Jul/2026:14:12:16 +0000] "GET /wp-content/plugins/Nxploited_20424b/readme.txt HTTP/1.1" 301 0 "-" "Mozilla/5.0 Nxploited-UP/1.0"
62.60.130.128 - - [16/Jul/2026:14:12:18 +0000] "GET /wp-content/plugins/Nxploited_20424b/readme.txt HTTP/1.1" 404 30919 "-" "Mozilla/5.0 Nxploited-UP/1.0"
62.60.130.128 - - [16/Jul/2026:14:12:20 +0000] "POST / HTTP/1.1" 200 45665 "-" "Mozilla/5.0 Nxploited-UP/1.0"
62.60.130.128 - - [16/Jul/2026:14:12:23 +0000] "GET /wp-content/plugins/Nxploited_20424b/readme.txt HTTP/1.1" 301 0 "-" "Mozilla/5.0 Nxploited-UP/1.0"
62.60.130.128 - - [16/Jul/2026:14:12:26 +0000] "GET /wp-content/plugins/Nxploited_20424b/readme.txt HTTP/1.1" 404 30917 "-" "Mozilla/5.0 Nxploited-UP/1.0"
62.60.130.128 - - [16/Jul/2026:14:12:27 +0000] "POST / HTTP/1.1" 200 45666 "-" "Mozilla/5.0 Nxploited-UP/1.0"
62.60.130.128 - - [16/Jul/2026:14:12:28 +0000] "POST / HTTP/1.1" 200 45665 "-" "Mozilla/5.0 Nxploited-UP/1.0"
62.60.130.128 - - [16/Jul/2026:14:12:31 +0000] "GET /wp-content/plugins/Nxploited_795f07/readme.txt HTTP/1.1" 404 30916 "-" "Mozilla/5.0 Nxploited-UP/1.0"
62.60.130.128 - - [16/Jul/2026:14:12:31 +0000] "GET /wp-content/plugins/Nxploited_20424b/readme.txt HTTP/1.1" 301 0 "-" "Mozilla/5.0 Nxploited-UP/1.0"
62.60.130.128 - - [16/Jul/2026:14:12:33 +0000] "GET /wp-content/plugins/Nxploited_20424b/readme.txt HTTP/1.1" 404 30918 "-" "Mozilla/5.0 Nxploited-UP/1.0"
62.60.130.128 - - [16/Jul/2026:14:12:33 +0000] "POST / HTTP/1.1" 200 45665 "-" "Mozilla/5.0 Nxploited-UP/1.0"
62.60.130.128 - - [16/Jul/2026:14:12:35 +0000] "POST / HTTP/1.1" 200 45666 "-" "Mozilla/5.0 Nxploited-UP/1.0"
62.60.130.128 - - [16/Jul/2026:14:12:36 +0000] "GET /wp-content/plugins/Nxploited_795f07/readme.txt HTTP/1.1" 404 30924 "-" "Mozilla/5.0 Nxploited-UP/1.0"
62.60.130.128 - - [16/Jul/2026:14:12:37 +0000] "GET /wp-content/plugins/Nxploited_20424b/readme.txt HTTP/1.1" 301 0 "-" "Mozilla/5.0 Nxploited-UP/1.0"
62.60.130.128 - - [16/Jul/2026:14:12:37 +0000] "POST / HTTP/1.1" 200 45666 "-" "Mozilla/5.0 Nxploited-UP/1.0"
62.60.130.128 - - [16/Jul/2026:14:12:39 +0000] "GET /wp-content/plugins/Nxploited_20424b/readme.txt HTTP/1.1" 404 30917 "-" "Mozilla/5.0 Nxploited-UP/1.0"
62.60.130.128 - - [16/Jul/2026:14:12:40 +0000] "GET /wp-content/plugins/Nxploited_795f07/readme.txt HTTP/1.1" 404 30922 "-" "Mozilla/5.0 Nxploited-UP/1.0"
62.60.130.128 - - [16/Jul/2026:14:12:41 +0000] "POST / HTTP/1.1" 200 45664 "-" "Mozilla/5.0 Nxploited-UP/1.0"
62.60.130.128 - - [16/Jul/2026:14:12:42 +0000] "POST / HTTP/1.1" 200 45657 "-" "Mozilla/5.0 Nxploited-UP/1.0"
62.60.130.128 - - [16/Jul/2026:14:12:44 +0000] "GET /wp-content/plugins/Nxploited_20424b/readme.txt HTTP/1.1" 301 0 "-" "Mozilla/5.0 Nxploited-UP/1.0"
62.60.130.128 - - [16/Jul/2026:14:12:45 +0000] "GET /wp-content/plugins/Nxploited_20424b/readme.txt HTTP/1.1" 404 30917 "-" "Mozilla/5.0 Nxploited-UP/1.0"
62.60.130.128 - - [16/Jul/2026:14:12:45 +0000] "GET /wp-content/plugins/Nxploited_795f07/readme.txt HTTP/1.1" 404 30923 "-" "Mozilla/5.0 Nxploited-UP/1.0"
62.60.130.128 - - [16/Jul/2026:14:12:47 +0000] "POST / HTTP/1.1" 200 45666 "-" "Mozilla/5.0 Nxploited-UP/1.0"
62.60.130.128 - - [16/Jul/2026:14:12:47 +0000] "POST / HTTP/1.1" 200 45666 "-" "Mozilla/5.0 Nxploited-UP/1.0"
62.60.130.128 - - [16/Jul/2026:14:12:50 +0000] "GET /wp-content/plugins/Nxploited_20424b/readme.txt HTTP/1.1" 301 0 "-" "Mozilla/5.0 Nxploited-UP/1.0"
62.60.130.128 - - [16/Jul/2026:14:12:51 +0000] "GET /wp-content/plugins/Nxploited_795f07/readme.txt HTTP/1.1" 404 30924 "-" "Mozilla/5.0 Nxploited-UP/1.0"
62.60.130.128 - - [16/Jul/2026:14:12:53 +0000] "GET /wp-content/plugins/Nxploited_20424b/readme.txt HTTP/1.1" 404 30917 "-" "Mozilla/5.0 Nxploited-UP/1.0"
62.60.130.128 - - [16/Jul/2026:14:12:53 +0000] "POST / HTTP/1.1" 200 45662 "-" "Mozilla/5.0 Nxploited-UP/1.0"
62.60.130.128 - - [16/Jul/2026:14:12:55 +0000] "POST / HTTP/1.1" 200 45666 "-" "Mozilla/5.0 Nxploited-UP/1.0"
62.60.130.128 - - [16/Jul/2026:14:12:56 +0000] "GET /wp-content/plugins/Nxploited_795f07/readme.txt HTTP/1.1" 404 30925 "-" "Mozilla/5.0 Nxploited-UP/1.0"
62.60.130.128 - - [16/Jul/2026:14:12:57 +0000] "GET /wp-content/plugins/Nxploited_20424b/readme.txt HTTP/1.1" 301 0 "-" "Mozilla/5.0 Nxploited-UP/1.0"
62.60.130.128 - - [16/Jul/2026:14:12:58 +0000] "POST / HTTP/1.1" 200 45665 "-" "Mozilla/5.0 Nxploited-UP/1.0"
62.60.130.128 - - [16/Jul/2026:14:13:00 +0000] "GET /wp-content/plugins/Nxploited_20424b/readme.txt HTTP/1.1" 404 30917 "-" "Mozilla/5.0 Nxploited-UP/1.0"
62.60.130.128 - - [16/Jul/2026:14:13:02 +0000] "GET /wp-content/plugins/Nxploited_795f07/readme.txt HTTP/1.1" 404 30923 "-" "Mozilla/5.0 Nxploited-UP/1.0"
62.60.130.128 - - [16/Jul/2026:14:13:04 +0000] "POST / HTTP/1.1" 200 45666 "-" "Mozilla/5.0 Nxploited-UP/1.0"
62.60.130.128 - - [16/Jul/2026:14:13:05 +0000] "POST / HTTP/1.1" 200 45660 "-" "Mozilla/5.0 Nxploited-UP/1.0"
62.60.130.128 - - [16/Jul/2026:14:13:08 +0000] "GET /wp-content/plugins/Nxploited_20424b/readme.txt HTTP/1.1" 301 0 "-" "Mozilla/5.0 Nxploited-UP/1.0"
62.60.130.128 - - [16/Jul/2026:14:13:09 +0000] "GET /wp-content/plugins/Nxploited_795f07/readme.txt HTTP/1.1" 404 30923 "-" "Mozilla/5.0 Nxploited-UP/1.0"
62.60.130.128 - - [16/Jul/2026:14:13:10 +0000] "GET /wp-content/plugins/Nxploited_20424b/readme.txt HTTP/1.1" 404 30916 "-" "Mozilla/5.0 Nxploited-UP/1.0"
62.60.130.128 - - [16/Jul/2026:14:13:10 +0000] "POST / HTTP/1.1" 200 45666 "-" "Mozilla/5.0 Nxploited-UP/1.0"
62.60.130.128 - - [16/Jul/2026:14:13:11 +0000] "POST / HTTP/1.1" 200 45665 "-" "Mozilla/5.0 Nxploited-UP/1.0"
62.60.130.128 - - [16/Jul/2026:14:13:12 +0000] "GET /wp-content/plugins/Nxploited_795f07/readme.txt HTTP/1.1" 404 30924 "-" "Mozilla/5.0 Nxploited-UP/1.0"
62.60.130.128 - - [16/Jul/2026:14:13:13 +0000] "GET /wp-content/plugins/Nxploited_20424b/readme.txt HTTP/1.1" 301 0 "-" "Mozilla/5.0 Nxploited-UP/1.0"
62.60.130.128 - - [16/Jul/2026:14:13:14 +0000] "POST / HTTP/1.1" 200 45661 "-" "Mozilla/5.0 Nxploited-UP/1.0"
62.60.130.128 - - [16/Jul/2026:14:13:14 +0000] "GET /wp-content/plugins/Nxploited_20424b/readme.txt HTTP/1.1" 404 30916 "-" "Mozilla/5.0 Nxploited-UP/1.0"
62.60.130.128 - - [16/Jul/2026:14:13:16 +0000] "GET /wp-content/plugins/Nxploited_795f07/readme.txt HTTP/1.1" 404 30925 "-" "Mozilla/5.0 Nxploited-UP/1.0"
62.60.130.128 - - [16/Jul/2026:14:13:16 +0000] "POST / HTTP/1.1" 200 45666 "-" "Mozilla/5.0 Nxploited-UP/1.0"
62.60.130.128 - - [16/Jul/2026:14:13:18 +0000] "POST / HTTP/1.1" 200 45662 "-" "Mozilla/5.0 Nxploited-UP/1.0"
62.60.130.128 - - [16/Jul/2026:14:13:19 +0000] "GET /wp-content/plugins/Nxploited_20424b/readme.txt HTTP/1.1" 301 0 "-" "Mozilla/5.0 Nxploited-UP/1.0"
62.60.130.128 - - [16/Jul/2026:14:13:21 +0000] "GET /wp-content/plugins/Nxploited_20424b/readme.txt HTTP/1.1" 404 30915 "-" "Mozilla/5.0 Nxploited-UP/1.0"
62.60.130.128 - - [16/Jul/2026:14:13:22 +0000] "GET /wp-content/plugins/Nxploited_795f07/readme.txt HTTP/1.1" 404 30923 "-" "Mozilla/5.0 Nxploited-UP/1.0"
62.60.130.128 - - [16/Jul/2026:14:13:23 +0000] "POST / HTTP/1.1" 200 45664 "-" "Mozilla/5.0 Nxploited-UP/1.0"
62.60.130.128 - - [16/Jul/2026:14:13:24 +0000] "POST / HTTP/1.1" 200 45665 "-" "Mozilla/5.0 Nxploited-UP/1.0"
62.60.130.128 - - [16/Jul/2026:14:13:26 +0000] "GET /wp-content/plugins/Nxploited_20424b/readme.txt HTTP/1.1" 301 0 "-" "Mozilla/5.0 Nxploited-UP/1.0"
62.60.130.128 - - [16/Jul/2026:14:13:27 +0000] "GET /wp-content/plugins/Nxploited_795f07/readme.txt HTTP/1.1" 404 30923 "-" "Mozilla/5.0 Nxploited-UP/1.0"
62.60.130.128 - - [16/Jul/2026:14:13:28 +0000] "GET /wp-content/plugins/Nxploited_20424b/readme.txt HTTP/1.1" 404 30912 "-" "Mozilla/5.0 Nxploited-UP/1.0"
62.60.130.128 - - [16/Jul/2026:14:13:29 +0000] "POST / HTTP/1.1" 200 45664 "-" "Mozilla/5.0 Nxploited-UP/1.0"
62.60.130.128 - - [16/Jul/2026:14:13:30 +0000] "POST / HTTP/1.1" 200 45656 "-" "Mozilla/5.0 Nxploited-UP/1.0"
62.60.130.128 - - [16/Jul/2026:14:13:31 +0000] "GET /wp-content/plugins/Nxploited_795f07/readme.txt HTTP/1.1" 404 30906 "-" "Mozilla/5.0 Nxploited-UP/1.0"
194.39.149.53 - - [16/Jul/2026:14:13:33 +0000] "POST /wp-cron.php?doing_wp_cron=1784211213.6084558963775634765625 HTTP/1.1" 200 0 "-" "WordPress/7.0.1; https://gradregalia242.com"
62.60.130.128 - - [16/Jul/2026:14:13:32 +0000] "GET /wp-content/plugins/Nxploited_20424b/readme.txt HTTP/1.1" 301 0 "-" "Mozilla/5.0 Nxploited-UP/1.0"
62.60.130.128 - - [16/Jul/2026:14:13:32 +0000] "POST / HTTP/1.1" 200 45661 "-" "Mozilla/5.0 Nxploited-UP/1.0"
62.60.130.128 - - [16/Jul/2026:14:13:34 +0000] "GET /wp-content/plugins/Nxploited_20424b/readme.txt HTTP/1.1" 404 30923 "-" "Mozilla/5.0 Nxploited-UP/1.0"
62.60.130.128 - - [16/Jul/2026:14:13:36 +0000] "GET /wp-content/plugins/Nxploited_795f07/readme.txt HTTP/1.1" 404 30922 "-" "Mozilla/5.0 Nxploited-UP/1.0"
62.60.130.128 - - [16/Jul/2026:14:13:36 +0000] "POST / HTTP/1.1" 200 45657 "-" "Mozilla/5.0 Nxploited-UP/1.0"
62.60.130.128 - - [16/Jul/2026:14:13:38 +0000] "POST / HTTP/1.1" 200 45664 "-" "Mozilla/5.0 Nxploited-UP/1.0"
62.60.130.128 - - [16/Jul/2026:14:13:39 +0000] "GET /wp-content/plugins/Nxploited_20424b/readme.txt HTTP/1.1" 301 0 "-" "Mozilla/5.0 Nxploited-UP/1.0"
62.60.130.128 - - [16/Jul/2026:14:13:41 +0000] "GET /wp-content/plugins/Nxploited_20424b/readme.txt HTTP/1.1" 404 30914 "-" "Mozilla/5.0 Nxploited-UP/1.0"
62.60.130.128 - - [16/Jul/2026:14:13:41 +0000] "GET /wp-content/plugins/Nxploited_795f07/readme.txt HTTP/1.1" 404 30921 "-" "Mozilla/5.0 Nxploited-UP/1.0"
62.60.130.128 - - [16/Jul/2026:14:13:42 +0000] "POST / HTTP/1.1" 200 45645 "-" "Mozilla/5.0 Nxploited-UP/1.0"
62.60.130.128 - - [16/Jul/2026:14:13:42 +0000] "POST / HTTP/1.1" 200 45659 "-" "Mozilla/5.0 Nxploited-UP/1.0"
62.60.130.128 - - [16/Jul/2026:14:13:45 +0000] "GET /wp-content/plugins/Nxploited_20424b/readme.txt HTTP/1.1" 301 0 "-" "Mozilla/5.0 Nxploited-UP/1.0"
62.60.130.128 - - [16/Jul/2026:14:13:45 +0000] "GET /wp-content/plugins/Nxploited_795f07/readme.txt HTTP/1.1" 404 30922 "-" "Mozilla/5.0 Nxploited-UP/1.0"
62.60.130.128 - - [16/Jul/2026:14:13:47 +0000] "GET /wp-content/plugins/Nxploited_20424b/readme.txt HTTP/1.1" 404 30918 "-" "Mozilla/5.0 Nxploited-UP/1.0"
62.60.130.128 - - [16/Jul/2026:14:13:48 +0000] "POST / HTTP/1.1" 200 45659 "-" "Mozilla/5.0 Nxploited-UP/1.0"
62.60.130.128 - - [16/Jul/2026:14:13:49 +0000] "POST / HTTP/1.1" 200 45659 "-" "Mozilla/5.0 Nxploited-UP/1.0"
62.60.130.128 - - [16/Jul/2026:14:13:50 +0000] "GET /wp-content/plugins/Nxploited_795f07/readme.txt HTTP/1.1" 404 30922 "-" "Mozilla/5.0 Nxploited-UP/1.0"
62.60.130.128 - - [16/Jul/2026:14:13:51 +0000] "GET /wp-content/plugins/Nxploited_20424b/readme.txt HTTP/1.1" 301 0 "-" "Mozilla/5.0 Nxploited-UP/1.0"
62.60.130.128 - - [16/Jul/2026:14:13:51 +0000] "POST / HTTP/1.1" 200 45652 "-" "Mozilla/5.0 Nxploited-UP/1.0"
62.60.130.128 - - [16/Jul/2026:14:13:52 +0000] "GET /wp-content/plugins/Nxploited_20424b/readme.txt HTTP/1.1" 404 30929 "-" "Mozilla/5.0 Nxploited-UP/1.0"
62.60.130.128 - - [16/Jul/2026:14:13:54 +0000] "GET /wp-content/plugins/Nxploited_795f07/readme.txt HTTP/1.1" 404 30922 "-" "Mozilla/5.0 Nxploited-UP/1.0"
62.60.130.128 - - [16/Jul/2026:14:13:54 +0000] "POST / HTTP/1.1" 200 45664 "-" "Mozilla/5.0 Nxploited-UP/1.0"
62.60.130.128 - - [16/Jul/2026:14:13:56 +0000] "POST / HTTP/1.1" 200 45664 "-" "Mozilla/5.0 Nxploited-UP/1.0"
62.60.130.128 - - [16/Jul/2026:14:13:56 +0000] "GET /wp-content/plugins/Nxploited_20424b/readme.txt HTTP/1.1" 301 0 "-" "Mozilla/5.0 Nxploited-UP/1.0"
62.60.130.128 - - [16/Jul/2026:14:13:57 +0000] "GET /wp-content/plugins/Nxploited_20424b/readme.txt HTTP/1.1" 404 30916 "-" "Mozilla/5.0 Nxploited-UP/1.0"
62.60.130.128 - - [16/Jul/2026:14:13:58 +0000] "GET /wp-content/plugins/Nxploited_795f07/readme.txt HTTP/1.1" 404 30922 "-" "Mozilla/5.0 Nxploited-UP/1.0"
62.60.130.128 - - [16/Jul/2026:14:13:59 +0000] "POST / HTTP/1.1" 200 45665 "-" "Mozilla/5.0 Nxploited-UP/1.0"
62.60.130.128 - - [16/Jul/2026:14:14:00 +0000] "POST / HTTP/1.1" 200 45660 "-" "Mozilla/5.0 Nxploited-UP/1.0"
62.60.130.128 - - [16/Jul/2026:14:14:02 +0000] "GET /wp-content/plugins/Nxploited_20424b/readme.txt HTTP/1.1" 301 0 "-" "Mozilla/5.0 Nxploited-UP/1.0"
62.60.130.128 - - [16/Jul/2026:14:14:02 +0000] "GET /wp-content/plugins/Nxploited_795f07/readme.txt HTTP/1.1" 404 30922 "-" "Mozilla/5.0 Nxploited-UP/1.0"
62.60.130.128 - - [16/Jul/2026:14:14:04 +0000] "GET /wp-content/plugins/Nxploited_20424b/readme.txt HTTP/1.1" 404 30917 "-" "Mozilla/5.0 Nxploited-UP/1.0"
62.60.130.128 - - [16/Jul/2026:14:14:04 +0000] "POST / HTTP/1.1" 200 45665 "-" "Mozilla/5.0 Nxploited-UP/1.0"
62.60.130.128 - - [16/Jul/2026:14:14:05 +0000] "POST / HTTP/1.1" 200 45665 "-" "Mozilla/5.0 Nxploited-UP/1.0"
62.60.130.128 - - [16/Jul/2026:14:14:06 +0000] "GET /wp-content/plugins/Nxploited_795f07/readme.txt HTTP/1.1" 404 30922 "-" "Mozilla/5.0 Nxploited-UP/1.0"
62.60.130.128 - - [16/Jul/2026:14:14:08 +0000] "GET /wp-content/plugins/Nxploited_20424b/readme.txt HTTP/1.1" 301 0 "-" "Mozilla/5.0 Nxploited-UP/1.0"
62.60.130.128 - - [16/Jul/2026:14:14:09 +0000] "GET /wp-content/plugins/Nxploited_795f07/readme.txt HTTP/1.1" 404 30922 "-" "Mozilla/5.0 Nxploited-UP/1.0"
62.60.130.128 - - [16/Jul/2026:14:14:09 +0000] "GET /wp-content/plugins/Nxploited_20424b/readme.txt HTTP/1.1" 404 30916 "-" "Mozilla/5.0 Nxploited-UP/1.0"
62.60.130.128 - - [16/Jul/2026:14:14:10 +0000] "POST / HTTP/1.1" 200 45660 "-" "Mozilla/5.0 Nxploited-UP/1.0"
62.60.130.128 - - [16/Jul/2026:14:14:12 +0000] "GET /wp-content/plugins/Nxploited_20424b/readme.txt HTTP/1.1" 301 0 "-" "Mozilla/5.0 Nxploited-UP/1.0"
62.60.130.128 - - [16/Jul/2026:14:14:14 +0000] "GET /wp-content/plugins/Nxploited_20424b/readme.txt HTTP/1.1" 404 30917 "-" "Mozilla/5.0 Nxploited-UP/1.0"
62.60.130.128 - - [16/Jul/2026:14:14:16 +0000] "POST / HTTP/1.1" 200 45665 "-" "Mozilla/5.0 Nxploited-UP/1.0"
62.60.130.128 - - [16/Jul/2026:14:14:18 +0000] "GET /wp-content/plugins/Nxploited_20424b/readme.txt HTTP/1.1" 301 0 "-" "Mozilla/5.0 Nxploited-UP/1.0"
62.60.130.128 - - [16/Jul/2026:14:14:20 +0000] "GET /wp-content/plugins/Nxploited_20424b/readme.txt HTTP/1.1" 404 30915 "-" "Mozilla/5.0 Nxploited-UP/1.0"
62.60.130.128 - - [16/Jul/2026:14:14:21 +0000] "POST / HTTP/1.1" 200 45665 "-" "Mozilla/5.0 Nxploited-UP/1.0"
62.60.130.128 - - [16/Jul/2026:14:14:23 +0000] "GET /wp-content/plugins/Nxploited_20424b/readme.txt HTTP/1.1" 301 0 "-" "Mozilla/5.0 Nxploited-UP/1.0"
62.60.130.128 - - [16/Jul/2026:14:14:24 +0000] "GET /wp-content/plugins/Nxploited_20424b/readme.txt HTTP/1.1" 404 30911 "-" "Mozilla/5.0 Nxploited-UP/1.0"
62.60.130.128 - - [16/Jul/2026:14:14:26 +0000] "GET /wp-content/plugins/Nxploited_20424b/readme.txt HTTP/1.1" 301 0 "-" "Mozilla/5.0 Nxploited-UP/1.0"
62.60.130.128 - - [16/Jul/2026:14:14:27 +0000] "GET /wp-content/plugins/Nxploited_20424b/readme.txt HTTP/1.1" 404 30916 "-" "Mozilla/5.0 Nxploited-UP/1.0"
216.244.66.246 - - [16/Jul/2026:14:27:48 +0000] "GET /robots.txt HTTP/1.1" 200 268 "-" "Mozilla/5.0 (compatible; DotBot/1.2; +https://opensiteexplorer.org/dotbot; help@moz.com)"
194.39.149.53 - - [16/Jul/2026:14:38:31 +0000] "POST /wp-cron.php?doing_wp_cron=1784212711.8011009693145751953125 HTTP/1.1" 200 0 "-" "WordPress/7.0.1; https://gradregalia242.com"
216.244.66.246 - - [16/Jul/2026:14:38:30 +0000] "GET /product/kindercare-cap-only-matte/feed/ HTTP/1.1" 200 815 "-" "Mozilla/5.0 (compatible; DotBot/1.2; +https://opensiteexplorer.org/dotbot; help@moz.com)"
194.39.149.53 - - [16/Jul/2026:14:39:42 +0000] "POST /wp-cron.php?doing_wp_cron=1784212782.0878760814666748046875 HTTP/1.1" 200 0 "-" "WordPress/7.0.1; https://gradregalia242.com"
216.244.66.246 - - [16/Jul/2026:14:39:41 +0000] "GET /product/traditional-barrister-wig/feed/ HTTP/1.1" 200 807 "-" "Mozilla/5.0 (compatible; DotBot/1.2; +https://opensiteexplorer.org/dotbot; help@moz.com)"
194.39.149.53 - - [16/Jul/2026:14:46:35 +0000] "POST /wp-cron.php?doing_wp_cron=1784213194.9788389205932617187500 HTTP/1.1" 200 0 "-" "WordPress/7.0.1; https://gradregalia242.com"
216.244.66.246 - - [16/Jul/2026:14:46:33 +0000] "GET /product/econ-grad-package-gown-cap-tassel-printed-stole-diploma-cover/?add_to_wishlist=109191 HTTP/1.1" 200 262241 "-" "Mozilla/5.0 (compatible; DotBot/1.2; +https://opensiteexplorer.org/dotbot; help@moz.com)"
194.39.149.53 - - [16/Jul/2026:14:49:22 +0000] "POST /wp-cron.php?doing_wp_cron=1784213361.9070119857788085937500 HTTP/1.1" 200 0 "-" "WordPress/7.0.1; https://gradregalia242.com"
216.244.66.246 - - [16/Jul/2026:14:49:20 +0000] "GET /cart/?remove_item=a59e568e2c5bb83916402b8eb258f8cc&_wpnonce=07593634a0 HTTP/1.1" 200 216885 "-" "Mozilla/5.0 (compatible; DotBot/1.2; +https://opensiteexplorer.org/dotbot; help@moz.com)"
103.142.240.161 - - [16/Jul/2026:15:00:22 +0000] "GET /wp-json/wp/v2/posts HTTP/1.1" 200 46649 "-" "Mozilla/5.0 (Windows NT 10.0; Win64; x64) AppleWebKit/537.36 (KHTML, like Gecko) Chrome/120.0.0.0 Safari/537.36"
34.168.236.230 - - [16/Jul/2026:15:07:44 +0000] "GET / HTTP/1.1" 301 0 "-" "Mozilla/5.0 (compatible; CMS-Checker/1.0; +https://example.com)"
194.39.149.53 - - [16/Jul/2026:15:07:46 +0000] "POST /wp-cron.php?doing_wp_cron=1784214466.0501539707183837890625 HTTP/1.1" 200 0 "-" "WordPress/7.0.1; https://gradregalia242.com"
34.168.236.230 - - [16/Jul/2026:15:07:44 +0000] "GET / HTTP/1.1" 301 0 "-" "Mozilla/5.0 (compatible; CMS-Checker/1.0; +https://example.com)"
194.39.149.53 - - [16/Jul/2026:15:09:33 +0000] "POST /wp-cron.php?doing_wp_cron=1784214573.0990579128265380859375 HTTP/1.1" 200 0 "-" "WordPress/7.0.1; https://gradregalia242.com"
34.21.76.21 - - [16/Jul/2026:15:09:32 +0000] "GET / HTTP/1.1" 301 0 "-" "Mozilla/5.0 (compatible; CMS-Checker/1.0; +https://example.com)"
194.39.149.53 - - [16/Jul/2026:15:12:45 +0000] "POST /wp-cron.php?doing_wp_cron=1784214764.9659860134124755859375 HTTP/1.1" 200 0 "-" "WordPress/7.0.1; https://gradregalia242.com"
216.244.66.246 - - [16/Jul/2026:15:12:44 +0000] "GET /robots.txt HTTP/1.1" 200 268 "-" "Mozilla/5.0 (compatible; DotBot/1.2; +https://opensiteexplorer.org/dotbot; help@moz.com)"
136.108.3.221 - - [16/Jul/2026:15:20:37 +0000] "GET / HTTP/1.1" 301 0 "-" "Mozilla/5.0 (compatible; CMS-Checker/1.0; +https://example.com)"
194.39.149.53 - - [16/Jul/2026:15:20:40 +0000] "POST /wp-cron.php?doing_wp_cron=1784215240.4593648910522460937500 HTTP/1.1" 200 0 "-" "WordPress/7.0.1; https://gradregalia242.com"
136.108.3.221 - - [16/Jul/2026:15:20:37 +0000] "GET / HTTP/1.1" 301 0 "-" "Mozilla/5.0 (compatible; CMS-Checker/1.0; +https://example.com)"
194.39.149.53 - - [16/Jul/2026:15:26:52 +0000] "POST /wp-cron.php?doing_wp_cron=1784215612.1081840991973876953125 HTTP/1.1" 200 0 "-" "WordPress/7.0.1; https://gradregalia242.com"
216.244.66.246 - - [16/Jul/2026:15:26:49 +0000] "GET /shop/page/8/?add_to_wishlist=22136 HTTP/1.1" 200 325915 "-" "Mozilla/5.0 (compatible; DotBot/1.2; +https://opensiteexplorer.org/dotbot; help@moz.com)"
194.39.149.53 - - [16/Jul/2026:15:28:08 +0000] "POST /wp-cron.php?doing_wp_cron=1784215688.5774850845336914062500 HTTP/1.1" 200 0 "-" "WordPress/7.0.1; https://gradregalia242.com"
216.244.66.246 - - [16/Jul/2026:15:28:07 +0000] "GET /product-category/accessories/page/4/?add_to_wishlist=235403 HTTP/1.1" 200 322688 "-" "Mozilla/5.0 (compatible; DotBot/1.2; +https://opensiteexplorer.org/dotbot; help@moz.com)"
216.244.66.246 - - [16/Jul/2026:15:31:26 +0000] "GET /product/kindercare-graduation-stole/?add_to_wishlist=85856 HTTP/1.1" 200 347108 "-" "Mozilla/5.0 (compatible; DotBot/1.2; +https://opensiteexplorer.org/dotbot; help@moz.com)"
194.39.149.53 - - [16/Jul/2026:15:57:42 +0000] "POST /wp-cron.php?doing_wp_cron=1784217462.4912910461425781250000 HTTP/1.1" 200 0 "-" "WordPress/7.0.1; https://gradregalia242.com"
216.244.66.246 - - [16/Jul/2026:15:57:41 +0000] "GET /robots.txt HTTP/1.1" 200 268 "-" "Mozilla/5.0 (compatible; DotBot/1.2; +https://opensiteexplorer.org/dotbot; help@moz.com)"
194.39.149.53 - - [16/Jul/2026:16:02:33 +0000] "POST /wp-cron.php?doing_wp_cron=1784217753.8811879158020019531250 HTTP/1.1" 200 0 "-" "WordPress/7.0.1; https://gradregalia242.com"
114.119.133.138 - - [16/Jul/2026:16:02:32 +0000] "GET / HTTP/1.1" 301 0 "http://gradregalia242.com/" "Mozilla/5.0 (Linux; Android 7.0;) AppleWebKit/537.36 (HTML, like Gecko) Mobile Safari/537.36 (compatible; PetalBot;+https://webmaster.petalsearch.com/site/petalbot)"
34.168.236.230 - - [16/Jul/2026:16:05:20 +0000] "GET / HTTP/1.1" 301 0 "-" "Mozilla/5.0 (Windows NT 10.0; Win64; x64) AppleWebKit/537.36 (KHTML, like Gecko) Chrome/78.0.3904.108 Safari/537.36"
34.168.236.230 - - [16/Jul/2026:16:05:20 +0000] "GET / HTTP/1.1" 301 0 "-" "Mozilla/5.0 (Windows NT 10.0; Win64; x64) AppleWebKit/537.36 (KHTML, like Gecko) Chrome/78.0.3904.108 Safari/537.36"
194.39.149.53 - - [16/Jul/2026:16:07:54 +0000] "POST /wp-cron.php?doing_wp_cron=1784218074.3817009925842285156250 HTTP/1.1" 200 0 "-" "WordPress/7.0.1; https://gradregalia242.com"
194.39.149.53 - - [16/Jul/2026:16:07:54 +0000] "POST /wp-cron.php?doing_wp_cron=1784218074.3817589282989501953125 HTTP/1.1" 200 0 "-" "WordPress/7.0.1; https://gradregalia242.com"
136.108.3.221 - - [16/Jul/2026:16:07:52 +0000] "GET / HTTP/1.1" 301 0 "-" "Mozilla/5.0 (Windows NT 10.0; Win64; x64) AppleWebKit/537.36 (KHTML, like Gecko) Chrome/78.0.3904.108 Safari/537.36"
136.108.3.221 - - [16/Jul/2026:16:07:52 +0000] "GET / HTTP/1.1" 301 0 "-" "Mozilla/5.0 (Windows NT 10.0; Win64; x64) AppleWebKit/537.36 (KHTML, like Gecko) Chrome/78.0.3904.108 Safari/537.36"
34.21.76.21 - - [16/Jul/2026:16:08:06 +0000] "GET / HTTP/1.1" 301 0 "-" "Mozilla/5.0 (Windows NT 10.0; Win64; x64) AppleWebKit/537.36 (KHTML, like Gecko) Chrome/78.0.3904.108 Safari/537.36"
216.244.66.246 - - [16/Jul/2026:16:08:19 +0000] "GET /product/gown-cap-tassel-honor-cord-shiny/feed/ HTTP/1.1" 200 845 "-" "Mozilla/5.0 (compatible; DotBot/1.2; +https://opensiteexplorer.org/dotbot; help@moz.com)"
194.110.207.62 - - [16/Jul/2026:16:14:40 +0000] "GET /index.php?rest_route=/wp/v2/plugins HTTP/1.1" 401 125 "-" "Mozilla/5.0 (X11; Linux i686) AppleWebKit/537.36 (KHTML, like Gecko) Chrome/56.0.2962.11 Safari/537.36"
194.110.207.62 - - [16/Jul/2026:16:14:42 +0000] "GET /wp-json/wp/v2/plugins HTTP/1.1" 401 125 "http://gradregalia242.com/index.php?rest_route=/wp/v2/plugins" "Mozilla/5.0 (X11; Linux i686) AppleWebKit/537.36 (KHTML, like Gecko) Chrome/56.0.2962.11 Safari/537.36"
194.39.149.53 - - [16/Jul/2026:16:15:45 +0000] "POST /wp-cron.php?doing_wp_cron=1784218545.1469728946685791015625 HTTP/1.1" 200 0 "-" "WordPress/7.0.1; https://gradregalia242.com"
216.244.66.246 - - [16/Jul/2026:16:15:43 +0000] "GET /product/gown-cap-tassel-honor-cord-diploma-cover-shiny/?add_to_wishlist=22136 HTTP/1.1" 200 334239 "-" "Mozilla/5.0 (compatible; DotBot/1.2; +https://opensiteexplorer.org/dotbot; help@moz.com)"
194.39.149.53 - - [16/Jul/2026:16:17:26 +0000] "POST /wp-cron.php?doing_wp_cron=1784218646.0038130283355712890625 HTTP/1.1" 200 0 "-" "WordPress/7.0.1; https://gradregalia242.com"
216.244.66.246 - - [16/Jul/2026:16:17:06 +0000] "GET /product-category/elementary-school/page/2/?add_to_wishlist=172125 HTTP/1.1" 200 314825 "-" "Mozilla/5.0 (compatible; DotBot/1.2; +https://opensiteexplorer.org/dotbot; help@moz.com)"
216.244.66.246 - - [16/Jul/2026:16:18:00 +0000] "GET /product-category/packages/page/2/?add_to_wishlist=109226 HTTP/1.1" 200 318040 "-" "Mozilla/5.0 (compatible; DotBot/1.2; +https://opensiteexplorer.org/dotbot; help@moz.com)"
194.39.149.53 - - [16/Jul/2026:16:18:48 +0000] "POST /wp-cron.php?doing_wp_cron=1784218728.3806240558624267578125 HTTP/1.1" 200 0 "-" "WordPress/7.0.1; https://gradregalia242.com"
216.244.66.246 - - [16/Jul/2026:16:18:47 +0000] "GET /product/year-signet/?add_to_wishlist=22202 HTTP/1.1" 200 314209 "-" "Mozilla/5.0 (compatible; DotBot/1.2; +https://opensiteexplorer.org/dotbot; help@moz.com)"
194.39.149.53 - - [16/Jul/2026:16:37:07 +0000] "POST /wp-cron.php?doing_wp_cron=1784219827.1943490505218505859375 HTTP/1.1" 200 0 "-" "WordPress/7.0.1; https://gradregalia242.com"
74.7.241.179 - - [16/Jul/2026:16:37:06 +0000] "GET /robots.txt HTTP/1.1" 200 146 "-" "Mozilla/5.0 (Macintosh; Intel Mac OS X 10_15_7) AppleWebKit/537.36 (KHTML, like Gecko) Chrome/131.0.0.0 Safari/537.36; compatible; OAI-SearchBot/1.4; robots.txt; +https://openai.com/searchbot"
194.39.149.53 - - [16/Jul/2026:16:39:18 +0000] "POST /wp-cron.php?doing_wp_cron=1784219958.3805439472198486328125 HTTP/1.1" 200 0 "-" "WordPress/7.0.1; https://gradregalia242.com"
74.7.227.131 - - [16/Jul/2026:16:39:17 +0000] "GET / HTTP/1.1" 301 0 "http://www.themumbai.in" "Mozilla/5.0 AppleWebKit/537.36 (KHTML, like Gecko; compatible; GPTBot/1.4; +https://openai.com/gptbot)"
194.39.149.53 - - [16/Jul/2026:16:41:59 +0000] "POST /wp-cron.php?doing_wp_cron=1784220119.6289539337158203125000 HTTP/1.1" 200 0 "-" "WordPress/7.0.1; https://gradregalia242.com"
216.244.66.246 - - [16/Jul/2026:16:41:58 +0000] "GET /robots.txt HTTP/1.1" 200 268 "-" "Mozilla/5.0 (compatible; DotBot/1.2; +https://opensiteexplorer.org/dotbot; help@moz.com)"
194.39.149.53 - - [16/Jul/2026:16:55:15 +0000] "POST /wp-cron.php?doing_wp_cron=1784220915.5796670913696289062500 HTTP/1.1" 200 0 "-" "WordPress/7.0.1; https://gradregalia242.com"
216.244.66.246 - - [16/Jul/2026:16:55:13 +0000] "GET /product/bachelors-gown-cap-tassel-set-matte/?add_to_wishlist=87719 HTTP/1.1" 200 329702 "-" "Mozilla/5.0 (compatible; DotBot/1.2; +https://opensiteexplorer.org/dotbot; help@moz.com)"
216.244.66.246 - - [16/Jul/2026:16:55:19 +0000] "GET /product/congrats-grad-gift-bags-custom/?add_to_wishlist=50693 HTTP/1.1" 200 310374 "-" "Mozilla/5.0 (compatible; DotBot/1.2; +https://opensiteexplorer.org/dotbot; help@moz.com)"
216.244.66.246 - - [16/Jul/2026:16:55:24 +0000] "GET /product/gift-set/?add_to_wishlist=85875 HTTP/1.1" 200 256799 "-" "Mozilla/5.0 (compatible; DotBot/1.2; +https://opensiteexplorer.org/dotbot; help@moz.com)"
194.39.149.53 - - [16/Jul/2026:16:55:41 +0000] "POST /wp-cron.php?doing_wp_cron=1784220941.2882869243621826171875 HTTP/1.1" 200 0 "-" "WordPress/7.0.1; https://gradregalia242.com"
216.244.66.246 - - [16/Jul/2026:16:55:30 +0000] "GET /product/primary-gown-only-matte/?add_to_wishlist=17776 HTTP/1.1" 200 972777 "-" "Mozilla/5.0 (compatible; DotBot/1.2; +https://opensiteexplorer.org/dotbot; help@moz.com)"
216.244.66.246 - - [16/Jul/2026:17:26:13 +0000] "GET /robots.txt HTTP/1.1" 200 268 "-" "Mozilla/5.0 (compatible; DotBot/1.2; +https://opensiteexplorer.org/dotbot; help@moz.com)"
194.39.149.53 - - [16/Jul/2026:17:35:59 +0000] "POST /wp-cron.php?doing_wp_cron=1784223359.0693960189819335937500 HTTP/1.1" 200 0 "-" "WordPress/7.0.1; https://gradregalia242.com"
216.244.66.246 - - [16/Jul/2026:17:35:57 +0000] "GET /product/double-color-tassel-and-signet/?add_to_wishlist=85910 HTTP/1.1" 200 336759 "-" "Mozilla/5.0 (compatible; DotBot/1.2; +https://opensiteexplorer.org/dotbot; help@moz.com)"
194.39.149.53 - - [16/Jul/2026:17:40:22 +0000] "POST /wp-cron.php?doing_wp_cron=1784223621.9359641075134277343750 HTTP/1.1" 200 0 "-" "WordPress/7.0.1; https://gradregalia242.com"
216.244.66.246 - - [16/Jul/2026:17:40:20 +0000] "GET /cart/?remove_item=6e3aff60c6d51e2ade46ec1682f74bc7&_wpnonce=450b5cee61 HTTP/1.1" 200 216885 "-" "Mozilla/5.0 (compatible; DotBot/1.2; +https://opensiteexplorer.org/dotbot; help@moz.com)"
194.39.149.53 - - [16/Jul/2026:17:40:35 +0000] "POST /wp-cron.php?doing_wp_cron=1784223635.2081379890441894531250 HTTP/1.1" 200 0 "-" "WordPress/7.0.1; https://gradregalia242.com"
216.244.66.246 - - [16/Jul/2026:17:40:32 +0000] "GET /cart/?remove_item=d1e7361845d02769b5c6a8db7641f68b&_wpnonce=bc95c6161e HTTP/1.1" 200 216885 "-" "Mozilla/5.0 (compatible; DotBot/1.2; +https://opensiteexplorer.org/dotbot; help@moz.com)"
49.232.104.223 - - [16/Jul/2026:17:53:24 +0000] "GET / HTTP/1.1" 301 0 "-" "Mozilla/5.0 (iPhone; CPU iPhone OS 13_2_3 like Mac OS X) AppleWebKit/605.1.15 (KHTML, like Gecko) Version/13.0.3 Mobile/15E148 Safari/604.1"
194.39.149.53 - - [16/Jul/2026:18:10:28 +0000] "POST /wp-cron.php?doing_wp_cron=1784225428.7528269290924072265625 HTTP/1.1" 200 0 "-" "WordPress/7.0.1; https://gradregalia242.com"
216.244.66.246 - - [16/Jul/2026:18:10:27 +0000] "GET /robots.txt HTTP/1.1" 200 268 "-" "Mozilla/5.0 (compatible; DotBot/1.2; +https://opensiteexplorer.org/dotbot; help@moz.com)"
194.39.149.53 - - [16/Jul/2026:18:20:00 +0000] "POST /wp-cron.php?doing_wp_cron=1784226000.7193470001220703125000 HTTP/1.1" 200 0 "-" "WordPress/7.0.1; https://gradregalia242.com"
216.244.66.246 - - [16/Jul/2026:18:19:57 +0000] "GET /product/diploma-tube/?add_to_wishlist=13568 HTTP/1.1" 200 278332 "-" "Mozilla/5.0 (compatible; DotBot/1.2; +https://opensiteexplorer.org/dotbot; help@moz.com)"
216.244.66.246 - - [16/Jul/2026:18:20:06 +0000] "GET /product/gown-cap-tassel-honor-cord-stole-matte/?add_to_wishlist=108680 HTTP/1.1" 200 333713 "-" "Mozilla/5.0 (compatible; DotBot/1.2; +https://opensiteexplorer.org/dotbot; help@moz.com)"
216.244.66.246 - - [16/Jul/2026:18:25:13 +0000] "GET /cart/?remove_item=31df1352ba90c41fa05da0b078148146&_wpnonce=183288e30a HTTP/1.1" 200 216885 "-" "Mozilla/5.0 (compatible; DotBot/1.2; +https://opensiteexplorer.org/dotbot; help@moz.com)"
216.244.66.246 - - [16/Jul/2026:18:25:20 +0000] "GET /cart/?remove_item=ce7ad73cc186aac92877b600d58cc4ce&_wpnonce=52e3b1b4b6 HTTP/1.1" 200 216885 "-" "Mozilla/5.0 (compatible; DotBot/1.2; +https://opensiteexplorer.org/dotbot; help@moz.com)"
216.244.66.246 - - [16/Jul/2026:18:25:26 +0000] "GET /cart/?remove_item=ffe762d2e6689f3baf925724c29ea7c5&_wpnonce=f28a1375d6 HTTP/1.1" 200 216885 "-" "Mozilla/5.0 (compatible; DotBot/1.2; +https://opensiteexplorer.org/dotbot; help@moz.com)"
194.39.149.53 - - [16/Jul/2026:18:25:37 +0000] "POST /wp-cron.php?doing_wp_cron=1784226337.6734690666198730468750 HTTP/1.1" 200 0 "-" "WordPress/7.0.1; https://gradregalia242.com"
216.244.66.246 - - [16/Jul/2026:18:25:32 +0000] "GET /product/congrats-grad-gift-bags-custom/?add-to-cart=168190 HTTP/1.1" 200 313090 "-" "Mozilla/5.0 (compatible; DotBot/1.2; +https://opensiteexplorer.org/dotbot; help@moz.com)"
216.244.66.246 - - [16/Jul/2026:18:26:00 +0000] "GET /product/medals/?add_to_wishlist=13502 HTTP/1.1" 200 231427 "-" "Mozilla/5.0 (compatible; DotBot/1.2; +https://opensiteexplorer.org/dotbot; help@moz.com)"
194.39.149.53 - - [16/Jul/2026:18:53:48 +0000] "POST /wp-cron.php?doing_wp_cron=1784228028.8311460018157958984375 HTTP/1.1" 200 0 "-" "WordPress/7.0.1; https://gradregalia242.com"
216.244.66.246 - - [16/Jul/2026:18:53:48 +0000] "GET /robots.txt HTTP/1.1" 200 268 "-" "Mozilla/5.0 (compatible; DotBot/1.2; +https://opensiteexplorer.org/dotbot; help@moz.com)"
194.39.149.53 - - [16/Jul/2026:19:02:56 +0000] "POST /wp-cron.php?doing_wp_cron=1784228576.8788759708404541015625 HTTP/1.1" 200 0 "-" "WordPress/7.0.1; https://gradregalia242.com"
216.244.66.246 - - [16/Jul/2026:19:02:52 +0000] "GET /product/bachelors-gown-only-shiny/?add_to_wishlist=178527 HTTP/1.1" 200 968259 "-" "Mozilla/5.0 (compatible; DotBot/1.2; +https://opensiteexplorer.org/dotbot; help@moz.com)"
216.244.66.246 - - [16/Jul/2026:19:03:00 +0000] "GET /product/basic-grad-package-gown-cap-tassel-printed-stole/?add_to_wishlist=109260 HTTP/1.1" 200 259359 "-" "Mozilla/5.0 (compatible; DotBot/1.2; +https://opensiteexplorer.org/dotbot; help@moz.com)"
216.244.66.246 - - [16/Jul/2026:19:03:23 +0000] "GET /product/econ-grad-package-gown-cap-tassel-printed-stole-diploma-cover/?add_to_wishlist=109157 HTTP/1.1" 200 262736 "-" "Mozilla/5.0 (compatible; DotBot/1.2; +https://opensiteexplorer.org/dotbot; help@moz.com)"
194.39.149.53 - - [16/Jul/2026:19:37:26 +0000] "POST /wp-cron.php?doing_wp_cron=1784230645.9931199550628662109375 HTTP/1.1" 200 0 "-" "WordPress/7.0.1; https://gradregalia242.com"
216.244.66.246 - - [16/Jul/2026:19:37:24 +0000] "GET /robots.txt HTTP/1.1" 200 268 "-" "Mozilla/5.0 (compatible; DotBot/1.2; +https://opensiteexplorer.org/dotbot; help@moz.com)"
194.39.149.53 - - [16/Jul/2026:19:47:28 +0000] "POST /wp-cron.php?doing_wp_cron=1784231248.2508029937744140625000 HTTP/1.1" 200 0 "-" "WordPress/7.0.1; https://gradregalia242.com"
217.165.139.84 - - [16/Jul/2026:19:47:27 +0000] "GET /wp-json/wp/v2/posts HTTP/1.1" 200 46649 "-" "Mozilla/5.0 (Windows NT 10.0; Win64; x64) AppleWebKit/537.36 (KHTML, like Gecko) Chrome/120.0.0.0 Safari/537.36"
80.94.95.202 - - [16/Jul/2026:19:51:02 +0000] "GET / HTTP/1.0" 301 0 "http://gradregalia242.com/" "Mozilla/5.0 (Windows NT 10.0; Win64; x64) AppleWebKit/537.36 (KHTML, like Gecko) Chrome/131.0.0.0 Safari/537.36 Avast/131.0.0.0"
194.39.149.53 - - [16/Jul/2026:19:51:43 +0000] "POST /wp-cron.php?doing_wp_cron=1784231502.9727170467376708984375 HTTP/1.1" 200 0 "-" "WordPress/7.0.1; https://gradregalia242.com"
216.244.66.246 - - [16/Jul/2026:19:51:41 +0000] "GET /cart/?remove_item=78c4ac8cd4f7ad30ae18910e2a502b3f&_wpnonce=cfbcde34bd HTTP/1.1" 200 216885 "-" "Mozilla/5.0 (compatible; DotBot/1.2; +https://opensiteexplorer.org/dotbot; help@moz.com)"
216.244.66.246 - - [16/Jul/2026:19:51:49 +0000] "GET /product/diploma-cover/?add_to_wishlist=17840 HTTP/1.1" 200 264501 "-" "Mozilla/5.0 (compatible; DotBot/1.2; +https://opensiteexplorer.org/dotbot; help@moz.com)"
216.24.210.93 - - [16/Jul/2026:20:00:07 +0000] "GET /wp-includes/css/buttons.css HTTP/1.1" 200 2890 "-" "Go-http-client/1.1"
194.39.149.53 - - [16/Jul/2026:20:21:18 +0000] "POST /wp-cron.php?doing_wp_cron=1784233278.5547549724578857421875 HTTP/1.1" 200 0 "-" "WordPress/7.0.1; https://gradregalia242.com"
216.244.66.246 - - [16/Jul/2026:20:21:17 +0000] "GET /robots.txt HTTP/1.1" 200 268 "-" "Mozilla/5.0 (compatible; DotBot/1.2; +https://opensiteexplorer.org/dotbot; help@moz.com)"
194.39.149.53 - - [16/Jul/2026:20:34:56 +0000] "POST /wp-cron.php?doing_wp_cron=1784234096.7543549537658691406250 HTTP/1.1" 200 0 "-" "WordPress/7.0.1; https://gradregalia242.com"
216.244.66.246 - - [16/Jul/2026:20:34:54 +0000] "GET /cart/?remove_item=817bf9bed6f7dfe1c1b2942518c208f1&_wpnonce=808172fb1f HTTP/1.1" 200 216885 "-" "Mozilla/5.0 (compatible; DotBot/1.2; +https://opensiteexplorer.org/dotbot; help@moz.com)"
216.244.66.246 - - [16/Jul/2026:20:35:23 +0000] "GET /cart/?remove_item=817bf9bed6f7dfe1c1b2942518c208f1&_wpnonce=e8e2b918ea HTTP/1.1" 200 216885 "-" "Mozilla/5.0 (compatible; DotBot/1.2; +https://opensiteexplorer.org/dotbot; help@moz.com)"
216.244.66.246 - - [16/Jul/2026:20:36:27 +0000] "GET /product/custom-graduation-mug-officially-hoter-by-one-degree/?add_to_wishlist=13502 HTTP/1.1" 200 238682 "-" "Mozilla/5.0 (compatible; DotBot/1.2; +https://opensiteexplorer.org/dotbot; help@moz.com)"
194.39.149.53 - - [16/Jul/2026:20:36:56 +0000] "POST /wp-cron.php?doing_wp_cron=1784234216.4561738967895507812500 HTTP/1.1" 200 0 "-" "WordPress/7.0.1; https://gradregalia242.com"
216.244.66.246 - - [16/Jul/2026:20:36:54 +0000] "GET /product/official-ceremonial-cotton-gloves/?add_to_wishlist=85875 HTTP/1.1" 200 273233 "-" "Mozilla/5.0 (compatible; DotBot/1.2; +https://opensiteexplorer.org/dotbot; help@moz.com)"
216.244.66.246 - - [16/Jul/2026:21:04:22 +0000] "GET /robots.txt HTTP/1.1" 200 268 "-" "Mozilla/5.0 (compatible; DotBot/1.2; +https://opensiteexplorer.org/dotbot; help@moz.com)"
194.39.149.53 - - [16/Jul/2026:21:10:34 +0000] "POST /wp-cron.php?doing_wp_cron=1784236234.8116428852081298828125 HTTP/1.1" 200 0 "-" "WordPress/7.0.1; https://gradregalia242.com"
114.119.133.138 - - [16/Jul/2026:21:10:33 +0000] "GET / HTTP/1.1" 301 0 "http://gradregalia242.com/" "Mozilla/5.0 (Linux; Android 7.0;) AppleWebKit/537.36 (HTML, like Gecko) Mobile Safari/537.36 (compatible; PetalBot;+https://webmaster.petalsearch.com/site/petalbot)"
194.39.149.53 - - [16/Jul/2026:21:17:21 +0000] "POST /wp-cron.php?doing_wp_cron=1784236641.4435489177703857421875 HTTP/1.1" 200 0 "-" "WordPress/7.0.1; https://gradregalia242.com"
216.244.66.246 - - [16/Jul/2026:21:17:20 +0000] "GET /cart/?remove_item=ffe762d2e6689f3baf925724c29ea7c5&_wpnonce=31d635a873 HTTP/1.1" 200 216885 "-" "Mozilla/5.0 (compatible; DotBot/1.2; +https://opensiteexplorer.org/dotbot; help@moz.com)"
194.39.149.53 - - [16/Jul/2026:21:17:37 +0000] "POST /wp-cron.php?doing_wp_cron=1784236657.1189510822296142578125 HTTP/1.1" 200 0 "-" "WordPress/7.0.1; https://gradregalia242.com"
216.244.66.246 - - [16/Jul/2026:21:17:35 +0000] "GET /product/tumbler-20oz/?add_to_wishlist=56609 HTTP/1.1" 200 277935 "-" "Mozilla/5.0 (compatible; DotBot/1.2; +https://opensiteexplorer.org/dotbot; help@moz.com)"
194.39.149.53 - - [16/Jul/2026:21:18:38 +0000] "POST /wp-cron.php?doing_wp_cron=1784236718.7705810070037841796875 HTTP/1.1" 200 0 "-" "WordPress/7.0.1; https://gradregalia242.com"
20.206.80.65 - - [16/Jul/2026:21:18:37 +0000] "GET /wp-content/plugins/hellopress/wp_filemanager.php HTTP/1.1" 404 148681 "-" "-"
20.206.80.65 - - [16/Jul/2026:21:18:39 +0000] "GET /this_is_a_new_hello_world.php HTTP/1.1" 404 148662 "-" "-"
20.206.80.65 - - [16/Jul/2026:21:18:40 +0000] "GET //ip.php HTTP/1.1" 301 0 "-" "-"
20.206.80.65 - - [16/Jul/2026:21:18:41 +0000] "GET /ip.php HTTP/1.1" 404 148639 "-" "-"
20.206.80.65 - - [16/Jul/2026:21:18:43 +0000] "GET /fw/faiyy.php HTTP/1.1" 404 148645 "-" "-"
20.206.80.65 - - [16/Jul/2026:21:18:44 +0000] "GET /wp-temp.php HTTP/1.1" 404 148644 "-" "-"
20.206.80.65 - - [16/Jul/2026:21:18:45 +0000] "GET //wp-content/cong.php HTTP/1.1" 301 0 "-" "-"
20.206.80.65 - - [16/Jul/2026:21:18:46 +0000] "GET /wp-content/cong.php HTTP/1.1" 404 148652 "-" "-"
20.206.80.65 - - [16/Jul/2026:21:18:49 +0000] "GET /wp-includes/css/index.php HTTP/1.1" 301 0 "-" "-"
20.206.80.65 - - [16/Jul/2026:21:18:50 +0000] "GET /wp-includes/css/ HTTP/1.1" 404 1251 "-" "-"
20.206.80.65 - - [16/Jul/2026:21:18:50 +0000] "GET /jj.php HTTP/1.1" 404 148639 "-" "-"
20.206.80.65 - - [16/Jul/2026:21:18:51 +0000] "GET /x.php HTTP/1.1" 404 148638 "-" "-"
20.206.80.65 - - [16/Jul/2026:21:18:53 +0000] "GET /sym403.php HTTP/1.1" 404 148643 "-" "-"
20.206.80.65 - - [16/Jul/2026:21:18:55 +0000] "GET /zoro.php HTTP/1.1" 404 148641 "-" "-"
20.206.80.65 - - [16/Jul/2026:21:18:58 +0000] "GET /hoeig.php HTTP/1.1" 404 148642 "-" "-"
20.206.80.65 - - [16/Jul/2026:21:19:00 +0000] "GET /asd67.php HTTP/1.1" 404 148642 "-" "-"
20.206.80.65 - - [16/Jul/2026:21:19:02 +0000] "GET /ctex1.php HTTP/1.1" 404 148642 "-" "-"
20.206.80.65 - - [16/Jul/2026:21:19:04 +0000] "GET ///alls.php HTTP/1.1" 301 0 "-" "-"
20.197.192.193 - - [16/Jul/2026:21:19:04 +0000] "GET /wp-content/plugins/hellopress/wp_filemanager.php HTTP/1.1" 404 148625 "-" "-"
20.206.80.65 - - [16/Jul/2026:21:19:05 +0000] "GET /alls.php HTTP/1.1" 404 148641 "-" "-"
20.197.192.193 - - [16/Jul/2026:21:19:06 +0000] "GET /this_is_a_new_hello_world.php HTTP/1.1" 404 148606 "-" "-"
20.197.192.193 - - [16/Jul/2026:21:19:07 +0000] "GET /wp-file.php HTTP/1.1" 404 148588 "-" "-"
20.206.80.65 - - [16/Jul/2026:21:19:08 +0000] "GET /ops.php HTTP/1.1" 404 148640 "-" "-"
20.197.192.193 - - [16/Jul/2026:21:19:09 +0000] "GET /karma_d2a8.php HTTP/1.1" 404 148591 "-" "-"
20.206.80.65 - - [16/Jul/2026:21:19:10 +0000] "GET /txets.php HTTP/1.1" 404 148642 "-" "-"
20.197.192.193 - - [16/Jul/2026:21:19:11 +0000] "GET /karma_fb76.php HTTP/1.1" 404 148591 "-" "-"
20.206.80.65 - - [16/Jul/2026:21:19:12 +0000] "GET /dex.php HTTP/1.1" 404 148640 "-" "-"
20.197.192.193 - - [16/Jul/2026:21:19:13 +0000] "GET /k.php HTTP/1.1" 404 148582 "-" "-"
20.206.80.65 - - [16/Jul/2026:21:19:14 +0000] "GET /xpwer1.php HTTP/1.1" 404 148643 "-" "-"
20.197.192.193 - - [16/Jul/2026:21:19:15 +0000] "GET /2ops.php HTTP/1.1" 404 148585 "-" "-"
20.206.80.65 - - [16/Jul/2026:21:19:15 +0000] "GET /flox.php HTTP/1.1" 404 148641 "-" "-"
20.197.192.193 - - [16/Jul/2026:21:19:17 +0000] "GET /adobe.php HTTP/1.1" 404 148586 "-" "-"
20.206.80.65 - - [16/Jul/2026:21:19:19 +0000] "GET /popo.php HTTP/1.1" 404 148641 "-" "-"
20.197.192.193 - - [16/Jul/2026:21:19:21 +0000] "GET /mac.php HTTP/1.1" 404 148584 "-" "-"
20.206.80.65 - - [16/Jul/2026:21:19:22 +0000] "GET /yas.php HTTP/1.1" 404 148640 "-" "-"
20.197.192.193 - - [16/Jul/2026:21:19:23 +0000] "GET /HLA-dd.php HTTP/1.1" 404 148587 "-" "-"
20.206.80.65 - - [16/Jul/2026:21:19:24 +0000] "GET /file61.php HTTP/1.1" 404 148643 "-" "-"
20.197.192.193 - - [16/Jul/2026:21:19:25 +0000] "GET /c5007147cdindex.php HTTP/1.1" 404 148596 "-" "-"
20.206.80.65 - - [16/Jul/2026:21:19:28 +0000] "GET /water.php HTTP/1.1" 404 148642 "-" "-"
20.206.80.65 - - [16/Jul/2026:21:19:29 +0000] "GET /nano.php HTTP/1.1" 404 148641 "-" "-"
20.206.80.65 - - [16/Jul/2026:21:19:31 +0000] "GET /moon.php HTTP/1.1" 404 148641 "-" "-"
194.39.149.53 - - [16/Jul/2026:21:19:34 +0000] "POST /wp-cron.php?doing_wp_cron=1784236774.7912468910217285156250 HTTP/1.1" 200 0 "-" "WordPress/7.0.1; https://gradregalia242.com"
20.206.80.65 - - [16/Jul/2026:21:19:33 +0000] "GET /wp-info.php HTTP/1.1" 404 148644 "-" "-"
20.206.80.65 - - [16/Jul/2026:21:19:35 +0000] "GET /xyn.php HTTP/1.1" 404 148640 "-" "-"
20.206.80.65 - - [16/Jul/2026:21:19:36 +0000] "GET /sump1.php HTTP/1.1" 404 148642 "-" "-"
20.206.80.65 - - [16/Jul/2026:21:20:15 +0000] "GET /file5.php HTTP/1.1" 404 148642 "-" "-"
20.206.80.65 - - [16/Jul/2026:21:20:16 +0000] "GET /2000.php HTTP/1.1" 404 148641 "-" "-"
20.206.80.65 - - [16/Jul/2026:21:20:18 +0000] "GET /mds.php HTTP/1.1" 404 148640 "-" "-"
20.206.80.65 - - [16/Jul/2026:21:20:21 +0000] "GET /wp-blink.php HTTP/1.1" 404 148645 "-" "-"
20.206.80.65 - - [16/Jul/2026:21:20:23 +0000] "GET /zc-208.php HTTP/1.1" 404 148643 "-" "-"
20.206.80.65 - - [16/Jul/2026:21:20:24 +0000] "GET /wp-post-data.php HTTP/1.1" 404 148649 "-" "-"
20.206.80.65 - - [16/Jul/2026:21:20:27 +0000] "GET /classwithtostring.php HTTP/1.1" 404 148654 "-" "-"
20.206.80.65 - - [16/Jul/2026:21:20:30 +0000] "GET /sid4.php HTTP/1.1" 404 148641 "-" "-"
20.206.80.65 - - [16/Jul/2026:21:20:33 +0000] "GET /wp-includes/js/jquery/ HTTP/1.1" 404 1251 "-" "-"
20.206.80.65 - - [16/Jul/2026:21:20:33 +0000] "GET //wp-includes/l10n/ HTTP/1.1" 404 1251 "-" "-"
194.39.149.53 - - [16/Jul/2026:21:20:34 +0000] "POST /wp-cron.php?doing_wp_cron=1784236834.8366639614105224609375 HTTP/1.1" 200 0 "-" "WordPress/7.0.1; https://gradregalia242.com"
20.206.80.65 - - [16/Jul/2026:21:20:33 +0000] "GET /wmore1.php HTTP/1.1" 404 148643 "-" "-"
20.206.80.65 - - [16/Jul/2026:21:20:36 +0000] "GET /solo1.php HTTP/1.1" 404 148642 "-" "-"
20.206.80.65 - - [16/Jul/2026:21:20:38 +0000] "GET //wp-includes/assets/ HTTP/1.1" 404 1251 "-" "-"
20.206.80.65 - - [16/Jul/2026:21:20:38 +0000] "GET /cong.php HTTP/1.1" 404 148641 "-" "-"
20.206.80.65 - - [16/Jul/2026:21:20:39 +0000] "GET /wp-includes/css/ HTTP/1.1" 404 1251 "-" "-"
20.206.80.65 - - [16/Jul/2026:21:20:39 +0000] "GET /public/css.php HTTP/1.1" 404 148647 "-" "-"
20.206.80.65 - - [16/Jul/2026:21:20:41 +0000] "GET //inc.php HTTP/1.1" 301 0 "-" "-"
20.206.80.65 - - [16/Jul/2026:21:20:41 +0000] "GET /inc.php HTTP/1.1" 404 148640 "-" "-"
20.206.80.65 - - [16/Jul/2026:21:20:43 +0000] "GET /wp.php HTTP/1.1" 404 148639 "-" "-"
20.206.80.65 - - [16/Jul/2026:21:20:44 +0000] "GET /btex.php HTTP/1.1" 404 148641 "-" "-"
20.206.80.65 - - [16/Jul/2026:21:20:46 +0000] "GET /wp-includes/css/index.php HTTP/1.1" 301 0 "-" "-"
20.206.80.65 - - [16/Jul/2026:21:20:47 +0000] "GET /wp-includes/css/ HTTP/1.1" 404 1251 "-" "-"
20.206.80.65 - - [16/Jul/2026:21:20:47 +0000] "GET /a1.php HTTP/1.1" 404 148639 "-" "-"
20.206.80.65 - - [16/Jul/2026:21:20:49 +0000] "GET /ad.php HTTP/1.1" 404 148639 "-" "-"
