142.44.220.175 - - [16/Jul/2026:17:15:18 +0000] "GET /detail/1397926434 HTTP/2" 404 35641 "-" "Mozilla/5.0 (compatible; AhrefsBot/7.0; +http://ahrefs.com/robot/)"
194.39.149.53 - - [16/Jul/2026:17:15:19 +0000] "POST /wp-cron.php?doing_wp_cron=1784222119.3366150856018066406250 HTTP/1.1" 200 0 "-" "WordPress/7.0.1; https://totalcomfort.pk"
142.44.225.161 - - [16/Jul/2026:17:16:22 +0000] "GET /detail/1383007163 HTTP/2" 404 35641 "-" "Mozilla/5.0 (compatible; AhrefsBot/7.0; +http://ahrefs.com/robot/)"
54.39.89.82 - - [16/Jul/2026:17:17:24 +0000] "GET /detail/1458749897 HTTP/2" 404 35642 "-" "Mozilla/5.0 (compatible; AhrefsBot/7.0; +http://ahrefs.com/robot/)"
194.39.149.53 - - [16/Jul/2026:17:17:25 +0000] "POST /wp-cron.php?doing_wp_cron=1784222244.9534659385681152343750 HTTP/1.1" 200 0 "-" "WordPress/7.0.1; https://totalcomfort.pk"
51.161.65.12 - - [16/Jul/2026:17:18:27 +0000] "GET /detail/517031948 HTTP/2" 404 35641 "-" "Mozilla/5.0 (compatible; AhrefsBot/7.0; +http://ahrefs.com/robot/)"
194.39.149.53 - - [16/Jul/2026:17:18:27 +0000] "POST /wp-cron.php?doing_wp_cron=1784222307.8613159656524658203125 HTTP/1.1" 200 0 "-" "WordPress/7.0.1; https://totalcomfort.pk"
51.161.65.76 - - [16/Jul/2026:17:19:29 +0000] "GET /detail/1433295527 HTTP/2" 404 35640 "-" "Mozilla/5.0 (compatible; AhrefsBot/7.0; +http://ahrefs.com/robot/)"
194.39.149.53 - - [16/Jul/2026:17:19:30 +0000] "POST /wp-cron.php?doing_wp_cron=1784222370.0750288963317871093750 HTTP/1.1" 200 0 "-" "WordPress/7.0.1; https://totalcomfort.pk"
15.235.27.221 - - [16/Jul/2026:17:20:33 +0000] "GET /detail/1265935083 HTTP/2" 404 35640 "-" "Mozilla/5.0 (compatible; AhrefsBot/7.0; +http://ahrefs.com/robot/)"
54.39.203.153 - - [16/Jul/2026:17:21:35 +0000] "GET /detail/1222001261 HTTP/2" 404 35641 "-" "Mozilla/5.0 (compatible; AhrefsBot/7.0; +http://ahrefs.com/robot/)"
194.39.149.53 - - [16/Jul/2026:17:22:38 +0000] "POST /wp-cron.php?doing_wp_cron=1784222558.1516120433807373046875 HTTP/1.1" 200 0 "-" "WordPress/7.0.1; https://totalcomfort.pk"
43.153.86.78 - - [16/Jul/2026:17:22:37 +0000] "GET /?p=4145 HTTP/1.1" 301 0 "-" "Mozilla/5.0 (iPhone; CPU iPhone OS 13_2_3 like Mac OS X) AppleWebKit/605.1.15 (KHTML, like Gecko) Version/13.0.3 Mobile/15E148 Safari/604.1"
167.114.139.173 - - [16/Jul/2026:17:22:38 +0000] "GET /detail/1166242550 HTTP/2" 404 35641 "-" "Mozilla/5.0 (compatible; AhrefsBot/7.0; +http://ahrefs.com/robot/)"
43.153.86.78 - - [16/Jul/2026:17:22:41 +0000] "GET /2023/08/23/forest-arrow-for-android-free-app-download/ HTTP/1.1" 200 90632 "https://totalcomfort.pk/?p=4145" "Mozilla/5.0 (iPhone; CPU iPhone OS 13_2_3 like Mac OS X) AppleWebKit/605.1.15 (KHTML, like Gecko) Version/13.0.3 Mobile/15E148 Safari/604.1"
51.161.37.122 - - [16/Jul/2026:17:23:40 +0000] "GET /detail/1165161512 HTTP/2" 404 35641 "-" "Mozilla/5.0 (compatible; AhrefsBot/7.0; +http://ahrefs.com/robot/)"
194.39.149.53 - - [16/Jul/2026:17:23:41 +0000] "POST /wp-cron.php?doing_wp_cron=1784222621.1391370296478271484375 HTTP/1.1" 200 0 "-" "WordPress/7.0.1; https://totalcomfort.pk"
51.222.168.244 - - [16/Jul/2026:17:24:45 +0000] "GET /detail/1097778249 HTTP/2" 404 35641 "-" "Mozilla/5.0 (compatible; AhrefsBot/7.0; +http://ahrefs.com/robot/)"
194.39.149.53 - - [16/Jul/2026:17:24:45 +0000] "POST /wp-cron.php?doing_wp_cron=1784222685.6927230358123779296875 HTTP/1.1" 200 0 "-" "WordPress/7.0.1; https://totalcomfort.pk"
51.161.65.21 - - [16/Jul/2026:17:25:47 +0000] "GET /detail/2492318298 HTTP/2" 404 35641 "-" "Mozilla/5.0 (compatible; AhrefsBot/7.0; +http://ahrefs.com/robot/)"
194.39.149.53 - - [16/Jul/2026:17:25:48 +0000] "POST /wp-cron.php?doing_wp_cron=1784222747.8972439765930175781250 HTTP/1.1" 200 0 "-" "WordPress/7.0.1; https://totalcomfort.pk"
51.161.65.90 - - [16/Jul/2026:17:26:49 +0000] "GET /detail/2458922197 HTTP/2" 404 35641 "-" "Mozilla/5.0 (compatible; AhrefsBot/7.0; +http://ahrefs.com/robot/)"
194.39.149.53 - - [16/Jul/2026:17:26:50 +0000] "POST /wp-cron.php?doing_wp_cron=1784222810.3765370845794677734375 HTTP/1.1" 200 0 "-" "WordPress/7.0.1; https://totalcomfort.pk"
142.44.220.189 - - [16/Jul/2026:17:27:53 +0000] "GET /detail/2404568107 HTTP/2" 404 35641 "-" "Mozilla/5.0 (compatible; AhrefsBot/7.0; +http://ahrefs.com/robot/)"
194.39.149.53 - - [16/Jul/2026:17:27:54 +0000] "POST /wp-cron.php?doing_wp_cron=1784222874.6578750610351562500000 HTTP/1.1" 200 0 "-" "WordPress/7.0.1; https://totalcomfort.pk"
54.39.210.34 - - [16/Jul/2026:17:28:56 +0000] "GET /detail/2370281726 HTTP/2" 404 35641 "-" "Mozilla/5.0 (compatible; AhrefsBot/7.0; +http://ahrefs.com/robot/)"
51.161.65.231 - - [16/Jul/2026:17:29:58 +0000] "GET /detail/2309635465 HTTP/2" 404 35641 "-" "Mozilla/5.0 (compatible; AhrefsBot/7.0; +http://ahrefs.com/robot/)"
194.39.149.53 - - [16/Jul/2026:17:29:59 +0000] "POST /wp-cron.php?doing_wp_cron=1784222999.0798919200897216796875 HTTP/1.1" 200 0 "-" "WordPress/7.0.1; https://totalcomfort.pk"
95.108.213.91 - - [16/Jul/2026:17:30:51 +0000] "GET /robots.txt HTTP/1.1" 200 442 "-" "Mozilla/5.0 (compatible; YandexBot/3.0; +http://yandex.com/bots)"
51.222.168.231 - - [16/Jul/2026:17:31:00 +0000] "GET /detail/2281545986 HTTP/2" 404 35641 "-" "Mozilla/5.0 (compatible; AhrefsBot/7.0; +http://ahrefs.com/robot/)"
194.39.149.53 - - [16/Jul/2026:17:31:01 +0000] "POST /wp-cron.php?doing_wp_cron=1784223061.5038189888000488281250 HTTP/1.1" 200 0 "-" "WordPress/7.0.1; https://totalcomfort.pk"
194.39.149.53 - - [16/Jul/2026:17:32:12 +0000] "POST /wp-cron.php?doing_wp_cron=1784223132.3185849189758300781250 HTTP/1.1" 200 0 "-" "WordPress/7.0.1; https://totalcomfort.pk"
148.113.130.158 - - [16/Jul/2026:17:32:11 +0000] "GET /detail/2228706342 HTTP/2" 404 35641 "-" "Mozilla/5.0 (compatible; AhrefsBot/7.0; +http://ahrefs.com/robot/)"
54.39.136.191 - - [16/Jul/2026:17:33:07 +0000] "GET /detail/13120918 HTTP/2" 404 35641 "-" "Mozilla/5.0 (compatible; AhrefsBot/7.0; +http://ahrefs.com/robot/)"
194.39.149.53 - - [16/Jul/2026:17:33:08 +0000] "POST /wp-cron.php?doing_wp_cron=1784223188.8559079170227050781250 HTTP/1.1" 200 0 "-" "WordPress/7.0.1; https://totalcomfort.pk"
20.151.205.204 - - [16/Jul/2026:17:33:21 +0000] "GET /wp-content/plugins/hellopress/wp_filemanager.php HTTP/1.1" 404 5749 "-" "-"
20.151.205.204 - - [16/Jul/2026:17:33:21 +0000] "GET /this_is_a_new_hello_world.php HTTP/1.1" 404 5749 "-" "-"
20.151.205.204 - - [16/Jul/2026:17:33:21 +0000] "GET /x.php HTTP/1.1" 404 5749 "-" "-"
20.151.205.204 - - [16/Jul/2026:17:33:21 +0000] "GET /j260624_13.php HTTP/1.1" 404 5749 "-" "-"
20.151.205.204 - - [16/Jul/2026:17:33:21 +0000] "GET /d62.php HTTP/1.1" 404 5749 "-" "-"
20.151.205.204 - - [16/Jul/2026:17:33:21 +0000] "GET /ups.php HTTP/1.1" 404 5749 "-" "-"
20.151.205.204 - - [16/Jul/2026:17:33:21 +0000] "GET /k.php HTTP/1.1" 404 5749 "-" "-"
20.151.205.204 - - [16/Jul/2026:17:33:21 +0000] "GET /k2.php HTTP/1.1" 404 5749 "-" "-"
20.151.205.204 - - [16/Jul/2026:17:33:21 +0000] "GET /k3.php HTTP/1.1" 404 5749 "-" "-"
20.151.205.204 - - [16/Jul/2026:17:33:21 +0000] "GET /k4.php HTTP/1.1" 404 5749 "-" "-"
20.151.205.204 - - [16/Jul/2026:17:33:22 +0000] "GET /k5.php HTTP/1.1" 404 5749 "-" "-"
20.151.205.204 - - [16/Jul/2026:17:33:22 +0000] "GET /w.php HTTP/1.1" 404 5749 "-" "-"
20.151.205.204 - - [16/Jul/2026:17:33:22 +0000] "GET /fpwch.php HTTP/1.1" 404 5749 "-" "-"
20.151.205.204 - - [16/Jul/2026:17:33:22 +0000] "GET /w2025.php HTTP/1.1" 404 5749 "-" "-"
20.151.205.204 - - [16/Jul/2026:17:33:22 +0000] "GET /scxy.php HTTP/1.1" 404 5749 "-" "-"
20.151.205.204 - - [16/Jul/2026:17:33:22 +0000] "GET /FWAZ.php HTTP/1.1" 404 5749 "-" "-"
20.151.205.204 - - [16/Jul/2026:17:33:22 +0000] "GET /qterm.php?p= HTTP/1.1" 404 5749 "-" "-"
20.151.205.204 - - [16/Jul/2026:17:33:22 +0000] "GET /blurbs.php HTTP/1.1" 404 5749 "-" "-"
20.151.205.204 - - [16/Jul/2026:17:33:22 +0000] "GET /v543.php HTTP/1.1" 404 5749 "-" "-"
20.151.205.204 - - [16/Jul/2026:17:33:22 +0000] "GET /w3lls.php HTTP/1.1" 404 5749 "-" "-"
20.151.205.204 - - [16/Jul/2026:17:33:23 +0000] "GET /wp-ws68.php?p= HTTP/1.1" 404 5749 "-" "-"
20.151.205.204 - - [16/Jul/2026:17:33:23 +0000] "GET /xyn.php HTTP/1.1" 404 5749 "-" "-"
20.151.205.204 - - [16/Jul/2026:17:33:23 +0000] "GET /green3.php?p= HTTP/1.1" 404 5749 "-" "-"
20.151.205.204 - - [16/Jul/2026:17:33:23 +0000] "GET /ccs.php?p= HTTP/1.1" 404 5749 "-" "-"
20.151.205.204 - - [16/Jul/2026:17:33:23 +0000] "GET /ccc.php?p= HTTP/1.1" 404 5749 "-" "-"
20.151.205.204 - - [16/Jul/2026:17:33:23 +0000] "GET /get.php HTTP/1.1" 404 5749 "-" "-"
20.151.205.204 - - [16/Jul/2026:17:33:23 +0000] "GET /images.php HTTP/1.1" 404 5749 "-" "-"
20.151.205.204 - - [16/Jul/2026:17:33:23 +0000] "GET /alls.php HTTP/1.1" 404 5749 "-" "-"
20.151.205.204 - - [16/Jul/2026:17:33:23 +0000] "GET /yyu.php HTTP/1.1" 404 5749 "-" "-"
20.151.205.204 - - [16/Jul/2026:17:33:23 +0000] "GET /by.php HTTP/1.1" 404 5749 "-" "-"
20.151.205.204 - - [16/Jul/2026:17:33:24 +0000] "GET /FAQ.php?p= HTTP/1.1" 404 5749 "-" "-"
20.151.205.204 - - [16/Jul/2026:17:33:24 +0000] "GET /coffexium.php HTTP/1.1" 404 5749 "-" "-"
20.151.205.204 - - [16/Jul/2026:17:33:24 +0000] "GET /red.php HTTP/1.1" 404 5749 "-" "-"
20.151.205.204 - - [16/Jul/2026:17:33:24 +0000] "GET /wp-includes/sodium_compat/ HTTP/1.1" 404 5749 "-" "-"
20.151.205.204 - - [16/Jul/2026:17:33:24 +0000] "GET /wp-admin/css/colors/coffee/wp-adochan.php HTTP/1.1" 404 5749 "-" "-"
20.151.205.204 - - [16/Jul/2026:17:33:24 +0000] "GET /wp-includes/Text/ HTTP/1.1" 404 5749 "-" "-"
20.151.205.204 - - [16/Jul/2026:17:33:24 +0000] "GET /footer.php HTTP/1.1" 404 5749 "-" "-"
20.151.205.204 - - [16/Jul/2026:17:33:24 +0000] "GET /wp-content/uploads/ HTTP/1.1" 404 5749 "-" "-"
20.151.205.204 - - [16/Jul/2026:17:33:24 +0000] "GET /wp-content/index.php HTTP/1.1" 404 5749 "-" "-"
20.151.205.204 - - [16/Jul/2026:17:33:24 +0000] "GET /zoro.php HTTP/1.1" 404 5749 "-" "-"
20.151.205.204 - - [16/Jul/2026:17:33:25 +0000] "GET /admin.php HTTP/1.1" 404 5749 "-" "-"
20.151.205.204 - - [16/Jul/2026:17:33:25 +0000] "GET /greap.php HTTP/1.1" 404 5749 "-" "-"
20.151.205.204 - - [16/Jul/2026:17:33:25 +0000] "GET /177.php HTTP/1.1" 404 5749 "-" "-"
20.151.205.204 - - [16/Jul/2026:17:33:25 +0000] "GET /199.php HTTP/1.1" 404 5749 "-" "-"
20.151.205.204 - - [16/Jul/2026:17:33:25 +0000] "GET /file52.php HTTP/1.1" 404 5749 "-" "-"
20.151.205.204 - - [16/Jul/2026:17:33:25 +0000] "GET /122.php HTTP/1.1" 404 5749 "-" "-"
20.151.205.204 - - [16/Jul/2026:17:33:25 +0000] "GET /green1.php HTTP/1.1" 404 5749 "-" "-"
20.151.205.204 - - [16/Jul/2026:17:33:25 +0000] "GET /biufile.php HTTP/1.1" 404 5749 "-" "-"
20.151.205.204 - - [16/Jul/2026:17:33:25 +0000] "GET /wpconf.php HTTP/1.1" 404 5749 "-" "-"
20.151.205.204 - - [16/Jul/2026:17:33:25 +0000] "GET /mosty.php HTTP/1.1" 404 5749 "-" "-"
20.151.205.204 - - [16/Jul/2026:17:33:25 +0000] "GET /dejavu.php HTTP/1.1" 404 5749 "-" "-"
20.151.205.204 - - [16/Jul/2026:17:33:26 +0000] "GET /aaf.php HTTP/1.1" 404 5749 "-" "-"
20.151.205.204 - - [16/Jul/2026:17:33:26 +0000] "GET /term.php HTTP/1.1" 404 5749 "-" "-"
20.151.205.204 - - [16/Jul/2026:17:33:26 +0000] "GET /ha.php HTTP/1.1" 404 5749 "-" "-"
20.151.205.204 - - [16/Jul/2026:17:33:26 +0000] "GET /hur.php HTTP/1.1" 404 5749 "-" "-"
20.151.205.204 - - [16/Jul/2026:17:33:26 +0000] "GET /h02ugyh.php HTTP/1.1" 404 5749 "-" "-"
20.151.205.204 - - [16/Jul/2026:17:33:26 +0000] "GET /seiso.php HTTP/1.1" 404 5749 "-" "-"
20.151.205.204 - - [16/Jul/2026:17:33:26 +0000] "GET /155.php HTTP/1.1" 404 5749 "-" "-"
20.151.205.204 - - [16/Jul/2026:17:33:26 +0000] "GET /ppp.php HTTP/1.1" 404 5749 "-" "-"
20.151.205.204 - - [16/Jul/2026:17:33:26 +0000] "GET /201.php HTTP/1.1" 404 5749 "-" "-"
20.151.205.204 - - [16/Jul/2026:17:33:27 +0000] "GET /ops.php HTTP/1.1" 404 5749 "-" "-"
20.151.205.204 - - [16/Jul/2026:17:33:27 +0000] "GET /ingfo.php HTTP/1.1" 404 5749 "-" "-"
20.151.205.204 - - [16/Jul/2026:17:33:27 +0000] "GET /error_log.php HTTP/1.1" 404 5749 "-" "-"
20.151.205.204 - - [16/Jul/2026:17:33:27 +0000] "GET /xenon1337.php HTTP/1.1" 404 5749 "-" "-"
20.151.205.204 - - [16/Jul/2026:17:33:27 +0000] "GET /test11.php HTTP/1.1" 404 5749 "-" "-"
20.151.205.204 - - [16/Jul/2026:17:33:27 +0000] "GET /koala.php HTTP/1.1" 404 5749 "-" "-"
20.151.205.204 - - [16/Jul/2026:17:33:27 +0000] "GET /mac.php HTTP/1.1" 404 5749 "-" "-"
20.151.205.204 - - [16/Jul/2026:17:33:27 +0000] "GET /25d653587fdfd1.php HTTP/1.1" 404 5749 "-" "-"
20.151.205.204 - - [16/Jul/2026:17:33:27 +0000] "GET /wefile.php HTTP/1.1" 404 5749 "-" "-"
20.151.205.204 - - [16/Jul/2026:17:33:28 +0000] "GET /wp-includes/blocks/post-comments-form/ HTTP/1.1" 404 5749 "-" "-"
20.151.205.204 - - [16/Jul/2026:17:33:28 +0000] "GET /wp-admin/js/ HTTP/1.1" 404 5749 "-" "-"
20.151.205.204 - - [16/Jul/2026:17:33:28 +0000] "GET /wp-admin/css/colour.php HTTP/1.1" 404 5749 "-" "-"
20.151.205.204 - - [16/Jul/2026:17:33:28 +0000] "GET /2P.php HTTP/1.1" 404 5749 "-" "-"
20.151.205.204 - - [16/Jul/2026:17:33:28 +0000] "GET /.well-known/about.php HTTP/1.1" 404 5749 "-" "-"
20.151.205.204 - - [16/Jul/2026:17:33:28 +0000] "GET /wp-includes/ID3/about.php HTTP/1.1" 404 5749 "-" "-"
20.151.205.204 - - [16/Jul/2026:17:33:28 +0000] "GET /bob.php HTTP/1.1" 404 5749 "-" "-"
20.151.205.204 - - [16/Jul/2026:17:33:28 +0000] "GET /wp-admin/css/ HTTP/1.1" 404 5749 "-" "-"
20.151.205.204 - - [16/Jul/2026:17:33:28 +0000] "GET /wp-admin/css/colors/modern/ HTTP/1.1" 404 5749 "-" "-"
20.151.205.204 - - [16/Jul/2026:17:33:28 +0000] "GET /crgio.php HTTP/1.1" 404 5749 "-" "-"
20.151.205.204 - - [16/Jul/2026:17:33:29 +0000] "GET /pucci.php HTTP/1.1" 404 5749 "-" "-"
20.151.205.204 - - [16/Jul/2026:17:33:29 +0000] "GET /wp-includes/blocks/details/ HTTP/1.1" 404 5749 "-" "-"
20.151.205.204 - - [16/Jul/2026:17:33:29 +0000] "GET /wp-includes/blocks/audio/ HTTP/1.1" 404 5749 "-" "-"
20.151.205.204 - - [16/Jul/2026:17:33:29 +0000] "GET /wp-temp.php HTTP/1.1" 404 5749 "-" "-"
20.151.205.204 - - [16/Jul/2026:17:33:29 +0000] "GET /wp-includes/blocks/buttons/ HTTP/1.1" 404 5749 "-" "-"
20.151.205.204 - - [16/Jul/2026:17:33:29 +0000] "GET /wp-admin/js/index.php HTTP/1.1" 404 5749 "-" "-"
20.151.205.204 - - [16/Jul/2026:17:33:29 +0000] "GET /puc.php HTTP/1.1" 404 5749 "-" "-"
20.151.205.204 - - [16/Jul/2026:17:33:29 +0000] "GET /themes.php HTTP/1.1" 404 5749 "-" "-"
20.151.205.204 - - [16/Jul/2026:17:33:29 +0000] "GET /dx.php HTTP/1.1" 404 5749 "-" "-"
20.151.205.204 - - [16/Jul/2026:17:33:30 +0000] "GET /p.php HTTP/1.1" 404 5749 "-" "-"
20.151.205.204 - - [16/Jul/2026:17:33:30 +0000] "GET /wp-includes/Requests/ HTTP/1.1" 404 5749 "-" "-"
20.151.205.204 - - [16/Jul/2026:17:33:30 +0000] "GET /bthil.php HTTP/1.1" 404 5749 "-" "-"
20.151.205.204 - - [16/Jul/2026:17:33:30 +0000] "GET /7.php HTTP/1.1" 404 5749 "-" "-"
20.151.205.204 - - [16/Jul/2026:17:33:30 +0000] "GET /8.php HTTP/1.1" 404 5749 "-" "-"
20.151.205.204 - - [16/Jul/2026:17:33:30 +0000] "GET /1.php HTTP/1.1" 404 5749 "-" "-"
20.151.205.204 - - [16/Jul/2026:17:33:30 +0000] "GET /100.php HTTP/1.1" 404 5749 "-" "-"
20.151.205.204 - - [16/Jul/2026:17:33:30 +0000] "GET /about.php HTTP/1.1" 404 5749 "-" "-"
20.151.205.204 - - [16/Jul/2026:17:33:30 +0000] "GET /admin.php HTTP/1.1" 404 5749 "-" "-"
20.151.205.204 - - [16/Jul/2026:17:33:30 +0000] "GET /edit.php HTTP/1.1" 404 5749 "-" "-"
20.151.205.204 - - [16/Jul/2026:17:33:31 +0000] "GET /wp-content/admin.php HTTP/1.1" 404 5749 "-" "-"
20.151.205.204 - - [16/Jul/2026:17:33:31 +0000] "GET /f6.php HTTP/1.1" 404 5749 "-" "-"
20.151.205.204 - - [16/Jul/2026:17:33:31 +0000] "GET /inputs.php HTTP/1.1" 404 5749 "-" "-"
20.151.205.204 - - [16/Jul/2026:17:33:31 +0000] "GET /av.php HTTP/1.1" 404 5749 "-" "-"
20.151.205.204 - - [16/Jul/2026:17:33:31 +0000] "GET /classwithtostring.php?p= HTTP/1.1" 404 5749 "-" "-"
20.151.205.204 - - [16/Jul/2026:17:33:31 +0000] "GET /wp-content/themes/index.php HTTP/1.1" 404 5749 "-" "-"
20.151.205.204 - - [16/Jul/2026:17:33:31 +0000] "GET /wp-blog.php HTTP/1.1" 404 5749 "-" "-"
20.151.205.204 - - [16/Jul/2026:17:33:31 +0000] "GET /wp-includes/js/jquery/ HTTP/1.1" 404 5749 "-" "-"
20.151.205.204 - - [16/Jul/2026:17:33:31 +0000] "GET /wp-content/admin.php HTTP/1.1" 404 5749 "-" "-"
20.151.205.204 - - [16/Jul/2026:17:33:32 +0000] "GET /adminfuns.php HTTP/1.1" 404 5749 "-" "-"
20.151.205.204 - - [16/Jul/2026:17:33:32 +0000] "GET /goods.php HTTP/1.1" 404 5749 "-" "-"
20.151.205.204 - - [16/Jul/2026:17:33:32 +0000] "GET /ms-edit.php HTTP/1.1" 404 5749 "-" "-"
20.151.205.204 - - [16/Jul/2026:17:33:32 +0000] "GET /222.php HTTP/1.1" 404 5749 "-" "-"
20.151.205.204 - - [16/Jul/2026:17:33:32 +0000] "GET /cgi-bin/index.php HTTP/1.1" 404 5749 "-" "-"
20.151.205.204 - - [16/Jul/2026:17:33:32 +0000] "GET /wp-includes/css/dist/ HTTP/1.1" 404 5749 "-" "-"
20.151.205.204 - - [16/Jul/2026:17:33:32 +0000] "GET /BDKR28WP.php HTTP/1.1" 404 5749 "-" "-"
20.151.205.204 - - [16/Jul/2026:17:33:32 +0000] "GET /wp-includes/l10n/ HTTP/1.1" 404 5749 "-" "-"
20.151.205.204 - - [16/Jul/2026:17:33:33 +0000] "GET /wp-content/uploads/ HTTP/1.1" 404 5749 "-" "-"
20.151.205.204 - - [16/Jul/2026:17:33:33 +0000] "GET /wp.php HTTP/1.1" 404 5749 "-" "-"
20.151.205.204 - - [16/Jul/2026:17:33:33 +0000] "GET /abcd.php HTTP/1.1" 404 5749 "-" "-"
20.151.205.204 - - [16/Jul/2026:17:33:33 +0000] "GET /a1.php HTTP/1.1" 404 5749 "-" "-"
20.151.205.204 - - [16/Jul/2026:17:33:33 +0000] "GET /wp-includes/Text/Diff/Engine/about.php HTTP/1.1" 404 5749 "-" "-"
20.151.205.204 - - [16/Jul/2026:17:33:33 +0000] "GET /w1php HTTP/1.1" 404 5749 "-" "-"
20.151.205.204 - - [16/Jul/2026:17:33:33 +0000] "GET /w2php HTTP/1.1" 404 5749 "-" "-"
20.151.205.204 - - [16/Jul/2026:17:33:33 +0000] "GET /w3php HTTP/1.1" 404 5749 "-" "-"
20.151.205.204 - - [16/Jul/2026:17:33:33 +0000] "GET /cgi-bin/admin.php HTTP/1.1" 404 5749 "-" "-"
20.151.205.204 - - [16/Jul/2026:17:33:34 +0000] "GET /gettest.php HTTP/1.1" 404 5749 "-" "-"
20.151.205.204 - - [16/Jul/2026:17:33:34 +0000] "GET /wp-content/ HTTP/1.1" 404 5749 "-" "-"
20.151.205.204 - - [16/Jul/2026:17:33:34 +0000] "GET /simple.php HTTP/1.1" 404 5749 "-" "-"
20.151.205.204 - - [16/Jul/2026:17:33:34 +0000] "GET /xxx.php HTTP/1.1" 404 5749 "-" "-"
20.151.205.204 - - [16/Jul/2026:17:33:34 +0000] "GET /hypo.php HTTP/1.1" 404 5749 "-" "-"
20.151.205.204 - - [16/Jul/2026:17:33:34 +0000] "GET /wp-admin/css/colors/blue/ HTTP/1.1" 404 5749 "-" "-"
20.151.205.204 - - [16/Jul/2026:17:33:34 +0000] "GET /chosen.php HTTP/1.1" 404 5749 "-" "-"
20.151.205.204 - - [16/Jul/2026:17:33:34 +0000] "GET /wp-includes/block-bindings/ HTTP/1.1" 404 5749 "-" "-"
20.151.205.204 - - [16/Jul/2026:17:33:34 +0000] "GET /als.php HTTP/1.1" 404 5749 "-" "-"
20.151.205.204 - - [16/Jul/2026:17:33:34 +0000] "GET /pol.php HTTP/1.1" 404 5749 "-" "-"
20.151.205.204 - - [16/Jul/2026:17:33:35 +0000] "GET /file5.php HTTP/1.1" 404 5749 "-" "-"
20.151.205.204 - - [16/Jul/2026:17:33:35 +0000] "GET /4PJcpMFsD8B.php HTTP/1.1" 404 5749 "-" "-"
20.151.205.204 - - [16/Jul/2026:17:33:35 +0000] "GET /file.php HTTP/1.1" 404 5749 "-" "-"
20.151.205.204 - - [16/Jul/2026:17:33:35 +0000] "GET /cfile.php HTTP/1.1" 404 5749 "-" "-"
20.151.205.204 - - [16/Jul/2026:17:33:35 +0000] "GET /class-wp.php HTTP/1.1" 404 5749 "-" "-"
20.151.205.204 - - [16/Jul/2026:17:33:35 +0000] "GET /admin.php HTTP/1.1" 404 5749 "-" "-"
20.151.205.204 - - [16/Jul/2026:17:33:35 +0000] "GET /aa2.php HTTP/1.1" 404 5749 "-" "-"
20.151.205.204 - - [16/Jul/2026:17:33:35 +0000] "GET /ccou.php HTTP/1.1" 404 5749 "-" "-"
20.151.205.204 - - [16/Jul/2026:17:33:35 +0000] "GET /dr.php HTTP/1.1" 404 5749 "-" "-"
20.151.205.204 - - [16/Jul/2026:17:33:36 +0000] "GET /xamp.php HTTP/1.1" 404 5749 "-" "-"
20.151.205.204 - - [16/Jul/2026:17:33:36 +0000] "GET /bless.php HTTP/1.1" 404 5749 "-" "-"
20.151.205.204 - - [16/Jul/2026:17:33:36 +0000] "GET /file46.php HTTP/1.1" 404 5749 "-" "-"
20.151.205.204 - - [16/Jul/2026:17:33:36 +0000] "GET /eee.php HTTP/1.1" 404 5749 "-" "-"
20.151.205.204 - - [16/Jul/2026:17:33:36 +0000] "GET /file25.php HTTP/1.1" 404 5749 "-" "-"
20.151.205.204 - - [16/Jul/2026:17:33:36 +0000] "GET /file48.php HTTP/1.1" 404 5749 "-" "-"
20.151.205.204 - - [16/Jul/2026:17:33:36 +0000] "GET /file6.php HTTP/1.1" 404 5749 "-" "-"
20.151.205.204 - - [16/Jul/2026:17:33:36 +0000] "GET /a2.php HTTP/1.1" 404 5749 "-" "-"
20.151.205.204 - - [16/Jul/2026:17:33:36 +0000] "GET /file15.php HTTP/1.1" 404 5749 "-" "-"
20.151.205.204 - - [16/Jul/2026:17:33:36 +0000] "GET /jp.php HTTP/1.1" 404 5749 "-" "-"
20.151.205.204 - - [16/Jul/2026:17:33:37 +0000] "GET /f35.php HTTP/1.1" 404 5749 "-" "-"
20.151.205.204 - - [16/Jul/2026:17:33:37 +0000] "GET /wp-load.php HTTP/1.1" 404 5749 "-" "-"
20.151.205.204 - - [16/Jul/2026:17:33:37 +0000] "GET /xwpg.php HTTP/1.1" 404 5749 "-" "-"
20.151.205.204 - - [16/Jul/2026:17:33:37 +0000] "GET /wp-includes/assets/ HTTP/1.1" 404 5749 "-" "-"
20.151.205.204 - - [16/Jul/2026:17:33:37 +0000] "GET /wp-admin/css/colors/sunrise/ HTTP/1.1" 404 5749 "-" "-"
20.151.205.204 - - [16/Jul/2026:17:33:37 +0000] "GET /waf.php HTTP/1.1" 404 5749 "-" "-"
20.151.205.204 - - [16/Jul/2026:17:33:37 +0000] "GET /xstelth.php HTTP/1.1" 404 5749 "-" "-"
20.151.205.204 - - [16/Jul/2026:17:33:37 +0000] "GET /wp-links.php HTTP/1.1" 404 5749 "-" "-"
20.151.205.204 - - [16/Jul/2026:17:33:37 +0000] "GET /wp-admin/network/plugins.php HTTP/1.1" 404 5749 "-" "-"
20.151.205.204 - - [16/Jul/2026:17:33:37 +0000] "GET /aaa.php HTTP/1.1" 404 5749 "-" "-"
54.39.89.198 - - [16/Jul/2026:17:34:09 +0000] "GET /detail/2225043931 HTTP/2" 404 35640 "-" "Mozilla/5.0 (compatible; AhrefsBot/7.0; +http://ahrefs.com/robot/)"
142.44.228.173 - - [16/Jul/2026:17:35:12 +0000] "GET /detail/2209595808 HTTP/2" 404 35640 "-" "Mozilla/5.0 (compatible; AhrefsBot/7.0; +http://ahrefs.com/robot/)"
194.39.149.53 - - [16/Jul/2026:17:35:13 +0000] "POST /wp-cron.php?doing_wp_cron=1784223313.2675321102142333984375 HTTP/1.1" 200 0 "-" "WordPress/7.0.1; https://totalcomfort.pk"
136.244.106.102 - - [16/Jul/2026:17:35:30 +0000] "GET /wp-content/plugins/hqayznabrwuqzaca/kmqbqomqkmddnrstD.php?p= HTTP/1.1" 301 0 "-" "Mozilla/5.0 (X11; Linux x86_64) AppleWebKit/537.36 (KHTML, like Gecko) Chrome/143.0.0.0 Safari/537.36"
136.244.106.102 - - [16/Jul/2026:17:35:31 +0000] "GET /wp-content/plugins/hqayznabrwuqzaca/kmqbqomqkmddnrstD.php HTTP/1.1" 404 35642 "-" "Mozilla/5.0 (X11; Linux x86_64) AppleWebKit/537.36 (KHTML, like Gecko) Chrome/143.0.0.0 Safari/537.36"
148.113.128.171 - - [16/Jul/2026:17:36:16 +0000] "GET /detail/2209499641 HTTP/2" 404 35641 "-" "Mozilla/5.0 (compatible; AhrefsBot/7.0; +http://ahrefs.com/robot/)"
194.39.149.53 - - [16/Jul/2026:17:36:17 +0000] "POST /wp-cron.php?doing_wp_cron=1784223377.7177870273590087890625 HTTP/1.1" 200 0 "-" "WordPress/7.0.1; https://totalcomfort.pk"
142.44.220.212 - - [16/Jul/2026:17:37:22 +0000] "GET /detail/1296632471 HTTP/2" 404 35641 "-" "Mozilla/5.0 (compatible; AhrefsBot/7.0; +http://ahrefs.com/robot/)"
194.39.149.53 - - [16/Jul/2026:17:37:22 +0000] "POST /wp-cron.php?doing_wp_cron=1784223442.6398348808288574218750 HTTP/1.1" 200 0 "-" "WordPress/7.0.1; https://totalcomfort.pk"
15.235.27.117 - - [16/Jul/2026:17:38:27 +0000] "GET /detail/1054722538 HTTP/2" 404 35641 "-" "Mozilla/5.0 (compatible; AhrefsBot/7.0; +http://ahrefs.com/robot/)"
194.39.149.53 - - [16/Jul/2026:17:38:28 +0000] "POST /wp-cron.php?doing_wp_cron=1784223508.0879271030426025390625 HTTP/1.1" 200 0 "-" "WordPress/7.0.1; https://totalcomfort.pk"
47.82.48.221 - - [16/Jul/2026:17:39:18 +0000] "GET /product/wrust-sprint-reversible/ HTTP/2" 200 47702 "-" "Mozilla/5.0 (Macintosh; Intel Mac OS X 10_15_7) AppleWebKit/537.36 (KHTML, like Gecko) Chrome/143.0.0.0 Safari/537.36"
142.44.228.230 - - [16/Jul/2026:17:39:29 +0000] "GET /detail/1022646553 HTTP/2" 404 35641 "-" "Mozilla/5.0 (compatible; AhrefsBot/7.0; +http://ahrefs.com/robot/)"
194.39.149.53 - - [16/Jul/2026:17:39:30 +0000] "POST /wp-cron.php?doing_wp_cron=1784223570.4791920185089111328125 HTTP/1.1" 200 0 "-" "WordPress/7.0.1; https://totalcomfort.pk"
15.235.27.46 - - [16/Jul/2026:17:40:32 +0000] "GET /detail/1011445609 HTTP/2" 404 35641 "-" "Mozilla/5.0 (compatible; AhrefsBot/7.0; +http://ahrefs.com/robot/)"
194.39.149.53 - - [16/Jul/2026:17:40:34 +0000] "POST /wp-cron.php?doing_wp_cron=1784223634.0570840835571289062500 HTTP/1.1" 200 0 "-" "WordPress/7.0.1; https://totalcomfort.pk"
142.44.233.0 - - [16/Jul/2026:17:41:38 +0000] "GET /detail/2346880349 HTTP/2" 404 35641 "-" "Mozilla/5.0 (compatible; AhrefsBot/7.0; +http://ahrefs.com/robot/)"
194.39.149.53 - - [16/Jul/2026:17:41:39 +0000] "POST /wp-cron.php?doing_wp_cron=1784223699.3097500801086425781250 HTTP/1.1" 200 0 "-" "WordPress/7.0.1; https://totalcomfort.pk"
51.222.168.9 - - [16/Jul/2026:17:42:41 +0000] "GET /detail/2246500631 HTTP/2" 404 35641 "-" "Mozilla/5.0 (compatible; AhrefsBot/7.0; +http://ahrefs.com/robot/)"
194.39.149.53 - - [16/Jul/2026:17:42:41 +0000] "POST /wp-cron.php?doing_wp_cron=1784223761.6264541149139404296875 HTTP/1.1" 200 0 "-" "WordPress/7.0.1; https://totalcomfort.pk"
194.39.149.53 - - [16/Jul/2026:17:43:59 +0000] "POST /wp-cron.php?doing_wp_cron=1784223839.2507309913635253906250 HTTP/1.1" 200 0 "-" "WordPress/7.0.1; https://totalcomfort.pk"
148.113.130.149 - - [16/Jul/2026:17:43:57 +0000] "GET /detail/2158953192 HTTP/2" 404 35642 "-" "Mozilla/5.0 (compatible; AhrefsBot/7.0; +http://ahrefs.com/robot/)"
51.222.168.139 - - [16/Jul/2026:17:44:45 +0000] "GET /detail/2087860986 HTTP/2" 404 35643 "-" "Mozilla/5.0 (compatible; AhrefsBot/7.0; +http://ahrefs.com/robot/)"
194.39.149.53 - - [16/Jul/2026:17:45:25 +0000] "POST /wp-cron.php?doing_wp_cron=1784223925.5019769668579101562500 HTTP/1.1" 200 0 "-" "WordPress/7.0.1; https://totalcomfort.pk"
5.255.231.131 - - [16/Jul/2026:17:45:24 +0000] "GET /product-category/vintage/ HTTP/2" 404 42521 "-" "Mozilla/5.0 (compatible; YandexBot/3.0; +http://yandex.com/bots)"
51.222.168.6 - - [16/Jul/2026:17:45:48 +0000] "GET /detail/2029300345 HTTP/2" 404 35641 "-" "Mozilla/5.0 (compatible; AhrefsBot/7.0; +http://ahrefs.com/robot/)"
194.39.149.53 - - [16/Jul/2026:17:45:48 +0000] "POST /wp-cron.php?doing_wp_cron=1784223948.8089570999145507812500 HTTP/1.1" 200 0 "-" "WordPress/7.0.1; https://totalcomfort.pk"
148.113.130.194 - - [16/Jul/2026:17:46:55 +0000] "GET /robots.txt HTTP/2" 200 94 "-" "Mozilla/5.0 (compatible; AhrefsBot/7.0; +http://ahrefs.com/robot/)"
142.44.233.113 - - [16/Jul/2026:17:46:58 +0000] "GET /detail/212525978 HTTP/2" 404 35641 "-" "Mozilla/5.0 (compatible; AhrefsBot/7.0; +http://ahrefs.com/robot/)"
148.113.128.231 - - [16/Jul/2026:17:47:52 +0000] "GET /detail/1942895080 HTTP/2" 404 35642 "-" "Mozilla/5.0 (compatible; AhrefsBot/7.0; +http://ahrefs.com/robot/)"
54.39.0.59 - - [16/Jul/2026:17:48:55 +0000] "GET /detail/1903102462 HTTP/2" 404 35641 "-" "Mozilla/5.0 (compatible; AhrefsBot/7.0; +http://ahrefs.com/robot/)"
194.39.149.53 - - [16/Jul/2026:17:48:55 +0000] "POST /wp-cron.php?doing_wp_cron=1784224135.6787650585174560546875 HTTP/1.1" 200 0 "-" "WordPress/7.0.1; https://totalcomfort.pk"
142.44.225.144 - - [16/Jul/2026:17:49:57 +0000] "GET /detail/2062461113 HTTP/2" 404 35641 "-" "Mozilla/5.0 (compatible; AhrefsBot/7.0; +http://ahrefs.com/robot/)"
194.39.149.53 - - [16/Jul/2026:17:49:57 +0000] "POST /wp-cron.php?doing_wp_cron=1784224197.8405520915985107421875 HTTP/1.1" 200 0 "-" "WordPress/7.0.1; https://totalcomfort.pk"
15.235.98.219 - - [16/Jul/2026:17:50:59 +0000] "GET /detail/1956584420 HTTP/2" 404 35641 "-" "Mozilla/5.0 (compatible; AhrefsBot/7.0; +http://ahrefs.com/robot/)"
194.39.149.53 - - [16/Jul/2026:17:51:00 +0000] "POST /wp-cron.php?doing_wp_cron=1784224260.1117389202117919921875 HTTP/1.1" 200 0 "-" "WordPress/7.0.1; https://totalcomfort.pk"
15.235.98.219 - - [16/Jul/2026:17:52:02 +0000] "GET /detail/3524422034 HTTP/2" 404 35641 "-" "Mozilla/5.0 (compatible; AhrefsBot/7.0; +http://ahrefs.com/robot/)"
194.39.149.53 - - [16/Jul/2026:17:52:03 +0000] "POST /wp-cron.php?doing_wp_cron=1784224323.1021299362182617187500 HTTP/1.1" 200 0 "-" "WordPress/7.0.1; https://totalcomfort.pk"
142.44.233.244 - - [16/Jul/2026:17:53:04 +0000] "GET /detail/3297246934 HTTP/2" 404 35641 "-" "Mozilla/5.0 (compatible; AhrefsBot/7.0; +http://ahrefs.com/robot/)"
51.222.168.122 - - [16/Jul/2026:17:54:06 +0000] "GET /detail/3279924019 HTTP/2" 404 35641 "-" "Mozilla/5.0 (compatible; AhrefsBot/7.0; +http://ahrefs.com/robot/)"
54.39.136.100 - - [16/Jul/2026:17:55:08 +0000] "GET /detail/3256190759 HTTP/2" 404 35641 "-" "Mozilla/5.0 (compatible; AhrefsBot/7.0; +http://ahrefs.com/robot/)"
194.39.149.53 - - [16/Jul/2026:17:55:10 +0000] "POST /wp-cron.php?doing_wp_cron=1784224509.9624381065368652343750 HTTP/1.1" 200 0 "-" "WordPress/7.0.1; https://totalcomfort.pk"
104.210.140.142 - - [16/Jul/2026:17:55:43 +0000] "GET /robots.txt HTTP/2" 200 94 "-" "Mozilla/5.0 (Macintosh; Intel Mac OS X 10_15_7) AppleWebKit/537.36 (KHTML, like Gecko) Chrome/131.0.0.0 Safari/537.36; compatible; OAI-SearchBot/1.0; +https://openai.com/searchbot"
142.44.225.73 - - [16/Jul/2026:17:56:11 +0000] "GET /detail/3255850065 HTTP/2" 404 35640 "-" "Mozilla/5.0 (compatible; AhrefsBot/7.0; +http://ahrefs.com/robot/)"
194.39.149.53 - - [16/Jul/2026:17:56:13 +0000] "POST /wp-cron.php?doing_wp_cron=1784224573.1748239994049072265625 HTTP/1.1" 200 0 "-" "WordPress/7.0.1; https://totalcomfort.pk"
54.39.89.137 - - [16/Jul/2026:17:57:13 +0000] "GET /detail/1879477375 HTTP/2" 404 35640 "-" "Mozilla/5.0 (compatible; AhrefsBot/7.0; +http://ahrefs.com/robot/)"
194.39.149.53 - - [16/Jul/2026:17:57:14 +0000] "POST /wp-cron.php?doing_wp_cron=1784224634.8839859962463378906250 HTTP/1.1" 200 0 "-" "WordPress/7.0.1; https://totalcomfort.pk"
142.44.233.89 - - [16/Jul/2026:17:58:15 +0000] "GET /detail/3255524308 HTTP/2" 404 35640 "-" "Mozilla/5.0 (compatible; AhrefsBot/7.0; +http://ahrefs.com/robot/)"
194.39.149.53 - - [16/Jul/2026:17:58:16 +0000] "POST /wp-cron.php?doing_wp_cron=1784224696.4533329010009765625000 HTTP/1.1" 200 0 "-" "WordPress/7.0.1; https://totalcomfort.pk"
95.108.213.91 - - [16/Jul/2026:17:58:38 +0000] "GET /wp-content/uploads/2021/06/Sliming-Waist-Belt-1-685x1024.jpg HTTP/2" 200 78625 "-" "Mozilla/5.0 (compatible; YandexImages/3.0; +http://yandex.com/bots)"
51.161.37.60 - - [16/Jul/2026:17:59:17 +0000] "GET /detail/3244348108 HTTP/2" 404 35640 "-" "Mozilla/5.0 (compatible; AhrefsBot/7.0; +http://ahrefs.com/robot/)"
194.39.149.53 - - [16/Jul/2026:17:59:18 +0000] "POST /wp-cron.php?doing_wp_cron=1784224758.5409550666809082031250 HTTP/1.1" 200 0 "-" "WordPress/7.0.1; https://totalcomfort.pk"
15.235.27.6 - - [16/Jul/2026:18:00:20 +0000] "GET /detail/1809748029 HTTP/2" 404 35641 "-" "Mozilla/5.0 (compatible; AhrefsBot/7.0; +http://ahrefs.com/robot/)"
194.39.149.53 - - [16/Jul/2026:18:00:21 +0000] "POST /wp-cron.php?doing_wp_cron=1784224820.9934630393981933593750 HTTP/1.1" 200 0 "-" "WordPress/7.0.1; https://totalcomfort.pk"
54.39.0.66 - - [16/Jul/2026:18:01:22 +0000] "GET /detail/3124798503 HTTP/2" 404 35641 "-" "Mozilla/5.0 (compatible; AhrefsBot/7.0; +http://ahrefs.com/robot/)"
194.39.149.53 - - [16/Jul/2026:18:01:23 +0000] "POST /wp-cron.php?doing_wp_cron=1784224883.0136110782623291015625 HTTP/1.1" 200 0 "-" "WordPress/7.0.1; https://totalcomfort.pk"
142.44.233.45 - - [16/Jul/2026:18:02:24 +0000] "GET /detail/3165266644 HTTP/2" 404 35641 "-" "Mozilla/5.0 (compatible; AhrefsBot/7.0; +http://ahrefs.com/robot/)"
54.39.136.218 - - [16/Jul/2026:18:03:27 +0000] "GET /detail/1772857536 HTTP/2" 404 35640 "-" "Mozilla/5.0 (compatible; AhrefsBot/7.0; +http://ahrefs.com/robot/)"
194.39.149.53 - - [16/Jul/2026:18:03:28 +0000] "POST /wp-cron.php?doing_wp_cron=1784225008.8488750457763671875000 HTTP/1.1" 200 0 "-" "WordPress/7.0.1; https://totalcomfort.pk"
148.113.128.207 - - [16/Jul/2026:18:04:29 +0000] "GET /detail/3039006934 HTTP/2" 404 35641 "-" "Mozilla/5.0 (compatible; AhrefsBot/7.0; +http://ahrefs.com/robot/)"
194.39.149.53 - - [16/Jul/2026:18:04:31 +0000] "POST /wp-cron.php?doing_wp_cron=1784225070.8844480514526367187500 HTTP/1.1" 200 0 "-" "WordPress/7.0.1; https://totalcomfort.pk"
142.44.220.51 - - [16/Jul/2026:18:05:31 +0000] "GET /detail/2939315848 HTTP/2" 404 35641 "-" "Mozilla/5.0 (compatible; AhrefsBot/7.0; +http://ahrefs.com/robot/)"
194.39.149.53 - - [16/Jul/2026:18:05:32 +0000] "POST /wp-cron.php?doing_wp_cron=1784225132.2665569782257080078125 HTTP/1.1" 200 0 "-" "WordPress/7.0.1; https://totalcomfort.pk"
51.161.65.17 - - [16/Jul/2026:18:06:34 +0000] "GET /detail/1691386149 HTTP/2" 404 35641 "-" "Mozilla/5.0 (compatible; AhrefsBot/7.0; +http://ahrefs.com/robot/)"
194.39.149.53 - - [16/Jul/2026:18:06:36 +0000] "POST /wp-cron.php?doing_wp_cron=1784225196.3996798992156982421875 HTTP/1.1" 200 0 "-" "WordPress/7.0.1; https://totalcomfort.pk"
34.6.51.78 - - [16/Jul/2026:18:06:40 +0000] "GET /.git/config HTTP/1.1" 403 1242 "-" "-"
34.6.51.78 - - [16/Jul/2026:18:06:41 +0000] "GET /.git/config HTTP/1.1" 403 1242 "-" "-"
142.44.233.108 - - [16/Jul/2026:18:09:25 +0000] "GET /detail/2875510159 HTTP/2" 404 35641 "-" "Mozilla/5.0 (compatible; AhrefsBot/7.0; +http://ahrefs.com/robot/)"
194.39.149.53 - - [16/Jul/2026:18:09:25 +0000] "POST /wp-cron.php?doing_wp_cron=1784225365.5724871158599853515625 HTTP/1.1" 200 0 "-" "WordPress/7.0.1; https://totalcomfort.pk"
167.114.139.229 - - [16/Jul/2026:18:10:50 +0000] "GET /detail/1564581633 HTTP/2" 404 35641 "-" "Mozilla/5.0 (compatible; AhrefsBot/7.0; +http://ahrefs.com/robot/)"
194.39.149.53 - - [16/Jul/2026:18:10:51 +0000] "POST /wp-cron.php?doing_wp_cron=1784225451.1372780799865722656250 HTTP/1.1" 200 0 "-" "WordPress/7.0.1; https://totalcomfort.pk"
142.44.225.98 - - [16/Jul/2026:18:12:16 +0000] "GET /detail/2874723474 HTTP/2" 404 35641 "-" "Mozilla/5.0 (compatible; AhrefsBot/7.0; +http://ahrefs.com/robot/)"
194.39.149.53 - - [16/Jul/2026:18:12:17 +0000] "POST /wp-cron.php?doing_wp_cron=1784225537.2033100128173828125000 HTTP/1.1" 200 0 "-" "WordPress/7.0.1; https://totalcomfort.pk"
51.222.168.74 - - [16/Jul/2026:18:13:47 +0000] "GET /detail/1538541471 HTTP/2" 404 35642 "-" "Mozilla/5.0 (compatible; AhrefsBot/7.0; +http://ahrefs.com/robot/)"
51.222.168.36 - - [16/Jul/2026:18:15:25 +0000] "GET /detail/585215169 HTTP/2" 404 35640 "-" "Mozilla/5.0 (compatible; AhrefsBot/7.0; +http://ahrefs.com/robot/)"
194.39.149.53 - - [16/Jul/2026:18:15:26 +0000] "POST /wp-cron.php?doing_wp_cron=1784225726.5432329177856445312500 HTTP/1.1" 200 0 "-" "WordPress/7.0.1; https://totalcomfort.pk"
15.235.98.54 - - [16/Jul/2026:18:16:30 +0000] "GET /detail/3435734876 HTTP/2" 404 35641 "-" "Mozilla/5.0 (compatible; AhrefsBot/7.0; +http://ahrefs.com/robot/)"
194.39.149.53 - - [16/Jul/2026:18:16:33 +0000] "POST /wp-cron.php?doing_wp_cron=1784225792.9851670265197753906250 HTTP/1.1" 200 0 "-" "WordPress/7.0.1; https://totalcomfort.pk"
51.222.168.137 - - [16/Jul/2026:18:17:35 +0000] "GET /detail/3379435936 HTTP/2" 404 35641 "-" "Mozilla/5.0 (compatible; AhrefsBot/7.0; +http://ahrefs.com/robot/)"
194.39.149.53 - - [16/Jul/2026:18:17:37 +0000] "POST /wp-cron.php?doing_wp_cron=1784225857.5785748958587646484375 HTTP/1.1" 200 0 "-" "WordPress/7.0.1; https://totalcomfort.pk"
51.222.168.104 - - [16/Jul/2026:18:18:39 +0000] "GET /detail/3305393651 HTTP/2" 404 35641 "-" "Mozilla/5.0 (compatible; AhrefsBot/7.0; +http://ahrefs.com/robot/)"
194.39.149.53 - - [16/Jul/2026:18:18:39 +0000] "POST /wp-cron.php?doing_wp_cron=1784225919.6719450950622558593750 HTTP/1.1" 200 0 "-" "WordPress/7.0.1; https://totalcomfort.pk"
54.39.136.77 - - [16/Jul/2026:18:19:44 +0000] "GET /detail/3239947893 HTTP/2" 404 35640 "-" "Mozilla/5.0 (compatible; AhrefsBot/7.0; +http://ahrefs.com/robot/)"
194.39.149.53 - - [16/Jul/2026:18:19:45 +0000] "POST /wp-cron.php?doing_wp_cron=1784225985.2976009845733642578125 HTTP/1.1" 200 0 "-" "WordPress/7.0.1; https://totalcomfort.pk"
194.39.149.53 - - [16/Jul/2026:18:21:28 +0000] "POST /wp-cron.php?doing_wp_cron=1784226088.7552440166473388671875 HTTP/1.1" 200 0 "-" "WordPress/7.0.1; https://totalcomfort.pk"
4.194.24.143 - - [16/Jul/2026:18:21:27 +0000] "GET /.dj/index.php HTTP/1.1" 301 0 "-" "Mozilla/5.0 (Windows NT 10.0; Win64; x64) AppleWebKit/537.36 (KHTML, like Gecko) Chrome/120.0.0.0 Safari/537.36"
4.194.24.143 - - [16/Jul/2026:18:21:29 +0000] "GET /.tmb/ HTTP/1.1" 404 1251 "-" "Mozilla/5.0 (Windows NT 10.0; Win64; x64) AppleWebKit/537.36 (KHTML, like Gecko) Chrome/120.0.0.0 Safari/537.36"
4.194.24.143 - - [16/Jul/2026:18:21:29 +0000] "GET /.trash7206/index.php HTTP/1.1" 301 0 "-" "Mozilla/5.0 (Windows NT 10.0; Win64; x64) AppleWebKit/537.36 (KHTML, like Gecko) Chrome/120.0.0.0 Safari/537.36"
4.194.24.143 - - [16/Jul/2026:18:21:30 +0000] "GET /.well-known/ HTTP/1.1" 404 1251 "-" "Mozilla/5.0 (Windows NT 10.0; Win64; x64) AppleWebKit/537.36 (KHTML, like Gecko) Chrome/120.0.0.0 Safari/537.36"
4.194.24.143 - - [16/Jul/2026:18:21:31 +0000] "GET /.well-known/acme-challenge/ HTTP/1.1" 404 1251 "-" "Mozilla/5.0 (Windows NT 10.0; Win64; x64) AppleWebKit/537.36 (KHTML, like Gecko) Chrome/120.0.0.0 Safari/537.36"
4.194.24.143 - - [16/Jul/2026:18:21:31 +0000] "GET /.well-known/gecko-litespeed.php HTTP/1.1" 404 35640 "-" "Mozilla/5.0 (Windows NT 10.0; Win64; x64) AppleWebKit/537.36 (KHTML, like Gecko) Chrome/120.0.0.0 Safari/537.36"
4.194.24.143 - - [16/Jul/2026:18:21:32 +0000] "GET /.well-known/logs233/index.php HTTP/1.1" 301 0 "-" "Mozilla/5.0 (Windows NT 10.0; Win64; x64) AppleWebKit/537.36 (KHTML, like Gecko) Chrome/120.0.0.0 Safari/537.36"
4.194.24.143 - - [16/Jul/2026:18:21:33 +0000] "GET /.well-known/wp-cron.php HTTP/1.1" 404 35642 "-" "Mozilla/5.0 (Windows NT 10.0; Win64; x64) AppleWebKit/537.36 (KHTML, like Gecko) Chrome/120.0.0.0 Safari/537.36"
4.194.24.143 - - [16/Jul/2026:18:21:35 +0000] "GET /0.kb-v3.php HTTP/1.1" 404 35641 "-" "Mozilla/5.0 (Windows NT 10.0; Win64; x64) AppleWebKit/537.36 (KHTML, like Gecko) Chrome/120.0.0.0 Safari/537.36"
54.39.0.63 - - [16/Jul/2026:18:21:35 +0000] "GET /detail/3066089973 HTTP/2" 404 35642 "-" "Mozilla/5.0 (compatible; AhrefsBot/7.0; +http://ahrefs.com/robot/)"
4.194.24.143 - - [16/Jul/2026:18:21:36 +0000] "GET /0.php HTTP/1.1" 404 35642 "-" "Mozilla/5.0 (Windows NT 10.0; Win64; x64) AppleWebKit/537.36 (KHTML, like Gecko) Chrome/120.0.0.0 Safari/537.36"
4.194.24.143 - - [16/Jul/2026:18:21:37 +0000] "GET /002.php HTTP/1.1" 404 35642 "-" "Mozilla/5.0 (Windows NT 10.0; Win64; x64) AppleWebKit/537.36 (KHTML, like Gecko) Chrome/120.0.0.0 Safari/537.36"
4.194.24.143 - - [16/Jul/2026:18:21:39 +0000] "GET /01.php HTTP/1.1" 404 35642 "-" "Mozilla/5.0 (Windows NT 10.0; Win64; x64) AppleWebKit/537.36 (KHTML, like Gecko) Chrome/120.0.0.0 Safari/537.36"
4.194.24.143 - - [16/Jul/2026:18:21:41 +0000] "GET /0x.php HTTP/1.1" 404 35642 "-" "Mozilla/5.0 (Windows NT 10.0; Win64; x64) AppleWebKit/537.36 (KHTML, like Gecko) Chrome/120.0.0.0 Safari/537.36"
4.194.24.143 - - [16/Jul/2026:18:21:43 +0000] "GET /1.php HTTP/1.1" 404 35641 "-" "Mozilla/5.0 (Windows NT 10.0; Win64; x64) AppleWebKit/537.36 (KHTML, like Gecko) Chrome/120.0.0.0 Safari/537.36"
4.194.24.143 - - [16/Jul/2026:18:21:45 +0000] "GET /100.php HTTP/1.1" 404 35641 "-" "Mozilla/5.0 (Windows NT 10.0; Win64; x64) AppleWebKit/537.36 (KHTML, like Gecko) Chrome/120.0.0.0 Safari/537.36"
4.194.24.143 - - [16/Jul/2026:18:21:47 +0000] "GET /122.php HTTP/1.1" 404 35641 "-" "Mozilla/5.0 (Windows NT 10.0; Win64; x64) AppleWebKit/537.36 (KHTML, like Gecko) Chrome/120.0.0.0 Safari/537.36"
4.194.24.143 - - [16/Jul/2026:18:21:50 +0000] "GET /123.php HTTP/1.1" 404 35640 "-" "Mozilla/5.0 (Windows NT 10.0; Win64; x64) AppleWebKit/537.36 (KHTML, like Gecko) Chrome/120.0.0.0 Safari/537.36"
194.39.149.53 - - [16/Jul/2026:18:21:53 +0000] "POST /wp-cron.php?doing_wp_cron=1784226113.7485730648040771484375 HTTP/1.1" 200 0 "-" "WordPress/7.0.1; https://totalcomfort.pk"
4.194.24.143 - - [16/Jul/2026:18:21:52 +0000] "GET /13.php HTTP/1.1" 404 35641 "-" "Mozilla/5.0 (Windows NT 10.0; Win64; x64) AppleWebKit/537.36 (KHTML, like Gecko) Chrome/120.0.0.0 Safari/537.36"
142.44.233.226 - - [16/Jul/2026:18:21:53 +0000] "GET /detail/975965529 HTTP/2" 404 35641 "-" "Mozilla/5.0 (compatible; AhrefsBot/7.0; +http://ahrefs.com/robot/)"
4.194.24.143 - - [16/Jul/2026:18:21:54 +0000] "GET /133.php HTTP/1.1" 404 35641 "-" "Mozilla/5.0 (Windows NT 10.0; Win64; x64) AppleWebKit/537.36 (KHTML, like Gecko) Chrome/120.0.0.0 Safari/537.36"
4.194.24.143 - - [16/Jul/2026:18:21:57 +0000] "GET /155.php HTTP/1.1" 404 35640 "-" "Mozilla/5.0 (Windows NT 10.0; Win64; x64) AppleWebKit/537.36 (KHTML, like Gecko) Chrome/120.0.0.0 Safari/537.36"
4.194.24.143 - - [16/Jul/2026:18:21:58 +0000] "GET /177.php HTTP/1.1" 404 35642 "-" "Mozilla/5.0 (Windows NT 10.0; Win64; x64) AppleWebKit/537.36 (KHTML, like Gecko) Chrome/120.0.0.0 Safari/537.36"
4.194.24.143 - - [16/Jul/2026:18:22:01 +0000] "GET /1index.php HTTP/1.1" 404 35640 "-" "Mozilla/5.0 (Windows NT 10.0; Win64; x64) AppleWebKit/537.36 (KHTML, like Gecko) Chrome/120.0.0.0 Safari/537.36"
4.194.24.143 - - [16/Jul/2026:18:22:02 +0000] "GET /2.php HTTP/1.1" 404 35640 "-" "Mozilla/5.0 (Windows NT 10.0; Win64; x64) AppleWebKit/537.36 (KHTML, like Gecko) Chrome/120.0.0.0 Safari/537.36"
4.194.24.143 - - [16/Jul/2026:18:22:04 +0000] "GET /222.php HTTP/1.1" 404 35642 "-" "Mozilla/5.0 (Windows NT 10.0; Win64; x64) AppleWebKit/537.36 (KHTML, like Gecko) Chrome/120.0.0.0 Safari/537.36"
4.194.24.143 - - [16/Jul/2026:18:22:06 +0000] "GET /2p.update.php HTTP/1.1" 404 35642 "-" "Mozilla/5.0 (Windows NT 10.0; Win64; x64) AppleWebKit/537.36 (KHTML, like Gecko) Chrome/120.0.0.0 Safari/537.36"
4.194.24.143 - - [16/Jul/2026:18:22:08 +0000] "GET /3.php HTTP/1.1" 404 35641 "-" "Mozilla/5.0 (Windows NT 10.0; Win64; x64) AppleWebKit/537.36 (KHTML, like Gecko) Chrome/120.0.0.0 Safari/537.36"
4.194.24.143 - - [16/Jul/2026:18:22:10 +0000] "GET /3pjcpmfsd8b.php HTTP/1.1" 404 35641 "-" "Mozilla/5.0 (Windows NT 10.0; Win64; x64) AppleWebKit/537.36 (KHTML, like Gecko) Chrome/120.0.0.0 Safari/537.36"
4.194.24.143 - - [16/Jul/2026:18:22:12 +0000] "GET /403.php HTTP/1.1" 404 35641 "-" "Mozilla/5.0 (Windows NT 10.0; Win64; x64) AppleWebKit/537.36 (KHTML, like Gecko) Chrome/120.0.0.0 Safari/537.36"
4.194.24.143 - - [16/Jul/2026:18:22:13 +0000] "GET /404.php HTTP/1.1" 404 35641 "-" "Mozilla/5.0 (Windows NT 10.0; Win64; x64) AppleWebKit/537.36 (KHTML, like Gecko) Chrome/120.0.0.0 Safari/537.36"
98.82.40.168 - - [16/Jul/2026:18:22:17 +0000] "GET /shop-2/page/3/ HTTP/1.1" 200 48000 "-" "Mozilla/5.0 AppleWebKit/537.36 (KHTML, like Gecko; compatible; Amazonbot/0.1; +https://developer.amazon.com/support/amazonbot) Chrome/119.0.6045.214 Safari/537.36"
54.39.210.163 - - [16/Jul/2026:18:22:56 +0000] "GET /detail/3057015632 HTTP/2" 404 35641 "-" "Mozilla/5.0 (compatible; AhrefsBot/7.0; +http://ahrefs.com/robot/)"
194.39.149.53 - - [16/Jul/2026:18:22:57 +0000] "POST /wp-cron.php?doing_wp_cron=1784226176.9149880409240722656250 HTTP/1.1" 200 0 "-" "WordPress/7.0.1; https://totalcomfort.pk"
167.114.139.19 - - [16/Jul/2026:18:24:01 +0000] "GET /detail/65289696 HTTP/2" 404 35641 "-" "Mozilla/5.0 (compatible; AhrefsBot/7.0; +http://ahrefs.com/robot/)"
194.39.149.53 - - [16/Jul/2026:18:24:02 +0000] "POST /wp-cron.php?doing_wp_cron=1784226241.9580891132354736328125 HTTP/1.1" 200 0 "-" "WordPress/7.0.1; https://totalcomfort.pk"
148.113.130.44 - - [16/Jul/2026:18:25:08 +0000] "GET /detail/749218111 HTTP/2" 404 35641 "-" "Mozilla/5.0 (compatible; AhrefsBot/7.0; +http://ahrefs.com/robot/)"
194.39.149.53 - - [16/Jul/2026:18:25:09 +0000] "POST /wp-cron.php?doing_wp_cron=1784226309.8822140693664550781250 HTTP/1.1" 200 0 "-" "WordPress/7.0.1; https://totalcomfort.pk"
51.222.168.148 - - [16/Jul/2026:18:26:09 +0000] "GET /detail/4234545773 HTTP/2" 404 35641 "-" "Mozilla/5.0 (compatible; AhrefsBot/7.0; +http://ahrefs.com/robot/)"
194.39.149.53 - - [16/Jul/2026:18:26:10 +0000] "POST /wp-cron.php?doing_wp_cron=1784226370.4809720516204833984375 HTTP/1.1" 200 0 "-" "WordPress/7.0.1; https://totalcomfort.pk"
167.114.139.34 - - [16/Jul/2026:18:27:14 +0000] "GET /detail/4203263218 HTTP/2" 404 35641 "-" "Mozilla/5.0 (compatible; AhrefsBot/7.0; +http://ahrefs.com/robot/)"
142.44.220.50 - - [16/Jul/2026:18:28:17 +0000] "GET /detail/4184891056 HTTP/2" 404 35641 "-" "Mozilla/5.0 (compatible; AhrefsBot/7.0; +http://ahrefs.com/robot/)"
194.39.149.53 - - [16/Jul/2026:18:28:18 +0000] "POST /wp-cron.php?doing_wp_cron=1784226498.1468410491943359375000 HTTP/1.1" 200 0 "-" "WordPress/7.0.1; https://totalcomfort.pk"
148.113.130.250 - - [16/Jul/2026:18:29:26 +0000] "GET /detail/4006037668 HTTP/2" 404 35641 "-" "Mozilla/5.0 (compatible; AhrefsBot/7.0; +http://ahrefs.com/robot/)"
194.39.149.53 - - [16/Jul/2026:18:29:28 +0000] "POST /wp-cron.php?doing_wp_cron=1784226568.1045958995819091796875 HTTP/1.1" 200 0 "-" "WordPress/7.0.1; https://totalcomfort.pk"
54.39.210.68 - - [16/Jul/2026:18:30:26 +0000] "GET /detail/3817783847 HTTP/2" 404 35640 "-" "Mozilla/5.0 (compatible; AhrefsBot/7.0; +http://ahrefs.com/robot/)"
142.44.228.182 - - [16/Jul/2026:18:31:30 +0000] "GET /detail/3803558299 HTTP/2" 404 35641 "-" "Mozilla/5.0 (compatible; AhrefsBot/7.0; +http://ahrefs.com/robot/)"
15.235.27.63 - - [16/Jul/2026:18:32:34 +0000] "GET /detail/372269052 HTTP/2" 404 35641 "-" "Mozilla/5.0 (compatible; AhrefsBot/7.0; +http://ahrefs.com/robot/)"
194.39.149.53 - - [16/Jul/2026:18:32:35 +0000] "POST /wp-cron.php?doing_wp_cron=1784226755.3506040573120117187500 HTTP/1.1" 200 0 "-" "WordPress/7.0.1; https://totalcomfort.pk"
148.113.128.165 - - [16/Jul/2026:18:33:39 +0000] "GET /detail/830544680 HTTP/2" 404 35642 "-" "Mozilla/5.0 (compatible; AhrefsBot/7.0; +http://ahrefs.com/robot/)"
194.39.149.53 - - [16/Jul/2026:18:33:39 +0000] "POST /wp-cron.php?doing_wp_cron=1784226819.7953379154205322265625 HTTP/1.1" 200 0 "-" "WordPress/7.0.1; https://totalcomfort.pk"
15.235.98.133 - - [16/Jul/2026:18:34:43 +0000] "GET /detail/3678792354 HTTP/2" 404 35642 "-" "Mozilla/5.0 (compatible; AhrefsBot/7.0; +http://ahrefs.com/robot/)"
194.39.149.53 - - [16/Jul/2026:18:34:44 +0000] "POST /wp-cron.php?doing_wp_cron=1784226883.9253180027008056640625 HTTP/1.1" 200 0 "-" "WordPress/7.0.1; https://totalcomfort.pk"
142.44.220.202 - - [16/Jul/2026:18:35:47 +0000] "GET /detail/3665891692 HTTP/2" 404 35641 "-" "Mozilla/5.0 (compatible; AhrefsBot/7.0; +http://ahrefs.com/robot/)"
194.39.149.53 - - [16/Jul/2026:18:35:48 +0000] "POST /wp-cron.php?doing_wp_cron=1784226948.8549439907073974609375 HTTP/1.1" 200 0 "-" "WordPress/7.0.1; https://totalcomfort.pk"
54.39.136.2 - - [16/Jul/2026:18:36:54 +0000] "GET /detail/3617656197 HTTP/2" 404 35641 "-" "Mozilla/5.0 (compatible; AhrefsBot/7.0; +http://ahrefs.com/robot/)"
194.39.149.53 - - [16/Jul/2026:18:36:54 +0000] "POST /wp-cron.php?doing_wp_cron=1784227014.6291890144348144531250 HTTP/1.1" 200 0 "-" "WordPress/7.0.1; https://totalcomfort.pk"
54.39.89.25 - - [16/Jul/2026:18:38:04 +0000] "GET /detail/3614998545 HTTP/2" 404 35641 "-" "Mozilla/5.0 (compatible; AhrefsBot/7.0; +http://ahrefs.com/robot/)"
194.39.149.53 - - [16/Jul/2026:18:38:05 +0000] "POST /wp-cron.php?doing_wp_cron=1784227085.4514460563659667968750 HTTP/1.1" 200 0 "-" "WordPress/7.0.1; https://totalcomfort.pk"
54.39.0.191 - - [16/Jul/2026:18:39:16 +0000] "GET /detail/3566239770 HTTP/2" 404 35641 "-" "Mozilla/5.0 (compatible; AhrefsBot/7.0; +http://ahrefs.com/robot/)"
194.39.149.53 - - [16/Jul/2026:18:39:16 +0000] "POST /wp-cron.php?doing_wp_cron=1784227156.6754539012908935546875 HTTP/1.1" 200 0 "-" "WordPress/7.0.1; https://totalcomfort.pk"
51.161.37.42 - - [16/Jul/2026:18:40:43 +0000] "GET /detail/2931756675 HTTP/2" 404 35641 "-" "Mozilla/5.0 (compatible; AhrefsBot/7.0; +http://ahrefs.com/robot/)"
194.39.149.53 - - [16/Jul/2026:18:40:43 +0000] "POST /wp-cron.php?doing_wp_cron=1784227243.6053330898284912109375 HTTP/1.1" 200 0 "-" "WordPress/7.0.1; https://totalcomfort.pk"
142.44.233.241 - - [16/Jul/2026:18:42:14 +0000] "GET /detail/463014229 HTTP/2" 404 35640 "-" "Mozilla/5.0 (compatible; AhrefsBot/7.0; +http://ahrefs.com/robot/)"
15.235.27.220 - - [16/Jul/2026:18:43:51 +0000] "GET /detail/2912089731 HTTP/2" 404 35640 "-" "Mozilla/5.0 (compatible; AhrefsBot/7.0; +http://ahrefs.com/robot/)"
194.39.149.53 - - [16/Jul/2026:18:43:51 +0000] "POST /wp-cron.php?doing_wp_cron=1784227431.8528010845184326171875 HTTP/1.1" 200 0 "-" "WordPress/7.0.1; https://totalcomfort.pk"
138.246.253.24 - - [16/Jul/2026:18:44:12 +0000] "GET /robots.txt HTTP/1.1" 200 26 "-" "Mozilla/5.0 (Windows NT 10.0; Win64; x64) AppleWebKit/537.36 (KHTML, like Gecko) Chrome/103.0.5060.134 Safari/537.36"
51.222.168.176 - - [16/Jul/2026:18:45:01 +0000] "GET /detail/326432449 HTTP/2" 404 35641 "-" "Mozilla/5.0 (compatible; AhrefsBot/7.0; +http://ahrefs.com/robot/)"
194.39.149.53 - - [16/Jul/2026:18:45:02 +0000] "POST /wp-cron.php?doing_wp_cron=1784227502.4096438884735107421875 HTTP/1.1" 200 0 "-" "WordPress/7.0.1; https://totalcomfort.pk"
142.44.220.151 - - [16/Jul/2026:18:46:12 +0000] "GET /detail/350477117 HTTP/2" 404 35641 "-" "Mozilla/5.0 (compatible; AhrefsBot/7.0; +http://ahrefs.com/robot/)"
51.161.37.94 - - [16/Jul/2026:18:47:23 +0000] "GET /detail/2877895148 HTTP/2" 404 35641 "-" "Mozilla/5.0 (compatible; AhrefsBot/7.0; +http://ahrefs.com/robot/)"
167.114.139.147 - - [16/Jul/2026:18:48:32 +0000] "GET /detail/2561671675 HTTP/2" 404 35642 "-" "Mozilla/5.0 (compatible; AhrefsBot/7.0; +http://ahrefs.com/robot/)"
194.39.149.53 - - [16/Jul/2026:18:48:33 +0000] "POST /wp-cron.php?doing_wp_cron=1784227713.4823470115661621093750 HTTP/1.1" 200 0 "-" "WordPress/7.0.1; https://totalcomfort.pk"
15.235.98.189 - - [16/Jul/2026:18:49:42 +0000] "GET /detail/2510070997 HTTP/2" 404 35642 "-" "Mozilla/5.0 (compatible; AhrefsBot/7.0; +http://ahrefs.com/robot/)"
194.39.149.53 - - [16/Jul/2026:18:49:43 +0000] "POST /wp-cron.php?doing_wp_cron=1784227783.8760309219360351562500 HTTP/1.1" 200 0 "-" "WordPress/7.0.1; https://totalcomfort.pk"
51.161.65.201 - - [16/Jul/2026:18:50:53 +0000] "GET /detail/2267168393 HTTP/2" 404 35641 "-" "Mozilla/5.0 (compatible; AhrefsBot/7.0; +http://ahrefs.com/robot/)"
