17.22.245.47 - - [16/Jul/2026:16:39:48 +0000] "GET /wp-content/themes/neve/style-main-new.min.css?ver=3.8.9 HTTP/2" 200 8103 "https://keeloil.com/2025/06/11/czy-warto-grac-na-zywo-w-betandreas-casino/" "Mozilla/5.0 (Macintosh; Intel Mac OS X 10_15_7) AppleWebKit/605.1.15 (KHTML, like Gecko) Version/17.4 Safari/605.1.15 (Applebot/0.1; +http://www.apple.com/go/applebot)"
17.22.245.47 - - [16/Jul/2026:16:39:50 +0000] "GET /wp-content/plugins/elementskit-lite/modules/elementskit-icon-pack/assets/css/ekiticons.css?ver=3.2.1 HTTP/2" 200 11757 "https://keeloil.com/2025/06/11/czy-warto-grac-na-zywo-w-betandreas-casino/" "Mozilla/5.0 (Macintosh; Intel Mac OS X 10_15_7) AppleWebKit/605.1.15 (KHTML, like Gecko) Version/17.4 Safari/605.1.15 (Applebot/0.1; +http://www.apple.com/go/applebot)"
17.22.245.47 - - [16/Jul/2026:16:39:51 +0000] "GET /wp-content/plugins/elementskit-lite/widgets/init/assets/css/widget-styles.css?ver=3.2.1 HTTP/2" 200 47800 "https://keeloil.com/2025/06/11/czy-warto-grac-na-zywo-w-betandreas-casino/" "Mozilla/5.0 (Macintosh; Intel Mac OS X 10_15_7) AppleWebKit/605.1.15 (KHTML, like Gecko) Version/17.4 Safari/605.1.15 (Applebot/0.1; +http://www.apple.com/go/applebot)"
17.22.245.47 - - [16/Jul/2026:16:39:53 +0000] "GET /wp-content/plugins/elementskit-lite/widgets/init/assets/css/responsive.css?ver=3.2.1 HTTP/2" 200 2853 "https://keeloil.com/2025/06/11/czy-warto-grac-na-zywo-w-betandreas-casino/" "Mozilla/5.0 (Macintosh; Intel Mac OS X 10_15_7) AppleWebKit/605.1.15 (KHTML, like Gecko) Version/17.4 Safari/605.1.15 (Applebot/0.1; +http://www.apple.com/go/applebot)"
17.22.245.47 - - [16/Jul/2026:16:39:54 +0000] "GET /wp-includes/js/jquery/jquery.min.js?ver=3.7.1 HTTP/2" 200 29744 "https://keeloil.com/2025/06/11/czy-warto-grac-na-zywo-w-betandreas-casino/" "Mozilla/5.0 (Macintosh; Intel Mac OS X 10_15_7) AppleWebKit/605.1.15 (KHTML, like Gecko) Version/17.4 Safari/605.1.15 (Applebot/0.1; +http://www.apple.com/go/applebot)"
17.22.245.47 - - [16/Jul/2026:16:39:56 +0000] "GET /wp-includes/js/jquery/jquery-migrate.min.js?ver=3.4.1 HTTP/2" 200 4678 "https://keeloil.com/2025/06/11/czy-warto-grac-na-zywo-w-betandreas-casino/" "Mozilla/5.0 (Macintosh; Intel Mac OS X 10_15_7) AppleWebKit/605.1.15 (KHTML, like Gecko) Version/17.4 Safari/605.1.15 (Applebot/0.1; +http://www.apple.com/go/applebot)"
17.22.245.47 - - [16/Jul/2026:16:39:57 +0000] "GET /wp-content/plugins/woocommerce/assets/js/jquery-blockui/jquery.blockUI.min.js?ver=2.7.0-wc.9.1.2 HTTP/2" 200 3277 "https://keeloil.com/2025/06/11/czy-warto-grac-na-zywo-w-betandreas-casino/" "Mozilla/5.0 (Macintosh; Intel Mac OS X 10_15_7) AppleWebKit/605.1.15 (KHTML, like Gecko) Version/17.4 Safari/605.1.15 (Applebot/0.1; +http://www.apple.com/go/applebot)"
17.22.245.47 - - [16/Jul/2026:16:39:59 +0000] "GET /wp-content/plugins/woocommerce/assets/js/frontend/add-to-cart.min.js?ver=9.1.2 HTTP/2" 200 989 "https://keeloil.com/2025/06/11/czy-warto-grac-na-zywo-w-betandreas-casino/" "Mozilla/5.0 (Macintosh; Intel Mac OS X 10_15_7) AppleWebKit/605.1.15 (KHTML, like Gecko) Version/17.4 Safari/605.1.15 (Applebot/0.1; +http://www.apple.com/go/applebot)"
17.22.245.47 - - [16/Jul/2026:16:40:00 +0000] "GET /wp-content/plugins/woocommerce/assets/js/js-cookie/js.cookie.min.js?ver=2.1.4-wc.9.1.2 HTTP/2" 200 760 "https://keeloil.com/2025/06/11/czy-warto-grac-na-zywo-w-betandreas-casino/" "Mozilla/5.0 (Macintosh; Intel Mac OS X 10_15_7) AppleWebKit/605.1.15 (KHTML, like Gecko) Version/17.4 Safari/605.1.15 (Applebot/0.1; +http://www.apple.com/go/applebot)"
17.22.245.47 - - [16/Jul/2026:16:40:02 +0000] "GET /wp-content/plugins/woocommerce/assets/js/frontend/woocommerce.min.js?ver=9.1.2 HTTP/2" 200 814 "https://keeloil.com/2025/06/11/czy-warto-grac-na-zywo-w-betandreas-casino/" "Mozilla/5.0 (Macintosh; Intel Mac OS X 10_15_7) AppleWebKit/605.1.15 (KHTML, like Gecko) Version/17.4 Safari/605.1.15 (Applebot/0.1; +http://www.apple.com/go/applebot)"
17.22.245.47 - - [16/Jul/2026:16:40:04 +0000] "GET /wp-includes/js/dist/hooks.min.js?ver=7496969728ca0f95732d HTTP/2" 200 1734 "https://keeloil.com/2025/06/11/czy-warto-grac-na-zywo-w-betandreas-casino/" "Mozilla/5.0 (Macintosh; Intel Mac OS X 10_15_7) AppleWebKit/605.1.15 (KHTML, like Gecko) Version/17.4 Safari/605.1.15 (Applebot/0.1; +http://www.apple.com/go/applebot)"
17.22.245.47 - - [16/Jul/2026:16:40:05 +0000] "GET /wp-includes/js/dist/i18n.min.js?ver=781d11515ad3d91786ec HTTP/2" 200 2354 "https://keeloil.com/2025/06/11/czy-warto-grac-na-zywo-w-betandreas-casino/" "Mozilla/5.0 (Macintosh; Intel Mac OS X 10_15_7) AppleWebKit/605.1.15 (KHTML, like Gecko) Version/17.4 Safari/605.1.15 (Applebot/0.1; +http://www.apple.com/go/applebot)"
17.22.245.47 - - [16/Jul/2026:16:40:07 +0000] "GET /wp-content/plugins/contact-form-7/includes/swv/js/index.js?ver=5.9.7 HTTP/2" 200 3228 "https://keeloil.com/2025/06/11/czy-warto-grac-na-zywo-w-betandreas-casino/" "Mozilla/5.0 (Macintosh; Intel Mac OS X 10_15_7) AppleWebKit/605.1.15 (KHTML, like Gecko) Version/17.4 Safari/605.1.15 (Applebot/0.1; +http://www.apple.com/go/applebot)"
17.22.245.47 - - [16/Jul/2026:16:40:08 +0000] "GET /wp-content/plugins/contact-form-7/includes/js/index.js?ver=5.9.7 HTTP/2" 200 4002 "https://keeloil.com/2025/06/11/czy-warto-grac-na-zywo-w-betandreas-casino/" "Mozilla/5.0 (Macintosh; Intel Mac OS X 10_15_7) AppleWebKit/605.1.15 (KHTML, like Gecko) Version/17.4 Safari/605.1.15 (Applebot/0.1; +http://www.apple.com/go/applebot)"
17.22.245.47 - - [16/Jul/2026:16:40:10 +0000] "GET /wp-content/plugins/woocommerce/assets/js/sourcebuster/sourcebuster.min.js?ver=9.1.2 HTTP/2" 200 4609 "https://keeloil.com/2025/06/11/czy-warto-grac-na-zywo-w-betandreas-casino/" "Mozilla/5.0 (Macintosh; Intel Mac OS X 10_15_7) AppleWebKit/605.1.15 (KHTML, like Gecko) Version/17.4 Safari/605.1.15 (Applebot/0.1; +http://www.apple.com/go/applebot)"
17.22.245.47 - - [16/Jul/2026:16:40:11 +0000] "GET /wp-content/plugins/woocommerce/assets/js/frontend/order-attribution.min.js?ver=9.1.2 HTTP/2" 200 1006 "https://keeloil.com/2025/06/11/czy-warto-grac-na-zywo-w-betandreas-casino/" "Mozilla/5.0 (Macintosh; Intel Mac OS X 10_15_7) AppleWebKit/605.1.15 (KHTML, like Gecko) Version/17.4 Safari/605.1.15 (Applebot/0.1; +http://www.apple.com/go/applebot)"
17.22.245.47 - - [16/Jul/2026:16:40:13 +0000] "GET /wp-content/plugins/yith-woocommerce-compare/assets/js/woocompare.min.js?ver=2.41.0 HTTP/2" 200 1222 "https://keeloil.com/2025/06/11/czy-warto-grac-na-zywo-w-betandreas-casino/" "Mozilla/5.0 (Macintosh; Intel Mac OS X 10_15_7) AppleWebKit/605.1.15 (KHTML, like Gecko) Version/17.4 Safari/605.1.15 (Applebot/0.1; +http://www.apple.com/go/applebot)"
17.22.245.47 - - [16/Jul/2026:16:40:14 +0000] "GET /wp-content/plugins/yith-woocommerce-compare/assets/js/jquery.colorbox-min.js?ver=1.4.21 HTTP/2" 200 4461 "https://keeloil.com/2025/06/11/czy-warto-grac-na-zywo-w-betandreas-casino/" "Mozilla/5.0 (Macintosh; Intel Mac OS X 10_15_7) AppleWebKit/605.1.15 (KHTML, like Gecko) Version/17.4 Safari/605.1.15 (Applebot/0.1; +http://www.apple.com/go/applebot)"
17.22.245.47 - - [16/Jul/2026:16:40:16 +0000] "GET /wp-content/plugins/elementskit-lite/libs/framework/assets/js/frontend-script.js?ver=3.2.1 HTTP/2" 200 40 "https://keeloil.com/2025/06/11/czy-warto-grac-na-zywo-w-betandreas-casino/" "Mozilla/5.0 (Macintosh; Intel Mac OS X 10_15_7) AppleWebKit/605.1.15 (KHTML, like Gecko) Version/17.4 Safari/605.1.15 (Applebot/0.1; +http://www.apple.com/go/applebot)"
17.22.245.47 - - [16/Jul/2026:16:40:17 +0000] "GET /wp-content/plugins/elementskit-lite/widgets/init/assets/js/widget-scripts.js?ver=3.2.1 HTTP/2" 200 40428 "https://keeloil.com/2025/06/11/czy-warto-grac-na-zywo-w-betandreas-casino/" "Mozilla/5.0 (Macintosh; Intel Mac OS X 10_15_7) AppleWebKit/605.1.15 (KHTML, like Gecko) Version/17.4 Safari/605.1.15 (Applebot/0.1; +http://www.apple.com/go/applebot)"
17.22.245.47 - - [16/Jul/2026:16:40:19 +0000] "GET /wp-content/plugins/wp-pdf-generator/assets/js/es6-promise.auto.min.js?ver=1.2.3 HTTP/2" 200 2372 "https://keeloil.com/2025/06/11/czy-warto-grac-na-zywo-w-betandreas-casino/" "Mozilla/5.0 (Macintosh; Intel Mac OS X 10_15_7) AppleWebKit/605.1.15 (KHTML, like Gecko) Version/17.4 Safari/605.1.15 (Applebot/0.1; +http://www.apple.com/go/applebot)"
17.22.245.47 - - [16/Jul/2026:16:40:20 +0000] "GET /wp-content/plugins/wp-pdf-generator/assets/js/jspdf.min.js?ver=1.2.3 HTTP/2" 200 93066 "https://keeloil.com/2025/06/11/czy-warto-grac-na-zywo-w-betandreas-casino/" "Mozilla/5.0 (Macintosh; Intel Mac OS X 10_15_7) AppleWebKit/605.1.15 (KHTML, like Gecko) Version/17.4 Safari/605.1.15 (Applebot/0.1; +http://www.apple.com/go/applebot)"
17.22.245.47 - - [16/Jul/2026:16:40:22 +0000] "GET /wp-content/plugins/wp-pdf-generator/assets/js/html2canvas.min.js?ver=1.2.3 HTTP/2" 200 18910 "https://keeloil.com/2025/06/11/czy-warto-grac-na-zywo-w-betandreas-casino/" "Mozilla/5.0 (Macintosh; Intel Mac OS X 10_15_7) AppleWebKit/605.1.15 (KHTML, like Gecko) Version/17.4 Safari/605.1.15 (Applebot/0.1; +http://www.apple.com/go/applebot)"
17.22.245.47 - - [16/Jul/2026:16:40:23 +0000] "GET /wp-content/plugins/wp-pdf-generator/assets/js/html2pdf.min.js?ver=1.2.3 HTTP/2" 200 4097 "https://keeloil.com/2025/06/11/czy-warto-grac-na-zywo-w-betandreas-casino/" "Mozilla/5.0 (Macintosh; Intel Mac OS X 10_15_7) AppleWebKit/605.1.15 (KHTML, like Gecko) Version/17.4 Safari/605.1.15 (Applebot/0.1; +http://www.apple.com/go/applebot)"
17.22.245.47 - - [16/Jul/2026:16:40:25 +0000] "GET /wp-content/plugins/qr-code-composer/admin/js/kjua.js?ver=2.0.5 HTTP/2" 200 10210 "https://keeloil.com/2025/06/11/czy-warto-grac-na-zywo-w-betandreas-casino/" "Mozilla/5.0 (Macintosh; Intel Mac OS X 10_15_7) AppleWebKit/605.1.15 (KHTML, like Gecko) Version/17.4 Safari/605.1.15 (Applebot/0.1; +http://www.apple.com/go/applebot)"
17.22.245.47 - - [16/Jul/2026:16:40:26 +0000] "GET /wp-content/plugins/qr-code-composer/public/js/createqr.js?ver=2.0.5 HTTP/2" 200 481 "https://keeloil.com/2025/06/11/czy-warto-grac-na-zywo-w-betandreas-casino/" "Mozilla/5.0 (Macintosh; Intel Mac OS X 10_15_7) AppleWebKit/605.1.15 (KHTML, like Gecko) Version/17.4 Safari/605.1.15 (Applebot/0.1; +http://www.apple.com/go/applebot)"
17.22.245.47 - - [16/Jul/2026:16:40:28 +0000] "GET /wp-content/themes/neve/assets/js/build/modern/frontend.js?ver=3.8.9 HTTP/2" 200 2556 "https://keeloil.com/2025/06/11/czy-warto-grac-na-zywo-w-betandreas-casino/" "Mozilla/5.0 (Macintosh; Intel Mac OS X 10_15_7) AppleWebKit/605.1.15 (KHTML, like Gecko) Version/17.4 Safari/605.1.15 (Applebot/0.1; +http://www.apple.com/go/applebot)"
17.22.245.47 - - [16/Jul/2026:16:40:29 +0000] "GET /wp-content/plugins/woocommerce/assets/css/woocommerce-smallscreen.css?ver=9.1.2 HTTP/2" 200 1065 "https://keeloil.com/2025/06/11/czy-warto-grac-na-zywo-w-betandreas-casino/" "Mozilla/5.0 (Macintosh; Intel Mac OS X 10_15_7) AppleWebKit/605.1.15 (KHTML, like Gecko) Version/17.4 Safari/605.1.15 (Applebot/0.1; +http://www.apple.com/go/applebot)"
17.22.245.47 - - [16/Jul/2026:16:40:31 +0000] "GET /wp-includes/js/wp-emoji-release.min.js?ver=7.0.1 HTTP/2" 200 4974 "https://keeloil.com/2025/06/11/czy-warto-grac-na-zywo-w-betandreas-casino/" "Mozilla/5.0 (Macintosh; Intel Mac OS X 10_15_7) AppleWebKit/605.1.15 (KHTML, like Gecko) Version/17.4 Safari/605.1.15 (Applebot/0.1; +http://www.apple.com/go/applebot)"
17.22.245.47 - - [16/Jul/2026:16:40:32 +0000] "GET /wp-includes/js/comment-reply.min.js?ver=7.0.1 HTTP/2" 200 1247 "https://keeloil.com/2025/06/11/czy-warto-grac-na-zywo-w-betandreas-casino/" "Mozilla/5.0 (Macintosh; Intel Mac OS X 10_15_7) AppleWebKit/605.1.15 (KHTML, like Gecko) Version/17.4 Safari/605.1.15 (Applebot/0.1; +http://www.apple.com/go/applebot)"
194.39.149.53 - - [16/Jul/2026:16:40:47 +0000] "POST /wp-cron.php?doing_wp_cron=1784220047.8205668926239013671875 HTTP/1.1" 200 0 "-" "WordPress/7.0.1; https://keeloil.com"
189.28.71.206 - - [16/Jul/2026:16:40:47 +0000] "GET /home/page/6/?_wpnonce=367ced4b54&add_to_wishlist=92 HTTP/1.1" 200 24599 "-" "Mozilla/5.0 (Windows NT 10.0; Win64; x64) AppleWebKit/537.36 (KHTML, like Gecko) Chrome/80.0.3987.132 Safari/537.36"
57.141.0.61 - - [16/Jul/2026:16:40:55 +0000] "GET /home/page/15/?add_to_wishlist=92&_wpnonce=2401d8df7f HTTP/2" 200 123949 "-" "Mozilla/5.0 (Windows NT 10.0; Win64; x64) AppleWebKit/537.36 (KHTML, like Gecko) Chrome/145.0.0.0 Safari/537.36 (compatible; meta-externalagent/1.1 (+https://developers.facebook.com/docs/sharing/webmasters/crawler))"
194.39.149.53 - - [16/Jul/2026:16:43:08 +0000] "POST /wp-cron.php?doing_wp_cron=1784220188.4182560443878173828125 HTTP/1.1" 200 0 "-" "WordPress/7.0.1; https://keeloil.com"
188.3.181.251 - - [16/Jul/2026:16:43:06 +0000] "GET /home/page/6/?_wpnonce=7737e22546&add_to_wishlist=92 HTTP/1.1" 200 24599 "-" "Mozilla/5.0 (Macintosh; Intel Mac OS X 10_15_4) AppleWebKit/537.36 (KHTML, like Gecko) Brave Chrome/80.0.3987.149 Safari/537.36"
57.141.0.54 - - [16/Jul/2026:16:43:15 +0000] "GET /2025/12/17/quels-sont-les-codes-promo-valides-pour-joker-8-casino-aujourdhui/ HTTP/2" 200 79679 "-" "Mozilla/5.0 (Windows NT 10.0; Win64; x64) AppleWebKit/537.36 (KHTML, like Gecko) Chrome/145.0.0.0 Safari/537.36 (compatible; meta-externalagent/1.1 (+https://developers.facebook.com/docs/sharing/webmasters/crawler))"
194.39.149.53 - - [16/Jul/2026:16:45:37 +0000] "POST /wp-cron.php?doing_wp_cron=1784220337.6839540004730224609375 HTTP/1.1" 200 0 "-" "WordPress/7.0.1; https://keeloil.com"
207.46.13.116 - - [16/Jul/2026:16:45:35 +0000] "GET /2026/06/24/betify-casino-avis-bonus-exclusif-2026/ HTTP/2" 200 20180 "-" "Mozilla/5.0 AppleWebKit/537.36 (KHTML, like Gecko; compatible; bingbot/2.0; +http://www.bing.com/bingbot.htm) Chrome/116.0.1938.76 Safari/537.36"
103.135.132.148 - - [16/Jul/2026:16:45:40 +0000] "GET /home/page/1/?_wpnonce=4f229e2a4c&add_to_wishlist=92 HTTP/1.1" 301 0 "-" "Mozilla/5.0 (Macintosh; Intel Mac OS X 11_2_3) AppleWebKit/537.36 (KHTML, like Gecko) Chrome/89.0.4389.90 Safari/537.36"
103.135.132.148 - - [16/Jul/2026:16:45:42 +0000] "GET /home/?_wpnonce=4f229e2a4c&add_to_wishlist=92 HTTP/1.1" 200 24660 "-" "Mozilla/5.0 (Macintosh; Intel Mac OS X 11_2_3) AppleWebKit/537.36 (KHTML, like Gecko) Chrome/89.0.4389.90 Safari/537.36"
190.2.221.190 - - [16/Jul/2026:16:45:51 +0000] "GET /2026/06/18/nqliyyatin-glcyi-pinconun-tsiri/ HTTP/1.1" 200 21270 "-" "Mozilla/5.0 (Windows NT 10.0; WOW64) AppleWebKit/537.36 (KHTML, like Gecko) Chrome/62.0.3202.9 Safari/537.36"
194.39.149.53 - - [16/Jul/2026:16:46:01 +0000] "POST /wp-cron.php?doing_wp_cron=1784220361.0821330547332763671875 HTTP/1.1" 200 0 "-" "WordPress/7.0.1; https://keeloil.com"
41.214.3.177 - - [16/Jul/2026:16:46:00 +0000] "GET /home/page/4/?_wpnonce=73574a881e&add_to_wishlist=92 HTTP/1.1" 200 24439 "-" "Mozilla/5.0 (Windows NT 10.0; Win64; x64) AppleWebKit/537.36 (KHTML, like Gecko) Chrome/98.0.4758.87 Safari/537.36"
45.183.242.93 - - [16/Jul/2026:16:46:42 +0000] "GET /cart/?_wpnonce=9fb382f7c6&add_to_wishlist=92 HTTP/1.1" 200 76630 "-" "Mozilla/5.0 (Macintosh; Intel Mac OS X 10_13_6) AppleWebKit/537.36 (KHTML, like Gecko) Brave Chrome/86.0.4240.198 Safari/537.36"
194.39.149.53 - - [16/Jul/2026:16:48:35 +0000] "POST /wp-cron.php?doing_wp_cron=1784220515.7996649742126464843750 HTTP/1.1" 200 0 "-" "WordPress/7.0.1; https://keeloil.com"
190.28.14.141 - - [16/Jul/2026:16:48:34 +0000] "GET /home/page/1/?_wpnonce=5c3cdf0588&add_to_wishlist=92 HTTP/1.1" 301 0 "-" "Mozilla/5.0 (Macintosh; Intel Mac OS X 10_9_2) AppleWebKit/537.36 (KHTML, like Gecko) Chrome/36.0.1944.0 Safari/537.36"
190.28.14.141 - - [16/Jul/2026:16:48:36 +0000] "GET /home/?_wpnonce=5c3cdf0588&add_to_wishlist=92 HTTP/1.1" 200 24661 "-" "Mozilla/5.0 (Macintosh; Intel Mac OS X 10_9_2) AppleWebKit/537.36 (KHTML, like Gecko) Chrome/36.0.1944.0 Safari/537.36"
51.195.39.149 - - [16/Jul/2026:16:48:38 +0000] "GET /wp-content/plugins/fancy-elementor-gallery-box/assets/js/fancy-elementor-flipbox.js HTTP/2" 404 58479 "-" "Mozilla/5.0 (X11; Linux x86_64) AppleWebKit/537.36 (KHTML, like Gecko) Chrome/149.0.0.0 Safari/537.36"
194.39.149.53 - - [16/Jul/2026:16:48:59 +0000] "POST /wp-cron.php?doing_wp_cron=1784220539.4498939514160156250000 HTTP/1.1" 200 0 "-" "WordPress/7.0.1; https://keeloil.com"
51.195.39.149 - - [16/Jul/2026:16:48:58 +0000] "GET /wp-content/plugins/podlove-podcasting-plugin-for-wordpress/css/frontend.css HTTP/2" 404 58479 "-" "Mozilla/5.0 (X11; Linux x86_64; rv:150.0) Gecko/20100101 Firefox/150.0"
51.195.39.149 - - [16/Jul/2026:16:49:11 +0000] "GET /blog-verify HTTP/2" 404 58479 "-" "Mozilla/5.0 (Windows NT 10.0; Win64; x64) AppleWebKit/537.36 (KHTML, like Gecko) Chrome/148.0.0.0 Safari/537.36"
194.39.149.53 - - [16/Jul/2026:16:50:37 +0000] "POST /wp-cron.php?doing_wp_cron=1784220637.5998370647430419921875 HTTP/1.1" 200 0 "-" "WordPress/7.0.1; https://keeloil.com"
103.191.131.250 - - [16/Jul/2026:16:50:36 +0000] "GET /home/page/9/?_wpnonce=546d7a59f9&add_to_wishlist=92 HTTP/1.1" 200 24471 "-" "Mozilla/5.0 (Windows NT 6.2; WOW64) AppleWebKit/537.36 (KHTML, like Gecko) Chrome/27.0.1500.55 Safari/537.36"
194.39.149.53 - - [16/Jul/2026:16:55:54 +0000] "POST /wp-cron.php?doing_wp_cron=1784220954.6580529212951660156250 HTTP/1.1" 200 0 "-" "WordPress/7.0.1; https://keeloil.com"
57.141.0.37 - - [16/Jul/2026:16:55:51 +0000] "GET /home/page/3/?add_to_wishlist=92&_wpnonce=a17a17d541 HTTP/2" 200 124772 "-" "Mozilla/5.0 (Windows NT 10.0; Win64; x64) AppleWebKit/537.36 (KHTML, like Gecko) Chrome/145.0.0.0 Safari/537.36 (compatible; meta-externalagent/1.1 (+https://developers.facebook.com/docs/sharing/webmasters/crawler))"
194.39.149.53 - - [16/Jul/2026:16:56:24 +0000] "POST /wp-cron.php?doing_wp_cron=1784220984.4256050586700439453125 HTTP/1.1" 200 0 "-" "WordPress/7.0.1; https://keeloil.com"
154.125.66.181 - - [16/Jul/2026:16:56:23 +0000] "GET /home/page/9/?_wpnonce=367ced4b54&add_to_wishlist=92 HTTP/1.1" 200 24471 "-" "Mozilla/5.0 (Macintosh; Intel Mac OS X 11_1_0) AppleWebKit/537.36 (KHTML, like Gecko) Chrome/88.0.4324.150 Safari/537.36"
194.39.149.53 - - [16/Jul/2026:16:57:03 +0000] "POST /wp-cron.php?doing_wp_cron=1784221023.1712210178375244140625 HTTP/1.1" 200 0 "-" "WordPress/7.0.1; https://keeloil.com"
149.87.75.232 - - [16/Jul/2026:16:57:02 +0000] "GET /home/page/4/?_wpnonce=14b3cd4e3a&add_to_wishlist=92 HTTP/1.1" 200 24439 "-" "Mozilla/5.0 (Windows NT 10.0; Win64; x64) AppleWebKit/537.36 (KHTML, like Gecko) Chrome/90.0.4430.41 Safari/537.36"
194.39.149.53 - - [16/Jul/2026:16:58:22 +0000] "POST /wp-cron.php?doing_wp_cron=1784221102.6199591159820556640625 HTTP/1.1" 200 0 "-" "WordPress/7.0.1; https://keeloil.com"
114.119.135.171 - - [16/Jul/2026:16:58:21 +0000] "GET /my-account/ HTTP/1.1" 200 13845 "https://keeloil.com/blog/page/12/" "Mozilla/5.0 (Linux; Android 8.0.0; SM-G955U Build/R16NW) AppleWebKit/537.36 (KHTML, like Gecko) Chrome/148.0.0.0 Mobile Safari/537.36"
101.42.46.71 - - [16/Jul/2026:16:59:16 +0000] "GET / HTTP/1.1" 200 21830 "http://keeloil.com" "Mozilla/5.0 (iPhone; CPU iPhone OS 13_2_3 like Mac OS X) AppleWebKit/605.1.15 (KHTML, like Gecko) Version/13.0.3 Mobile/15E148 Safari/604.1"
114.119.136.8 - - [16/Jul/2026:16:59:36 +0000] "GET /home/page/9/ HTTP/1.1" 200 21758 "https://keeloil.com/home/page/11/" "Mozilla/5.0 (Linux; Android 7.0;) AppleWebKit/537.36 (HTML, like Gecko) Mobile Safari/537.36 (compatible; PetalBot;+https://webmaster.petalsearch.com/site/petalbot)"
196.207.153.192 - - [16/Jul/2026:16:59:41 +0000] "GET /home/page/15/?_wpnonce=9fb382f7c6&add_to_wishlist=92 HTTP/1.1" 200 24613 "-" "Mozilla/5.0 (Macintosh; Intel Mac OS X 10_13_6) AppleWebKit/537.36 (KHTML, like Gecko) Chrome/74.0.3729.169 Safari/524.34"
194.39.149.53 - - [16/Jul/2026:17:01:36 +0000] "POST /wp-cron.php?doing_wp_cron=1784221296.2110080718994140625000 HTTP/1.1" 200 0 "-" "WordPress/7.0.1; https://keeloil.com"
114.119.131.180 - - [16/Jul/2026:17:01:34 +0000] "GET /home/page/10/ HTTP/1.1" 200 21792 "https://keeloil.com/home/page/11/" "Mozilla/5.0 (Linux; Android 7.0;) AppleWebKit/537.36 (HTML, like Gecko) Mobile Safari/537.36 (compatible; PetalBot;+https://webmaster.petalsearch.com/site/petalbot)"
194.39.149.53 - - [16/Jul/2026:17:02:42 +0000] "POST /wp-cron.php?doing_wp_cron=1784221362.0115060806274414062500 HTTP/1.1" 200 0 "-" "WordPress/7.0.1; https://keeloil.com"
114.119.146.36 - - [16/Jul/2026:17:02:41 +0000] "GET /category/uncategorized/page/3/ HTTP/1.1" 200 15592 "https://keeloil.com/category/uncategorized/page/2/" "Mozilla/5.0 (Linux; Android 7.0;) AppleWebKit/537.36 (HTML, like Gecko) Mobile Safari/537.36 (compatible; PetalBot;+https://webmaster.petalsearch.com/site/petalbot)"
194.39.149.53 - - [16/Jul/2026:17:03:53 +0000] "POST /wp-cron.php?doing_wp_cron=1784221432.9591588973999023437500 HTTP/1.1" 200 0 "-" "WordPress/7.0.1; https://keeloil.com"
57.141.0.29 - - [16/Jul/2026:17:03:51 +0000] "GET /home/page/14/?add_to_wishlist=92&_wpnonce=a17a17d541 HTTP/2" 200 126487 "-" "Mozilla/5.0 (Windows NT 10.0; Win64; x64) AppleWebKit/537.36 (KHTML, like Gecko) Chrome/145.0.0.0 Safari/537.36 (compatible; meta-externalagent/1.1 (+https://developers.facebook.com/docs/sharing/webmasters/crawler))"
114.119.146.36 - - [16/Jul/2026:17:03:51 +0000] "GET /2026/02/16/le-guide-ultime-pour-profiter-des-free-spins-sur-winstler-casino-sans-piege/ HTTP/1.1" 200 19082 "https://keeloil.com/2026/02/16/" "Mozilla/5.0 (Linux; Android 7.0;) AppleWebKit/537.36 (HTML, like Gecko) Mobile Safari/537.36 (compatible; PetalBot;+https://webmaster.petalsearch.com/site/petalbot)"
194.39.149.53 - - [16/Jul/2026:17:04:21 +0000] "POST /wp-cron.php?doing_wp_cron=1784221461.8073709011077880859375 HTTP/1.1" 200 0 "-" "WordPress/7.0.1; https://keeloil.com"
103.75.185.95 - - [16/Jul/2026:17:04:21 +0000] "GET /wp-includes/wp-login.php HTTP/2" 404 13181 "-" "Mozilla/5.0 (X11; Linux x86_64) AppleWebKit/537.36 (KHTML, like Gecko) Chrome/147.0.0.0 Safari/537.36"
131.72.236.158 - - [16/Jul/2026:17:04:25 +0000] "GET /wp-includes/wp-login.php HTTP/2" 404 13181 "-" "Mozilla/5.0 (Linux; Android 10; K) AppleWebKit/537.36 (KHTML, like Gecko) Chrome/145.0.0.0 Mobile Safari/537.36"
194.39.149.53 - - [16/Jul/2026:17:05:12 +0000] "POST /wp-cron.php?doing_wp_cron=1784221512.4487729072570800781250 HTTP/1.1" 200 0 "-" "WordPress/7.0.1; https://keeloil.com"
114.119.136.8 - - [16/Jul/2026:17:05:11 +0000] "GET /2026/01/12/les-principales-caracteristiques-des-bonus-sans-depot-chez-divaspin-casino/ HTTP/1.1" 200 19042 "https://keeloil.com/blog/page/9/" "Mozilla/5.0 (Linux; Android 7.0;) AppleWebKit/537.36 (HTML, like Gecko) Mobile Safari/537.36 (compatible; PetalBot;+https://webmaster.petalsearch.com/site/petalbot)"
181.61.206.241 - - [16/Jul/2026:17:05:39 +0000] "GET /home/page/7/?_wpnonce=367ced4b54&add_to_wishlist=92 HTTP/1.1" 200 24732 "-" "Mozilla/5.0 (Macintosh; Intel Mac OS X 11_0_1) AppleWebKit/537.36 (KHTML, like Gecko) Chrome/87.0.4280.88 Safari/537.36"
194.39.149.53 - - [16/Jul/2026:17:06:11 +0000] "POST /wp-cron.php?doing_wp_cron=1784221571.7658870220184326171875 HTTP/1.1" 200 0 "-" "WordPress/7.0.1; https://keeloil.com"
43.134.91.35 - - [16/Jul/2026:17:06:10 +0000] "GET /home/ HTTP/1.1" 200 24614 "-" "Mozilla/5.0 (iPhone; CPU iPhone OS 13_2_3 like Mac OS X) AppleWebKit/605.1.15 (KHTML, like Gecko) Version/13.0.3 Mobile/15E148 Safari/604.1"
114.119.131.180 - - [16/Jul/2026:17:06:39 +0000] "GET /2025/12/30/ HTTP/1.1" 200 13501 "https://keeloil.com/2025/12/30/" "Mozilla/5.0 (Linux; Android 7.0;) AppleWebKit/537.36 (HTML, like Gecko) Mobile Safari/537.36 (compatible; PetalBot;+https://webmaster.petalsearch.com/site/petalbot)"
194.39.149.53 - - [16/Jul/2026:17:07:17 +0000] "POST /wp-cron.php?doing_wp_cron=1784221637.5904679298400878906250 HTTP/1.1" 200 0 "-" "WordPress/7.0.1; https://keeloil.com"
41.92.103.83 - - [16/Jul/2026:17:07:16 +0000] "GET /2025/11/27/ HTTP/1.1" 200 15243 "-" "Mozilla/5.0 (Macintosh; Intel Mac OS X 10_12_6) AppleWebKit/537.36 (KHTML, like Gecko) Chrome/96.0.4664.110 Safari/537.36"
194.39.149.53 - - [16/Jul/2026:17:07:58 +0000] "POST /wp-cron.php?doing_wp_cron=1784221678.3609130382537841796875 HTTP/1.1" 200 0 "-" "WordPress/7.0.1; https://keeloil.com"
57.141.0.29 - - [16/Jul/2026:17:07:57 +0000] "GET /home/page/4/?add_to_wishlist=92&_wpnonce=a17a17d541 HTTP/2" 200 124724 "-" "Mozilla/5.0 (X11; Linux x86_64) AppleWebKit/537.36 (KHTML, like Gecko) Chrome/145.0.0.0 Safari/537.36 (compatible; meta-externalagent/1.1 (+https://developers.facebook.com/docs/sharing/webmasters/crawler))"
114.119.130.61 - - [16/Jul/2026:17:07:59 +0000] "GET /2025/06/11/ HTTP/1.1" 200 13459 "https://keeloil.com/home/page/13/" "Mozilla/5.0 (Linux; Android 7.0;) AppleWebKit/537.36 (HTML, like Gecko) Mobile Safari/537.36 (compatible; PetalBot;+https://webmaster.petalsearch.com/site/petalbot)"
194.39.149.53 - - [16/Jul/2026:17:10:01 +0000] "POST /wp-cron.php?doing_wp_cron=1784221801.1221849918365478515625 HTTP/1.1" 200 0 "-" "WordPress/7.0.1; https://keeloil.com"
14.226.5.43 - - [16/Jul/2026:17:10:00 +0000] "GET /home/page/16/?_wpnonce=10fffd64b6&add_to_wishlist=92 HTTP/1.1" 200 23898 "-" "Mozilla/5.0 (Macintosh; Intel Mac OS X 10_14_6) AppleWebKit/537.36 (KHTML, like Gecko) Chrome/80.0.3987.132 Safari/537.36"
17.22.237.163 - - [16/Jul/2026:17:10:07 +0000] "GET /2025/12/21/les-cles-pour-comprendre-le-fonctionnement-des-bonus-kinbet-casino/ HTTP/2" 200 21786 "-" "Mozilla/5.0 (Macintosh; Intel Mac OS X 10_15_7) AppleWebKit/605.1.15 (KHTML, like Gecko) Version/17.4 Safari/605.1.15 (Applebot/0.1; +http://www.apple.com/go/applebot)"
93.44.205.77 - - [16/Jul/2026:17:10:48 +0000] "GET /wp-sitemap-users-1.xml HTTP/1.1" 200 193 "-" "Mozilla/5.0 (Macintosh; Intel Mac OS X 15_2_0) AppleWebKit/537.36 (KHTML, like Gecko) Chrome/125.0.6422.60 Safari/537.36"
194.39.149.53 - - [16/Jul/2026:17:12:07 +0000] "POST /wp-cron.php?doing_wp_cron=1784221927.3829739093780517578125 HTTP/1.1" 200 0 "-" "WordPress/7.0.1; https://keeloil.com"
103.91.232.34 - - [16/Jul/2026:17:12:06 +0000] "GET /home/page/16/?_wpnonce=a594d9d8ba&add_to_wishlist=92 HTTP/1.1" 200 23898 "-" "Mozilla/5.0 (Windows NT 6.1; Win64; x64) AppleWebKit/537.36 (KHTML, like Gecko) Chrome/90.0.4430.93 Safari/537.36"
2a06:98c0:3600::103 - - [16/Jul/2026:17:12:49 +0000] "GET /.git/config HTTP/2" 403 1242 "-" "Wget/1.21.3 (linux-gnu)"
194.39.149.53 - - [16/Jul/2026:17:13:28 +0000] "POST /wp-cron.php?doing_wp_cron=1784222008.2774078845977783203125 HTTP/1.1" 200 0 "-" "WordPress/7.0.1; https://keeloil.com"
38.150.94.90 - - [16/Jul/2026:17:13:27 +0000] "GET /2023/07/03/ HTTP/1.1" 200 15288 "-" "Mozilla/5.0 (Windows NT 10.0) AppleWebKit/537.36 (KHTML, like Gecko) Brave Chrome/89.0.4389.114 Safari/537.36"
57.141.0.37 - - [16/Jul/2026:17:13:42 +0000] "GET /home/page/10/?add_to_wishlist=92&_wpnonce=bc76fcdc80 HTTP/2" 200 125261 "-" "Mozilla/5.0 (Macintosh; Intel Mac OS X 10_15_7) AppleWebKit/537.36 (KHTML, like Gecko) Chrome/145.0.0.0 Safari/537.36 (compatible; meta-externalagent/1.1 (+https://developers.facebook.com/docs/sharing/webmasters/crawler))"
37.122.149.53 - - [16/Jul/2026:17:14:25 +0000] "GET / HTTP/1.1" 200 21830 "-" "Mozilla/5.0 (iPhone; CPU iPhone OS 18_3_2 like Mac OS X) AppleWebKit/605.1.15 (KHTML, like Gecko) Version/18.3.1 Mobile/15E148 Safari/604.1"
113.173.194.49 - - [16/Jul/2026:17:14:28 +0000] "GET /home/page/8/?_wpnonce=6977bf23ed&add_to_wishlist=92 HTTP/1.1" 200 24577 "-" "Mozilla/5.0 (Macintosh; Intel Mac OS X 10_10_1) AppleWebKit/537.36 (KHTML, like Gecko) Chrome/41.0.2227.1 Safari/537.36"
37.122.149.53 - - [16/Jul/2026:17:14:29 +0000] "GET /checkout/ HTTP/1.1" 302 0 "-" "Mozilla/5.0 (iPhone; CPU iPhone OS 18_3_2 like Mac OS X) AppleWebKit/605.1.15 (KHTML, like Gecko) Version/18.3.1 Mobile/15E148 Safari/604.1"
37.122.149.53 - - [16/Jul/2026:17:14:29 +0000] "GET /cart/ HTTP/1.1" 200 76605 "-" "Mozilla/5.0 (iPhone; CPU iPhone OS 18_3_2 like Mac OS X) AppleWebKit/605.1.15 (KHTML, like Gecko) Version/18.3.1 Mobile/15E148 Safari/604.1"
37.122.149.53 - - [16/Jul/2026:17:14:30 +0000] "GET /wp-json/wp/v2/wfacp_checkout?per_page=5 HTTP/1.1" 404 119 "-" "Mozilla/5.0 (iPhone; CPU iPhone OS 18_3_2 like Mac OS X) AppleWebKit/605.1.15 (KHTML, like Gecko) Version/18.3.1 Mobile/15E148 Safari/604.1"
37.122.149.53 - - [16/Jul/2026:17:14:32 +0000] "GET /checkout HTTP/1.1" 301 0 "-" "Mozilla/5.0 (iPhone; CPU iPhone OS 18_3_2 like Mac OS X) AppleWebKit/605.1.15 (KHTML, like Gecko) Version/18.3.1 Mobile/15E148 Safari/604.1"
37.122.149.53 - - [16/Jul/2026:17:14:32 +0000] "GET /checkout/ HTTP/1.1" 302 0 "-" "Mozilla/5.0 (iPhone; CPU iPhone OS 18_3_2 like Mac OS X) AppleWebKit/605.1.15 (KHTML, like Gecko) Version/18.3.1 Mobile/15E148 Safari/604.1"
37.122.149.53 - - [16/Jul/2026:17:14:33 +0000] "GET /cart/ HTTP/1.1" 200 76604 "-" "Mozilla/5.0 (iPhone; CPU iPhone OS 18_3_2 like Mac OS X) AppleWebKit/605.1.15 (KHTML, like Gecko) Version/18.3.1 Mobile/15E148 Safari/604.1"
37.122.149.53 - - [16/Jul/2026:17:14:34 +0000] "GET /wp-json/wp/v2/wfacp_checkout?per_page=5 HTTP/1.1" 404 119 "-" "Mozilla/5.0 (iPhone; CPU iPhone OS 18_3_2 like Mac OS X) AppleWebKit/605.1.15 (KHTML, like Gecko) Version/18.3.1 Mobile/15E148 Safari/604.1"
37.122.149.53 - - [16/Jul/2026:17:14:35 +0000] "GET /cart/ HTTP/1.1" 200 76605 "-" "Mozilla/5.0 (iPhone; CPU iPhone OS 18_3_2 like Mac OS X) AppleWebKit/605.1.15 (KHTML, like Gecko) Version/18.3.1 Mobile/15E148 Safari/604.1"
37.122.149.53 - - [16/Jul/2026:17:14:36 +0000] "GET /wp-json/wp/v2/wfacp_checkout?per_page=5 HTTP/1.1" 404 119 "-" "Mozilla/5.0 (iPhone; CPU iPhone OS 18_3_2 like Mac OS X) AppleWebKit/605.1.15 (KHTML, like Gecko) Version/18.3.1 Mobile/15E148 Safari/604.1"
37.122.149.53 - - [16/Jul/2026:17:14:36 +0000] "GET / HTTP/1.1" 200 21830 "-" "Mozilla/5.0 (iPhone; CPU iPhone OS 18_3_2 like Mac OS X) AppleWebKit/605.1.15 (KHTML, like Gecko) Version/18.3.1 Mobile/15E148 Safari/604.1"
37.122.149.53 - - [16/Jul/2026:17:14:37 +0000] "GET /wp-json/wp/v2/wfacp_checkout?per_page=5 HTTP/1.1" 404 119 "-" "Mozilla/5.0 (iPhone; CPU iPhone OS 18_3_2 like Mac OS X) AppleWebKit/605.1.15 (KHTML, like Gecko) Version/18.3.1 Mobile/15E148 Safari/604.1"
37.122.149.53 - - [16/Jul/2026:17:14:38 +0000] "GET /checkout/ HTTP/1.1" 302 0 "-" "Mozilla/5.0 (iPhone; CPU iPhone OS 18_3_2 like Mac OS X) AppleWebKit/605.1.15 (KHTML, like Gecko) Version/18.3.1 Mobile/15E148 Safari/604.1"
37.122.149.53 - - [16/Jul/2026:17:14:39 +0000] "GET /cart/ HTTP/1.1" 200 76601 "-" "Mozilla/5.0 (iPhone; CPU iPhone OS 18_3_2 like Mac OS X) AppleWebKit/605.1.15 (KHTML, like Gecko) Version/18.3.1 Mobile/15E148 Safari/604.1"
37.122.149.53 - - [16/Jul/2026:17:14:40 +0000] "GET /checkout HTTP/1.1" 301 0 "-" "Mozilla/5.0 (iPhone; CPU iPhone OS 18_3_2 like Mac OS X) AppleWebKit/605.1.15 (KHTML, like Gecko) Version/18.3.1 Mobile/15E148 Safari/604.1"
37.122.149.53 - - [16/Jul/2026:17:14:40 +0000] "GET /checkout/ HTTP/1.1" 302 0 "-" "Mozilla/5.0 (iPhone; CPU iPhone OS 18_3_2 like Mac OS X) AppleWebKit/605.1.15 (KHTML, like Gecko) Version/18.3.1 Mobile/15E148 Safari/604.1"
37.122.149.53 - - [16/Jul/2026:17:14:41 +0000] "GET /cart/ HTTP/1.1" 200 76601 "-" "Mozilla/5.0 (iPhone; CPU iPhone OS 18_3_2 like Mac OS X) AppleWebKit/605.1.15 (KHTML, like Gecko) Version/18.3.1 Mobile/15E148 Safari/604.1"
37.122.149.53 - - [16/Jul/2026:17:14:42 +0000] "GET /cart/ HTTP/1.1" 200 76605 "-" "Mozilla/5.0 (iPhone; CPU iPhone OS 18_3_2 like Mac OS X) AppleWebKit/605.1.15 (KHTML, like Gecko) Version/18.3.1 Mobile/15E148 Safari/604.1"
194.39.149.53 - - [16/Jul/2026:17:15:13 +0000] "POST /wp-cron.php?doing_wp_cron=1784222113.4926719665527343750000 HTTP/1.1" 200 0 "-" "WordPress/7.0.1; https://keeloil.com"
191.84.213.199 - - [16/Jul/2026:17:15:12 +0000] "GET /home/page/12/?_wpnonce=e673070648&add_to_wishlist=92 HTTP/1.1" 200 24538 "-" "Mozilla/5.0 (Macintosh; Intel Mac OS X 10_15_1) AppleWebKit/537.36 (KHTML, like Gecko) Chrome/80.0.3987.122 Safari/537.36"
194.39.149.53 - - [16/Jul/2026:17:17:12 +0000] "POST /wp-cron.php?doing_wp_cron=1784222232.5273230075836181640625 HTTP/1.1" 200 0 "-" "WordPress/7.0.1; https://keeloil.com"
17.246.23.198 - - [16/Jul/2026:17:17:11 +0000] "GET /robots.txt HTTP/2" 200 108 "-" "Mozilla/5.0 (Macintosh; Intel Mac OS X 10_15_7) AppleWebKit/605.1.15 (KHTML, like Gecko) Version/17.4 Safari/605.1.15 (Applebot/0.1; +http://www.apple.com/go/applebot)"
17.246.23.198 - - [16/Jul/2026:17:17:12 +0000] "GET /2025/11/27/quels-sont-les-moyens-pour-recuperer-un-bonus-expire-sur-verde-casino/ HTTP/2" 200 21548 "-" "Mozilla/5.0 (Macintosh; Intel Mac OS X 10_15_7) AppleWebKit/605.1.15 (KHTML, like Gecko) Version/17.4 Safari/605.1.15 (Applebot/0.1; +http://www.apple.com/go/applebot)"
17.246.23.40 - - [16/Jul/2026:17:18:36 +0000] "GET /wp-content/plugins/woocommerce/assets/css/woocommerce-layout.css?ver=9.1.2 HTTP/2" 200 2342 "https://keeloil.com/2025/11/27/quels-sont-les-moyens-pour-recuperer-un-bonus-expire-sur-verde-casino/" "Mozilla/5.0 (Macintosh; Intel Mac OS X 10_15_7) AppleWebKit/605.1.15 (KHTML, like Gecko) Version/17.4 Safari/605.1.15 (Applebot/0.1; +http://www.apple.com/go/applebot)"
17.246.23.40 - - [16/Jul/2026:17:18:37 +0000] "GET /wp-content/plugins/woocommerce/assets/client/blocks/wc-blocks.css?ver=wc-9.1.2 HTTP/2" 200 2339 "https://keeloil.com/2025/11/27/quels-sont-les-moyens-pour-recuperer-un-bonus-expire-sur-verde-casino/" "Mozilla/5.0 (Macintosh; Intel Mac OS X 10_15_7) AppleWebKit/605.1.15 (KHTML, like Gecko) Version/17.4 Safari/605.1.15 (Applebot/0.1; +http://www.apple.com/go/applebot)"
17.246.23.40 - - [16/Jul/2026:17:18:39 +0000] "GET /wp-content/plugins/woocommerce/assets/css/woocommerce.css?ver=9.1.2 HTTP/2" 200 9396 "https://keeloil.com/2025/11/27/quels-sont-les-moyens-pour-recuperer-un-bonus-expire-sur-verde-casino/" "Mozilla/5.0 (Macintosh; Intel Mac OS X 10_15_7) AppleWebKit/605.1.15 (KHTML, like Gecko) Version/17.4 Safari/605.1.15 (Applebot/0.1; +http://www.apple.com/go/applebot)"
17.246.23.40 - - [16/Jul/2026:17:18:40 +0000] "GET /wp-content/plugins/yith-woocommerce-wishlist/assets/css/jquery.selectBox.css?ver=1.2.0 HTTP/2" 200 670 "https://keeloil.com/2025/11/27/quels-sont-les-moyens-pour-recuperer-un-bonus-expire-sur-verde-casino/" "Mozilla/5.0 (Macintosh; Intel Mac OS X 10_15_7) AppleWebKit/605.1.15 (KHTML, like Gecko) Version/17.4 Safari/605.1.15 (Applebot/0.1; +http://www.apple.com/go/applebot)"
17.246.23.40 - - [16/Jul/2026:17:18:42 +0000] "GET /wp-content/plugins/yith-woocommerce-compare/assets/css/colorbox.css?ver=1.4.21 HTTP/2" 200 1068 "https://keeloil.com/2025/11/27/quels-sont-les-moyens-pour-recuperer-un-bonus-expire-sur-verde-casino/" "Mozilla/5.0 (Macintosh; Intel Mac OS X 10_15_7) AppleWebKit/605.1.15 (KHTML, like Gecko) Version/17.4 Safari/605.1.15 (Applebot/0.1; +http://www.apple.com/go/applebot)"
17.246.23.40 - - [16/Jul/2026:17:18:43 +0000] "GET /wp-content/plugins/contact-form-7/includes/css/styles.css?ver=5.9.7 HTTP/2" 200 890 "https://keeloil.com/2025/11/27/quels-sont-les-moyens-pour-recuperer-un-bonus-expire-sur-verde-casino/" "Mozilla/5.0 (Macintosh; Intel Mac OS X 10_15_7) AppleWebKit/605.1.15 (KHTML, like Gecko) Version/17.4 Safari/605.1.15 (Applebot/0.1; +http://www.apple.com/go/applebot)"
17.246.23.40 - - [16/Jul/2026:17:18:45 +0000] "GET /wp-content/plugins/yith-woocommerce-wishlist/assets/css/font-awesome.css?ver=4.7.0 HTTP/2" 200 6581 "https://keeloil.com/2025/11/27/quels-sont-les-moyens-pour-recuperer-un-bonus-expire-sur-verde-casino/" "Mozilla/5.0 (Macintosh; Intel Mac OS X 10_15_7) AppleWebKit/605.1.15 (KHTML, like Gecko) Version/17.4 Safari/605.1.15 (Applebot/0.1; +http://www.apple.com/go/applebot)"
17.246.23.40 - - [16/Jul/2026:17:18:46 +0000] "GET /wp-content/plugins/woocommerce/assets/css/prettyPhoto.css?ver=3.1.6 HTTP/2" 200 1806 "https://keeloil.com/2025/11/27/quels-sont-les-moyens-pour-recuperer-un-bonus-expire-sur-verde-casino/" "Mozilla/5.0 (Macintosh; Intel Mac OS X 10_15_7) AppleWebKit/605.1.15 (KHTML, like Gecko) Version/17.4 Safari/605.1.15 (Applebot/0.1; +http://www.apple.com/go/applebot)"
17.246.23.40 - - [16/Jul/2026:17:18:48 +0000] "GET /wp-content/plugins/yith-woocommerce-wishlist/assets/css/style.css?ver=3.36.0 HTTP/2" 200 4616 "https://keeloil.com/2025/11/27/quels-sont-les-moyens-pour-recuperer-un-bonus-expire-sur-verde-casino/" "Mozilla/5.0 (Macintosh; Intel Mac OS X 10_15_7) AppleWebKit/605.1.15 (KHTML, like Gecko) Version/17.4 Safari/605.1.15 (Applebot/0.1; +http://www.apple.com/go/applebot)"
17.246.23.40 - - [16/Jul/2026:17:18:49 +0000] "GET /wp-content/themes/neve/assets/css/woocommerce.min.css?ver=3.8.9 HTTP/2" 200 5902 "https://keeloil.com/2025/11/27/quels-sont-les-moyens-pour-recuperer-un-bonus-expire-sur-verde-casino/" "Mozilla/5.0 (Macintosh; Intel Mac OS X 10_15_7) AppleWebKit/605.1.15 (KHTML, like Gecko) Version/17.4 Safari/605.1.15 (Applebot/0.1; +http://www.apple.com/go/applebot)"
17.246.23.40 - - [16/Jul/2026:17:18:51 +0000] "GET /wp-content/themes/neve/style-main-new.min.css?ver=3.8.9 HTTP/2" 200 8103 "https://keeloil.com/2025/11/27/quels-sont-les-moyens-pour-recuperer-un-bonus-expire-sur-verde-casino/" "Mozilla/5.0 (Macintosh; Intel Mac OS X 10_15_7) AppleWebKit/605.1.15 (KHTML, like Gecko) Version/17.4 Safari/605.1.15 (Applebot/0.1; +http://www.apple.com/go/applebot)"
17.246.23.40 - - [16/Jul/2026:17:18:52 +0000] "GET /wp-content/plugins/elementskit-lite/modules/elementskit-icon-pack/assets/css/ekiticons.css?ver=3.2.1 HTTP/2" 200 11757 "https://keeloil.com/2025/11/27/quels-sont-les-moyens-pour-recuperer-un-bonus-expire-sur-verde-casino/" "Mozilla/5.0 (Macintosh; Intel Mac OS X 10_15_7) AppleWebKit/605.1.15 (KHTML, like Gecko) Version/17.4 Safari/605.1.15 (Applebot/0.1; +http://www.apple.com/go/applebot)"
17.246.23.40 - - [16/Jul/2026:17:18:53 +0000] "GET /wp-content/plugins/elementskit-lite/widgets/init/assets/css/widget-styles.css?ver=3.2.1 HTTP/2" 200 47800 "https://keeloil.com/2025/11/27/quels-sont-les-moyens-pour-recuperer-un-bonus-expire-sur-verde-casino/" "Mozilla/5.0 (Macintosh; Intel Mac OS X 10_15_7) AppleWebKit/605.1.15 (KHTML, like Gecko) Version/17.4 Safari/605.1.15 (Applebot/0.1; +http://www.apple.com/go/applebot)"
194.39.149.53 - - [16/Jul/2026:17:18:54 +0000] "POST /wp-cron.php?doing_wp_cron=1784222334.7658090591430664062500 HTTP/1.1" 200 0 "-" "WordPress/7.0.1; https://keeloil.com"
45.238.220.189 - - [16/Jul/2026:17:18:51 +0000] "GET /home/page/1/?_wpnonce=0bbe84ac92&add_to_wishlist=92 HTTP/1.1" 301 0 "-" "Mozilla/5.0 (Macintosh; Intel Mac OS X 10_13_4) AppleWebKit/537.36 (KHTML, like Gecko) Chrome/66.0.3359.139 Safari/537.36"
17.246.23.40 - - [16/Jul/2026:17:18:55 +0000] "GET /wp-content/plugins/elementskit-lite/widgets/init/assets/css/responsive.css?ver=3.2.1 HTTP/2" 200 2853 "https://keeloil.com/2025/11/27/quels-sont-les-moyens-pour-recuperer-un-bonus-expire-sur-verde-casino/" "Mozilla/5.0 (Macintosh; Intel Mac OS X 10_15_7) AppleWebKit/605.1.15 (KHTML, like Gecko) Version/17.4 Safari/605.1.15 (Applebot/0.1; +http://www.apple.com/go/applebot)"
17.246.23.40 - - [16/Jul/2026:17:18:56 +0000] "GET /wp-includes/js/jquery/jquery.min.js?ver=3.7.1 HTTP/2" 200 29744 "https://keeloil.com/2025/11/27/quels-sont-les-moyens-pour-recuperer-un-bonus-expire-sur-verde-casino/" "Mozilla/5.0 (Macintosh; Intel Mac OS X 10_15_7) AppleWebKit/605.1.15 (KHTML, like Gecko) Version/17.4 Safari/605.1.15 (Applebot/0.1; +http://www.apple.com/go/applebot)"
45.143.207.137 - - [16/Jul/2026:17:18:55 +0000] "GET /home/page/2/?_wpnonce=3898754069&add_to_wishlist=92 HTTP/1.1" 200 24752 "-" "Mozilla/5.0 (Macintosh; Intel Mac OS X 10_13_6) AppleWebKit/537.36 (KHTML, like Gecko) Chrome/73.0.3683.103 Safari/537.36"
45.238.220.189 - - [16/Jul/2026:17:18:55 +0000] "GET /home/?_wpnonce=0bbe84ac92&add_to_wishlist=92 HTTP/1.1" 200 24654 "-" "Mozilla/5.0 (Macintosh; Intel Mac OS X 10_13_4) AppleWebKit/537.36 (KHTML, like Gecko) Chrome/66.0.3359.139 Safari/537.36"
17.246.23.40 - - [16/Jul/2026:17:18:58 +0000] "GET /wp-includes/js/jquery/jquery-migrate.min.js?ver=3.4.1 HTTP/2" 200 4678 "https://keeloil.com/2025/11/27/quels-sont-les-moyens-pour-recuperer-un-bonus-expire-sur-verde-casino/" "Mozilla/5.0 (Macintosh; Intel Mac OS X 10_15_7) AppleWebKit/605.1.15 (KHTML, like Gecko) Version/17.4 Safari/605.1.15 (Applebot/0.1; +http://www.apple.com/go/applebot)"
17.246.23.40 - - [16/Jul/2026:17:18:59 +0000] "GET /wp-content/plugins/woocommerce/assets/js/jquery-blockui/jquery.blockUI.min.js?ver=2.7.0-wc.9.1.2 HTTP/2" 200 3277 "https://keeloil.com/2025/11/27/quels-sont-les-moyens-pour-recuperer-un-bonus-expire-sur-verde-casino/" "Mozilla/5.0 (Macintosh; Intel Mac OS X 10_15_7) AppleWebKit/605.1.15 (KHTML, like Gecko) Version/17.4 Safari/605.1.15 (Applebot/0.1; +http://www.apple.com/go/applebot)"
17.246.23.40 - - [16/Jul/2026:17:19:01 +0000] "GET /wp-content/plugins/woocommerce/assets/js/frontend/add-to-cart.min.js?ver=9.1.2 HTTP/2" 200 989 "https://keeloil.com/2025/11/27/quels-sont-les-moyens-pour-recuperer-un-bonus-expire-sur-verde-casino/" "Mozilla/5.0 (Macintosh; Intel Mac OS X 10_15_7) AppleWebKit/605.1.15 (KHTML, like Gecko) Version/17.4 Safari/605.1.15 (Applebot/0.1; +http://www.apple.com/go/applebot)"
17.246.23.40 - - [16/Jul/2026:17:19:02 +0000] "GET /wp-content/plugins/woocommerce/assets/js/js-cookie/js.cookie.min.js?ver=2.1.4-wc.9.1.2 HTTP/2" 200 760 "https://keeloil.com/2025/11/27/quels-sont-les-moyens-pour-recuperer-un-bonus-expire-sur-verde-casino/" "Mozilla/5.0 (Macintosh; Intel Mac OS X 10_15_7) AppleWebKit/605.1.15 (KHTML, like Gecko) Version/17.4 Safari/605.1.15 (Applebot/0.1; +http://www.apple.com/go/applebot)"
17.246.23.40 - - [16/Jul/2026:17:19:04 +0000] "GET /wp-content/plugins/woocommerce/assets/js/frontend/woocommerce.min.js?ver=9.1.2 HTTP/2" 200 814 "https://keeloil.com/2025/11/27/quels-sont-les-moyens-pour-recuperer-un-bonus-expire-sur-verde-casino/" "Mozilla/5.0 (Macintosh; Intel Mac OS X 10_15_7) AppleWebKit/605.1.15 (KHTML, like Gecko) Version/17.4 Safari/605.1.15 (Applebot/0.1; +http://www.apple.com/go/applebot)"
17.246.23.40 - - [16/Jul/2026:17:19:05 +0000] "GET /wp-includes/js/dist/hooks.min.js?ver=7496969728ca0f95732d HTTP/2" 200 1734 "https://keeloil.com/2025/11/27/quels-sont-les-moyens-pour-recuperer-un-bonus-expire-sur-verde-casino/" "Mozilla/5.0 (Macintosh; Intel Mac OS X 10_15_7) AppleWebKit/605.1.15 (KHTML, like Gecko) Version/17.4 Safari/605.1.15 (Applebot/0.1; +http://www.apple.com/go/applebot)"
17.246.23.40 - - [16/Jul/2026:17:19:06 +0000] "GET /wp-includes/js/dist/i18n.min.js?ver=781d11515ad3d91786ec HTTP/2" 200 2354 "https://keeloil.com/2025/11/27/quels-sont-les-moyens-pour-recuperer-un-bonus-expire-sur-verde-casino/" "Mozilla/5.0 (Macintosh; Intel Mac OS X 10_15_7) AppleWebKit/605.1.15 (KHTML, like Gecko) Version/17.4 Safari/605.1.15 (Applebot/0.1; +http://www.apple.com/go/applebot)"
17.246.23.40 - - [16/Jul/2026:17:19:08 +0000] "GET /wp-content/plugins/contact-form-7/includes/swv/js/index.js?ver=5.9.7 HTTP/2" 200 3228 "https://keeloil.com/2025/11/27/quels-sont-les-moyens-pour-recuperer-un-bonus-expire-sur-verde-casino/" "Mozilla/5.0 (Macintosh; Intel Mac OS X 10_15_7) AppleWebKit/605.1.15 (KHTML, like Gecko) Version/17.4 Safari/605.1.15 (Applebot/0.1; +http://www.apple.com/go/applebot)"
17.246.23.40 - - [16/Jul/2026:17:19:09 +0000] "GET /wp-content/plugins/contact-form-7/includes/js/index.js?ver=5.9.7 HTTP/2" 200 4002 "https://keeloil.com/2025/11/27/quels-sont-les-moyens-pour-recuperer-un-bonus-expire-sur-verde-casino/" "Mozilla/5.0 (Macintosh; Intel Mac OS X 10_15_7) AppleWebKit/605.1.15 (KHTML, like Gecko) Version/17.4 Safari/605.1.15 (Applebot/0.1; +http://www.apple.com/go/applebot)"
17.246.23.40 - - [16/Jul/2026:17:19:11 +0000] "GET /wp-content/plugins/woocommerce/assets/js/sourcebuster/sourcebuster.min.js?ver=9.1.2 HTTP/2" 200 4609 "https://keeloil.com/2025/11/27/quels-sont-les-moyens-pour-recuperer-un-bonus-expire-sur-verde-casino/" "Mozilla/5.0 (Macintosh; Intel Mac OS X 10_15_7) AppleWebKit/605.1.15 (KHTML, like Gecko) Version/17.4 Safari/605.1.15 (Applebot/0.1; +http://www.apple.com/go/applebot)"
17.246.23.40 - - [16/Jul/2026:17:19:12 +0000] "GET /wp-content/plugins/woocommerce/assets/js/frontend/order-attribution.min.js?ver=9.1.2 HTTP/2" 200 1006 "https://keeloil.com/2025/11/27/quels-sont-les-moyens-pour-recuperer-un-bonus-expire-sur-verde-casino/" "Mozilla/5.0 (Macintosh; Intel Mac OS X 10_15_7) AppleWebKit/605.1.15 (KHTML, like Gecko) Version/17.4 Safari/605.1.15 (Applebot/0.1; +http://www.apple.com/go/applebot)"
17.246.23.40 - - [16/Jul/2026:17:19:14 +0000] "GET /wp-content/plugins/yith-woocommerce-compare/assets/js/woocompare.min.js?ver=2.41.0 HTTP/2" 200 1222 "https://keeloil.com/2025/11/27/quels-sont-les-moyens-pour-recuperer-un-bonus-expire-sur-verde-casino/" "Mozilla/5.0 (Macintosh; Intel Mac OS X 10_15_7) AppleWebKit/605.1.15 (KHTML, like Gecko) Version/17.4 Safari/605.1.15 (Applebot/0.1; +http://www.apple.com/go/applebot)"
17.246.23.40 - - [16/Jul/2026:17:19:15 +0000] "GET /wp-content/plugins/yith-woocommerce-compare/assets/js/jquery.colorbox-min.js?ver=1.4.21 HTTP/2" 200 4461 "https://keeloil.com/2025/11/27/quels-sont-les-moyens-pour-recuperer-un-bonus-expire-sur-verde-casino/" "Mozilla/5.0 (Macintosh; Intel Mac OS X 10_15_7) AppleWebKit/605.1.15 (KHTML, like Gecko) Version/17.4 Safari/605.1.15 (Applebot/0.1; +http://www.apple.com/go/applebot)"
17.246.23.40 - - [16/Jul/2026:17:19:17 +0000] "GET /wp-content/plugins/elementskit-lite/libs/framework/assets/js/frontend-script.js?ver=3.2.1 HTTP/2" 200 40 "https://keeloil.com/2025/11/27/quels-sont-les-moyens-pour-recuperer-un-bonus-expire-sur-verde-casino/" "Mozilla/5.0 (Macintosh; Intel Mac OS X 10_15_7) AppleWebKit/605.1.15 (KHTML, like Gecko) Version/17.4 Safari/605.1.15 (Applebot/0.1; +http://www.apple.com/go/applebot)"
17.246.23.40 - - [16/Jul/2026:17:19:18 +0000] "GET /wp-content/plugins/elementskit-lite/widgets/init/assets/js/widget-scripts.js?ver=3.2.1 HTTP/2" 200 40428 "https://keeloil.com/2025/11/27/quels-sont-les-moyens-pour-recuperer-un-bonus-expire-sur-verde-casino/" "Mozilla/5.0 (Macintosh; Intel Mac OS X 10_15_7) AppleWebKit/605.1.15 (KHTML, like Gecko) Version/17.4 Safari/605.1.15 (Applebot/0.1; +http://www.apple.com/go/applebot)"
17.246.23.40 - - [16/Jul/2026:17:19:19 +0000] "GET /wp-content/plugins/wp-pdf-generator/assets/js/es6-promise.auto.min.js?ver=1.2.3 HTTP/2" 200 2372 "https://keeloil.com/2025/11/27/quels-sont-les-moyens-pour-recuperer-un-bonus-expire-sur-verde-casino/" "Mozilla/5.0 (Macintosh; Intel Mac OS X 10_15_7) AppleWebKit/605.1.15 (KHTML, like Gecko) Version/17.4 Safari/605.1.15 (Applebot/0.1; +http://www.apple.com/go/applebot)"
17.246.23.40 - - [16/Jul/2026:17:19:21 +0000] "GET /wp-content/plugins/wp-pdf-generator/assets/js/jspdf.min.js?ver=1.2.3 HTTP/2" 200 93066 "https://keeloil.com/2025/11/27/quels-sont-les-moyens-pour-recuperer-un-bonus-expire-sur-verde-casino/" "Mozilla/5.0 (Macintosh; Intel Mac OS X 10_15_7) AppleWebKit/605.1.15 (KHTML, like Gecko) Version/17.4 Safari/605.1.15 (Applebot/0.1; +http://www.apple.com/go/applebot)"
17.246.23.40 - - [16/Jul/2026:17:19:22 +0000] "GET /wp-content/plugins/wp-pdf-generator/assets/js/html2canvas.min.js?ver=1.2.3 HTTP/2" 200 18910 "https://keeloil.com/2025/11/27/quels-sont-les-moyens-pour-recuperer-un-bonus-expire-sur-verde-casino/" "Mozilla/5.0 (Macintosh; Intel Mac OS X 10_15_7) AppleWebKit/605.1.15 (KHTML, like Gecko) Version/17.4 Safari/605.1.15 (Applebot/0.1; +http://www.apple.com/go/applebot)"
17.246.23.40 - - [16/Jul/2026:17:19:24 +0000] "GET /wp-content/plugins/wp-pdf-generator/assets/js/html2pdf.min.js?ver=1.2.3 HTTP/2" 200 4097 "https://keeloil.com/2025/11/27/quels-sont-les-moyens-pour-recuperer-un-bonus-expire-sur-verde-casino/" "Mozilla/5.0 (Macintosh; Intel Mac OS X 10_15_7) AppleWebKit/605.1.15 (KHTML, like Gecko) Version/17.4 Safari/605.1.15 (Applebot/0.1; +http://www.apple.com/go/applebot)"
17.246.23.40 - - [16/Jul/2026:17:19:25 +0000] "GET /wp-content/plugins/qr-code-composer/admin/js/kjua.js?ver=2.0.5 HTTP/2" 200 10210 "https://keeloil.com/2025/11/27/quels-sont-les-moyens-pour-recuperer-un-bonus-expire-sur-verde-casino/" "Mozilla/5.0 (Macintosh; Intel Mac OS X 10_15_7) AppleWebKit/605.1.15 (KHTML, like Gecko) Version/17.4 Safari/605.1.15 (Applebot/0.1; +http://www.apple.com/go/applebot)"
17.246.23.40 - - [16/Jul/2026:17:19:26 +0000] "GET /wp-content/plugins/qr-code-composer/public/js/createqr.js?ver=2.0.5 HTTP/2" 200 481 "https://keeloil.com/2025/11/27/quels-sont-les-moyens-pour-recuperer-un-bonus-expire-sur-verde-casino/" "Mozilla/5.0 (Macintosh; Intel Mac OS X 10_15_7) AppleWebKit/605.1.15 (KHTML, like Gecko) Version/17.4 Safari/605.1.15 (Applebot/0.1; +http://www.apple.com/go/applebot)"
17.246.23.40 - - [16/Jul/2026:17:19:28 +0000] "GET /wp-content/themes/neve/assets/js/build/modern/frontend.js?ver=3.8.9 HTTP/2" 200 2556 "https://keeloil.com/2025/11/27/quels-sont-les-moyens-pour-recuperer-un-bonus-expire-sur-verde-casino/" "Mozilla/5.0 (Macintosh; Intel Mac OS X 10_15_7) AppleWebKit/605.1.15 (KHTML, like Gecko) Version/17.4 Safari/605.1.15 (Applebot/0.1; +http://www.apple.com/go/applebot)"
17.246.23.40 - - [16/Jul/2026:17:19:29 +0000] "GET /wp-content/plugins/woocommerce/assets/css/woocommerce-smallscreen.css?ver=9.1.2 HTTP/2" 200 1065 "https://keeloil.com/2025/11/27/quels-sont-les-moyens-pour-recuperer-un-bonus-expire-sur-verde-casino/" "Mozilla/5.0 (Macintosh; Intel Mac OS X 10_15_7) AppleWebKit/605.1.15 (KHTML, like Gecko) Version/17.4 Safari/605.1.15 (Applebot/0.1; +http://www.apple.com/go/applebot)"
17.246.23.40 - - [16/Jul/2026:17:19:31 +0000] "GET /wp-includes/js/wp-emoji-release.min.js?ver=7.0.1 HTTP/2" 200 4974 "https://keeloil.com/2025/11/27/quels-sont-les-moyens-pour-recuperer-un-bonus-expire-sur-verde-casino/" "Mozilla/5.0 (Macintosh; Intel Mac OS X 10_15_7) AppleWebKit/605.1.15 (KHTML, like Gecko) Version/17.4 Safari/605.1.15 (Applebot/0.1; +http://www.apple.com/go/applebot)"
