20.151.7.119 - - [16/Jul/2026:23:09:09 +0000] "GET /sf.php HTTP/1.1" 404 13181 "-" "Mozilla/5.0 (Windows NT 10.0; Win64; x64) AppleWebKit/537.36 (KHTML, like Gecko) Chrome/120.0.0.0 Safari/537.36"
20.151.7.119 - - [16/Jul/2026:23:09:10 +0000] "GET /404.php HTTP/1.1" 404 13181 "-" "Mozilla/5.0 (Windows NT 10.0; Win64; x64) AppleWebKit/537.36 (KHTML, like Gecko) Chrome/120.0.0.0 Safari/537.36"
20.151.7.119 - - [16/Jul/2026:23:09:12 +0000] "GET /wp-admin/js/widgets/ HTTP/1.1" 404 1251 "-" "Mozilla/5.0 (Windows NT 10.0; Win64; x64) AppleWebKit/537.36 (KHTML, like Gecko) Chrome/120.0.0.0 Safari/537.36"
20.151.7.119 - - [16/Jul/2026:23:09:12 +0000] "GET /wso.php HTTP/1.1" 403 5137 "-" "Mozilla/5.0 (Windows NT 10.0; Win64; x64) AppleWebKit/537.36 (KHTML, like Gecko) Chrome/120.0.0.0 Safari/537.36"
20.151.7.119 - - [16/Jul/2026:23:09:12 +0000] "GET /ioxi-o.php HTTP/1.1" 404 13181 "-" "Mozilla/5.0 (Windows NT 10.0; Win64; x64) AppleWebKit/537.36 (KHTML, like Gecko) Chrome/120.0.0.0 Safari/537.36"
20.151.7.119 - - [16/Jul/2026:23:09:13 +0000] "GET /file56.php HTTP/1.1" 404 13181 "-" "Mozilla/5.0 (Windows NT 10.0; Win64; x64) AppleWebKit/537.36 (KHTML, like Gecko) Chrome/120.0.0.0 Safari/537.36"
20.151.7.119 - - [16/Jul/2026:23:09:14 +0000] "GET /wp-includes/PHPMailer/admin.php HTTP/1.1" 404 13181 "-" "Mozilla/5.0 (Windows NT 10.0; Win64; x64) AppleWebKit/537.36 (KHTML, like Gecko) Chrome/120.0.0.0 Safari/537.36"
20.151.7.119 - - [16/Jul/2026:23:09:15 +0000] "GET /wp-admin/css/index.php HTTP/1.1" 301 0 "-" "Mozilla/5.0 (Windows NT 10.0; Win64; x64) AppleWebKit/537.36 (KHTML, like Gecko) Chrome/120.0.0.0 Safari/537.36"
20.151.7.119 - - [16/Jul/2026:23:09:15 +0000] "GET /wp-content/edit.php HTTP/1.1" 404 13181 "-" "Mozilla/5.0 (Windows NT 10.0; Win64; x64) AppleWebKit/537.36 (KHTML, like Gecko) Chrome/120.0.0.0 Safari/537.36"
20.151.7.119 - - [16/Jul/2026:23:09:16 +0000] "GET /2.php HTTP/1.1" 404 13181 "-" "Mozilla/5.0 (Windows NT 10.0; Win64; x64) AppleWebKit/537.36 (KHTML, like Gecko) Chrome/120.0.0.0 Safari/537.36"
20.151.7.119 - - [16/Jul/2026:23:09:17 +0000] "GET /wp-content/uploads/admin.php HTTP/1.1" 404 13181 "-" "Mozilla/5.0 (Windows NT 10.0; Win64; x64) AppleWebKit/537.36 (KHTML, like Gecko) Chrome/120.0.0.0 Safari/537.36"
20.151.7.119 - - [16/Jul/2026:23:09:18 +0000] "GET /mah.php HTTP/1.1" 403 5137 "-" "Mozilla/5.0 (Windows NT 10.0; Win64; x64) AppleWebKit/537.36 (KHTML, like Gecko) Chrome/120.0.0.0 Safari/537.36"
20.151.7.119 - - [16/Jul/2026:23:09:18 +0000] "GET /send.php HTTP/1.1" 404 13181 "-" "Mozilla/5.0 (Windows NT 10.0; Win64; x64) AppleWebKit/537.36 (KHTML, like Gecko) Chrome/120.0.0.0 Safari/537.36"
20.151.7.119 - - [16/Jul/2026:23:09:19 +0000] "GET /wp-content/plugins/dummyyummy/wp-signup.php HTTP/1.1" 403 5137 "-" "Mozilla/5.0 (Windows NT 10.0; Win64; x64) AppleWebKit/537.36 (KHTML, like Gecko) Chrome/120.0.0.0 Safari/537.36"
20.151.7.119 - - [16/Jul/2026:23:09:19 +0000] "GET /wp-includes/js/crop/ HTTP/1.1" 404 1251 "-" "Mozilla/5.0 (Windows NT 10.0; Win64; x64) AppleWebKit/537.36 (KHTML, like Gecko) Chrome/120.0.0.0 Safari/537.36"
20.151.7.119 - - [16/Jul/2026:23:09:19 +0000] "GET /about.php HTTP/1.1" 404 13181 "-" "Mozilla/5.0 (Windows NT 10.0; Win64; x64) AppleWebKit/537.36 (KHTML, like Gecko) Chrome/120.0.0.0 Safari/537.36"
20.151.7.119 - - [16/Jul/2026:23:09:20 +0000] "GET /options.php HTTP/1.1" 404 13181 "-" "Mozilla/5.0 (Windows NT 10.0; Win64; x64) AppleWebKit/537.36 (KHTML, like Gecko) Chrome/120.0.0.0 Safari/537.36"
20.151.7.119 - - [16/Jul/2026:23:09:21 +0000] "GET /wp-content/themes/index.php HTTP/1.1" 200 0 "-" "Mozilla/5.0 (Windows NT 10.0; Win64; x64) AppleWebKit/537.36 (KHTML, like Gecko) Chrome/120.0.0.0 Safari/537.36"
20.151.7.119 - - [16/Jul/2026:23:09:21 +0000] "GET /wp-file.php HTTP/1.1" 404 13181 "-" "Mozilla/5.0 (Windows NT 10.0; Win64; x64) AppleWebKit/537.36 (KHTML, like Gecko) Chrome/120.0.0.0 Safari/537.36"
20.151.7.119 - - [16/Jul/2026:23:09:22 +0000] "GET /init.php HTTP/1.1" 404 13181 "-" "Mozilla/5.0 (Windows NT 10.0; Win64; x64) AppleWebKit/537.36 (KHTML, like Gecko) Chrome/120.0.0.0 Safari/537.36"
20.151.7.119 - - [16/Jul/2026:23:09:24 +0000] "GET /sid3.php HTTP/1.1" 404 13181 "-" "Mozilla/5.0 (Windows NT 10.0; Win64; x64) AppleWebKit/537.36 (KHTML, like Gecko) Chrome/120.0.0.0 Safari/537.36"
20.151.7.119 - - [16/Jul/2026:23:09:24 +0000] "GET /themes.php HTTP/1.1" 404 13181 "-" "Mozilla/5.0 (Windows NT 10.0; Win64; x64) AppleWebKit/537.36 (KHTML, like Gecko) Chrome/120.0.0.0 Safari/537.36"
20.151.7.119 - - [16/Jul/2026:23:09:25 +0000] "GET /wp-content/plugins/index.php HTTP/1.1" 301 0 "-" "Mozilla/5.0 (Windows NT 10.0; Win64; x64) AppleWebKit/537.36 (KHTML, like Gecko) Chrome/120.0.0.0 Safari/537.36"
20.151.7.119 - - [16/Jul/2026:23:09:26 +0000] "GET /admin/controller/extension/extension/ HTTP/1.1" 404 13181 "-" "Mozilla/5.0 (Windows NT 10.0; Win64; x64) AppleWebKit/537.36 (KHTML, like Gecko) Chrome/120.0.0.0 Safari/537.36"
20.151.7.119 - - [16/Jul/2026:23:09:27 +0000] "GET /goods.php HTTP/1.1" 404 13181 "-" "Mozilla/5.0 (Windows NT 10.0; Win64; x64) AppleWebKit/537.36 (KHTML, like Gecko) Chrome/120.0.0.0 Safari/537.36"
20.151.7.119 - - [16/Jul/2026:23:09:28 +0000] "GET /wp-includes/css/dist/widgets/ HTTP/1.1" 404 1251 "-" "Mozilla/5.0 (Windows NT 10.0; Win64; x64) AppleWebKit/537.36 (KHTML, like Gecko) Chrome/120.0.0.0 Safari/537.36"
20.151.7.119 - - [16/Jul/2026:23:09:28 +0000] "GET /wp-admin/images/index.php HTTP/1.1" 301 0 "-" "Mozilla/5.0 (Windows NT 10.0; Win64; x64) AppleWebKit/537.36 (KHTML, like Gecko) Chrome/120.0.0.0 Safari/537.36"
20.151.7.119 - - [16/Jul/2026:23:09:29 +0000] "GET /num.php HTTP/1.1" 404 13181 "-" "Mozilla/5.0 (Windows NT 10.0; Win64; x64) AppleWebKit/537.36 (KHTML, like Gecko) Chrome/120.0.0.0 Safari/537.36"
20.151.7.119 - - [16/Jul/2026:23:09:30 +0000] "GET /wp-admin/css/colors/ocean/ HTTP/1.1" 404 1251 "-" "Mozilla/5.0 (Windows NT 10.0; Win64; x64) AppleWebKit/537.36 (KHTML, like Gecko) Chrome/120.0.0.0 Safari/537.36"
20.151.7.119 - - [16/Jul/2026:23:09:30 +0000] "GET /wp-content/et-cache/ HTTP/1.1" 404 13181 "-" "Mozilla/5.0 (Windows NT 10.0; Win64; x64) AppleWebKit/537.36 (KHTML, like Gecko) Chrome/120.0.0.0 Safari/537.36"
20.151.7.119 - - [16/Jul/2026:23:09:33 +0000] "GET /wp-admin/images/admin.php HTTP/1.1" 404 13181 "-" "Mozilla/5.0 (Windows NT 10.0; Win64; x64) AppleWebKit/537.36 (KHTML, like Gecko) Chrome/120.0.0.0 Safari/537.36"
20.151.7.119 - - [16/Jul/2026:23:09:34 +0000] "GET /wp-content/upgrade/index.php HTTP/1.1" 301 0 "-" "Mozilla/5.0 (Windows NT 10.0; Win64; x64) AppleWebKit/537.36 (KHTML, like Gecko) Chrome/120.0.0.0 Safari/537.36"
20.151.7.119 - - [16/Jul/2026:23:09:36 +0000] "GET /wp-includes/SimplePie/index.php HTTP/1.1" 301 0 "-" "Mozilla/5.0 (Windows NT 10.0; Win64; x64) AppleWebKit/537.36 (KHTML, like Gecko) Chrome/120.0.0.0 Safari/537.36"
20.151.7.119 - - [16/Jul/2026:23:09:36 +0000] "GET /gifclass.php HTTP/1.1" 404 13181 "-" "Mozilla/5.0 (Windows NT 10.0; Win64; x64) AppleWebKit/537.36 (KHTML, like Gecko) Chrome/120.0.0.0 Safari/537.36"
20.151.7.119 - - [16/Jul/2026:23:09:37 +0000] "GET /wp-includes/certificates/ HTTP/1.1" 404 1251 "-" "Mozilla/5.0 (Windows NT 10.0; Win64; x64) AppleWebKit/537.36 (KHTML, like Gecko) Chrome/120.0.0.0 Safari/537.36"
20.151.7.119 - - [16/Jul/2026:23:09:37 +0000] "GET /222.php HTTP/1.1" 404 13181 "-" "Mozilla/5.0 (Windows NT 10.0; Win64; x64) AppleWebKit/537.36 (KHTML, like Gecko) Chrome/120.0.0.0 Safari/537.36"
20.151.7.119 - - [16/Jul/2026:23:09:38 +0000] "GET /wp-content/plugins/admin.php HTTP/1.1" 404 13181 "-" "Mozilla/5.0 (Windows NT 10.0; Win64; x64) AppleWebKit/537.36 (KHTML, like Gecko) Chrome/120.0.0.0 Safari/537.36"
20.151.7.119 - - [16/Jul/2026:23:09:39 +0000] "GET /css/index.php HTTP/1.1" 301 0 "-" "Mozilla/5.0 (Windows NT 10.0; Win64; x64) AppleWebKit/537.36 (KHTML, like Gecko) Chrome/120.0.0.0 Safari/537.36"
20.151.7.119 - - [16/Jul/2026:23:09:40 +0000] "GET /wp-cron.php HTTP/1.1" 200 0 "-" "Mozilla/5.0 (Windows NT 10.0; Win64; x64) AppleWebKit/537.36 (KHTML, like Gecko) Chrome/120.0.0.0 Safari/537.36"
20.151.7.119 - - [16/Jul/2026:23:09:40 +0000] "GET /wp-block.php HTTP/1.1" 404 13181 "-" "Mozilla/5.0 (Windows NT 10.0; Win64; x64) AppleWebKit/537.36 (KHTML, like Gecko) Chrome/120.0.0.0 Safari/537.36"
20.151.7.119 - - [16/Jul/2026:23:09:41 +0000] "GET /wp-includes/fonts/admin.php HTTP/1.1" 404 13181 "-" "Mozilla/5.0 (Windows NT 10.0; Win64; x64) AppleWebKit/537.36 (KHTML, like Gecko) Chrome/120.0.0.0 Safari/537.36"
20.151.7.119 - - [16/Jul/2026:23:09:43 +0000] "GET /wp-admin/css/colors/modern/ HTTP/1.1" 404 1251 "-" "Mozilla/5.0 (Windows NT 10.0; Win64; x64) AppleWebKit/537.36 (KHTML, like Gecko) Chrome/120.0.0.0 Safari/537.36"
20.151.7.119 - - [16/Jul/2026:23:09:43 +0000] "GET /classwithtostring.php HTTP/1.1" 404 13181 "-" "Mozilla/5.0 (Windows NT 10.0; Win64; x64) AppleWebKit/537.36 (KHTML, like Gecko) Chrome/120.0.0.0 Safari/537.36"
20.151.7.119 - - [16/Jul/2026:23:09:44 +0000] "GET /test1.php HTTP/1.1" 404 13181 "-" "Mozilla/5.0 (Windows NT 10.0; Win64; x64) AppleWebKit/537.36 (KHTML, like Gecko) Chrome/120.0.0.0 Safari/537.36"
20.151.7.119 - - [16/Jul/2026:23:09:45 +0000] "GET /wp-admin/images/ HTTP/1.1" 404 1251 "-" "Mozilla/5.0 (Windows NT 10.0; Win64; x64) AppleWebKit/537.36 (KHTML, like Gecko) Chrome/120.0.0.0 Safari/537.36"
20.151.7.119 - - [16/Jul/2026:23:09:45 +0000] "GET /images/index.php HTTP/1.1" 301 0 "-" "Mozilla/5.0 (Windows NT 10.0; Win64; x64) AppleWebKit/537.36 (KHTML, like Gecko) Chrome/120.0.0.0 Safari/537.36"
20.151.7.119 - - [16/Jul/2026:23:09:46 +0000] "GET /wp-includes/rest-api/fields/ HTTP/1.1" 404 1251 "-" "Mozilla/5.0 (Windows NT 10.0; Win64; x64) AppleWebKit/537.36 (KHTML, like Gecko) Chrome/120.0.0.0 Safari/537.36"
20.151.7.119 - - [16/Jul/2026:23:09:46 +0000] "GET /asd.php HTTP/1.1" 404 13181 "-" "Mozilla/5.0 (Windows NT 10.0; Win64; x64) AppleWebKit/537.36 (KHTML, like Gecko) Chrome/120.0.0.0 Safari/537.36"
20.151.7.119 - - [16/Jul/2026:23:09:47 +0000] "GET /wp-includes/customize/index.php HTTP/1.1" 301 0 "-" "Mozilla/5.0 (Windows NT 10.0; Win64; x64) AppleWebKit/537.36 (KHTML, like Gecko) Chrome/120.0.0.0 Safari/537.36"
20.151.7.119 - - [16/Jul/2026:23:09:49 +0000] "GET /wp-content/plugins/core-plugin/include.php HTTP/1.1" 403 5137 "-" "Mozilla/5.0 (Windows NT 10.0; Win64; x64) AppleWebKit/537.36 (KHTML, like Gecko) Chrome/120.0.0.0 Safari/537.36"
20.151.7.119 - - [16/Jul/2026:23:09:49 +0000] "GET /atomlib.php HTTP/1.1" 404 13181 "-" "Mozilla/5.0 (Windows NT 10.0; Win64; x64) AppleWebKit/537.36 (KHTML, like Gecko) Chrome/120.0.0.0 Safari/537.36"
20.151.7.119 - - [16/Jul/2026:23:09:50 +0000] "GET /wp-includes/html-api/ HTTP/1.1" 404 1251 "-" "Mozilla/5.0 (Windows NT 10.0; Win64; x64) AppleWebKit/537.36 (KHTML, like Gecko) Chrome/120.0.0.0 Safari/537.36"
20.151.7.119 - - [16/Jul/2026:23:09:50 +0000] "GET /wp-admin/js/ HTTP/1.1" 404 1251 "-" "Mozilla/5.0 (Windows NT 10.0; Win64; x64) AppleWebKit/537.36 (KHTML, like Gecko) Chrome/120.0.0.0 Safari/537.36"
20.151.7.119 - - [16/Jul/2026:23:09:50 +0000] "GET /wp-includes/IXR/chosen.php HTTP/1.1" 403 5137 "-" "Mozilla/5.0 (Windows NT 10.0; Win64; x64) AppleWebKit/537.36 (KHTML, like Gecko) Chrome/120.0.0.0 Safari/537.36"
20.151.7.119 - - [16/Jul/2026:23:09:50 +0000] "GET /wp-admin/css/colors/ectoplasm/ HTTP/1.1" 404 1251 "-" "Mozilla/5.0 (Windows NT 10.0; Win64; x64) AppleWebKit/537.36 (KHTML, like Gecko) Chrome/120.0.0.0 Safari/537.36"
20.151.7.119 - - [16/Jul/2026:23:09:50 +0000] "GET /wp-includes/blocks/block/ HTTP/1.1" 404 1251 "-" "Mozilla/5.0 (Windows NT 10.0; Win64; x64) AppleWebKit/537.36 (KHTML, like Gecko) Chrome/120.0.0.0 Safari/537.36"
20.151.7.119 - - [16/Jul/2026:23:09:50 +0000] "GET /wp-includes/pomo/ HTTP/1.1" 404 1251 "-" "Mozilla/5.0 (Windows NT 10.0; Win64; x64) AppleWebKit/537.36 (KHTML, like Gecko) Chrome/120.0.0.0 Safari/537.36"
20.151.7.119 - - [16/Jul/2026:23:09:50 +0000] "GET /wp-includes/rest-api/ HTTP/1.1" 404 1251 "-" "Mozilla/5.0 (Windows NT 10.0; Win64; x64) AppleWebKit/537.36 (KHTML, like Gecko) Chrome/120.0.0.0 Safari/537.36"
20.151.7.119 - - [16/Jul/2026:23:09:51 +0000] "GET /inputs.php HTTP/1.1" 404 13181 "-" "Mozilla/5.0 (Windows NT 10.0; Win64; x64) AppleWebKit/537.36 (KHTML, like Gecko) Chrome/120.0.0.0 Safari/537.36"
20.151.7.119 - - [16/Jul/2026:23:09:52 +0000] "GET /wp-content/index.php HTTP/1.1" 200 0 "-" "Mozilla/5.0 (Windows NT 10.0; Win64; x64) AppleWebKit/537.36 (KHTML, like Gecko) Chrome/120.0.0.0 Safari/537.36"
20.151.7.119 - - [16/Jul/2026:23:09:52 +0000] "GET /wp-admin/network/index.php HTTP/1.1" 302 0 "-" "Mozilla/5.0 (Windows NT 10.0; Win64; x64) AppleWebKit/537.36 (KHTML, like Gecko) Chrome/120.0.0.0 Safari/537.36"
20.151.7.119 - - [16/Jul/2026:23:09:53 +0000] "GET /wp-content/1.php HTTP/1.1" 404 13181 "-" "Mozilla/5.0 (Windows NT 10.0; Win64; x64) AppleWebKit/537.36 (KHTML, like Gecko) Chrome/120.0.0.0 Safari/537.36"
20.151.7.119 - - [16/Jul/2026:23:09:54 +0000] "GET /plugin.php HTTP/1.1" 404 13181 "-" "Mozilla/5.0 (Windows NT 10.0; Win64; x64) AppleWebKit/537.36 (KHTML, like Gecko) Chrome/120.0.0.0 Safari/537.36"
20.151.7.119 - - [16/Jul/2026:23:09:54 +0000] "GET /1.php HTTP/1.1" 404 13181 "-" "Mozilla/5.0 (Windows NT 10.0; Win64; x64) AppleWebKit/537.36 (KHTML, like Gecko) Chrome/120.0.0.0 Safari/537.36"
20.151.7.119 - - [16/Jul/2026:23:09:55 +0000] "GET /gg.php HTTP/1.1" 404 13181 "-" "Mozilla/5.0 (Windows NT 10.0; Win64; x64) AppleWebKit/537.36 (KHTML, like Gecko) Chrome/120.0.0.0 Safari/537.36"
20.151.7.119 - - [16/Jul/2026:23:09:57 +0000] "GET /wp-includes/images/crystal/ HTTP/1.1" 404 1251 "-" "Mozilla/5.0 (Windows NT 10.0; Win64; x64) AppleWebKit/537.36 (KHTML, like Gecko) Chrome/120.0.0.0 Safari/537.36"
194.39.149.53 - - [16/Jul/2026:23:09:59 +0000] "POST /wp-cron.php?doing_wp_cron=1784243399.3953440189361572265625 HTTP/1.1" 200 0 "-" "WordPress/7.0.1; https://keeloil.com"
20.151.7.119 - - [16/Jul/2026:23:09:57 +0000] "GET /aa.php HTTP/1.1" 404 13181 "-" "Mozilla/5.0 (Windows NT 10.0; Win64; x64) AppleWebKit/537.36 (KHTML, like Gecko) Chrome/120.0.0.0 Safari/537.36"
20.151.7.119 - - [16/Jul/2026:23:09:59 +0000] "GET /wp-content/languages/index.php HTTP/1.1" 301 0 "-" "Mozilla/5.0 (Windows NT 10.0; Win64; x64) AppleWebKit/537.36 (KHTML, like Gecko) Chrome/120.0.0.0 Safari/537.36"
20.151.7.119 - - [16/Jul/2026:23:10:00 +0000] "GET /wp.php HTTP/1.1" 404 13181 "-" "Mozilla/5.0 (Windows NT 10.0; Win64; x64) AppleWebKit/537.36 (KHTML, like Gecko) Chrome/120.0.0.0 Safari/537.36"
20.151.7.119 - - [16/Jul/2026:23:10:01 +0000] "GET /wp-includes/blocks/about.php HTTP/1.1" 404 13181 "-" "Mozilla/5.0 (Windows NT 10.0; Win64; x64) AppleWebKit/537.36 (KHTML, like Gecko) Chrome/120.0.0.0 Safari/537.36"
20.151.7.119 - - [16/Jul/2026:23:10:02 +0000] "GET /wp-admin/file.php HTTP/1.1" 404 13181 "-" "Mozilla/5.0 (Windows NT 10.0; Win64; x64) AppleWebKit/537.36 (KHTML, like Gecko) Chrome/120.0.0.0 Safari/537.36"
20.151.7.119 - - [16/Jul/2026:23:10:03 +0000] "GET /wp-admin/user/index.php HTTP/1.1" 302 0 "-" "Mozilla/5.0 (Windows NT 10.0; Win64; x64) AppleWebKit/537.36 (KHTML, like Gecko) Chrome/120.0.0.0 Safari/537.36"
20.151.7.119 - - [16/Jul/2026:23:10:04 +0000] "GET /wp-content/plugins/WordPressCore/ HTTP/1.1" 403 5137 "-" "Mozilla/5.0 (Windows NT 10.0; Win64; x64) AppleWebKit/537.36 (KHTML, like Gecko) Chrome/120.0.0.0 Safari/537.36"
20.151.7.119 - - [16/Jul/2026:23:10:04 +0000] "GET /wp-admin/css/colors/blue/admin.php HTTP/1.1" 404 13181 "-" "Mozilla/5.0 (Windows NT 10.0; Win64; x64) AppleWebKit/537.36 (KHTML, like Gecko) Chrome/120.0.0.0 Safari/537.36"
14.191.1.176 - - [16/Jul/2026:23:10:05 +0000] "GET /home/page/15/?_wpnonce=ff99f9fcfb&add_to_wishlist=92 HTTP/1.1" 200 24613 "-" "Mozilla/5.0 (Windows NT 6.1) AppleWebKit/537.36 (KHTML, like Gecko) Chrome/78.0.3904.108 Safari/537.36"
20.151.7.119 - - [16/Jul/2026:23:10:06 +0000] "GET /index/function.php HTTP/1.1" 404 13181 "-" "Mozilla/5.0 (Windows NT 10.0; Win64; x64) AppleWebKit/537.36 (KHTML, like Gecko) Chrome/120.0.0.0 Safari/537.36"
20.151.7.119 - - [16/Jul/2026:23:10:07 +0000] "GET /wp-includes/PHPMailer/ HTTP/1.1" 404 1251 "-" "Mozilla/5.0 (Windows NT 10.0; Win64; x64) AppleWebKit/537.36 (KHTML, like Gecko) Chrome/120.0.0.0 Safari/537.36"
20.151.7.119 - - [16/Jul/2026:23:10:07 +0000] "GET /wp-includes/css/ HTTP/1.1" 404 1251 "-" "Mozilla/5.0 (Windows NT 10.0; Win64; x64) AppleWebKit/537.36 (KHTML, like Gecko) Chrome/120.0.0.0 Safari/537.36"
194.39.149.53 - - [16/Jul/2026:23:12:45 +0000] "POST /wp-cron.php?doing_wp_cron=1784243565.4644849300384521484375 HTTP/1.1" 200 0 "-" "WordPress/7.0.1; https://keeloil.com"
114.119.146.36 - - [16/Jul/2026:23:12:44 +0000] "GET /category/uncategorized/page/3/ HTTP/1.1" 200 15592 "https://keeloil.com/category/uncategorized/page/2/" "Mozilla/5.0 (Linux; Android 7.0;) AppleWebKit/537.36 (HTML, like Gecko) Mobile Safari/537.36 (compatible; PetalBot;+https://webmaster.petalsearch.com/site/petalbot)"
194.39.149.53 - - [16/Jul/2026:23:13:54 +0000] "POST /wp-cron.php?doing_wp_cron=1784243634.7492179870605468750000 HTTP/1.1" 200 0 "-" "WordPress/7.0.1; https://keeloil.com"
189.4.123.4 - - [16/Jul/2026:23:13:53 +0000] "GET /home/page/4/?_wpnonce=49c513de54&add_to_wishlist=92 HTTP/1.1" 200 24439 "-" "Mozilla/5.0 (Windows NT 10.0; Win64; x64) AppleWebKit/537.36 (KHTML, like Gecko) Chrome/88.0.4324.96 Safari/537.36"
194.39.149.53 - - [16/Jul/2026:23:14:09 +0000] "POST /wp-cron.php?doing_wp_cron=1784243649.5086200237274169921875 HTTP/1.1" 200 0 "-" "WordPress/7.0.1; https://keeloil.com"
114.119.130.210 - - [16/Jul/2026:23:14:07 +0000] "GET /category/uncategorized/page/5/ HTTP/1.1" 200 15669 "https://keeloil.com/category/uncategorized/page/7/" "Mozilla/5.0 (Linux; Android 7.0;) AppleWebKit/537.36 (HTML, like Gecko) Mobile Safari/537.36 (compatible; PetalBot;+https://webmaster.petalsearch.com/site/petalbot)"
194.39.149.53 - - [16/Jul/2026:23:15:33 +0000] "POST /wp-cron.php?doing_wp_cron=1784243733.0918500423431396484375 HTTP/1.1" 200 0 "-" "WordPress/7.0.1; https://keeloil.com"
114.119.130.210 - - [16/Jul/2026:23:15:30 +0000] "GET /category/uncategorized/page/13/ HTTP/1.1" 200 15799 "https://keeloil.com/category/uncategorized/page/14/" "Mozilla/5.0 (Linux; Android 7.0;) AppleWebKit/537.36 (HTML, like Gecko) Mobile Safari/537.36 (compatible; PetalBot;+https://webmaster.petalsearch.com/site/petalbot)"
194.39.149.53 - - [16/Jul/2026:23:16:55 +0000] "POST /wp-cron.php?doing_wp_cron=1784243815.1958220005035400390625 HTTP/1.1" 200 0 "-" "WordPress/7.0.1; https://keeloil.com"
114.119.146.36 - - [16/Jul/2026:23:16:54 +0000] "GET /blog/page/8/ HTTP/1.1" 200 15438 "https://keeloil.com/blog/page/9/" "Mozilla/5.0 (Linux; Android 7.0;) AppleWebKit/537.36 (HTML, like Gecko) Mobile Safari/537.36 (compatible; PetalBot;+https://webmaster.petalsearch.com/site/petalbot)"
194.39.149.53 - - [16/Jul/2026:23:18:19 +0000] "POST /wp-cron.php?doing_wp_cron=1784243898.9741508960723876953125 HTTP/1.1" 200 0 "-" "WordPress/7.0.1; https://keeloil.com"
114.119.154.13 - - [16/Jul/2026:23:18:18 +0000] "GET /2026/06/12/mostbet-az-bukmeker-ve-kazino-mostbet-giris-r-smi-sayt/ HTTP/1.1" 200 18000 "https://keeloil.com/category/uncategorized/page/2/" "Mozilla/5.0 (Linux; Android 7.0;) AppleWebKit/537.36 (HTML, like Gecko) Mobile Safari/537.36 (compatible; PetalBot;+https://webmaster.petalsearch.com/site/petalbot)"
194.39.149.53 - - [16/Jul/2026:23:19:24 +0000] "POST /wp-cron.php?doing_wp_cron=1784243964.1647069454193115234375 HTTP/1.1" 200 0 "-" "WordPress/7.0.1; https://keeloil.com"
190.153.80.84 - - [16/Jul/2026:23:19:23 +0000] "GET /home/page/8/?_wpnonce=599d2a12ac&add_to_wishlist=92 HTTP/1.1" 200 24576 "-" "Mozilla/5.0 (Windows NT 6.1; WOW64) AppleWebKit/537.36 (KHTML, like Gecko) Chrome/63.0.3239.132 AOL/11.0 AOLBUILD/11.0.1839 Safari/537.36"
114.119.130.210 - - [16/Jul/2026:23:19:41 +0000] "GET /2026/05/18/mostbet-przeglad-aplikacji-mobilnej-do-zakladow/ HTTP/1.1" 200 16575 "https://keeloil.com/blog/page/4/" "Mozilla/5.0 (Linux; Android 7.0;) AppleWebKit/537.36 (HTML, like Gecko) Mobile Safari/537.36 (compatible; PetalBot;+https://webmaster.petalsearch.com/site/petalbot)"
194.39.149.53 - - [16/Jul/2026:23:21:06 +0000] "POST /wp-cron.php?doing_wp_cron=1784244066.2116019725799560546875 HTTP/1.1" 200 0 "-" "WordPress/7.0.1; https://keeloil.com"
114.119.130.61 - - [16/Jul/2026:23:21:05 +0000] "GET /2026/06/25/olimp-kazino-oficialnyy-sayt-v-kazahstane-olimp-casino/ HTTP/1.1" 200 18928 "https://keeloil.com/category/uncategorized/page/2/" "Mozilla/5.0 (Linux; Android 7.0;) AppleWebKit/537.36 (HTML, like Gecko) Mobile Safari/537.36 (compatible; PetalBot;+https://webmaster.petalsearch.com/site/petalbot)"
45.185.133.177 - - [16/Jul/2026:23:21:08 +0000] "GET /home/page/11/?_wpnonce=9c3833319c&add_to_wishlist=92 HTTP/1.1" 200 24528 "-" "Mozilla/5.0 (Windows NT 6.3; Win64; x64) AppleWebKit/537.36 (KHTML, like Gecko) Chrome/84.0.4147.89 Safari/537.36"
194.39.149.53 - - [16/Jul/2026:23:22:29 +0000] "POST /wp-cron.php?doing_wp_cron=1784244149.7564051151275634765625 HTTP/1.1" 200 0 "-" "WordPress/7.0.1; https://keeloil.com"
114.119.152.77 - - [16/Jul/2026:23:22:28 +0000] "GET /2025/12/24/est-il-possible-de-jouer-sans-telechargement-sur-brutal-casino/ HTTP/1.1" 200 18869 "https://keeloil.com/2025/12/24/est-il-possible-de-jouer-sans-telechargement-sur-brutal-casino/" "Mozilla/5.0 (Linux; Android 7.0;) AppleWebKit/537.36 (HTML, like Gecko) Mobile Safari/537.36 (compatible; PetalBot;+https://webmaster.petalsearch.com/site/petalbot)"
186.50.246.16 - - [16/Jul/2026:23:22:29 +0000] "GET /product-category/uncategorized/?_wpnonce=bc76fcdc80&add_to_wishlist=92 HTTP/1.1" 200 17991 "-" "Mozilla/5.0 (Macintosh; Intel Mac OS X 10_15_5) AppleWebKit/537.36 (KHTML, like Gecko) Chrome/101.0.4951.54 Safari/537.36"
57.141.0.61 - - [16/Jul/2026:23:22:34 +0000] "GET /2026/05/16/top-strategies-for-winning-at-casino-online-canada-slots/ HTTP/2" 200 80310 "-" "Mozilla/5.0 (Windows NT 10.0; Win64; x64) AppleWebKit/537.36 (KHTML, like Gecko) Chrome/145.0.0.0 Safari/537.36 (compatible; meta-externalagent/1.1 (+https://developers.facebook.com/docs/sharing/webmasters/crawler))"
179.189.71.189 - - [16/Jul/2026:23:22:34 +0000] "GET /home/page/6/?_wpnonce=33d71a001f&add_to_wishlist=92 HTTP/1.1" 200 24599 "-" "Mozilla/5.0 (Windows NT 10.0; Win64; x64) AppleWebKit/537.36 (KHTML, like Gecko) Brave Chrome/86.0.4240.99 Safari/537.36"
194.39.149.53 - - [16/Jul/2026:23:23:52 +0000] "POST /wp-cron.php?doing_wp_cron=1784244232.8823039531707763671875 HTTP/1.1" 200 0 "-" "WordPress/7.0.1; https://keeloil.com"
114.119.136.8 - - [16/Jul/2026:23:23:51 +0000] "GET /2025/12/04/comment-acceder-au-site-miroir-lucky-31-casino-sans-souci-de-blocage/ HTTP/1.1" 200 19138 "https://keeloil.com/blog/page/12/" "Mozilla/5.0 (Linux; Android 7.0;) AppleWebKit/537.36 (HTML, like Gecko) Mobile Safari/537.36 (compatible; PetalBot;+https://webmaster.petalsearch.com/site/petalbot)"
194.39.149.53 - - [16/Jul/2026:23:25:17 +0000] "POST /wp-cron.php?doing_wp_cron=1784244316.9800460338592529296875 HTTP/1.1" 200 0 "-" "WordPress/7.0.1; https://keeloil.com"
114.119.146.36 - - [16/Jul/2026:23:25:15 +0000] "GET /2024/04/ HTTP/1.1" 200 14041 "https://keeloil.com/shop/" "Mozilla/5.0 (Linux; Android 7.0;) AppleWebKit/537.36 (HTML, like Gecko) Mobile Safari/537.36 (compatible; PetalBot;+https://webmaster.petalsearch.com/site/petalbot)"
194.39.149.53 - - [16/Jul/2026:23:26:40 +0000] "POST /wp-cron.php?doing_wp_cron=1784244400.1500139236450195312500 HTTP/1.1" 200 0 "-" "WordPress/7.0.1; https://keeloil.com"
114.119.130.61 - - [16/Jul/2026:23:26:39 +0000] "GET /2023/11/29/ HTTP/1.1" 200 13474 "https://keeloil.com/home/page/14/" "Mozilla/5.0 (Linux; Android 7.0;) AppleWebKit/537.36 (HTML, like Gecko) Mobile Safari/537.36 (compatible; PetalBot;+https://webmaster.petalsearch.com/site/petalbot)"
194.39.149.53 - - [16/Jul/2026:23:29:53 +0000] "POST /wp-cron.php?doing_wp_cron=1784244592.8798470497131347656250 HTTP/1.1" 200 0 "-" "WordPress/7.0.1; https://keeloil.com"
39.34.186.24 - - [16/Jul/2026:23:29:52 +0000] "GET /home/page/2/?_wpnonce=39faae509b&add_to_wishlist=92 HTTP/1.1" 200 24750 "-" "Mozilla/5.0 (Macintosh; Intel Mac OS X 10_7_3) AppleWebKit/537.36 (KHTML, like Gecko, Mediapartners-Google) Chrome/85.0.4183.122 Safari/537.36"
194.39.149.53 - - [16/Jul/2026:23:30:27 +0000] "POST /wp-cron.php?doing_wp_cron=1784244627.1942338943481445312500 HTTP/1.1" 200 0 "-" "WordPress/7.0.1; https://keeloil.com"
114.119.130.210 - - [16/Jul/2026:23:30:25 +0000] "GET /blog/page/15/ HTTP/1.1" 200 15612 "https://keeloil.com/blog/page/14/" "Mozilla/5.0 (Linux; Android 7.0;) AppleWebKit/537.36 (HTML, like Gecko) Mobile Safari/537.36 (compatible; PetalBot;+https://webmaster.petalsearch.com/site/petalbot)"
194.39.149.53 - - [16/Jul/2026:23:31:49 +0000] "POST /wp-cron.php?doing_wp_cron=1784244709.6820619106292724609375 HTTP/1.1" 200 0 "-" "WordPress/7.0.1; https://keeloil.com"
114.119.130.61 - - [16/Jul/2026:23:31:48 +0000] "GET /2026/06/04/lorem-ipsum-dolor-sit-amet/ HTTP/1.1" 200 16847 "https://keeloil.com/blog/page/3/" "Mozilla/5.0 (Linux; Android 7.0;) AppleWebKit/537.36 (HTML, like Gecko) Mobile Safari/537.36 (compatible; PetalBot;+https://webmaster.petalsearch.com/site/petalbot)"
194.39.149.53 - - [16/Jul/2026:23:33:34 +0000] "POST /wp-cron.php?doing_wp_cron=1784244814.4182200431823730468750 HTTP/1.1" 200 0 "-" "WordPress/7.0.1; https://keeloil.com"
38.51.39.87 - - [16/Jul/2026:23:33:33 +0000] "GET /home/page/4/?_wpnonce=994190954a&add_to_wishlist=92 HTTP/1.1" 200 24440 "-" "Mozilla/5.0 (Macintosh; Intel Mac OS X 10_7_3) AppleWebKit/537.36 (KHTML, like Gecko, Mediapartners-Google) Chrome/89.0.4389.130 Safari/537.36"
194.39.149.53 - - [16/Jul/2026:23:35:05 +0000] "POST /wp-cron.php?doing_wp_cron=1784244905.3733410835266113281250 HTTP/1.1" 200 0 "-" "WordPress/7.0.1; https://keeloil.com"
190.9.223.61 - - [16/Jul/2026:23:35:04 +0000] "GET /home/page/6/?_wpnonce=e673070648&add_to_wishlist=92 HTTP/1.1" 200 24599 "-" "Mozilla/5.0 (Macintosh; Intel Mac OS X 10_8_2) AppleWebKit/537.17 (KHTML, like Gecko) Chrome/24.0.1309.0 Safari/537.17"
194.39.149.53 - - [16/Jul/2026:23:39:09 +0000] "POST /wp-cron.php?doing_wp_cron=1784245148.9174630641937255859375 HTTP/1.1" 200 0 "-" "WordPress/7.0.1; https://keeloil.com"
151.244.148.171 - - [16/Jul/2026:23:39:07 +0000] "GET /home/page/1/?_wpnonce=1b493bd8d9&add_to_wishlist=92 HTTP/1.1" 301 0 "-" "Mozilla/5.0 (Macintosh; Intel Mac OS X 10_15_7) AppleWebKit/537.36 (KHTML, like Gecko) Chrome/90.0.4430.212 Safari/537.36"
151.244.148.171 - - [16/Jul/2026:23:39:09 +0000] "GET /home/?_wpnonce=1b493bd8d9&add_to_wishlist=92 HTTP/1.1" 200 24661 "-" "Mozilla/5.0 (Macintosh; Intel Mac OS X 10_15_7) AppleWebKit/537.36 (KHTML, like Gecko) Chrome/90.0.4430.212 Safari/537.36"
194.39.149.53 - - [16/Jul/2026:23:42:30 +0000] "POST /wp-cron.php?doing_wp_cron=1784245349.9752459526062011718750 HTTP/1.1" 200 0 "-" "WordPress/7.0.1; https://keeloil.com"
74.7.244.58 - - [16/Jul/2026:23:42:28 +0000] "GET /robots.txt HTTP/2" 200 96 "-" "Mozilla/5.0 (Macintosh; Intel Mac OS X 10_15_7) AppleWebKit/537.36 (KHTML, like Gecko) Chrome/131.0.0.0 Safari/537.36; compatible; OAI-SearchBot/1.4; robots.txt; +https://openai.com/searchbot"
194.39.149.53 - - [16/Jul/2026:23:44:10 +0000] "POST /wp-cron.php?doing_wp_cron=1784245450.6908450126647949218750 HTTP/1.1" 200 0 "-" "WordPress/7.0.1; https://keeloil.com"
24.55.187.59 - - [16/Jul/2026:23:44:09 +0000] "GET /home/page/9/?_wpnonce=9c3833319c&add_to_wishlist=92 HTTP/1.1" 200 24471 "-" "Mozilla/5.0 (Macintosh; Intel Mac OS X 10_14_6) AppleWebKit/537.36 (KHTML, like Gecko) Chrome/90.0.4430.51 Safari/537.36"
194.39.149.53 - - [16/Jul/2026:23:47:04 +0000] "POST /wp-cron.php?doing_wp_cron=1784245624.1758310794830322265625 HTTP/1.1" 200 0 "-" "WordPress/7.0.1; https://keeloil.com"
185.24.61.192 - - [16/Jul/2026:23:47:03 +0000] "GET /wp-sitemap-taxonomies-category-1.xml HTTP/1.1" 200 236 "-" "Mozilla/5.0 (Windows NT 10.0; Win64; x64) AppleWebKit/537.36 (KHTML, like Gecko) Chrome/126.0.6478.182 Safari/537.36"
185.191.171.3 - - [16/Jul/2026:23:47:04 +0000] "GET /2026/06/28/preimushchestva-1xbet-valiuty-scheta-i-effektivnaia-konvertatsiia-dlia-igrokov/ HTTP/1.1" 200 23032 "-" "Mozilla/5.0 (compatible; SemrushBot/7~bl; +http://www.semrush.com/bot.html)"
194.39.149.53 - - [16/Jul/2026:23:48:37 +0000] "POST /wp-cron.php?doing_wp_cron=1784245717.1794319152832031250000 HTTP/1.1" 200 0 "-" "WordPress/7.0.1; https://keeloil.com"
46.253.91.59 - - [16/Jul/2026:23:48:35 +0000] "GET /home/page/10/?_wpnonce=d7b92a0bd1&add_to_wishlist=92 HTTP/1.1" 200 24509 "-" "Mozilla/5.0 (Windows NT 10.0; Win64; x64) AppleWebKit/537.36 (KHTML, like Gecko) Chrome/101.0.4951.26 Safari/537.36"
194.39.149.53 - - [16/Jul/2026:23:50:35 +0000] "POST /wp-cron.php?doing_wp_cron=1784245835.8833398818969726562500 HTTP/1.1" 200 0 "-" "WordPress/7.0.1; https://keeloil.com"
114.119.131.180 - - [16/Jul/2026:23:50:35 +0000] "GET /category/uncategorized/page/10/ HTTP/1.1" 200 15345 "https://keeloil.com/category/uncategorized/page/11/" "Mozilla/5.0 (Linux; Android 7.0;) AppleWebKit/537.36 (HTML, like Gecko) Mobile Safari/537.36 (compatible; PetalBot;+https://webmaster.petalsearch.com/site/petalbot)"
191.104.121.254 - - [16/Jul/2026:23:50:35 +0000] "GET /home/page/5/?_wpnonce=fb61395b05&add_to_wishlist=92 HTTP/1.1" 200 24525 "-" "Mozilla/5.0 (Macintosh; Intel Mac OS X 10_14_5) AppleWebKit/537.36 (KHTML, like Gecko) Chrome/101.0.4951.54 Safari/537.36"
20.46.252.52 - - [16/Jul/2026:23:50:47 +0000] "GET /wk/index.php HTTP/1.1" 404 3421 "-" "Mozilla/5.0 (Windows NT 10.0; Win64; x64) AppleWebKit/537.36 (KHTML, like Gecko) Chrome/120.0.0.0 Safari/537.36"
20.46.252.52 - - [16/Jul/2026:23:50:47 +0000] "GET /inputs.php HTTP/1.1" 404 3421 "-" "Mozilla/5.0 (Windows NT 10.0; Win64; x64) AppleWebKit/537.36 (KHTML, like Gecko) Chrome/120.0.0.0 Safari/537.36"
20.46.252.52 - - [16/Jul/2026:23:50:47 +0000] "GET /ioxi-o.php HTTP/1.1" 404 3421 "-" "Mozilla/5.0 (Windows NT 10.0; Win64; x64) AppleWebKit/537.36 (KHTML, like Gecko) Chrome/120.0.0.0 Safari/537.36"
20.46.252.52 - - [16/Jul/2026:23:50:47 +0000] "GET /function/function.php HTTP/1.1" 404 3421 "-" "Mozilla/5.0 (Windows NT 10.0; Win64; x64) AppleWebKit/537.36 (KHTML, like Gecko) Chrome/120.0.0.0 Safari/537.36"
20.46.252.52 - - [16/Jul/2026:23:50:47 +0000] "GET /rip.php HTTP/1.1" 404 3421 "-" "Mozilla/5.0 (Windows NT 10.0; Win64; x64) AppleWebKit/537.36 (KHTML, like Gecko) Chrome/120.0.0.0 Safari/537.36"
20.46.252.52 - - [16/Jul/2026:23:50:47 +0000] "GET /admin.php HTTP/1.1" 404 3421 "-" "Mozilla/5.0 (Windows NT 10.0; Win64; x64) AppleWebKit/537.36 (KHTML, like Gecko) Chrome/120.0.0.0 Safari/537.36"
20.46.252.52 - - [16/Jul/2026:23:50:47 +0000] "GET /wp-content/uploads/index.php HTTP/1.1" 404 3421 "-" "Mozilla/5.0 (Windows NT 10.0; Win64; x64) AppleWebKit/537.36 (KHTML, like Gecko) Chrome/120.0.0.0 Safari/537.36"
20.46.252.52 - - [16/Jul/2026:23:50:47 +0000] "GET /cache.php HTTP/1.1" 404 3421 "-" "Mozilla/5.0 (Windows NT 10.0; Win64; x64) AppleWebKit/537.36 (KHTML, like Gecko) Chrome/120.0.0.0 Safari/537.36"
20.46.252.52 - - [16/Jul/2026:23:50:47 +0000] "GET /themes.php HTTP/1.1" 404 3421 "-" "Mozilla/5.0 (Windows NT 10.0; Win64; x64) AppleWebKit/537.36 (KHTML, like Gecko) Chrome/120.0.0.0 Safari/537.36"
20.46.252.52 - - [16/Jul/2026:23:50:47 +0000] "GET /an.php HTTP/1.1" 404 3421 "-" "Mozilla/5.0 (Windows NT 10.0; Win64; x64) AppleWebKit/537.36 (KHTML, like Gecko) Chrome/120.0.0.0 Safari/537.36"
20.46.252.52 - - [16/Jul/2026:23:50:47 +0000] "GET /index/function.php HTTP/1.1" 404 3421 "-" "Mozilla/5.0 (Windows NT 10.0; Win64; x64) AppleWebKit/537.36 (KHTML, like Gecko) Chrome/120.0.0.0 Safari/537.36"
20.46.252.52 - - [16/Jul/2026:23:50:47 +0000] "GET /randkeyword.PhP7 HTTP/1.1" 404 3421 "-" "Mozilla/5.0 (Windows NT 10.0; Win64; x64) AppleWebKit/537.36 (KHTML, like Gecko) Chrome/120.0.0.0 Safari/537.36"
20.46.252.52 - - [16/Jul/2026:23:50:47 +0000] "GET /ws.php HTTP/1.1" 404 3421 "-" "Mozilla/5.0 (Windows NT 10.0; Win64; x64) AppleWebKit/537.36 (KHTML, like Gecko) Chrome/120.0.0.0 Safari/537.36"
20.46.252.52 - - [16/Jul/2026:23:50:47 +0000] "GET /404.php HTTP/1.1" 404 3421 "-" "Mozilla/5.0 (Windows NT 10.0; Win64; x64) AppleWebKit/537.36 (KHTML, like Gecko) Chrome/120.0.0.0 Safari/537.36"
20.46.252.52 - - [16/Jul/2026:23:50:47 +0000] "GET /wp-admin/user/index.php HTTP/1.1" 404 3421 "-" "Mozilla/5.0 (Windows NT 10.0; Win64; x64) AppleWebKit/537.36 (KHTML, like Gecko) Chrome/120.0.0.0 Safari/537.36"
20.46.252.52 - - [16/Jul/2026:23:50:47 +0000] "GET /wp-conf.php HTTP/1.1" 404 3421 "-" "Mozilla/5.0 (Windows NT 10.0; Win64; x64) AppleWebKit/537.36 (KHTML, like Gecko) Chrome/120.0.0.0 Safari/537.36"
20.46.252.52 - - [16/Jul/2026:23:50:47 +0000] "GET /wp-content/themes/hideo/network.php HTTP/1.1" 404 3421 "-" "Mozilla/5.0 (Windows NT 10.0; Win64; x64) AppleWebKit/537.36 (KHTML, like Gecko) Chrome/120.0.0.0 Safari/537.36"
20.46.252.52 - - [16/Jul/2026:23:50:47 +0000] "GET /wp-login.php HTTP/1.1" 404 3421 "-" "Mozilla/5.0 (Windows NT 10.0; Win64; x64) AppleWebKit/537.36 (KHTML, like Gecko) Chrome/120.0.0.0 Safari/537.36"
20.46.252.52 - - [16/Jul/2026:23:50:47 +0000] "GET /abc.php HTTP/1.1" 404 3421 "-" "Mozilla/5.0 (Windows NT 10.0; Win64; x64) AppleWebKit/537.36 (KHTML, like Gecko) Chrome/120.0.0.0 Safari/537.36"
20.46.252.52 - - [16/Jul/2026:23:50:47 +0000] "GET /abcd.php HTTP/1.1" 404 3421 "-" "Mozilla/5.0 (Windows NT 10.0; Win64; x64) AppleWebKit/537.36 (KHTML, like Gecko) Chrome/120.0.0.0 Safari/537.36"
20.46.252.52 - - [16/Jul/2026:23:50:47 +0000] "GET /as.php HTTP/1.1" 404 3421 "-" "Mozilla/5.0 (Windows NT 10.0; Win64; x64) AppleWebKit/537.36 (KHTML, like Gecko) Chrome/120.0.0.0 Safari/537.36"
20.46.252.52 - - [16/Jul/2026:23:50:47 +0000] "GET /wp-trackback.php HTTP/1.1" 404 3421 "-" "Mozilla/5.0 (Windows NT 10.0; Win64; x64) AppleWebKit/537.36 (KHTML, like Gecko) Chrome/120.0.0.0 Safari/537.36"
20.46.252.52 - - [16/Jul/2026:23:50:48 +0000] "GET /about.php HTTP/1.1" 404 3421 "-" "Mozilla/5.0 (Windows NT 10.0; Win64; x64) AppleWebKit/537.36 (KHTML, like Gecko) Chrome/120.0.0.0 Safari/537.36"
20.46.252.52 - - [16/Jul/2026:23:50:48 +0000] "GET /file.php HTTP/1.1" 404 3421 "-" "Mozilla/5.0 (Windows NT 10.0; Win64; x64) AppleWebKit/537.36 (KHTML, like Gecko) Chrome/120.0.0.0 Safari/537.36"
20.46.252.52 - - [16/Jul/2026:23:50:48 +0000] "GET /adminfuns.php HTTP/1.1" 404 3421 "-" "Mozilla/5.0 (Windows NT 10.0; Win64; x64) AppleWebKit/537.36 (KHTML, like Gecko) Chrome/120.0.0.0 Safari/537.36"
20.46.252.52 - - [16/Jul/2026:23:50:48 +0000] "GET /wp-good.php HTTP/1.1" 404 3421 "-" "Mozilla/5.0 (Windows NT 10.0; Win64; x64) AppleWebKit/537.36 (KHTML, like Gecko) Chrome/120.0.0.0 Safari/537.36"
20.46.252.52 - - [16/Jul/2026:23:50:48 +0000] "GET /xmlrpc.php HTTP/1.1" 404 3421 "-" "Mozilla/5.0 (Windows NT 10.0; Win64; x64) AppleWebKit/537.36 (KHTML, like Gecko) Chrome/120.0.0.0 Safari/537.36"
20.46.252.52 - - [16/Jul/2026:23:50:48 +0000] "GET /goods.php HTTP/1.1" 404 3421 "-" "Mozilla/5.0 (Windows NT 10.0; Win64; x64) AppleWebKit/537.36 (KHTML, like Gecko) Chrome/120.0.0.0 Safari/537.36"
20.46.252.52 - - [16/Jul/2026:23:50:48 +0000] "GET /class-t.api.php HTTP/1.1" 404 3421 "-" "Mozilla/5.0 (Windows NT 10.0; Win64; x64) AppleWebKit/537.36 (KHTML, like Gecko) Chrome/120.0.0.0 Safari/537.36"
20.46.252.52 - - [16/Jul/2026:23:50:48 +0000] "GET /sf.php HTTP/1.1" 404 3421 "-" "Mozilla/5.0 (Windows NT 10.0; Win64; x64) AppleWebKit/537.36 (KHTML, like Gecko) Chrome/120.0.0.0 Safari/537.36"
20.46.252.52 - - [16/Jul/2026:23:50:48 +0000] "GET /kbfr.php HTTP/1.1" 404 3421 "-" "Mozilla/5.0 (Windows NT 10.0; Win64; x64) AppleWebKit/537.36 (KHTML, like Gecko) Chrome/120.0.0.0 Safari/537.36"
20.46.252.52 - - [16/Jul/2026:23:50:48 +0000] "GET /autoload_classmap.php HTTP/1.1" 404 3421 "-" "Mozilla/5.0 (Windows NT 10.0; Win64; x64) AppleWebKit/537.36 (KHTML, like Gecko) Chrome/120.0.0.0 Safari/537.36"
20.46.252.52 - - [16/Jul/2026:23:50:48 +0000] "GET /chosen.php?p= HTTP/1.1" 404 3421 "-" "Mozilla/5.0 (Windows NT 10.0; Win64; x64) AppleWebKit/537.36 (KHTML, like Gecko) Chrome/120.0.0.0 Safari/537.36"
20.46.252.52 - - [16/Jul/2026:23:50:48 +0000] "GET /classwithtostring.php HTTP/1.1" 404 3421 "-" "Mozilla/5.0 (Windows NT 10.0; Win64; x64) AppleWebKit/537.36 (KHTML, like Gecko) Chrome/120.0.0.0 Safari/537.36"
20.46.252.52 - - [16/Jul/2026:23:50:48 +0000] "GET /defaults.php HTTP/1.1" 404 3421 "-" "Mozilla/5.0 (Windows NT 10.0; Win64; x64) AppleWebKit/537.36 (KHTML, like Gecko) Chrome/120.0.0.0 Safari/537.36"
20.46.252.52 - - [16/Jul/2026:23:50:48 +0000] "GET /wp-includes/ HTTP/1.1" 404 3421 "-" "Mozilla/5.0 (Windows NT 10.0; Win64; x64) AppleWebKit/537.36 (KHTML, like Gecko) Chrome/120.0.0.0 Safari/537.36"
20.46.252.52 - - [16/Jul/2026:23:50:48 +0000] "GET /.well-known/ HTTP/1.1" 404 3421 "-" "Mozilla/5.0 (Windows NT 10.0; Win64; x64) AppleWebKit/537.36 (KHTML, like Gecko) Chrome/120.0.0.0 Safari/537.36"
20.46.252.52 - - [16/Jul/2026:23:50:48 +0000] "GET /info.php HTTP/1.1" 404 3421 "-" "Mozilla/5.0 (Windows NT 10.0; Win64; x64) AppleWebKit/537.36 (KHTML, like Gecko) Chrome/120.0.0.0 Safari/537.36"
20.46.252.52 - - [16/Jul/2026:23:50:48 +0000] "GET /cgi-bin/ HTTP/1.1" 404 3421 "-" "Mozilla/5.0 (Windows NT 10.0; Win64; x64) AppleWebKit/537.36 (KHTML, like Gecko) Chrome/120.0.0.0 Safari/537.36"
20.46.252.52 - - [16/Jul/2026:23:50:48 +0000] "GET /uploads/ HTTP/1.1" 404 3421 "-" "Mozilla/5.0 (Windows NT 10.0; Win64; x64) AppleWebKit/537.36 (KHTML, like Gecko) Chrome/120.0.0.0 Safari/537.36"
20.46.252.52 - - [16/Jul/2026:23:50:48 +0000] "GET /wp-admin/images/ HTTP/1.1" 404 3421 "-" "Mozilla/5.0 (Windows NT 10.0; Win64; x64) AppleWebKit/537.36 (KHTML, like Gecko) Chrome/120.0.0.0 Safari/537.36"
20.46.252.52 - - [16/Jul/2026:23:50:48 +0000] "GET /wp-includes/Requests/src/Response/about.php HTTP/1.1" 404 3421 "-" "Mozilla/5.0 (Windows NT 10.0; Win64; x64) AppleWebKit/537.36 (KHTML, like Gecko) Chrome/120.0.0.0 Safari/537.36"
20.46.252.52 - - [16/Jul/2026:23:50:48 +0000] "GET /wp-includes/html-api/ HTTP/1.1" 404 3421 "-" "Mozilla/5.0 (Windows NT 10.0; Win64; x64) AppleWebKit/537.36 (KHTML, like Gecko) Chrome/120.0.0.0 Safari/537.36"
20.46.252.52 - - [16/Jul/2026:23:50:48 +0000] "GET /wp-content/admin.php HTTP/1.1" 404 3421 "-" "Mozilla/5.0 (Windows NT 10.0; Win64; x64) AppleWebKit/537.36 (KHTML, like Gecko) Chrome/120.0.0.0 Safari/537.36"
20.46.252.52 - - [16/Jul/2026:23:50:48 +0000] "GET /wp-admin/css/colors/ectoplasm/ HTTP/1.1" 404 3421 "-" "Mozilla/5.0 (Windows NT 10.0; Win64; x64) AppleWebKit/537.36 (KHTML, like Gecko) Chrome/120.0.0.0 Safari/537.36"
20.46.252.52 - - [16/Jul/2026:23:50:48 +0000] "GET /wp-content/uploads/ HTTP/1.1" 404 3421 "-" "Mozilla/5.0 (Windows NT 10.0; Win64; x64) AppleWebKit/537.36 (KHTML, like Gecko) Chrome/120.0.0.0 Safari/537.36"
20.46.252.52 - - [16/Jul/2026:23:50:48 +0000] "GET /wp-content/themes/admin.php HTTP/1.1" 404 3421 "-" "Mozilla/5.0 (Windows NT 10.0; Win64; x64) AppleWebKit/537.36 (KHTML, like Gecko) Chrome/120.0.0.0 Safari/537.36"
20.46.252.52 - - [16/Jul/2026:23:50:48 +0000] "GET /wp-content/themes/index.php HTTP/1.1" 404 3421 "-" "Mozilla/5.0 (Windows NT 10.0; Win64; x64) AppleWebKit/537.36 (KHTML, like Gecko) Chrome/120.0.0.0 Safari/537.36"
20.46.252.52 - - [16/Jul/2026:23:50:48 +0000] "GET /wp-content/plugins/index.php HTTP/1.1" 404 3421 "-" "Mozilla/5.0 (Windows NT 10.0; Win64; x64) AppleWebKit/537.36 (KHTML, like Gecko) Chrome/120.0.0.0 Safari/537.36"
20.46.252.52 - - [16/Jul/2026:23:50:48 +0000] "GET /wp-includes/PHPMailer/ HTTP/1.1" 404 3421 "-" "Mozilla/5.0 (Windows NT 10.0; Win64; x64) AppleWebKit/537.36 (KHTML, like Gecko) Chrome/120.0.0.0 Safari/537.36"
20.46.252.52 - - [16/Jul/2026:23:50:48 +0000] "GET /wp-includes/images/ HTTP/1.1" 404 3421 "-" "Mozilla/5.0 (Windows NT 10.0; Win64; x64) AppleWebKit/537.36 (KHTML, like Gecko) Chrome/120.0.0.0 Safari/537.36"
20.46.252.52 - - [16/Jul/2026:23:50:48 +0000] "GET /wp-content/plugins/WordPressCore/ HTTP/1.1" 404 3421 "-" "Mozilla/5.0 (Windows NT 10.0; Win64; x64) AppleWebKit/537.36 (KHTML, like Gecko) Chrome/120.0.0.0 Safari/537.36"
194.39.149.53 - - [16/Jul/2026:23:51:58 +0000] "POST /wp-cron.php?doing_wp_cron=1784245918.8103840351104736328125 HTTP/1.1" 200 0 "-" "WordPress/7.0.1; https://keeloil.com"
114.119.131.180 - - [16/Jul/2026:23:51:58 +0000] "GET /2026/05/17/vox-casino-polska-mocne-strony-w-porownaniu-do-konkurencji/ HTTP/1.1" 200 18478 "https://keeloil.com/blog/page/4/" "Mozilla/5.0 (Linux; Android 7.0;) AppleWebKit/537.36 (HTML, like Gecko) Mobile Safari/537.36 (compatible; PetalBot;+https://webmaster.petalsearch.com/site/petalbot)"
105.245.60.5 - - [16/Jul/2026:23:52:36 +0000] "GET /home/page/7/?_wpnonce=e673070648&add_to_wishlist=92 HTTP/1.1" 200 24732 "-" "Mozilla/5.0 (Windows NT 10.0; WOW64) AppleWebKit/537.36 (KHTML, like Gecko) Chrome/67.0.3396.87 Safari/537.36"
194.39.149.53 - - [16/Jul/2026:23:53:23 +0000] "POST /wp-cron.php?doing_wp_cron=1784246002.9701209068298339843750 HTTP/1.1" 200 0 "-" "WordPress/7.0.1; https://keeloil.com"
114.119.130.210 - - [16/Jul/2026:23:53:22 +0000] "GET /2025/11/24/ HTTP/1.1" 200 13471 "https://keeloil.com/2025/11/24/" "Mozilla/5.0 (Linux; Android 7.0;) AppleWebKit/537.36 (HTML, like Gecko) Mobile Safari/537.36 (compatible; PetalBot;+https://webmaster.petalsearch.com/site/petalbot)"
194.39.149.53 - - [16/Jul/2026:23:54:12 +0000] "POST /wp-cron.php?doing_wp_cron=1784246052.6112229824066162109375 HTTP/1.1" 200 0 "-" "WordPress/7.0.1; https://keeloil.com"
57.141.0.19 - - [16/Jul/2026:23:54:11 +0000] "GET /2026/05/16/plinko-ohne-anmeldung/ HTTP/2" 200 87692 "-" "Mozilla/5.0 (Windows NT 10.0; Win64; x64) AppleWebKit/537.36 (KHTML, like Gecko) Chrome/145.0.0.0 Safari/537.36 (compatible; meta-externalagent/1.1 (+https://developers.facebook.com/docs/sharing/webmasters/crawler))"
201.218.66.212 - - [16/Jul/2026:23:54:36 +0000] "GET /home/page/1/?_wpnonce=994190954a&add_to_wishlist=92 HTTP/1.1" 301 0 "-" "Mozilla/5.0 (Windows NT 10.0; Win64; x64) AppleWebKit/537.36 (KHTML, like Gecko) Chrome/77.0.3835.0 Safari/537.36"
201.218.66.212 - - [16/Jul/2026:23:54:38 +0000] "GET /home/?_wpnonce=994190954a&add_to_wishlist=92 HTTP/1.1" 200 24661 "-" "Mozilla/5.0 (Windows NT 10.0; Win64; x64) AppleWebKit/537.36 (KHTML, like Gecko) Chrome/77.0.3835.0 Safari/537.36"
114.119.130.61 - - [16/Jul/2026:23:54:45 +0000] "GET /2024/07/24/testing-post-2/ HTTP/1.1" 200 16706 "https://keeloil.com/blog/page/13/" "Mozilla/5.0 (Linux; Android 7.0;) AppleWebKit/537.36 (HTML, like Gecko) Mobile Safari/537.36 (compatible; PetalBot;+https://webmaster.petalsearch.com/site/petalbot)"
158.172.226.28 - - [16/Jul/2026:23:54:48 +0000] "GET /home/page/11/?_wpnonce=8b8de0814f&add_to_wishlist=92 HTTP/1.1" 200 24528 "-" "Mozilla/5.0 (Windows NT 6.2; Win64; x64) AppleWebKit/537.36 (KHTML, like Gecko) Chrome/101.0.4951.54 Safari/537.36"
194.39.149.53 - - [16/Jul/2026:23:55:11 +0000] "POST /wp-cron.php?doing_wp_cron=1784246111.5753469467163085937500 HTTP/1.1" 200 0 "-" "WordPress/7.0.1; https://keeloil.com"
14.164.98.190 - - [16/Jul/2026:23:55:10 +0000] "GET /home/page/6/?_wpnonce=3b9f835545&add_to_wishlist=92 HTTP/1.1" 200 24599 "-" "Mozilla/5.0 (Windows NT 6.3; Win64; x64) AppleWebKit/537.36 (KHTML, like Gecko) Chrome/84.0.4147.89 Safari/537.36"
194.39.149.53 - - [16/Jul/2026:23:55:36 +0000] "POST /wp-cron.php?doing_wp_cron=1784246135.8980429172515869140625 HTTP/1.1" 200 0 "-" "WordPress/7.0.1; https://keeloil.com"
17.22.237.208 - - [16/Jul/2026:23:55:34 +0000] "GET /2023/10/24/vavada-kazino-zerkalo-novye-vozmozhnosti-dostupa/ HTTP/2" 200 23963 "-" "Mozilla/5.0 (Macintosh; Intel Mac OS X 10_15_7) AppleWebKit/605.1.15 (KHTML, like Gecko) Version/17.4 Safari/605.1.15 (Applebot/0.1; +http://www.apple.com/go/applebot)"
85.208.98.195 - - [16/Jul/2026:23:55:40 +0000] "GET /robots.txt HTTP/1.1" 200 108 "-" "Mozilla/5.0 (compatible; SiteAuditBot/0.97; +http://www.semrush.com/bot.html)"
85.208.98.195 - - [16/Jul/2026:23:55:40 +0000] "GET /robots.txt HTTP/1.1" 200 108 "-" "Mozilla/5.0 (compatible; SiteAuditBot/0.97; +http://www.semrush.com/bot.html)"
85.208.98.195 - - [16/Jul/2026:23:55:41 +0000] "GET /wp-sitemap.xml HTTP/1.1" 200 241 "-" "Mozilla/5.0 (compatible; SiteAuditBot/0.97; +http://www.semrush.com/bot.html)"
85.208.98.195 - - [16/Jul/2026:23:55:42 +0000] "GET /wp-sitemap-posts-post-1.xml HTTP/1.1" 200 6690 "-" "Mozilla/5.0 (compatible; SiteAuditBot/0.97; +http://www.semrush.com/bot.html)"
85.208.98.195 - - [16/Jul/2026:23:55:43 +0000] "GET /llms.txt HTTP/1.1" 404 14888 "-" "Mozilla/5.0 (compatible; SiteAuditBot/0.97; +http://www.semrush.com/bot.html)"
85.208.98.195 - - [16/Jul/2026:23:55:44 +0000] "GET / HTTP/1.1" 200 21830 "-" "Mozilla/5.0 (compatible; SiteAuditBot/0.97; +http://www.semrush.com/bot.html)"
85.208.98.195 - - [16/Jul/2026:23:55:46 +0000] "GET / HTTP/1.1" 200 87242 "-" "Mozilla/5.0 (compatible; SiteAuditBot/0.97; +http://www.semrush.com/bot.html)"
85.208.98.195 - - [16/Jul/2026:23:55:47 +0000] "GET /checkout/ HTTP/1.1" 302 0 "-" "Mozilla/5.0 (compatible; SiteAuditBot/0.97; +http://www.semrush.com/bot.html)"
85.208.98.194 - - [16/Jul/2026:23:55:48 +0000] "GET /robots.txt HTTP/1.1" 301 0 "-" "Mozilla/5.0 (compatible; SiteAuditBot/0.97; +http://www.semrush.com/bot.html)"
85.208.98.195 - - [16/Jul/2026:23:55:48 +0000] "GET /home/ HTTP/1.1" 200 24614 "-" "Mozilla/5.0 (compatible; SiteAuditBot/0.97; +http://www.semrush.com/bot.html)"
85.208.98.194 - - [16/Jul/2026:23:55:50 +0000] "GET /robots.txt HTTP/1.1" 200 108 "-" "Mozilla/5.0 (compatible; SiteAuditBot/0.97; +http://www.semrush.com/bot.html)"
85.208.98.195 - - [16/Jul/2026:23:55:51 +0000] "GET /wishlist/ HTTP/1.1" 200 16831 "-" "Mozilla/5.0 (compatible; SiteAuditBot/0.97; +http://www.semrush.com/bot.html)"
85.208.98.194 - - [16/Jul/2026:23:55:52 +0000] "GET / HTTP/1.1" 301 0 "-" "Mozilla/5.0 (compatible; SiteAuditBot/0.97; +http://www.semrush.com/bot.html)"
85.208.98.195 - - [16/Jul/2026:23:55:52 +0000] "GET /about-us/ HTTP/1.1" 200 20297 "-" "Mozilla/5.0 (compatible; SiteAuditBot/0.97; +http://www.semrush.com/bot.html)"
85.208.98.194 - - [16/Jul/2026:23:55:53 +0000] "GET / HTTP/1.1" 301 0 "-" "Mozilla/5.0 (compatible; SiteAuditBot/0.97; +http://www.semrush.com/bot.html)"
85.208.98.195 - - [16/Jul/2026:23:55:53 +0000] "GET / HTTP/1.1" 200 21830 "-" "Mozilla/5.0 (compatible; SiteAuditBot/0.97; +http://www.semrush.com/bot.html)"
85.208.98.195 - - [16/Jul/2026:23:55:54 +0000] "GET /blog/ HTTP/1.1" 200 17616 "-" "Mozilla/5.0 (compatible; SiteAuditBot/0.97; +http://www.semrush.com/bot.html)"
85.208.98.195 - - [16/Jul/2026:23:55:55 +0000] "GET /cart/ HTTP/1.1" 200 76603 "-" "Mozilla/5.0 (compatible; SiteAuditBot/0.97; +http://www.semrush.com/bot.html)"
85.208.98.195 - - [16/Jul/2026:23:55:56 +0000] "GET /vodka-onlayn-kazino-bonusy-i-akcii/ HTTP/1.1" 200 18057 "-" "Mozilla/5.0 (compatible; SiteAuditBot/0.97; +http://www.semrush.com/bot.html)"
194.39.149.53 - - [16/Jul/2026:23:55:58 +0000] "POST /wp-cron.php?doing_wp_cron=1784246158.1106989383697509765625 HTTP/1.1" 200 0 "-" "WordPress/7.0.1; https://keeloil.com"
85.208.98.195 - - [16/Jul/2026:23:55:57 +0000] "GET /my-account/ HTTP/1.1" 200 15625 "-" "Mozilla/5.0 (compatible; SiteAuditBot/0.97; +http://www.semrush.com/bot.html)"
85.208.98.195 - - [16/Jul/2026:23:55:58 +0000] "GET /shop/ HTTP/1.1" 200 17892 "-" "Mozilla/5.0 (compatible; SiteAuditBot/0.97; +http://www.semrush.com/bot.html)"
85.208.98.195 - - [16/Jul/2026:23:55:59 +0000] "GET /wp-content/plugins/woocommerce/assets/client/blocks/wc-blocks.css?ver=wc-9.1.2 HTTP/1.1" 200 2538 "-" "Mozilla/5.0 (compatible; SiteAuditBot/0.97; +http://www.semrush.com/bot.html)"
85.208.98.195 - - [16/Jul/2026:23:55:59 +0000] "GET /wp-content/plugins/contact-form-7/includes/css/styles.css?ver=5.9.7 HTTP/1.1" 200 1016 "-" "Mozilla/5.0 (compatible; SiteAuditBot/0.97; +http://www.semrush.com/bot.html)"
85.208.98.195 - - [16/Jul/2026:23:55:59 +0000] "GET /wp-content/plugins/woocommerce/assets/css/woocommerce-smallscreen.css?ver=9.1.2 HTTP/1.1" 200 1174 "-" "Mozilla/5.0 (compatible; SiteAuditBot/0.97; +http://www.semrush.com/bot.html)"
85.208.98.195 - - [16/Jul/2026:23:55:59 +0000] "GET /wp-content/plugins/yith-woocommerce-wishlist/assets/css/font-awesome.css?ver=4.7.0 HTTP/1.1" 200 6913 "-" "Mozilla/5.0 (compatible; SiteAuditBot/0.97; +http://www.semrush.com/bot.html)"
85.208.98.195 - - [16/Jul/2026:23:55:59 +0000] "GET /wp-content/plugins/woocommerce/assets/css/prettyPhoto.css?ver=3.1.6 HTTP/1.1" 200 1977 "-" "Mozilla/5.0 (compatible; SiteAuditBot/0.97; +http://www.semrush.com/bot.html)"
85.208.98.195 - - [16/Jul/2026:23:55:59 +0000] "GET /wp-content/plugins/yith-woocommerce-wishlist/assets/css/style.css?ver=3.36.0 HTTP/1.1" 200 4875 "-" "Mozilla/5.0 (compatible; SiteAuditBot/0.97; +http://www.semrush.com/bot.html)"
85.208.98.195 - - [16/Jul/2026:23:55:59 +0000] "GET /wp-content/themes/neve/assets/css/woocommerce.min.css?ver=3.8.9 HTTP/1.1" 200 6106 "-" "Mozilla/5.0 (compatible; SiteAuditBot/0.97; +http://www.semrush.com/bot.html)"
85.208.98.195 - - [16/Jul/2026:23:56:00 +0000] "GET /wp-content/themes/neve/style-main-new.min.css?ver=3.8.9 HTTP/1.1" 200 8448 "-" "Mozilla/5.0 (compatible; SiteAuditBot/0.97; +http://www.semrush.com/bot.html)"
85.208.98.195 - - [16/Jul/2026:23:56:01 +0000] "GET /wp-content/plugins/woocommerce/assets/css/woocommerce-layout.css?ver=9.1.2 HTTP/1.1" 200 2564 "-" "Mozilla/5.0 (compatible; SiteAuditBot/0.97; +http://www.semrush.com/bot.html)"
85.208.98.195 - - [16/Jul/2026:23:56:01 +0000] "GET /wp-content/plugins/elementskit-lite/modules/elementskit-icon-pack/assets/css/ekiticons.css?ver=3.2.1 HTTP/1.1" 200 13068 "-" "Mozilla/5.0 (compatible; SiteAuditBot/0.97; +http://www.semrush.com/bot.html)"
