66.249.68.168 - - [16/Jul/2026:17:27:03 +0000] "GET /shop.php?products/615082329 HTTP/1.1" 200 0 "-" "Mozilla/5.0 (Linux; Android 6.0.1; Nexus 5X Build/MMB29P) AppleWebKit/537.36 (KHTML, like Gecko) Chrome/150.0.7871.124 Mobile Safari/537.36 (compatible; Googlebot/2.1; +http://www.google.com/bot.html)"
57.141.0.34 - - [16/Jul/2026:17:27:11 +0000] "GET /detail/441355783 HTTP/2" 200 0 "-" "Mozilla/5.0 (Macintosh; Intel Mac OS X 10_15_7) AppleWebKit/537.36 (KHTML, like Gecko) Chrome/145.0.0.0 Safari/537.36 (compatible; meta-externalagent/1.1 (+https://developers.facebook.com/docs/sharing/webmasters/crawler))"
57.141.0.34 - - [16/Jul/2026:17:27:12 +0000] "GET /detail/15323299 HTTP/2" 200 0 "-" "Mozilla/5.0 (Macintosh; Intel Mac OS X 10_15_7) AppleWebKit/537.36 (KHTML, like Gecko) Chrome/145.0.0.0 Safari/537.36 (compatible; meta-externalagent/1.1 (+https://developers.facebook.com/docs/sharing/webmasters/crawler))"
66.249.68.167 - - [16/Jul/2026:17:27:22 +0000] "GET /shop.php?products/343857590 HTTP/1.1" 200 0 "-" "Mozilla/5.0 (Linux; Android 6.0.1; Nexus 5X Build/MMB29P) AppleWebKit/537.36 (KHTML, like Gecko) Chrome/150.0.7871.124 Mobile Safari/537.36 (compatible; Googlebot/2.1; +http://www.google.com/bot.html)"
57.141.0.6 - - [16/Jul/2026:17:27:32 +0000] "GET /detail/925973906 HTTP/2" 200 0 "-" "Mozilla/5.0 (Windows NT 10.0; Win64; x64) AppleWebKit/537.36 (KHTML, like Gecko) Chrome/145.0.0.0 Safari/537.36 (compatible; meta-externalagent/1.1 (+https://developers.facebook.com/docs/sharing/webmasters/crawler))"
57.141.0.22 - - [16/Jul/2026:17:27:34 +0000] "GET /detail/869317858 HTTP/2" 200 0 "-" "Mozilla/5.0 (Windows NT 10.0; Win64; x64) AppleWebKit/537.36 (KHTML, like Gecko) Chrome/145.0.0.0 Safari/537.36 (compatible; meta-externalagent/1.1 (+https://developers.facebook.com/docs/sharing/webmasters/crawler))"
57.141.0.51 - - [16/Jul/2026:17:27:39 +0000] "GET /detail/328437267 HTTP/2" 200 0 "-" "Mozilla/5.0 (Macintosh; Intel Mac OS X 10_15_7) AppleWebKit/537.36 (KHTML, like Gecko) Chrome/145.0.0.0 Safari/537.36 (compatible; meta-externalagent/1.1 (+https://developers.facebook.com/docs/sharing/webmasters/crawler))"
66.249.68.166 - - [16/Jul/2026:17:27:41 +0000] "GET /shop.php?products/61771935 HTTP/1.1" 200 0 "-" "Mozilla/5.0 (Linux; Android 6.0.1; Nexus 5X Build/MMB29P) AppleWebKit/537.36 (KHTML, like Gecko) Chrome/150.0.7871.124 Mobile Safari/537.36 (compatible; Googlebot/2.1; +http://www.google.com/bot.html)"
57.141.0.34 - - [16/Jul/2026:17:27:42 +0000] "GET /detail/86319522 HTTP/2" 200 0 "-" "Mozilla/5.0 (Windows NT 10.0; Win64; x64) AppleWebKit/537.36 (KHTML, like Gecko) Chrome/145.0.0.0 Safari/537.36 (compatible; meta-externalagent/1.1 (+https://developers.facebook.com/docs/sharing/webmasters/crawler))"
57.141.0.31 - - [16/Jul/2026:17:27:42 +0000] "GET /detail/467921136 HTTP/2" 200 0 "-" "Mozilla/5.0 (Windows NT 10.0; Win64; x64) AppleWebKit/537.36 (KHTML, like Gecko) Chrome/145.0.0.0 Safari/537.36 (compatible; meta-externalagent/1.1 (+https://developers.facebook.com/docs/sharing/webmasters/crawler))"
66.249.68.168 - - [16/Jul/2026:17:28:00 +0000] "GET /shop.php?products/480818153 HTTP/1.1" 200 0 "-" "Mozilla/5.0 (Linux; Android 6.0.1; Nexus 5X Build/MMB29P) AppleWebKit/537.36 (KHTML, like Gecko) Chrome/150.0.7871.124 Mobile Safari/537.36 (compatible; Googlebot/2.1; +http://www.google.com/bot.html)"
66.249.68.167 - - [16/Jul/2026:17:28:19 +0000] "GET /shop.php?products/541293466 HTTP/1.1" 200 0 "-" "Mozilla/5.0 (Linux; Android 6.0.1; Nexus 5X Build/MMB29P) AppleWebKit/537.36 (KHTML, like Gecko) Chrome/150.0.7871.124 Mobile Safari/537.36 (compatible; Googlebot/2.1; +http://www.google.com/bot.html)"
66.249.68.166 - - [16/Jul/2026:17:28:38 +0000] "GET /shop.php?products/98725097 HTTP/1.1" 200 0 "-" "Mozilla/5.0 (Linux; Android 6.0.1; Nexus 5X Build/MMB29P) AppleWebKit/537.36 (KHTML, like Gecko) Chrome/150.0.7871.124 Mobile Safari/537.36 (compatible; Googlebot/2.1; +http://www.google.com/bot.html)"
57.141.0.36 - - [16/Jul/2026:17:28:47 +0000] "GET /detail/376569481 HTTP/2" 200 0 "-" "Mozilla/5.0 (Windows NT 10.0; Win64; x64) AppleWebKit/537.36 (KHTML, like Gecko) Chrome/145.0.0.0 Safari/537.36 (compatible; meta-externalagent/1.1 (+https://developers.facebook.com/docs/sharing/webmasters/crawler))"
66.249.68.166 - - [16/Jul/2026:17:28:57 +0000] "GET /shop.php?products/611542931 HTTP/1.1" 200 0 "-" "Mozilla/5.0 (Linux; Android 6.0.1; Nexus 5X Build/MMB29P) AppleWebKit/537.36 (KHTML, like Gecko) Chrome/150.0.7871.124 Mobile Safari/537.36 (compatible; Googlebot/2.1; +http://www.google.com/bot.html)"
57.141.0.68 - - [16/Jul/2026:17:29:15 +0000] "GET /detail/890615710 HTTP/2" 200 0 "-" "Mozilla/5.0 (Macintosh; Intel Mac OS X 10_15_7) AppleWebKit/537.36 (KHTML, like Gecko) Chrome/145.0.0.0 Safari/537.36 (compatible; meta-externalagent/1.1 (+https://developers.facebook.com/docs/sharing/webmasters/crawler))"
66.249.68.167 - - [16/Jul/2026:17:29:16 +0000] "GET /goods.php?products/3111666 HTTP/1.1" 200 0 "-" "Mozilla/5.0 (Linux; Android 6.0.1; Nexus 5X Build/MMB29P) AppleWebKit/537.36 (KHTML, like Gecko) Chrome/150.0.7871.124 Mobile Safari/537.36 (compatible; Googlebot/2.1; +http://www.google.com/bot.html)"
66.249.68.166 - - [16/Jul/2026:17:29:35 +0000] "GET /goods.php?products/479609197 HTTP/1.1" 200 0 "-" "Mozilla/5.0 (Linux; Android 6.0.1; Nexus 5X Build/MMB29P) AppleWebKit/537.36 (KHTML, like Gecko) Chrome/150.0.7871.124 Mobile Safari/537.36 (compatible; Googlebot/2.1; +http://www.google.com/bot.html)"
57.141.0.23 - - [16/Jul/2026:17:29:47 +0000] "GET /detail/193136124 HTTP/2" 200 0 "-" "Mozilla/5.0 (Windows NT 10.0; Win64; x64) AppleWebKit/537.36 (KHTML, like Gecko) Chrome/145.0.0.0 Safari/537.36 (compatible; meta-externalagent/1.1 (+https://developers.facebook.com/docs/sharing/webmasters/crawler))"
66.249.68.166 - - [16/Jul/2026:17:29:54 +0000] "GET /shop.php?products/584075588 HTTP/1.1" 200 0 "-" "Mozilla/5.0 (Linux; Android 6.0.1; Nexus 5X Build/MMB29P) AppleWebKit/537.36 (KHTML, like Gecko) Chrome/150.0.7871.124 Mobile Safari/537.36 (compatible; Googlebot/2.1; +http://www.google.com/bot.html)"
57.141.0.7 - - [16/Jul/2026:17:30:05 +0000] "GET /detail/592715904 HTTP/2" 200 0 "-" "Mozilla/5.0 (Windows NT 10.0; Win64; x64) AppleWebKit/537.36 (KHTML, like Gecko) Chrome/145.0.0.0 Safari/537.36 (compatible; meta-externalagent/1.1 (+https://developers.facebook.com/docs/sharing/webmasters/crawler))"
57.141.0.62 - - [16/Jul/2026:17:30:06 +0000] "GET /detail/158458672 HTTP/2" 200 0 "-" "Mozilla/5.0 (Windows NT 10.0; Win64; x64) AppleWebKit/537.36 (KHTML, like Gecko) Chrome/144.0.0.0 Safari/537.36 Edg/144.0.0.0 (compatible; meta-externalagent/1.1 (+https://developers.facebook.com/docs/sharing/webmasters/crawler))"
66.249.68.168 - - [16/Jul/2026:17:30:13 +0000] "GET /goods.php?products/296133887 HTTP/1.1" 200 0 "-" "Mozilla/5.0 (Linux; Android 6.0.1; Nexus 5X Build/MMB29P) AppleWebKit/537.36 (KHTML, like Gecko) Chrome/150.0.7871.124 Mobile Safari/537.36 (compatible; Googlebot/2.1; +http://www.google.com/bot.html)"
57.141.0.68 - - [16/Jul/2026:17:30:31 +0000] "GET /detail/886415427 HTTP/2" 200 0 "-" "Mozilla/5.0 (Windows NT 10.0; Win64; x64) AppleWebKit/537.36 (KHTML, like Gecko) Chrome/145.0.0.0 Safari/537.36 (compatible; meta-externalagent/1.1 (+https://developers.facebook.com/docs/sharing/webmasters/crawler))"
66.249.68.167 - - [16/Jul/2026:17:30:32 +0000] "GET /goods.php?products/3206712 HTTP/1.1" 200 0 "-" "Mozilla/5.0 (Linux; Android 6.0.1; Nexus 5X Build/MMB29P) AppleWebKit/537.36 (KHTML, like Gecko) Chrome/150.0.7871.124 Mobile Safari/537.36 (compatible; Googlebot/2.1; +http://www.google.com/bot.html)"
66.249.68.166 - - [16/Jul/2026:17:30:51 +0000] "GET /detail/924395174 HTTP/1.1" 200 0 "-" "Mozilla/5.0 (Linux; Android 6.0.1; Nexus 5X Build/MMB29P) AppleWebKit/537.36 (KHTML, like Gecko) Chrome/150.0.7871.124 Mobile Safari/537.36 (compatible; Googlebot/2.1; +http://www.google.com/bot.html)"
57.141.0.69 - - [16/Jul/2026:17:31:06 +0000] "GET /detail/421823823 HTTP/2" 200 0 "-" "Mozilla/5.0 (Windows NT 10.0; Win64; x64) AppleWebKit/537.36 (KHTML, like Gecko) Chrome/145.0.0.0 Safari/537.36 (compatible; meta-externalagent/1.1 (+https://developers.facebook.com/docs/sharing/webmasters/crawler))"
66.249.68.166 - - [16/Jul/2026:17:31:10 +0000] "GET /goods.php?products/12884651 HTTP/1.1" 200 0 "-" "Mozilla/5.0 (Linux; Android 6.0.1; Nexus 5X Build/MMB29P) AppleWebKit/537.36 (KHTML, like Gecko) Chrome/150.0.7871.124 Mobile Safari/537.36 (compatible; Googlebot/2.1; +http://www.google.com/bot.html)"
57.141.0.16 - - [16/Jul/2026:17:31:28 +0000] "GET /detail/617158016 HTTP/2" 200 0 "-" "Mozilla/5.0 (X11; Linux x86_64) AppleWebKit/537.36 (KHTML, like Gecko) Chrome/145.0.0.0 Safari/537.36 (compatible; meta-externalagent/1.1 (+https://developers.facebook.com/docs/sharing/webmasters/crawler))"
66.249.68.166 - - [16/Jul/2026:17:31:29 +0000] "GET /goods.php?products/489231740 HTTP/1.1" 200 0 "-" "Mozilla/5.0 (Linux; Android 6.0.1; Nexus 5X Build/MMB29P) AppleWebKit/537.36 (KHTML, like Gecko) Chrome/150.0.7871.124 Mobile Safari/537.36 (compatible; Googlebot/2.1; +http://www.google.com/bot.html)"
57.141.0.48 - - [16/Jul/2026:17:31:32 +0000] "GET /detail/95606354 HTTP/2" 200 0 "-" "Mozilla/5.0 (Windows NT 10.0; Win64; x64) AppleWebKit/537.36 (KHTML, like Gecko) Chrome/145.0.0.0 Safari/537.36 (compatible; meta-externalagent/1.1 (+https://developers.facebook.com/docs/sharing/webmasters/crawler))"
66.249.68.166 - - [16/Jul/2026:17:31:48 +0000] "GET /goods.php?products/45269884 HTTP/1.1" 200 0 "-" "Mozilla/5.0 (Linux; Android 6.0.1; Nexus 5X Build/MMB29P) AppleWebKit/537.36 (KHTML, like Gecko) Chrome/150.0.7871.124 Mobile Safari/537.36 (compatible; Googlebot/2.1; +http://www.google.com/bot.html)"
66.249.68.167 - - [16/Jul/2026:17:32:07 +0000] "GET /shop.php?products/85613647 HTTP/1.1" 200 0 "-" "Mozilla/5.0 (Linux; Android 6.0.1; Nexus 5X Build/MMB29P) AppleWebKit/537.36 (KHTML, like Gecko) Chrome/150.0.7871.124 Mobile Safari/537.36 (compatible; Googlebot/2.1; +http://www.google.com/bot.html)"
66.249.68.166 - - [16/Jul/2026:17:32:26 +0000] "GET /shop.php?products/83218436 HTTP/1.1" 200 0 "-" "Mozilla/5.0 (Linux; Android 6.0.1; Nexus 5X Build/MMB29P) AppleWebKit/537.36 (KHTML, like Gecko) Chrome/150.0.7871.124 Mobile Safari/537.36 (compatible; Googlebot/2.1; +http://www.google.com/bot.html)"
57.141.0.11 - - [16/Jul/2026:17:32:34 +0000] "GET /detail/424384584 HTTP/2" 200 0 "-" "Mozilla/5.0 (Windows NT 10.0; Win64; x64) AppleWebKit/537.36 (KHTML, like Gecko) Chrome/145.0.0.0 Safari/537.36 (compatible; meta-externalagent/1.1 (+https://developers.facebook.com/docs/sharing/webmasters/crawler))"
66.249.68.166 - - [16/Jul/2026:17:32:45 +0000] "GET /goods.php?products/4976980 HTTP/1.1" 200 0 "-" "Mozilla/5.0 (Linux; Android 6.0.1; Nexus 5X Build/MMB29P) AppleWebKit/537.36 (KHTML, like Gecko) Chrome/150.0.7871.124 Mobile Safari/537.36 (compatible; Googlebot/2.1; +http://www.google.com/bot.html)"
57.141.0.8 - - [16/Jul/2026:17:32:57 +0000] "GET /detail/838567180 HTTP/2" 200 0 "-" "Mozilla/5.0 (X11; Linux x86_64) AppleWebKit/537.36 (KHTML, like Gecko) Chrome/145.0.0.0 Safari/537.36 (compatible; meta-externalagent/1.1 (+https://developers.facebook.com/docs/sharing/webmasters/crawler))"
57.141.0.26 - - [16/Jul/2026:17:32:59 +0000] "GET /detail/799665669 HTTP/2" 200 0 "-" "Mozilla/5.0 (Windows NT 10.0; Win64; x64) AppleWebKit/537.36 (KHTML, like Gecko) Chrome/145.0.0.0 Safari/537.36 (compatible; meta-externalagent/1.1 (+https://developers.facebook.com/docs/sharing/webmasters/crawler))"
57.141.0.3 - - [16/Jul/2026:17:32:59 +0000] "GET /2026/02/09/quels-sont-les-principaux-moyens-de-contact-avec-sugar-casino/ HTTP/2" 200 0 "-" "Mozilla/5.0 (Windows NT 10.0; Win64; x64) AppleWebKit/537.36 (KHTML, like Gecko) Chrome/145.0.0.0 Safari/537.36 (compatible; meta-externalagent/1.1 (+https://developers.facebook.com/docs/sharing/webmasters/crawler))"
66.249.68.168 - - [16/Jul/2026:17:33:17 +0000] "GET /shop.php?products/562884928 HTTP/1.1" 200 0 "-" "Mozilla/5.0 (Linux; Android 6.0.1; Nexus 5X Build/MMB29P) AppleWebKit/537.36 (KHTML, like Gecko) Chrome/150.0.7871.124 Mobile Safari/537.36 (compatible; Googlebot/2.1; +http://www.google.com/bot.html)"
66.249.68.167 - - [16/Jul/2026:17:33:31 +0000] "GET /detail/263185111 HTTP/1.1" 200 0 "-" "Mozilla/5.0 (Linux; Android 6.0.1; Nexus 5X Build/MMB29P) AppleWebKit/537.36 (KHTML, like Gecko) Chrome/150.0.7871.124 Mobile Safari/537.36 (compatible; Googlebot/2.1; +http://www.google.com/bot.html)"
66.249.68.166 - - [16/Jul/2026:17:33:31 +0000] "GET /shop.php?products/75748971 HTTP/1.1" 200 0 "-" "Mozilla/5.0 (Linux; Android 6.0.1; Nexus 5X Build/MMB29P) AppleWebKit/537.36 (KHTML, like Gecko) Chrome/150.0.7871.124 Mobile Safari/537.36 (compatible; Googlebot/2.1; +http://www.google.com/bot.html)"
57.141.0.48 - - [16/Jul/2026:17:33:34 +0000] "GET /detail/758837333 HTTP/2" 200 0 "-" "Mozilla/5.0 (Windows NT 10.0; Win64; x64) AppleWebKit/537.36 (KHTML, like Gecko) Chrome/145.0.0.0 Safari/537.36 (compatible; meta-externalagent/1.1 (+https://developers.facebook.com/docs/sharing/webmasters/crawler))"
66.249.68.166 - - [16/Jul/2026:17:33:42 +0000] "GET /goods.php?products/61483744 HTTP/1.1" 200 0 "-" "Mozilla/5.0 (Linux; Android 6.0.1; Nexus 5X Build/MMB29P) AppleWebKit/537.36 (KHTML, like Gecko) Chrome/150.0.7871.124 Mobile Safari/537.36 (compatible; Googlebot/2.1; +http://www.google.com/bot.html)"
57.141.0.50 - - [16/Jul/2026:17:33:50 +0000] "GET /detail/381407340 HTTP/2" 200 0 "-" "Mozilla/5.0 (Windows NT 10.0; Win64; x64) AppleWebKit/537.36 (KHTML, like Gecko) Chrome/145.0.0.0 Safari/537.36 (compatible; meta-externalagent/1.1 (+https://developers.facebook.com/docs/sharing/webmasters/crawler))"
57.141.0.50 - - [16/Jul/2026:17:33:52 +0000] "GET /detail/857553425 HTTP/2" 200 0 "-" "Mozilla/5.0 (Windows NT 10.0; Win64; x64) AppleWebKit/537.36 (KHTML, like Gecko) Chrome/145.0.0.0 Safari/537.36 (compatible; meta-externalagent/1.1 (+https://developers.facebook.com/docs/sharing/webmasters/crawler))"
66.249.68.168 - - [16/Jul/2026:17:34:01 +0000] "GET /shop.php?products/408330849 HTTP/1.1" 200 0 "-" "Mozilla/5.0 (Linux; Android 6.0.1; Nexus 5X Build/MMB29P) AppleWebKit/537.36 (KHTML, like Gecko) Chrome/150.0.7871.124 Mobile Safari/537.36 (compatible; Googlebot/2.1; +http://www.google.com/bot.html)"
66.249.68.167 - - [16/Jul/2026:17:34:05 +0000] "GET /detail/257477400 HTTP/1.1" 200 0 "-" "Mozilla/5.0 (Linux; Android 6.0.1; Nexus 5X Build/MMB29P) AppleWebKit/537.36 (KHTML, like Gecko) Chrome/150.0.7871.124 Mobile Safari/537.36 (compatible; Googlebot/2.1; +http://www.google.com/bot.html)"
66.249.68.166 - - [16/Jul/2026:17:34:21 +0000] "GET /shop.php?products/3592930 HTTP/1.1" 200 0 "-" "Mozilla/5.0 (Linux; Android 6.0.1; Nexus 5X Build/MMB29P) AppleWebKit/537.36 (KHTML, like Gecko) Chrome/150.0.7871.124 Mobile Safari/537.36 (compatible; Googlebot/2.1; +http://www.google.com/bot.html)"
57.141.0.6 - - [16/Jul/2026:17:34:39 +0000] "GET /detail/954267298 HTTP/2" 200 0 "-" "Mozilla/5.0 (Windows NT 10.0; Win64; x64) AppleWebKit/537.36 (KHTML, like Gecko) Chrome/145.0.0.0 Safari/537.36 (compatible; meta-externalagent/1.1 (+https://developers.facebook.com/docs/sharing/webmasters/crawler))"
66.249.68.166 - - [16/Jul/2026:17:34:40 +0000] "GET /goods.php?products/2049471 HTTP/1.1" 200 0 "-" "Mozilla/5.0 (Linux; Android 6.0.1; Nexus 5X Build/MMB29P) AppleWebKit/537.36 (KHTML, like Gecko) Chrome/150.0.7871.124 Mobile Safari/537.36 (compatible; Googlebot/2.1; +http://www.google.com/bot.html)"
66.249.68.166 - - [16/Jul/2026:17:34:59 +0000] "GET /shop.php?products/8980976 HTTP/1.1" 200 0 "-" "Mozilla/5.0 (Linux; Android 6.0.1; Nexus 5X Build/MMB29P) AppleWebKit/537.36 (KHTML, like Gecko) Chrome/150.0.7871.124 Mobile Safari/537.36 (compatible; Googlebot/2.1; +http://www.google.com/bot.html)"
57.141.0.27 - - [16/Jul/2026:17:35:07 +0000] "GET /detail/794570786 HTTP/2" 200 0 "-" "Mozilla/5.0 (Windows NT 10.0; Win64; x64) AppleWebKit/537.36 (KHTML, like Gecko) Chrome/145.0.0.0 Safari/537.36 (compatible; meta-externalagent/1.1 (+https://developers.facebook.com/docs/sharing/webmasters/crawler))"
57.141.0.44 - - [16/Jul/2026:17:35:18 +0000] "GET /detail/465171474 HTTP/2" 200 0 "-" "Mozilla/5.0 (Windows NT 10.0; Win64; x64) AppleWebKit/537.36 (KHTML, like Gecko) Chrome/145.0.0.0 Safari/537.36 (compatible; meta-externalagent/1.1 (+https://developers.facebook.com/docs/sharing/webmasters/crawler))"
66.249.68.166 - - [16/Jul/2026:17:35:18 +0000] "GET /shop.php?products/397687632 HTTP/1.1" 200 0 "-" "Mozilla/5.0 (Linux; Android 6.0.1; Nexus 5X Build/MMB29P) AppleWebKit/537.36 (KHTML, like Gecko) Chrome/150.0.7871.124 Mobile Safari/537.36 (compatible; Googlebot/2.1; +http://www.google.com/bot.html)"
66.249.68.166 - - [16/Jul/2026:17:35:43 +0000] "GET /detail/505616832 HTTP/1.1" 200 0 "-" "Mozilla/5.0 (Linux; Android 6.0.1; Nexus 5X Build/MMB29P) AppleWebKit/537.36 (KHTML, like Gecko) Chrome/150.0.7871.124 Mobile Safari/537.36 (compatible; Googlebot/2.1; +http://www.google.com/bot.html)"
57.141.0.44 - - [16/Jul/2026:17:36:04 +0000] "GET /detail/842653967 HTTP/2" 200 0 "-" "Mozilla/5.0 (Macintosh; Intel Mac OS X 10_15_7) AppleWebKit/537.36 (KHTML, like Gecko) Chrome/145.0.0.0 Safari/537.36 (compatible; meta-externalagent/1.1 (+https://developers.facebook.com/docs/sharing/webmasters/crawler))"
66.249.68.168 - - [16/Jul/2026:17:36:12 +0000] "GET /goods.php?products/678357290 HTTP/1.1" 200 0 "-" "Mozilla/5.0 (Linux; Android 6.0.1; Nexus 5X Build/MMB29P) AppleWebKit/537.36 (KHTML, like Gecko) Chrome/150.0.7871.124 Mobile Safari/537.36 (compatible; Googlebot/2.1; +http://www.google.com/bot.html)"
57.141.0.17 - - [16/Jul/2026:17:36:16 +0000] "GET /detail/956193378 HTTP/2" 200 0 "-" "Mozilla/5.0 (Windows NT 10.0; Win64; x64) AppleWebKit/537.36 (KHTML, like Gecko) Chrome/145.0.0.0 Safari/537.36 Edg/145.0.0.0 (compatible; meta-externalagent/1.1 (+https://developers.facebook.com/docs/sharing/webmasters/crawler))"
57.141.0.3 - - [16/Jul/2026:17:36:21 +0000] "GET /detail/750651499 HTTP/2" 200 0 "-" "Mozilla/5.0 (Windows NT 10.0; Win64; x64) AppleWebKit/537.36 (KHTML, like Gecko) Chrome/145.0.0.0 Safari/537.36 (compatible; meta-externalagent/1.1 (+https://developers.facebook.com/docs/sharing/webmasters/crawler))"
57.141.0.39 - - [16/Jul/2026:17:36:28 +0000] "GET /detail/732425408 HTTP/2" 200 0 "-" "Mozilla/5.0 (Windows NT 10.0; Win64; x64) AppleWebKit/537.36 (KHTML, like Gecko) Chrome/145.0.0.0 Safari/537.36 (compatible; meta-externalagent/1.1 (+https://developers.facebook.com/docs/sharing/webmasters/crawler))"
57.141.0.68 - - [16/Jul/2026:17:36:37 +0000] "GET /detail/614450319 HTTP/2" 200 0 "-" "Mozilla/5.0 (Macintosh; Intel Mac OS X 10_15_7) AppleWebKit/537.36 (KHTML, like Gecko) Chrome/145.0.0.0 Safari/537.36 (compatible; meta-externalagent/1.1 (+https://developers.facebook.com/docs/sharing/webmasters/crawler))"
57.141.0.18 - - [16/Jul/2026:17:36:39 +0000] "GET /detail/30999950 HTTP/2" 200 0 "-" "Mozilla/5.0 (Macintosh; Intel Mac OS X 10_15_7) AppleWebKit/537.36 (KHTML, like Gecko) Chrome/145.0.0.0 Safari/537.36 (compatible; meta-externalagent/1.1 (+https://developers.facebook.com/docs/sharing/webmasters/crawler))"
57.141.0.44 - - [16/Jul/2026:17:36:40 +0000] "GET /detail/73423131 HTTP/2" 200 0 "-" "Mozilla/5.0 (Windows NT 10.0; Win64; x64) AppleWebKit/537.36 (KHTML, like Gecko) Chrome/145.0.0.0 Safari/537.36 (compatible; meta-externalagent/1.1 (+https://developers.facebook.com/docs/sharing/webmasters/crawler))"
57.141.0.50 - - [16/Jul/2026:17:36:45 +0000] "GET /detail/256393624 HTTP/2" 200 0 "-" "Mozilla/5.0 (Windows NT 10.0; Win64; x64) AppleWebKit/537.36 (KHTML, like Gecko) Chrome/145.0.0.0 Safari/537.36 (compatible; meta-externalagent/1.1 (+https://developers.facebook.com/docs/sharing/webmasters/crawler))"
66.249.68.167 - - [16/Jul/2026:17:36:45 +0000] "GET /shop.php?products/278390455 HTTP/1.1" 200 0 "-" "Mozilla/5.0 (Linux; Android 6.0.1; Nexus 5X Build/MMB29P) AppleWebKit/537.36 (KHTML, like Gecko) Chrome/150.0.7871.124 Mobile Safari/537.36 (compatible; Googlebot/2.1; +http://www.google.com/bot.html)"
66.249.68.166 - - [16/Jul/2026:17:36:59 +0000] "GET /shop.php?products/2524891 HTTP/1.1" 200 0 "-" "Mozilla/5.0 (Linux; Android 6.0.1; Nexus 5X Build/MMB29P) AppleWebKit/537.36 (KHTML, like Gecko) Chrome/150.0.7871.124 Mobile Safari/537.36 (compatible; Googlebot/2.1; +http://www.google.com/bot.html)"
57.141.0.32 - - [16/Jul/2026:17:37:05 +0000] "GET /detail/91021728 HTTP/2" 200 0 "-" "Mozilla/5.0 (Windows NT 10.0; Win64; x64) AppleWebKit/537.36 (KHTML, like Gecko) Chrome/145.0.0.0 Safari/537.36 (compatible; meta-externalagent/1.1 (+https://developers.facebook.com/docs/sharing/webmasters/crawler))"
66.249.68.168 - - [16/Jul/2026:17:37:13 +0000] "GET /shop.php?products/1800116 HTTP/1.1" 200 0 "-" "Mozilla/5.0 (Linux; Android 6.0.1; Nexus 5X Build/MMB29P) AppleWebKit/537.36 (KHTML, like Gecko) Chrome/150.0.7871.124 Mobile Safari/537.36 (compatible; Googlebot/2.1; +http://www.google.com/bot.html)"
57.141.0.39 - - [16/Jul/2026:17:37:30 +0000] "GET /detail/657937952 HTTP/2" 200 0 "-" "Mozilla/5.0 (Macintosh; Intel Mac OS X 10_15_7) AppleWebKit/537.36 (KHTML, like Gecko) Chrome/145.0.0.0 Safari/537.36 (compatible; meta-externalagent/1.1 (+https://developers.facebook.com/docs/sharing/webmasters/crawler))"
66.249.68.167 - - [16/Jul/2026:17:37:41 +0000] "GET /goods.php?products/531531393 HTTP/1.1" 200 0 "-" "Mozilla/5.0 (Linux; Android 6.0.1; Nexus 5X Build/MMB29P) AppleWebKit/537.36 (KHTML, like Gecko) Chrome/150.0.7871.124 Mobile Safari/537.36 (compatible; Googlebot/2.1; +http://www.google.com/bot.html)"
66.249.68.166 - - [16/Jul/2026:17:37:41 +0000] "GET /shop.php?products/5108388 HTTP/1.1" 200 0 "-" "Mozilla/5.0 (Linux; Android 6.0.1; Nexus 5X Build/MMB29P) AppleWebKit/537.36 (KHTML, like Gecko) Chrome/150.0.7871.124 Mobile Safari/537.36 (compatible; Googlebot/2.1; +http://www.google.com/bot.html)"
57.141.0.44 - - [16/Jul/2026:17:37:47 +0000] "GET /detail/190518997 HTTP/2" 200 0 "-" "Mozilla/5.0 (Windows NT 10.0; Win64; x64) AppleWebKit/537.36 (KHTML, like Gecko) Chrome/145.0.0.0 Safari/537.36 (compatible; meta-externalagent/1.1 (+https://developers.facebook.com/docs/sharing/webmasters/crawler))"
66.249.68.166 - - [16/Jul/2026:17:37:55 +0000] "GET /shop.php?products/8675863 HTTP/1.1" 200 0 "-" "Mozilla/5.0 (Linux; Android 6.0.1; Nexus 5X Build/MMB29P) AppleWebKit/537.36 (KHTML, like Gecko) Chrome/150.0.7871.124 Mobile Safari/537.36 (compatible; Googlebot/2.1; +http://www.google.com/bot.html)"
66.249.68.167 - - [16/Jul/2026:17:38:02 +0000] "GET /shop.php?products/237515398 HTTP/1.1" 200 0 "-" "Mozilla/5.0 (Linux; Android 6.0.1; Nexus 5X Build/MMB29P) AppleWebKit/537.36 (KHTML, like Gecko) Chrome/150.0.7871.124 Mobile Safari/537.36 (compatible; Googlebot/2.1; +http://www.google.com/bot.html)"
66.249.68.167 - - [16/Jul/2026:17:38:11 +0000] "GET /shop.php?products/9013004 HTTP/1.1" 200 0 "-" "Mozilla/5.0 (Linux; Android 6.0.1; Nexus 5X Build/MMB29P) AppleWebKit/537.36 (KHTML, like Gecko) Chrome/150.0.7871.124 Mobile Safari/537.36 (compatible; Googlebot/2.1; +http://www.google.com/bot.html)"
57.141.0.39 - - [16/Jul/2026:17:38:22 +0000] "GET /detail/427457343 HTTP/2" 200 0 "-" "Mozilla/5.0 (Macintosh; Intel Mac OS X 10_15_7) AppleWebKit/537.36 (KHTML, like Gecko) Chrome/145.0.0.0 Safari/537.36 (compatible; meta-externalagent/1.1 (+https://developers.facebook.com/docs/sharing/webmasters/crawler))"
66.249.68.166 - - [16/Jul/2026:17:38:44 +0000] "GET /shop.php?products/3288941 HTTP/1.1" 200 0 "-" "Mozilla/5.0 (Linux; Android 6.0.1; Nexus 5X Build/MMB29P) AppleWebKit/537.36 (KHTML, like Gecko) Chrome/150.0.7871.124 Mobile Safari/537.36 (compatible; Googlebot/2.1; +http://www.google.com/bot.html)"
66.249.68.166 - - [16/Jul/2026:17:38:44 +0000] "GET /goods.php?products/90889620 HTTP/1.1" 200 0 "-" "Mozilla/5.0 (Linux; Android 6.0.1; Nexus 5X Build/MMB29P) AppleWebKit/537.36 (KHTML, like Gecko) Chrome/150.0.7871.124 Mobile Safari/537.36 (compatible; Googlebot/2.1; +http://www.google.com/bot.html)"
66.249.68.166 - - [16/Jul/2026:17:38:55 +0000] "GET /shop.php?products/9320668 HTTP/1.1" 200 0 "-" "Mozilla/5.0 (Linux; Android 6.0.1; Nexus 5X Build/MMB29P) AppleWebKit/537.36 (KHTML, like Gecko) Chrome/150.0.7871.124 Mobile Safari/537.36 (compatible; Googlebot/2.1; +http://www.google.com/bot.html)"
66.249.68.167 - - [16/Jul/2026:17:39:06 +0000] "GET /shop.php?products/72525370 HTTP/1.1" 200 0 "-" "Mozilla/5.0 (Linux; Android 6.0.1; Nexus 5X Build/MMB29P) AppleWebKit/537.36 (KHTML, like Gecko) Chrome/150.0.7871.124 Mobile Safari/537.36 (compatible; Googlebot/2.1; +http://www.google.com/bot.html)"
66.249.68.166 - - [16/Jul/2026:17:39:19 +0000] "GET /shop.php?products/16068705 HTTP/1.1" 200 0 "-" "Mozilla/5.0 (Linux; Android 6.0.1; Nexus 5X Build/MMB29P) AppleWebKit/537.36 (KHTML, like Gecko) Chrome/150.0.7871.124 Mobile Safari/537.36 (compatible; Googlebot/2.1; +http://www.google.com/bot.html)"
66.249.68.168 - - [16/Jul/2026:17:39:54 +0000] "GET /goods.php?products/4108420 HTTP/1.1" 200 0 "-" "Mozilla/5.0 (Linux; Android 6.0.1; Nexus 5X Build/MMB29P) AppleWebKit/537.36 (KHTML, like Gecko) Chrome/150.0.7871.124 Mobile Safari/537.36 (compatible; Googlebot/2.1; +http://www.google.com/bot.html)"
57.141.0.20 - - [16/Jul/2026:17:39:56 +0000] "GET /detail/765804582 HTTP/2" 200 0 "-" "Mozilla/5.0 (Windows NT 10.0; Win64; x64) AppleWebKit/537.36 (KHTML, like Gecko) Chrome/145.0.0.0 Safari/537.36 (compatible; meta-externalagent/1.1 (+https://developers.facebook.com/docs/sharing/webmasters/crawler))"
66.249.68.167 - - [16/Jul/2026:17:40:05 +0000] "GET /goods.php?products/13106816 HTTP/1.1" 200 0 "-" "Mozilla/5.0 (Linux; Android 6.0.1; Nexus 5X Build/MMB29P) AppleWebKit/537.36 (KHTML, like Gecko) Chrome/150.0.7871.124 Mobile Safari/537.36 (compatible; Googlebot/2.1; +http://www.google.com/bot.html)"
57.141.0.27 - - [16/Jul/2026:17:40:14 +0000] "GET /detail/482092695 HTTP/2" 200 0 "-" "Mozilla/5.0 (Windows NT 10.0; Win64; x64) AppleWebKit/537.36 (KHTML, like Gecko) Chrome/145.0.0.0 Safari/537.36 (compatible; meta-externalagent/1.1 (+https://developers.facebook.com/docs/sharing/webmasters/crawler))"
66.249.68.166 - - [16/Jul/2026:17:40:16 +0000] "GET /goods.php?products/40098091 HTTP/1.1" 200 0 "-" "Mozilla/5.0 (Linux; Android 6.0.1; Nexus 5X Build/MMB29P) AppleWebKit/537.36 (KHTML, like Gecko) Chrome/150.0.7871.124 Mobile Safari/537.36 (compatible; Googlebot/2.1; +http://www.google.com/bot.html)"
57.141.0.13 - - [16/Jul/2026:17:40:17 +0000] "GET /detail/290231068 HTTP/2" 200 0 "-" "Mozilla/5.0 (X11; Linux x86_64) AppleWebKit/537.36 (KHTML, like Gecko) Chrome/145.0.0.0 Safari/537.36 (compatible; meta-externalagent/1.1 (+https://developers.facebook.com/docs/sharing/webmasters/crawler))"
57.141.0.18 - - [16/Jul/2026:17:40:44 +0000] "GET /detail/572589346 HTTP/2" 200 0 "-" "Mozilla/5.0 (Macintosh; Intel Mac OS X 10_15_7) AppleWebKit/537.36 (KHTML, like Gecko) Chrome/145.0.0.0 Safari/537.36 (compatible; meta-externalagent/1.1 (+https://developers.facebook.com/docs/sharing/webmasters/crawler))"
57.141.0.71 - - [16/Jul/2026:17:40:47 +0000] "GET /detail/619885835 HTTP/2" 200 0 "-" "Mozilla/5.0 (Macintosh; Intel Mac OS X 10_15_7) AppleWebKit/537.36 (KHTML, like Gecko) Chrome/145.0.0.0 Safari/537.36 (compatible; meta-externalagent/1.1 (+https://developers.facebook.com/docs/sharing/webmasters/crawler))"
66.249.68.166 - - [16/Jul/2026:17:40:49 +0000] "GET /goods.php?products/45972612 HTTP/1.1" 200 0 "-" "Mozilla/5.0 (Linux; Android 6.0.1; Nexus 5X Build/MMB29P) AppleWebKit/537.36 (KHTML, like Gecko) Chrome/150.0.7871.124 Mobile Safari/537.36 (compatible; Googlebot/2.1; +http://www.google.com/bot.html)"
57.141.0.23 - - [16/Jul/2026:17:41:01 +0000] "GET /detail/672295236 HTTP/2" 200 0 "-" "Mozilla/5.0 (Windows NT 10.0; Win64; x64) AppleWebKit/537.36 (KHTML, like Gecko) Chrome/145.0.0.0 Safari/537.36 (compatible; meta-externalagent/1.1 (+https://developers.facebook.com/docs/sharing/webmasters/crawler))"
66.249.68.168 - - [16/Jul/2026:17:41:01 +0000] "GET /goods.php?products/436696334 HTTP/1.1" 200 0 "-" "Mozilla/5.0 (Linux; Android 6.0.1; Nexus 5X Build/MMB29P) AppleWebKit/537.36 (KHTML, like Gecko) Chrome/150.0.7871.124 Mobile Safari/537.36 (compatible; Googlebot/2.1; +http://www.google.com/bot.html)"
66.249.68.166 - - [16/Jul/2026:17:41:12 +0000] "GET /goods.php?products/57649954 HTTP/1.1" 200 0 "-" "Mozilla/5.0 (Linux; Android 6.0.1; Nexus 5X Build/MMB29P) AppleWebKit/537.36 (KHTML, like Gecko) Chrome/150.0.7871.124 Mobile Safari/537.36 (compatible; Googlebot/2.1; +http://www.google.com/bot.html)"
66.249.68.166 - - [16/Jul/2026:17:41:23 +0000] "GET /goods.php?products/297678918 HTTP/1.1" 200 0 "-" "Mozilla/5.0 (Linux; Android 6.0.1; Nexus 5X Build/MMB29P) AppleWebKit/537.36 (KHTML, like Gecko) Chrome/150.0.7871.124 Mobile Safari/537.36 (compatible; Googlebot/2.1; +http://www.google.com/bot.html)"
66.249.68.166 - - [16/Jul/2026:17:41:23 +0000] "GET /goods.php?products/612222774 HTTP/1.1" 200 0 "-" "Mozilla/5.0 (Linux; Android 6.0.1; Nexus 5X Build/MMB29P) AppleWebKit/537.36 (KHTML, like Gecko) Chrome/150.0.7871.124 Mobile Safari/537.36 (compatible; Googlebot/2.1; +http://www.google.com/bot.html)"
57.141.0.24 - - [16/Jul/2026:17:41:33 +0000] "GET /detail/801467272 HTTP/2" 200 0 "-" "Mozilla/5.0 (Windows NT 10.0; Win64; x64) AppleWebKit/537.36 (KHTML, like Gecko) Chrome/145.0.0.0 Safari/537.36 (compatible; meta-externalagent/1.1 (+https://developers.facebook.com/docs/sharing/webmasters/crawler))"
66.249.68.166 - - [16/Jul/2026:17:41:59 +0000] "GET /goods.php?products/409642677 HTTP/1.1" 200 0 "-" "Mozilla/5.0 (Linux; Android 6.0.1; Nexus 5X Build/MMB29P) AppleWebKit/537.36 (KHTML, like Gecko) Chrome/150.0.7871.124 Mobile Safari/537.36 (compatible; Googlebot/2.1; +http://www.google.com/bot.html)"
66.249.68.166 - - [16/Jul/2026:17:42:00 +0000] "GET /goods.php?products/5267603 HTTP/1.1" 200 0 "-" "Mozilla/5.0 (Linux; Android 6.0.1; Nexus 5X Build/MMB29P) AppleWebKit/537.36 (KHTML, like Gecko) Chrome/150.0.7871.124 Mobile Safari/537.36 (compatible; Googlebot/2.1; +http://www.google.com/bot.html)"
66.249.68.166 - - [16/Jul/2026:17:42:06 +0000] "GET /goods.php?products/91116943 HTTP/1.1" 200 0 "-" "Mozilla/5.0 (Linux; Android 6.0.1; Nexus 5X Build/MMB29P) AppleWebKit/537.36 (KHTML, like Gecko) Chrome/150.0.7871.124 Mobile Safari/537.36 (compatible; Googlebot/2.1; +http://www.google.com/bot.html)"
66.249.68.166 - - [16/Jul/2026:17:42:16 +0000] "GET /goods.php?products/25651549 HTTP/1.1" 200 0 "-" "Mozilla/5.0 (Linux; Android 6.0.1; Nexus 5X Build/MMB29P) AppleWebKit/537.36 (KHTML, like Gecko) Chrome/150.0.7871.124 Mobile Safari/537.36 (compatible; Googlebot/2.1; +http://www.google.com/bot.html)"
20.226.26.5 - - [16/Jul/2026:17:42:23 +0000] "GET /wp-content/plugins/hellopress/wp_filemanager.php HTTP/1.1" 401 36 "-" "-"
20.226.26.5 - - [16/Jul/2026:17:42:23 +0000] "GET /this_is_a_new_hello_world.php HTTP/1.1" 401 36 "-" "-"
20.226.26.5 - - [16/Jul/2026:17:42:24 +0000] "GET /wp-der.php HTTP/1.1" 401 36 "-" "-"
20.226.26.5 - - [16/Jul/2026:17:42:24 +0000] "GET /wp-slss.php HTTP/1.1" 401 36 "-" "-"
20.226.26.5 - - [16/Jul/2026:17:42:24 +0000] "GET /min.php HTTP/1.1" 401 36 "-" "-"
20.226.26.5 - - [16/Jul/2026:17:42:25 +0000] "GET /wp-thi.php HTTP/1.1" 401 36 "-" "-"
20.226.26.5 - - [16/Jul/2026:17:42:25 +0000] "GET /noe.php HTTP/1.1" 401 36 "-" "-"
20.226.26.5 - - [16/Jul/2026:17:42:25 +0000] "GET /wp-file.php HTTP/1.1" 401 36 "-" "-"
20.226.26.5 - - [16/Jul/2026:17:42:26 +0000] "GET /edit-tags.php HTTP/1.1" 401 36 "-" "-"
20.226.26.5 - - [16/Jul/2026:17:42:26 +0000] "GET /wp-b0rk5oy.php HTTP/1.1" 401 36 "-" "-"
20.226.26.5 - - [16/Jul/2026:17:42:26 +0000] "GET /bless24.php HTTP/1.1" 401 36 "-" "-"
20.226.26.5 - - [16/Jul/2026:17:42:26 +0000] "GET /punah.php HTTP/1.1" 401 36 "-" "-"
20.226.26.5 - - [16/Jul/2026:17:42:27 +0000] "GET /min.php HTTP/1.1" 401 36 "-" "-"
20.226.26.5 - - [16/Jul/2026:17:42:27 +0000] "GET /dass.php HTTP/1.1" 401 36 "-" "-"
20.226.26.5 - - [16/Jul/2026:17:42:27 +0000] "GET /wander.php HTTP/1.1" 401 36 "-" "-"
20.226.26.5 - - [16/Jul/2026:17:42:28 +0000] "GET /cc13.php HTTP/1.1" 401 36 "-" "-"
20.226.26.5 - - [16/Jul/2026:17:42:28 +0000] "GET /des.php HTTP/1.1" 401 36 "-" "-"
20.226.26.5 - - [16/Jul/2026:17:42:28 +0000] "GET /avcqlevnbk.php HTTP/1.1" 401 36 "-" "-"
20.226.26.5 - - [16/Jul/2026:17:42:29 +0000] "GET /wp-ppoxua4.php HTTP/1.1" 401 36 "-" "-"
20.226.26.5 - - [16/Jul/2026:17:42:29 +0000] "GET /drykl.php HTTP/1.1" 401 36 "-" "-"
20.226.26.5 - - [16/Jul/2026:17:42:29 +0000] "GET /f35.php HTTP/1.1" 401 36 "-" "-"
20.226.26.5 - - [16/Jul/2026:17:42:30 +0000] "GET /wp-link-szoppm.php HTTP/1.1" 401 36 "-" "-"
20.226.26.5 - - [16/Jul/2026:17:42:30 +0000] "GET /x.php HTTP/1.1" 401 36 "-" "-"
20.226.26.5 - - [16/Jul/2026:17:42:30 +0000] "GET /xa.php HTTP/1.1" 401 36 "-" "-"
20.226.26.5 - - [16/Jul/2026:17:42:30 +0000] "GET /ms-edit.php HTTP/1.1" 401 36 "-" "-"
20.226.26.5 - - [16/Jul/2026:17:42:31 +0000] "GET /as.php HTTP/1.1" 401 36 "-" "-"
66.249.68.169 - - [16/Jul/2026:17:42:31 +0000] "GET /goods.php?products/11006038 HTTP/1.1" 200 0 "-" "Mozilla/5.0 (Linux; Android 6.0.1; Nexus 5X Build/MMB29P) AppleWebKit/537.36 (KHTML, like Gecko) Chrome/150.0.7871.124 Mobile Safari/537.36 (compatible; Googlebot/2.1; +http://www.google.com/bot.html)"
20.226.26.5 - - [16/Jul/2026:17:42:31 +0000] "GET /wen.php HTTP/1.1" 401 36 "-" "-"
66.249.68.167 - - [16/Jul/2026:17:42:31 +0000] "GET /shop.php?products/14762841 HTTP/1.1" 200 0 "-" "Mozilla/5.0 (Linux; Android 6.0.1; Nexus 5X Build/MMB29P) AppleWebKit/537.36 (KHTML, like Gecko) Chrome/150.0.7871.124 Mobile Safari/537.36 (compatible; Googlebot/2.1; +http://www.google.com/bot.html)"
20.226.26.5 - - [16/Jul/2026:17:42:31 +0000] "GET /dex.php HTTP/1.1" 401 36 "-" "-"
20.226.26.5 - - [16/Jul/2026:17:42:32 +0000] "GET /f.php HTTP/1.1" 401 36 "-" "-"
20.226.26.5 - - [16/Jul/2026:17:42:32 +0000] "GET /shell.php HTTP/1.1" 401 36 "-" "-"
20.226.26.5 - - [16/Jul/2026:17:42:32 +0000] "GET /333.php HTTP/1.1" 401 36 "-" "-"
20.226.26.5 - - [16/Jul/2026:17:42:33 +0000] "GET /a4.php HTTP/1.1" 401 36 "-" "-"
20.226.26.5 - - [16/Jul/2026:17:42:33 +0000] "GET /wp-the.php HTTP/1.1" 401 36 "-" "-"
20.226.26.5 - - [16/Jul/2026:17:42:33 +0000] "GET /classwithtostring.php HTTP/1.1" 401 36 "-" "-"
20.226.26.5 - - [16/Jul/2026:17:42:34 +0000] "GET /fun.php HTTP/1.1" 401 36 "-" "-"
20.226.26.5 - - [16/Jul/2026:17:42:34 +0000] "GET /wp-content/languages/index.php HTTP/1.1" 401 36 "-" "-"
20.226.26.5 - - [16/Jul/2026:17:42:34 +0000] "GET /file.php HTTP/1.1" 401 36 "-" "-"
20.226.26.5 - - [16/Jul/2026:17:42:34 +0000] "GET /pass4.php HTTP/1.1" 401 36 "-" "-"
20.226.26.5 - - [16/Jul/2026:17:42:35 +0000] "GET /666.php HTTP/1.1" 401 36 "-" "-"
20.226.26.5 - - [16/Jul/2026:17:42:35 +0000] "GET /wp-access.php HTTP/1.1" 401 36 "-" "-"
20.226.26.5 - - [16/Jul/2026:17:42:35 +0000] "GET /jj.php HTTP/1.1" 401 36 "-" "-"
20.226.26.5 - - [16/Jul/2026:17:42:36 +0000] "GET /wp-x7.php HTTP/1.1" 401 36 "-" "-"
20.226.26.5 - - [16/Jul/2026:17:42:36 +0000] "GET /wpxml.php HTTP/1.1" 401 36 "-" "-"
20.226.26.5 - - [16/Jul/2026:17:42:36 +0000] "GET /inputs.php HTTP/1.1" 401 36 "-" "-"
20.226.26.5 - - [16/Jul/2026:17:42:37 +0000] "GET /file4.php HTTP/1.1" 401 36 "-" "-"
20.226.26.5 - - [16/Jul/2026:17:42:37 +0000] "GET /wp-firewall.php HTTP/1.1" 401 36 "-" "-"
20.226.26.5 - - [16/Jul/2026:17:42:37 +0000] "GET /data.php HTTP/1.1" 401 36 "-" "-"
20.226.26.5 - - [16/Jul/2026:17:42:38 +0000] "GET /wp-wpbak.php HTTP/1.1" 401 36 "-" "-"
20.226.26.5 - - [16/Jul/2026:17:42:38 +0000] "GET /002.php HTTP/1.1" 401 36 "-" "-"
20.226.26.5 - - [16/Jul/2026:17:42:38 +0000] "GET /class-t.api.php HTTP/1.1" 401 36 "-" "-"
20.226.26.5 - - [16/Jul/2026:17:42:39 +0000] "GET /file5.php HTTP/1.1" 401 36 "-" "-"
20.226.26.5 - - [16/Jul/2026:17:42:39 +0000] "GET /cache.php HTTP/1.1" 401 36 "-" "-"
20.226.26.5 - - [16/Jul/2026:17:42:39 +0000] "GET /error.php HTTP/1.1" 401 36 "-" "-"
20.226.26.5 - - [16/Jul/2026:17:42:39 +0000] "GET /wp-content/themes/about.php HTTP/1.1" 401 36 "-" "-"
20.226.26.5 - - [16/Jul/2026:17:42:40 +0000] "GET /wp-conflg.php HTTP/1.1" 401 36 "-" "-"
20.226.26.5 - - [16/Jul/2026:17:42:40 +0000] "GET /f35.php HTTP/1.1" 401 36 "-" "-"
20.226.26.5 - - [16/Jul/2026:17:42:40 +0000] "GET /test.php HTTP/1.1" 401 36 "-" "-"
20.226.26.5 - - [16/Jul/2026:17:42:41 +0000] "GET /plugins.php HTTP/1.1" 401 36 "-" "-"
20.226.26.5 - - [16/Jul/2026:17:42:41 +0000] "GET /wp-signup.php HTTP/1.1" 401 36 "-" "-"
20.226.26.5 - - [16/Jul/2026:17:42:41 +0000] "GET /la.php HTTP/1.1" 401 36 "-" "-"
20.226.26.5 - - [16/Jul/2026:17:42:42 +0000] "GET /yas.php HTTP/1.1" 401 36 "-" "-"
20.226.26.5 - - [16/Jul/2026:17:42:42 +0000] "GET /system.php HTTP/1.1" 401 36 "-" "-"
20.226.26.5 - - [16/Jul/2026:17:42:42 +0000] "GET /wp-fileesx-449.php HTTP/1.1" 401 36 "-" "-"
20.226.26.5 - - [16/Jul/2026:17:42:43 +0000] "GET /wp-good.php HTTP/1.1" 401 36 "-" "-"
20.226.26.5 - - [16/Jul/2026:17:42:43 +0000] "GET /shx.php HTTP/1.1" 401 36 "-" "-"
66.249.68.163 - - [16/Jul/2026:17:42:43 +0000] "GET /shop.php?products/13429736 HTTP/1.1" 200 0 "-" "Mozilla/5.0 (Linux; Android 6.0.1; Nexus 5X Build/MMB29P) AppleWebKit/537.36 (KHTML, like Gecko) Chrome/150.0.7871.124 Mobile Safari/537.36 (compatible; Googlebot/2.1; +http://www.google.com/bot.html)"
20.226.26.5 - - [16/Jul/2026:17:42:43 +0000] "GET /dropdown.php HTTP/1.1" 401 36 "-" "-"
20.226.26.5 - - [16/Jul/2026:17:42:43 +0000] "GET /revealability.php HTTP/1.1" 401 36 "-" "-"
20.226.26.5 - - [16/Jul/2026:17:42:44 +0000] "GET /wp.php HTTP/1.1" 401 36 "-" "-"
20.226.26.5 - - [16/Jul/2026:17:42:44 +0000] "GET /wp-wz.php HTTP/1.1" 401 36 "-" "-"
20.226.26.5 - - [16/Jul/2026:17:42:44 +0000] "GET /06.php HTTP/1.1" 401 36 "-" "-"
20.226.26.5 - - [16/Jul/2026:17:42:45 +0000] "GET /chomu.php HTTP/1.1" 401 36 "-" "-"
20.226.26.5 - - [16/Jul/2026:17:42:45 +0000] "GET /ff.php HTTP/1.1" 401 36 "-" "-"
20.226.26.5 - - [16/Jul/2026:17:42:45 +0000] "GET /xex.php HTTP/1.1" 401 36 "-" "-"
20.226.26.5 - - [16/Jul/2026:17:42:46 +0000] "GET /wp-sing.php HTTP/1.1" 401 36 "-" "-"
20.226.26.5 - - [16/Jul/2026:17:42:46 +0000] "GET /txets.php HTTP/1.1" 401 36 "-" "-"
20.226.26.5 - - [16/Jul/2026:17:42:46 +0000] "GET /xml.php HTTP/1.1" 401 36 "-" "-"
20.226.26.5 - - [16/Jul/2026:17:42:47 +0000] "GET /bgymj.php HTTP/1.1" 401 36 "-" "-"
20.226.26.5 - - [16/Jul/2026:17:42:47 +0000] "GET /t.php HTTP/1.1" 401 36 "-" "-"
20.226.26.5 - - [16/Jul/2026:17:42:47 +0000] "GET /wp.php HTTP/1.1" 401 36 "-" "-"
20.226.26.5 - - [16/Jul/2026:17:42:48 +0000] "GET /mini.php HTTP/1.1" 401 36 "-" "-"
20.226.26.5 - - [16/Jul/2026:17:42:48 +0000] "GET /19.php HTTP/1.1" 401 36 "-" "-"
20.226.26.5 - - [16/Jul/2026:17:42:48 +0000] "GET /db.php HTTP/1.1" 401 36 "-" "-"
20.226.26.5 - - [16/Jul/2026:17:42:48 +0000] "GET /wmore1.php HTTP/1.1" 401 36 "-" "-"
20.226.26.5 - - [16/Jul/2026:17:42:49 +0000] "GET /amax.php HTTP/1.1" 401 36 "-" "-"
20.226.26.5 - - [16/Jul/2026:17:42:49 +0000] "GET /wp-admin/index.php HTTP/1.1" 401 36 "-" "-"
20.226.26.5 - - [16/Jul/2026:17:42:49 +0000] "GET /b.php HTTP/1.1" 401 36 "-" "-"
20.226.26.5 - - [16/Jul/2026:17:42:50 +0000] "GET /8.php HTTP/1.1" 401 36 "-" "-"
20.226.26.5 - - [16/Jul/2026:17:42:50 +0000] "GET /wp-is.php HTTP/1.1" 401 36 "-" "-"
20.226.26.5 - - [16/Jul/2026:17:42:50 +0000] "GET /wp-rss2.php HTTP/1.1" 401 36 "-" "-"
20.226.26.5 - - [16/Jul/2026:17:42:51 +0000] "GET /yanz.php HTTP/1.1" 401 36 "-" "-"
20.226.26.5 - - [16/Jul/2026:17:42:51 +0000] "GET /term.php HTTP/1.1" 401 36 "-" "-"
20.226.26.5 - - [16/Jul/2026:17:42:51 +0000] "GET /wp-block.php HTTP/1.1" 401 36 "-" "-"
20.226.26.5 - - [16/Jul/2026:17:42:52 +0000] "GET /file88.php HTTP/1.1" 401 36 "-" "-"
20.226.26.5 - - [16/Jul/2026:17:42:52 +0000] "GET /wp-content/uploads/admin.php HTTP/1.1" 401 36 "-" "-"
20.226.26.5 - - [16/Jul/2026:17:42:52 +0000] "GET /sid3.php HTTP/1.1" 401 36 "-" "-"
20.226.26.5 - - [16/Jul/2026:17:42:53 +0000] "GET /wp-blink.php HTTP/1.1" 401 36 "-" "-"
20.226.26.5 - - [16/Jul/2026:17:42:53 +0000] "GET /i.php HTTP/1.1" 401 36 "-" "-"
20.226.26.5 - - [16/Jul/2026:17:42:53 +0000] "GET /wp-admin/zoko.php HTTP/1.1" 401 36 "-" "-"
20.226.26.5 - - [16/Jul/2026:17:42:53 +0000] "GET /wp-tivate.php HTTP/1.1" 401 36 "-" "-"
20.226.26.5 - - [16/Jul/2026:17:42:54 +0000] "GET /samll.php HTTP/1.1" 401 36 "-" "-"
20.226.26.5 - - [16/Jul/2026:17:42:54 +0000] "GET /new.php HTTP/1.1" 401 36 "-" "-"
20.226.26.5 - - [16/Jul/2026:17:42:54 +0000] "GET /lp6.php HTTP/1.1" 401 36 "-" "-"
20.226.26.5 - - [16/Jul/2026:17:42:55 +0000] "GET /dex.php HTTP/1.1" 401 36 "-" "-"
20.226.26.5 - - [16/Jul/2026:17:42:55 +0000] "GET /wp-term.php HTTP/1.1" 401 36 "-" "-"
20.226.26.5 - - [16/Jul/2026:17:42:55 +0000] "GET /wp-xx.php HTTP/1.1" 401 36 "-" "-"
20.226.26.5 - - [16/Jul/2026:17:42:56 +0000] "GET /cilus.php HTTP/1.1" 401 36 "-" "-"
20.226.26.5 - - [16/Jul/2026:17:42:56 +0000] "GET /ccou.php HTTP/1.1" 401 36 "-" "-"
20.226.26.5 - - [16/Jul/2026:17:42:56 +0000] "GET /edit.php HTTP/1.1" 401 36 "-" "-"
66.249.68.70 - - [16/Jul/2026:17:42:56 +0000] "GET /goods.php?products/60356302 HTTP/1.1" 200 0 "-" "Mozilla/5.0 (Linux; Android 6.0.1; Nexus 5X Build/MMB29P) AppleWebKit/537.36 (KHTML, like Gecko) Chrome/150.0.7871.124 Mobile Safari/537.36 (compatible; Googlebot/2.1; +http://www.google.com/bot.html)"
20.226.26.5 - - [16/Jul/2026:17:42:57 +0000] "GET /shell20211028.php HTTP/1.1" 401 36 "-" "-"
20.226.26.5 - - [16/Jul/2026:17:42:57 +0000] "GET /ccc.php HTTP/1.1" 401 36 "-" "-"
20.226.26.5 - - [16/Jul/2026:17:42:57 +0000] "GET /wp-links-opml.php HTTP/1.1" 401 36 "-" "-"
20.226.26.5 - - [16/Jul/2026:17:42:57 +0000] "GET /atkno.php HTTP/1.1" 401 36 "-" "-"
20.226.26.5 - - [16/Jul/2026:17:42:58 +0000] "GET /1.php HTTP/1.1" 401 36 "-" "-"
20.226.26.5 - - [16/Jul/2026:17:42:58 +0000] "GET /sql.php HTTP/1.1" 401 36 "-" "-"
20.226.26.5 - - [16/Jul/2026:17:42:58 +0000] "GET /xxx.php HTTP/1.1" 401 36 "-" "-"
20.226.26.5 - - [16/Jul/2026:17:42:59 +0000] "GET /shell.php HTTP/1.1" 401 36 "-" "-"
20.226.26.5 - - [16/Jul/2026:17:42:59 +0000] "GET /r.php HTTP/1.1" 401 36 "-" "-"
57.141.0.69 - - [16/Jul/2026:17:42:59 +0000] "GET /detail/47366200 HTTP/2" 200 0 "-" "Mozilla/5.0 (Macintosh; Intel Mac OS X 10_15_7) AppleWebKit/537.36 (KHTML, like Gecko) Chrome/145.0.0.0 Safari/537.36 (compatible; meta-externalagent/1.1 (+https://developers.facebook.com/docs/sharing/webmasters/crawler))"
20.226.26.5 - - [16/Jul/2026:17:42:59 +0000] "GET /wso.php HTTP/1.1" 401 36 "-" "-"
20.226.26.5 - - [16/Jul/2026:17:43:00 +0000] "GET /wp-ws68.php HTTP/1.1" 401 36 "-" "-"
20.226.26.5 - - [16/Jul/2026:17:43:00 +0000] "GET /x.php HTTP/1.1" 401 36 "-" "-"
20.226.26.5 - - [16/Jul/2026:17:43:00 +0000] "GET /v2.php HTTP/1.1" 401 36 "-" "-"
57.141.0.6 - - [16/Jul/2026:17:43:00 +0000] "GET /detail/436101167 HTTP/2" 200 0 "-" "Mozilla/5.0 (Windows NT 10.0; Win64; x64) AppleWebKit/537.36 (KHTML, like Gecko) Chrome/145.0.0.0 Safari/537.36 Edg/145.0.0.0 (compatible; meta-externalagent/1.1 (+https://developers.facebook.com/docs/sharing/webmasters/crawler))"
20.226.26.5 - - [16/Jul/2026:17:43:01 +0000] "GET /atomlib.php HTTP/1.1" 401 36 "-" "-"
20.226.26.5 - - [16/Jul/2026:17:43:01 +0000] "GET /wp-ver.php HTTP/1.1" 401 36 "-" "-"
20.226.26.5 - - [16/Jul/2026:17:43:01 +0000] "GET /z.php HTTP/1.1" 401 36 "-" "-"
20.226.26.5 - - [16/Jul/2026:17:43:01 +0000] "GET /thoms.php HTTP/1.1" 401 36 "-" "-"
20.226.26.5 - - [16/Jul/2026:17:43:02 +0000] "GET /bthil.php HTTP/1.1" 401 36 "-" "-"
20.226.26.5 - - [16/Jul/2026:17:43:02 +0000] "GET /crgio.php HTTP/1.1" 401 36 "-" "-"
20.226.26.5 - - [16/Jul/2026:17:43:02 +0000] "GET /file11.php HTTP/1.1" 401 36 "-" "-"
57.141.0.38 - - [16/Jul/2026:17:43:09 +0000] "GET /detail/729648988 HTTP/2" 200 0 "-" "Mozilla/5.0 (Macintosh; Intel Mac OS X 10_15_7) AppleWebKit/537.36 (KHTML, like Gecko) Chrome/145.0.0.0 Safari/537.36 (compatible; meta-externalagent/1.1 (+https://developers.facebook.com/docs/sharing/webmasters/crawler))"
66.249.79.34 - - [16/Jul/2026:17:43:10 +0000] "GET /shop.php?products/7059910 HTTP/1.1" 200 0 "-" "Mozilla/5.0 (Linux; Android 6.0.1; Nexus 5X Build/MMB29P) AppleWebKit/537.36 (KHTML, like Gecko) Chrome/150.0.7871.124 Mobile Safari/537.36 (compatible; Googlebot/2.1; +http://www.google.com/bot.html)"
66.249.79.167 - - [16/Jul/2026:17:43:24 +0000] "GET /goods.php?products/1952849 HTTP/1.1" 200 0 "-" "Mozilla/5.0 (Linux; Android 6.0.1; Nexus 5X Build/MMB29P) AppleWebKit/537.36 (KHTML, like Gecko) Chrome/150.0.7871.124 Mobile Safari/537.36 (compatible; Googlebot/2.1; +http://www.google.com/bot.html)"
66.249.68.162 - - [16/Jul/2026:17:43:44 +0000] "GET /goods.php?products/9798762 HTTP/1.1" 200 0 "-" "Mozilla/5.0 (Linux; Android 6.0.1; Nexus 5X Build/MMB29P) AppleWebKit/537.36 (KHTML, like Gecko) Chrome/150.0.7871.124 Mobile Safari/537.36 (compatible; Googlebot/2.1; +http://www.google.com/bot.html)"
66.249.68.161 - - [16/Jul/2026:17:43:53 +0000] "GET /shop.php?products/33528753 HTTP/1.1" 200 0 "-" "Mozilla/5.0 (Linux; Android 6.0.1; Nexus 5X Build/MMB29P) AppleWebKit/537.36 (KHTML, like Gecko) Chrome/150.0.7871.124 Mobile Safari/537.36 (compatible; Googlebot/2.1; +http://www.google.com/bot.html)"
66.249.68.164 - - [16/Jul/2026:17:43:53 +0000] "GET /shop.php?products/553106840 HTTP/1.1" 200 0 "-" "Mozilla/5.0 (Linux; Android 6.0.1; Nexus 5X Build/MMB29P) AppleWebKit/537.36 (KHTML, like Gecko) Chrome/150.0.7871.124 Mobile Safari/537.36 (compatible; Googlebot/2.1; +http://www.google.com/bot.html)"
66.249.68.165 - - [16/Jul/2026:17:43:55 +0000] "GET /goods.php?products/4578316 HTTP/1.1" 200 0 "-" "Mozilla/5.0 (Linux; Android 6.0.1; Nexus 5X Build/MMB29P) AppleWebKit/537.36 (KHTML, like Gecko) Chrome/150.0.7871.124 Mobile Safari/537.36 (compatible; Googlebot/2.1; +http://www.google.com/bot.html)"
57.141.0.34 - - [16/Jul/2026:17:44:01 +0000] "GET /detail/832677012 HTTP/2" 200 0 "-" "Mozilla/5.0 (Macintosh; Intel Mac OS X 10_15_7) AppleWebKit/537.36 (KHTML, like Gecko) Chrome/145.0.0.0 Safari/537.36 (compatible; meta-externalagent/1.1 (+https://developers.facebook.com/docs/sharing/webmasters/crawler))"
66.249.68.165 - - [16/Jul/2026:17:44:01 +0000] "GET /goods.php?products/401898542 HTTP/1.1" 200 0 "-" "Mozilla/5.0 (Linux; Android 6.0.1; Nexus 5X Build/MMB29P) AppleWebKit/537.36 (KHTML, like Gecko) Chrome/150.0.7871.124 Mobile Safari/537.36 (compatible; Googlebot/2.1; +http://www.google.com/bot.html)"
66.249.68.167 - - [16/Jul/2026:17:44:05 +0000] "GET /goods.php?products/8080001 HTTP/1.1" 200 0 "-" "Mozilla/5.0 (Linux; Android 6.0.1; Nexus 5X Build/MMB29P) AppleWebKit/537.36 (KHTML, like Gecko) Chrome/150.0.7871.124 Mobile Safari/537.36 (compatible; Googlebot/2.1; +http://www.google.com/bot.html)"
57.141.0.8 - - [16/Jul/2026:17:44:20 +0000] "GET /detail/233383502 HTTP/2" 200 0 "-" "Mozilla/5.0 (Macintosh; Intel Mac OS X 10_15_7) AppleWebKit/537.36 (KHTML, like Gecko) Chrome/145.0.0.0 Safari/537.36 (compatible; meta-externalagent/1.1 (+https://developers.facebook.com/docs/sharing/webmasters/crawler))"
66.249.79.7 - - [16/Jul/2026:17:44:27 +0000] "GET /goods.php?products/297198782 HTTP/1.1" 200 0 "-" "Mozilla/5.0 (Linux; Android 6.0.1; Nexus 5X Build/MMB29P) AppleWebKit/537.36 (KHTML, like Gecko) Chrome/150.0.7871.124 Mobile Safari/537.36 (compatible; Googlebot/2.1; +http://www.google.com/bot.html)"
57.141.0.54 - - [16/Jul/2026:17:44:32 +0000] "GET /detail/205995416 HTTP/2" 200 0 "-" "Mozilla/5.0 (Windows NT 10.0; Win64; x64) AppleWebKit/537.36 (KHTML, like Gecko) Chrome/145.0.0.0 Safari/537.36 (compatible; meta-externalagent/1.1 (+https://developers.facebook.com/docs/sharing/webmasters/crawler))"
66.249.79.7 - - [16/Jul/2026:17:44:38 +0000] "GET /shop.php?products/6658997 HTTP/1.1" 200 0 "-" "Mozilla/5.0 (Linux; Android 6.0.1; Nexus 5X Build/MMB29P) AppleWebKit/537.36 (KHTML, like Gecko) Chrome/150.0.7871.124 Mobile Safari/537.36 (compatible; Googlebot/2.1; +http://www.google.com/bot.html)"
57.141.0.16 - - [16/Jul/2026:17:44:45 +0000] "GET /detail/740133303 HTTP/2" 200 0 "-" "Mozilla/5.0 (X11; Linux x86_64) AppleWebKit/537.36 (KHTML, like Gecko) Chrome/145.0.0.0 Safari/537.36 (compatible; meta-externalagent/1.1 (+https://developers.facebook.com/docs/sharing/webmasters/crawler))"
66.249.68.165 - - [16/Jul/2026:17:44:48 +0000] "GET /shop.php?products/71878489 HTTP/1.1" 200 0 "-" "Mozilla/5.0 (Linux; Android 6.0.1; Nexus 5X Build/MMB29P) AppleWebKit/537.36 (KHTML, like Gecko) Chrome/150.0.7871.124 Mobile Safari/537.36 (compatible; Googlebot/2.1; +http://www.google.com/bot.html)"
66.249.68.166 - - [16/Jul/2026:17:45:06 +0000] "GET /shop.php?products/9047928 HTTP/1.1" 200 0 "-" "Mozilla/5.0 (Linux; Android 6.0.1; Nexus 5X Build/MMB29P) AppleWebKit/537.36 (KHTML, like Gecko) Chrome/150.0.7871.124 Mobile Safari/537.36 (compatible; Googlebot/2.1; +http://www.google.com/bot.html)"
66.249.68.166 - - [16/Jul/2026:17:45:17 +0000] "GET /shop.php?products/372401989 HTTP/1.1" 200 0 "-" "Mozilla/5.0 (Linux; Android 6.0.1; Nexus 5X Build/MMB29P) AppleWebKit/537.36 (KHTML, like Gecko) Chrome/150.0.7871.124 Mobile Safari/537.36 (compatible; Googlebot/2.1; +http://www.google.com/bot.html)"
57.141.0.68 - - [16/Jul/2026:17:45:22 +0000] "GET /detail/633029766 HTTP/2" 200 0 "-" "Mozilla/5.0 (Windows NT 10.0; Win64; x64) AppleWebKit/537.36 (KHTML, like Gecko) Chrome/145.0.0.0 Safari/537.36 (compatible; meta-externalagent/1.1 (+https://developers.facebook.com/docs/sharing/webmasters/crawler))"
66.249.68.166 - - [16/Jul/2026:17:45:27 +0000] "GET /detail/569710231 HTTP/1.1" 200 0 "-" "Mozilla/5.0 (Linux; Android 6.0.1; Nexus 5X Build/MMB29P) AppleWebKit/537.36 (KHTML, like Gecko) Chrome/150.0.7871.124 Mobile Safari/537.36 (compatible; Googlebot/2.1; +http://www.google.com/bot.html)"
