20.220.62.78 - - [17/Jul/2026:01:52:36 +0000] "GET /class-t.api.php HTTP/1.1" 401 36 "-" "-"
20.220.62.78 - - [17/Jul/2026:01:52:37 +0000] "GET /iQps3ldefault.php HTTP/1.1" 401 36 "-" "-"
20.220.62.78 - - [17/Jul/2026:01:52:37 +0000] "GET /SrHD3odefault.php HTTP/1.1" 401 36 "-" "-"
20.220.62.78 - - [17/Jul/2026:01:52:37 +0000] "GET /solo1.php HTTP/1.1" 401 36 "-" "-"
20.220.62.78 - - [17/Jul/2026:01:52:37 +0000] "GET /shadow.php HTTP/1.1" 401 36 "-" "-"
20.220.62.78 - - [17/Jul/2026:01:52:37 +0000] "GET /root.php HTTP/1.1" 401 36 "-" "-"
20.220.62.78 - - [17/Jul/2026:01:52:37 +0000] "GET /xxa.php HTTP/1.1" 401 36 "-" "-"
20.220.62.78 - - [17/Jul/2026:01:52:37 +0000] "GET /wp-head.php HTTP/1.1" 401 36 "-" "-"
20.220.62.78 - - [17/Jul/2026:01:52:38 +0000] "GET /class.php HTTP/1.1" 401 36 "-" "-"
20.220.62.78 - - [17/Jul/2026:01:52:38 +0000] "GET /Sfn2kmdefault.php HTTP/1.1" 401 36 "-" "-"
20.220.62.78 - - [17/Jul/2026:01:52:38 +0000] "GET /public/wp-ws68.php HTTP/1.1" 401 36 "-" "-"
20.220.62.78 - - [17/Jul/2026:01:52:38 +0000] "GET /miru1.php HTTP/1.1" 401 36 "-" "-"
20.220.62.78 - - [17/Jul/2026:01:52:38 +0000] "GET /link.php HTTP/1.1" 401 36 "-" "-"
20.220.62.78 - - [17/Jul/2026:01:52:38 +0000] "GET /iKScdefault.php HTTP/1.1" 401 36 "-" "-"
20.220.62.78 - - [17/Jul/2026:01:52:38 +0000] "GET /2P.update.php HTTP/1.1" 401 36 "-" "-"
20.220.62.78 - - [17/Jul/2026:01:52:38 +0000] "GET /faze.php HTTP/1.1" 401 36 "-" "-"
20.220.62.78 - - [17/Jul/2026:01:52:39 +0000] "GET /green1.php HTTP/1.1" 401 36 "-" "-"
20.220.62.78 - - [17/Jul/2026:01:52:39 +0000] "GET /w.php HTTP/1.1" 401 36 "-" "-"
20.220.62.78 - - [17/Jul/2026:01:52:39 +0000] "GET /aa.php HTTP/1.1" 401 36 "-" "-"
20.220.62.78 - - [17/Jul/2026:01:52:39 +0000] "GET /cream1.php HTTP/1.1" 401 36 "-" "-"
20.220.62.78 - - [17/Jul/2026:01:52:39 +0000] "GET /002.php HTTP/1.1" 401 36 "-" "-"
20.220.62.78 - - [17/Jul/2026:01:52:39 +0000] "GET /wp3.php HTTP/1.1" 401 36 "-" "-"
20.220.62.78 - - [17/Jul/2026:01:52:39 +0000] "GET /133.php HTTP/1.1" 401 36 "-" "-"
20.220.62.78 - - [17/Jul/2026:01:52:39 +0000] "GET /sixxis.php HTTP/1.1" 401 36 "-" "-"
20.220.62.78 - - [17/Jul/2026:01:52:39 +0000] "GET /nine2code.php HTTP/1.1" 401 36 "-" "-"
20.220.62.78 - - [17/Jul/2026:01:52:40 +0000] "GET /db.php HTTP/1.1" 401 36 "-" "-"
20.220.62.78 - - [17/Jul/2026:01:52:40 +0000] "GET /sd.php HTTP/1.1" 401 36 "-" "-"
20.220.62.78 - - [17/Jul/2026:01:52:40 +0000] "GET /bless11.php HTTP/1.1" 401 36 "-" "-"
20.220.62.78 - - [17/Jul/2026:01:52:40 +0000] "GET /2P.php HTTP/1.1" 401 36 "-" "-"
20.220.62.78 - - [17/Jul/2026:01:52:40 +0000] "GET /ctex1.php HTTP/1.1" 401 36 "-" "-"
57.141.0.50 - - [17/Jul/2026:01:52:40 +0000] "GET /detail/565305559 HTTP/2" 200 0 "-" "Mozilla/5.0 (X11; Linux x86_64) AppleWebKit/537.36 (KHTML, like Gecko) Chrome/145.0.0.0 Safari/537.36 (compatible; meta-externalagent/1.1 (+https://developers.facebook.com/docs/sharing/webmasters/crawler))"
20.220.62.78 - - [17/Jul/2026:01:52:40 +0000] "GET /vanzari/-/BDKR28.php HTTP/1.1" 401 36 "-" "-"
20.220.62.78 - - [17/Jul/2026:01:52:40 +0000] "GET /gm.php HTTP/1.1" 401 36 "-" "-"
20.220.62.78 - - [17/Jul/2026:01:52:40 +0000] "GET /file.php HTTP/1.1" 401 36 "-" "-"
20.220.62.78 - - [17/Jul/2026:01:52:41 +0000] "GET /file5.php HTTP/1.1" 401 36 "-" "-"
20.220.62.78 - - [17/Jul/2026:01:52:41 +0000] "GET /kj.php HTTP/1.1" 401 36 "-" "-"
20.220.62.78 - - [17/Jul/2026:01:52:41 +0000] "GET /mh.php HTTP/1.1" 401 36 "-" "-"
20.220.62.78 - - [17/Jul/2026:01:52:41 +0000] "GET /wp-blog.php HTTP/1.1" 401 36 "-" "-"
20.220.62.78 - - [17/Jul/2026:01:52:41 +0000] "GET /wp-home.php HTTP/1.1" 401 36 "-" "-"
20.220.62.78 - - [17/Jul/2026:01:52:41 +0000] "GET /ws77.php HTTP/1.1" 401 36 "-" "-"
20.220.62.78 - - [17/Jul/2026:01:52:41 +0000] "GET /lala.php HTTP/1.1" 401 36 "-" "-"
20.220.62.78 - - [17/Jul/2026:01:52:41 +0000] "GET /sid3.php HTTP/1.1" 401 36 "-" "-"
20.220.62.78 - - [17/Jul/2026:01:52:42 +0000] "GET /wen.php HTTP/1.1" 401 36 "-" "-"
20.220.62.78 - - [17/Jul/2026:01:52:42 +0000] "GET /222.php HTTP/1.1" 401 36 "-" "-"
20.220.62.78 - - [17/Jul/2026:01:52:42 +0000] "GET /bgymj.php HTTP/1.1" 401 36 "-" "-"
20.220.62.78 - - [17/Jul/2026:01:52:42 +0000] "GET /155.php HTTP/1.1" 401 36 "-" "-"
20.220.62.78 - - [17/Jul/2026:01:52:42 +0000] "GET /wp-admin/css/bolt.php HTTP/1.1" 401 36 "-" "-"
20.220.62.78 - - [17/Jul/2026:01:52:42 +0000] "GET /wper.php HTTP/1.1" 401 36 "-" "-"
20.220.62.78 - - [17/Jul/2026:01:52:42 +0000] "GET /wp-png.php HTTP/1.1" 401 36 "-" "-"
20.220.62.78 - - [17/Jul/2026:01:52:42 +0000] "GET /cx.php HTTP/1.1" 401 36 "-" "-"
20.220.62.78 - - [17/Jul/2026:01:52:43 +0000] "GET /tool.php HTTP/1.1" 401 36 "-" "-"
20.220.62.78 - - [17/Jul/2026:01:52:43 +0000] "GET /inputs.php HTTP/1.1" 401 36 "-" "-"
20.220.62.78 - - [17/Jul/2026:01:52:43 +0000] "GET /bolt.php HTTP/1.1" 401 36 "-" "-"
20.220.62.78 - - [17/Jul/2026:01:52:43 +0000] "GET /ws83.php HTTP/1.1" 401 36 "-" "-"
20.220.62.78 - - [17/Jul/2026:01:52:43 +0000] "GET /menu.php HTTP/1.1" 401 36 "-" "-"
20.220.62.78 - - [17/Jul/2026:01:52:43 +0000] "GET /b.php HTTP/1.1" 401 36 "-" "-"
20.220.62.78 - - [17/Jul/2026:01:52:43 +0000] "GET /edit.php HTTP/1.1" 401 36 "-" "-"
20.220.62.78 - - [17/Jul/2026:01:52:43 +0000] "GET /wp-blogs.php HTTP/1.1" 401 36 "-" "-"
20.220.62.78 - - [17/Jul/2026:01:52:43 +0000] "GET /term.php HTTP/1.1" 401 36 "-" "-"
20.220.62.78 - - [17/Jul/2026:01:52:44 +0000] "GET /jp.php HTTP/1.1" 401 36 "-" "-"
20.220.62.78 - - [17/Jul/2026:01:52:44 +0000] "GET /ws75.php HTTP/1.1" 401 36 "-" "-"
20.220.62.78 - - [17/Jul/2026:01:52:44 +0000] "GET /asasx.php HTTP/1.1" 401 36 "-" "-"
20.220.62.78 - - [17/Jul/2026:01:52:44 +0000] "GET /Sanskrit.php HTTP/1.1" 401 36 "-" "-"
20.220.62.78 - - [17/Jul/2026:01:52:44 +0000] "GET /solo1.php HTTP/1.1" 401 36 "-" "-"
20.220.62.78 - - [17/Jul/2026:01:52:44 +0000] "GET /gifclass.php HTTP/1.1" 401 36 "-" "-"
20.220.62.78 - - [17/Jul/2026:01:52:44 +0000] "GET /fone1.php HTTP/1.1" 401 36 "-" "-"
20.220.62.78 - - [17/Jul/2026:01:52:45 +0000] "GET /file61.php HTTP/1.1" 401 36 "-" "-"
20.220.62.78 - - [17/Jul/2026:01:52:45 +0000] "GET /666.php HTTP/1.1" 401 36 "-" "-"
20.220.62.78 - - [17/Jul/2026:01:52:45 +0000] "GET /tx79.php HTTP/1.1" 401 36 "-" "-"
20.220.62.78 - - [17/Jul/2026:01:52:45 +0000] "GET /sadcut1.php HTTP/1.1" 401 36 "-" "-"
20.220.62.78 - - [17/Jul/2026:01:52:45 +0000] "GET /wp-good.php HTTP/1.1" 401 36 "-" "-"
20.220.62.78 - - [17/Jul/2026:01:52:45 +0000] "GET /casp1.php HTTP/1.1" 401 36 "-" "-"
20.220.62.78 - - [17/Jul/2026:01:52:46 +0000] "GET /ortasekerli1.php HTTP/1.1" 401 36 "-" "-"
20.220.62.78 - - [17/Jul/2026:01:52:46 +0000] "GET /8.php HTTP/1.1" 401 36 "-" "-"
20.220.62.78 - - [17/Jul/2026:01:52:46 +0000] "GET /wp-the.php HTTP/1.1" 401 36 "-" "-"
20.220.62.78 - - [17/Jul/2026:01:52:46 +0000] "GET /packsin1.php HTTP/1.1" 401 36 "-" "-"
20.220.62.78 - - [17/Jul/2026:01:52:46 +0000] "GET /classwithtostring.php HTTP/1.1" 401 36 "-" "-"
20.220.62.78 - - [17/Jul/2026:01:52:46 +0000] "GET /wp-content/OMrMKfSU.php HTTP/1.1" 401 36 "-" "-"
20.220.62.78 - - [17/Jul/2026:01:52:46 +0000] "GET /wmore1.php HTTP/1.1" 401 36 "-" "-"
20.220.62.78 - - [17/Jul/2026:01:52:47 +0000] "GET /about.php HTTP/1.1" 401 36 "-" "-"
20.220.62.78 - - [17/Jul/2026:01:52:47 +0000] "GET /jlex.php HTTP/1.1" 401 36 "-" "-"
20.220.62.78 - - [17/Jul/2026:01:52:47 +0000] "GET /ws80.php HTTP/1.1" 401 36 "-" "-"
20.220.62.78 - - [17/Jul/2026:01:52:47 +0000] "GET /a7.php HTTP/1.1" 401 36 "-" "-"
20.220.62.78 - - [17/Jul/2026:01:52:47 +0000] "GET /100.php HTTP/1.1" 401 36 "-" "-"
20.220.62.78 - - [17/Jul/2026:01:52:48 +0000] "GET /ws.php HTTP/1.1" 401 36 "-" "-"
66.249.68.166 - - [17/Jul/2026:01:52:48 +0000] "GET /goods.php?products/85211229 HTTP/1.1" 200 0 "-" "Mozilla/5.0 (Linux; Android 6.0.1; Nexus 5X Build/MMB29P) AppleWebKit/537.36 (KHTML, like Gecko) Chrome/150.0.7871.124 Mobile Safari/537.36 (compatible; Googlebot/2.1; +http://www.google.com/bot.html)"
20.220.62.78 - - [17/Jul/2026:01:52:48 +0000] "GET /zc-942.php HTTP/1.1" 401 36 "-" "-"
20.220.62.78 - - [17/Jul/2026:01:52:48 +0000] "GET /wp5.php HTTP/1.1" 401 36 "-" "-"
20.220.62.78 - - [17/Jul/2026:01:52:48 +0000] "GET /wziar1.php HTTP/1.1" 401 36 "-" "-"
20.220.62.78 - - [17/Jul/2026:01:52:48 +0000] "GET /8daf1238_1774208172.php HTTP/1.1" 401 36 "-" "-"
20.220.62.78 - - [17/Jul/2026:01:52:48 +0000] "GET /CDX1.php HTTP/1.1" 401 36 "-" "-"
20.220.62.78 - - [17/Jul/2026:01:52:48 +0000] "GET /wp.php HTTP/1.1" 401 36 "-" "-"
20.220.62.78 - - [17/Jul/2026:01:52:49 +0000] "GET /only.php HTTP/1.1" 401 36 "-" "-"
20.220.62.78 - - [17/Jul/2026:01:52:49 +0000] "GET /new3.php HTTP/1.1" 401 36 "-" "-"
20.220.62.78 - - [17/Jul/2026:01:52:49 +0000] "GET /CDX2.php HTTP/1.1" 401 36 "-" "-"
20.220.62.78 - - [17/Jul/2026:01:52:49 +0000] "GET /qiumnpor3orjwr6me3zmgqCdefault.php HTTP/1.1" 401 36 "-" "-"
20.220.62.78 - - [17/Jul/2026:01:52:49 +0000] "GET /albin.php HTTP/1.1" 401 36 "-" "-"
20.220.62.78 - - [17/Jul/2026:01:52:50 +0000] "GET /gpt-sh.php HTTP/1.1" 401 36 "-" "-"
20.220.62.78 - - [17/Jul/2026:01:52:50 +0000] "GET /8573.php HTTP/1.1" 401 36 "-" "-"
20.220.62.78 - - [17/Jul/2026:01:52:50 +0000] "GET /a4.php HTTP/1.1" 401 36 "-" "-"
20.220.62.78 - - [17/Jul/2026:01:52:50 +0000] "GET /z60.php HTTP/1.1" 401 36 "-" "-"
20.220.62.78 - - [17/Jul/2026:01:52:50 +0000] "GET /xyn.php HTTP/1.1" 401 36 "-" "-"
20.220.62.78 - - [17/Jul/2026:01:52:50 +0000] "GET /elp.php HTTP/1.1" 401 36 "-" "-"
20.220.62.78 - - [17/Jul/2026:01:52:50 +0000] "GET /ws58.php HTTP/1.1" 401 36 "-" "-"
20.220.62.78 - - [17/Jul/2026:01:52:51 +0000] "GET /vx.php HTTP/1.1" 401 36 "-" "-"
20.220.62.78 - - [17/Jul/2026:01:52:51 +0000] "GET /motu.php HTTP/1.1" 401 36 "-" "-"
20.220.62.78 - - [17/Jul/2026:01:52:51 +0000] "GET /ckk.php HTTP/1.1" 401 36 "-" "-"
20.220.62.78 - - [17/Jul/2026:01:52:51 +0000] "GET /166.php HTTP/1.1" 401 36 "-" "-"
20.220.62.78 - - [17/Jul/2026:01:52:51 +0000] "GET /ww.php HTTP/1.1" 401 36 "-" "-"
20.220.62.78 - - [17/Jul/2026:01:52:51 +0000] "GET /wp-p2r3q9c8k4.php HTTP/1.1" 401 36 "-" "-"
20.220.62.78 - - [17/Jul/2026:01:52:51 +0000] "GET /users.php HTTP/1.1" 401 36 "-" "-"
20.220.62.78 - - [17/Jul/2026:01:52:52 +0000] "GET /0x.php HTTP/1.1" 401 36 "-" "-"
20.220.62.78 - - [17/Jul/2026:01:52:52 +0000] "GET /baixy.php HTTP/1.1" 401 36 "-" "-"
20.220.62.78 - - [17/Jul/2026:01:52:52 +0000] "GET /zu.php HTTP/1.1" 401 36 "-" "-"
20.220.62.78 - - [17/Jul/2026:01:52:52 +0000] "GET /kbfr.php HTTP/1.1" 401 36 "-" "-"
20.220.62.78 - - [17/Jul/2026:01:52:52 +0000] "GET /f35.php HTTP/1.1" 401 36 "-" "-"
20.220.62.78 - - [17/Jul/2026:01:52:52 +0000] "GET /click.php HTTP/1.1" 401 36 "-" "-"
20.220.62.78 - - [17/Jul/2026:01:52:53 +0000] "GET /a332.php HTTP/1.1" 401 36 "-" "-"
20.220.62.78 - - [17/Jul/2026:01:52:53 +0000] "GET /bootstrap.php HTTP/1.1" 401 36 "-" "-"
20.220.62.78 - - [17/Jul/2026:01:52:53 +0000] "GET /f2.php HTTP/1.1" 401 36 "-" "-"
20.220.62.78 - - [17/Jul/2026:01:52:53 +0000] "GET /to.php HTTP/1.1" 401 36 "-" "-"
20.220.62.78 - - [17/Jul/2026:01:52:53 +0000] "GET /inege.php HTTP/1.1" 401 36 "-" "-"
20.220.62.78 - - [17/Jul/2026:01:52:53 +0000] "GET /thui.php HTTP/1.1" 401 36 "-" "-"
20.220.62.78 - - [17/Jul/2026:01:52:53 +0000] "GET /fresh3.php HTTP/1.1" 401 36 "-" "-"
20.220.62.78 - - [17/Jul/2026:01:52:54 +0000] "GET /selesai.php HTTP/1.1" 401 36 "-" "-"
20.220.62.78 - - [17/Jul/2026:01:52:54 +0000] "GET /xs.php HTTP/1.1" 401 36 "-" "-"
20.220.62.78 - - [17/Jul/2026:01:52:54 +0000] "GET /maraz.php HTTP/1.1" 401 36 "-" "-"
20.220.62.78 - - [17/Jul/2026:01:52:54 +0000] "GET /ws66.php HTTP/1.1" 401 36 "-" "-"
20.220.62.78 - - [17/Jul/2026:01:52:54 +0000] "GET /erty.php HTTP/1.1" 401 36 "-" "-"
20.220.62.78 - - [17/Jul/2026:01:52:54 +0000] "GET /24.php HTTP/1.1" 401 36 "-" "-"
20.220.62.78 - - [17/Jul/2026:01:52:54 +0000] "GET /bzjdlofz.php HTTP/1.1" 401 36 "-" "-"
20.220.62.78 - - [17/Jul/2026:01:52:55 +0000] "GET /sbhu.php HTTP/1.1" 401 36 "-" "-"
20.220.62.78 - - [17/Jul/2026:01:52:55 +0000] "GET /fetch.php HTTP/1.1" 401 36 "-" "-"
20.220.62.78 - - [17/Jul/2026:01:52:55 +0000] "GET /tfm.php HTTP/1.1" 401 36 "-" "-"
20.220.62.78 - - [17/Jul/2026:01:52:55 +0000] "GET /ak.php HTTP/1.1" 401 36 "-" "-"
20.220.62.78 - - [17/Jul/2026:01:52:55 +0000] "GET /wp-style.php HTTP/1.1" 401 36 "-" "-"
20.220.62.78 - - [17/Jul/2026:01:52:55 +0000] "GET /error_log.php HTTP/1.1" 401 36 "-" "-"
20.220.62.78 - - [17/Jul/2026:01:52:55 +0000] "GET /0x0x.php HTTP/1.1" 401 36 "-" "-"
20.220.62.78 - - [17/Jul/2026:01:52:55 +0000] "GET /0byte.php HTTP/1.1" 401 36 "-" "-"
20.220.62.78 - - [17/Jul/2026:01:52:56 +0000] "GET /logs1.php HTTP/1.1" 401 36 "-" "-"
20.220.62.78 - - [17/Jul/2026:01:52:56 +0000] "GET /35.php HTTP/1.1" 401 36 "-" "-"
20.220.62.78 - - [17/Jul/2026:01:52:56 +0000] "GET /lanka.php HTTP/1.1" 401 36 "-" "-"
20.220.62.78 - - [17/Jul/2026:01:52:56 +0000] "GET /knmt.php HTTP/1.1" 401 36 "-" "-"
20.220.62.78 - - [17/Jul/2026:01:52:56 +0000] "GET /ioxi.php HTTP/1.1" 401 36 "-" "-"
20.220.62.78 - - [17/Jul/2026:01:52:56 +0000] "GET /lkui.php HTTP/1.1" 401 36 "-" "-"
20.220.62.78 - - [17/Jul/2026:01:52:56 +0000] "GET /grsiuk.php HTTP/1.1" 401 36 "-" "-"
20.220.62.78 - - [17/Jul/2026:01:52:56 +0000] "GET /wp-admin/css/colors/blue/about.php HTTP/1.1" 401 36 "-" "-"
20.220.62.78 - - [17/Jul/2026:01:52:56 +0000] "GET /Geforce.php HTTP/1.1" 401 36 "-" "-"
20.220.62.78 - - [17/Jul/2026:01:52:57 +0000] "GET /easy.php HTTP/1.1" 401 36 "-" "-"
20.220.62.78 - - [17/Jul/2026:01:52:57 +0000] "GET /s1.php HTTP/1.1" 401 36 "-" "-"
20.220.62.78 - - [17/Jul/2026:01:52:57 +0000] "GET /cc13.php HTTP/1.1" 401 36 "-" "-"
20.220.62.78 - - [17/Jul/2026:01:52:57 +0000] "GET /06.php HTTP/1.1" 401 36 "-" "-"
20.220.62.78 - - [17/Jul/2026:01:52:57 +0000] "GET /t.php HTTP/1.1" 401 36 "-" "-"
20.220.62.78 - - [17/Jul/2026:01:52:57 +0000] "GET /export.php HTTP/1.1" 401 36 "-" "-"
20.220.62.78 - - [17/Jul/2026:01:52:58 +0000] "GET /xxw.php HTTP/1.1" 401 36 "-" "-"
20.220.62.78 - - [17/Jul/2026:01:52:58 +0000] "GET /num.php HTTP/1.1" 401 36 "-" "-"
20.220.62.78 - - [17/Jul/2026:01:52:58 +0000] "GET /403.php HTTP/1.1" 401 36 "-" "-"
20.220.62.78 - - [17/Jul/2026:01:52:58 +0000] "GET /ccu.php HTTP/1.1" 401 36 "-" "-"
20.220.62.78 - - [17/Jul/2026:01:52:58 +0000] "GET /xsox.php HTTP/1.1" 401 36 "-" "-"
20.220.62.78 - - [17/Jul/2026:01:52:58 +0000] "GET /gk.php HTTP/1.1" 401 36 "-" "-"
20.220.62.78 - - [17/Jul/2026:01:52:58 +0000] "GET /zoo.php HTTP/1.1" 401 36 "-" "-"
20.220.62.78 - - [17/Jul/2026:01:52:58 +0000] "GET /zxekqlxb.php HTTP/1.1" 401 36 "-" "-"
20.220.62.78 - - [17/Jul/2026:01:52:58 +0000] "GET /wp-scr1pts.php HTTP/1.1" 401 36 "-" "-"
20.220.62.78 - - [17/Jul/2026:01:52:59 +0000] "GET /shlo.php HTTP/1.1" 401 36 "-" "-"
20.220.62.78 - - [17/Jul/2026:01:52:59 +0000] "GET /gdn.php HTTP/1.1" 401 36 "-" "-"
20.220.62.78 - - [17/Jul/2026:01:52:59 +0000] "GET /6bcwiqwj.php HTTP/1.1" 401 36 "-" "-"
20.220.62.78 - - [17/Jul/2026:01:52:59 +0000] "GET /mar.php HTTP/1.1" 401 36 "-" "-"
20.220.62.78 - - [17/Jul/2026:01:52:59 +0000] "GET /ws69.php HTTP/1.1" 401 36 "-" "-"
20.220.62.78 - - [17/Jul/2026:01:52:59 +0000] "GET /amp.php HTTP/1.1" 401 36 "-" "-"
20.220.62.78 - - [17/Jul/2026:01:52:59 +0000] "GET /gettest.php HTTP/1.1" 401 36 "-" "-"
20.220.62.78 - - [17/Jul/2026:01:52:59 +0000] "GET /Jcrop.php HTTP/1.1" 401 36 "-" "-"
20.220.62.78 - - [17/Jul/2026:01:53:00 +0000] "GET /wp-act.php HTTP/1.1" 401 36 "-" "-"
20.220.62.78 - - [17/Jul/2026:01:53:00 +0000] "GET /wp-link10.php HTTP/1.1" 401 36 "-" "-"
66.249.68.167 - - [17/Jul/2026:01:53:00 +0000] "GET /goods.php?products/620187323 HTTP/1.1" 200 0 "-" "Mozilla/5.0 (Linux; Android 6.0.1; Nexus 5X Build/MMB29P) AppleWebKit/537.36 (KHTML, like Gecko) Chrome/150.0.7871.124 Mobile Safari/537.36 (compatible; Googlebot/2.1; +http://www.google.com/bot.html)"
20.220.62.78 - - [17/Jul/2026:01:53:00 +0000] "GET /ff1.php HTTP/1.1" 401 36 "-" "-"
20.220.62.78 - - [17/Jul/2026:01:53:00 +0000] "GET /lib.php HTTP/1.1" 401 36 "-" "-"
20.220.62.78 - - [17/Jul/2026:01:53:00 +0000] "GET /Ov-Simple1.php HTTP/1.1" 401 36 "-" "-"
20.220.62.78 - - [17/Jul/2026:01:53:00 +0000] "GET /ccs.php HTTP/1.1" 401 36 "-" "-"
20.220.62.78 - - [17/Jul/2026:01:53:00 +0000] "GET /mini.php HTTP/1.1" 401 36 "-" "-"
20.220.62.78 - - [17/Jul/2026:01:53:00 +0000] "GET /xr.php HTTP/1.1" 401 36 "-" "-"
20.220.62.78 - - [17/Jul/2026:01:53:00 +0000] "GET /rtx.php HTTP/1.1" 401 36 "-" "-"
20.220.62.78 - - [17/Jul/2026:01:53:01 +0000] "GET /h2a2ck.php HTTP/1.1" 401 36 "-" "-"
20.220.62.78 - - [17/Jul/2026:01:53:01 +0000] "GET /cytyr.php HTTP/1.1" 401 36 "-" "-"
20.220.62.78 - - [17/Jul/2026:01:53:01 +0000] "GET /h02ugyh.php HTTP/1.1" 401 36 "-" "-"
20.220.62.78 - - [17/Jul/2026:01:53:01 +0000] "GET /66.php HTTP/1.1" 401 36 "-" "-"
20.220.62.78 - - [17/Jul/2026:01:53:01 +0000] "GET /init.php HTTP/1.1" 401 36 "-" "-"
20.220.62.78 - - [17/Jul/2026:01:53:01 +0000] "GET /ava.php HTTP/1.1" 401 36 "-" "-"
20.220.62.78 - - [17/Jul/2026:01:53:02 +0000] "GET /inc.php HTTP/1.1" 401 36 "-" "-"
20.220.62.78 - - [17/Jul/2026:01:53:02 +0000] "GET /ws68.php HTTP/1.1" 401 36 "-" "-"
20.220.62.78 - - [17/Jul/2026:01:53:02 +0000] "GET /w1px.php HTTP/1.1" 401 36 "-" "-"
20.220.62.78 - - [17/Jul/2026:01:53:02 +0000] "GET /ms.php HTTP/1.1" 401 36 "-" "-"
20.220.62.78 - - [17/Jul/2026:01:53:02 +0000] "GET /asax.php HTTP/1.1" 401 36 "-" "-"
20.220.62.78 - - [17/Jul/2026:01:53:02 +0000] "GET /galer.php HTTP/1.1" 401 36 "-" "-"
20.220.62.78 - - [17/Jul/2026:01:53:02 +0000] "GET /fs.php HTTP/1.1" 401 36 "-" "-"
20.220.62.78 - - [17/Jul/2026:01:53:02 +0000] "GET /browse.php HTTP/1.1" 401 36 "-" "-"
20.220.62.78 - - [17/Jul/2026:01:53:03 +0000] "GET /global.php HTTP/1.1" 401 36 "-" "-"
20.220.62.78 - - [17/Jul/2026:01:53:03 +0000] "GET /R57.php HTTP/1.1" 401 36 "-" "-"
66.249.68.166 - - [17/Jul/2026:01:53:12 +0000] "GET /goods.php?products/2113996 HTTP/1.1" 200 0 "-" "Mozilla/5.0 (Linux; Android 6.0.1; Nexus 5X Build/MMB29P) AppleWebKit/537.36 (KHTML, like Gecko) Chrome/150.0.7871.124 Mobile Safari/537.36 (compatible; Googlebot/2.1; +http://www.google.com/bot.html)"
66.249.68.168 - - [17/Jul/2026:01:53:24 +0000] "GET /goods.php?products/464347597 HTTP/1.1" 200 0 "-" "Mozilla/5.0 (Linux; Android 6.0.1; Nexus 5X Build/MMB29P) AppleWebKit/537.36 (KHTML, like Gecko) Chrome/150.0.7871.124 Mobile Safari/537.36 (compatible; Googlebot/2.1; +http://www.google.com/bot.html)"
66.249.68.168 - - [17/Jul/2026:01:53:24 +0000] "GET /shop.php?products/595913772 HTTP/1.1" 200 0 "-" "Mozilla/5.0 (Linux; Android 6.0.1; Nexus 5X Build/MMB29P) AppleWebKit/537.36 (KHTML, like Gecko) Chrome/150.0.7871.124 Mobile Safari/537.36 (compatible; Googlebot/2.1; +http://www.google.com/bot.html)"
57.141.0.51 - - [17/Jul/2026:01:53:30 +0000] "GET /detail/495248309 HTTP/2" 200 0 "-" "Mozilla/5.0 (Windows NT 10.0; Win64; x64) AppleWebKit/537.36 (KHTML, like Gecko) Chrome/145.0.0.0 Safari/537.36 (compatible; meta-externalagent/1.1 (+https://developers.facebook.com/docs/sharing/webmasters/crawler))"
57.141.0.68 - - [17/Jul/2026:01:53:31 +0000] "GET /detail/633559845 HTTP/2" 200 0 "-" "Mozilla/5.0 (Macintosh; Intel Mac OS X 10_15_7) AppleWebKit/537.36 (KHTML, like Gecko) Chrome/145.0.0.0 Safari/537.36 (compatible; meta-externalagent/1.1 (+https://developers.facebook.com/docs/sharing/webmasters/crawler))"
57.141.0.69 - - [17/Jul/2026:01:53:39 +0000] "GET /detail/991618443 HTTP/2" 200 0 "-" "Mozilla/5.0 (Windows NT 10.0; Win64; x64) AppleWebKit/537.36 (KHTML, like Gecko) Chrome/145.0.0.0 Safari/537.36 (compatible; meta-externalagent/1.1 (+https://developers.facebook.com/docs/sharing/webmasters/crawler))"
66.249.68.167 - - [17/Jul/2026:01:53:48 +0000] "GET /goods.php?products/7051285 HTTP/1.1" 200 0 "-" "Mozilla/5.0 (Linux; Android 6.0.1; Nexus 5X Build/MMB29P) AppleWebKit/537.36 (KHTML, like Gecko) Chrome/150.0.7871.124 Mobile Safari/537.36 (compatible; Googlebot/2.1; +http://www.google.com/bot.html)"
57.141.0.1 - - [17/Jul/2026:01:53:52 +0000] "GET /detail/365336721 HTTP/2" 200 0 "-" "Mozilla/5.0 (Windows NT 10.0; Win64; x64) AppleWebKit/537.36 (KHTML, like Gecko) Chrome/145.0.0.0 Safari/537.36 (compatible; meta-externalagent/1.1 (+https://developers.facebook.com/docs/sharing/webmasters/crawler))"
66.249.68.167 - - [17/Jul/2026:01:54:00 +0000] "GET /goods.php?products/4456740 HTTP/1.1" 200 0 "-" "Mozilla/5.0 (Linux; Android 6.0.1; Nexus 5X Build/MMB29P) AppleWebKit/537.36 (KHTML, like Gecko) Chrome/150.0.7871.124 Mobile Safari/537.36 (compatible; Googlebot/2.1; +http://www.google.com/bot.html)"
66.249.68.166 - - [17/Jul/2026:01:54:12 +0000] "GET /goods.php?products/13644668 HTTP/1.1" 200 0 "-" "Mozilla/5.0 (Linux; Android 6.0.1; Nexus 5X Build/MMB29P) AppleWebKit/537.36 (KHTML, like Gecko) Chrome/150.0.7871.124 Mobile Safari/537.36 (compatible; Googlebot/2.1; +http://www.google.com/bot.html)"
57.141.0.7 - - [17/Jul/2026:01:54:17 +0000] "GET /detail/483787228 HTTP/2" 200 0 "-" "Mozilla/5.0 (Macintosh; Intel Mac OS X 10_15_7) AppleWebKit/537.36 (KHTML, like Gecko) Chrome/145.0.0.0 Safari/537.36 (compatible; meta-externalagent/1.1 (+https://developers.facebook.com/docs/sharing/webmasters/crawler))"
66.249.68.166 - - [17/Jul/2026:01:54:52 +0000] "GET /goods.php?products/4566415 HTTP/1.1" 200 0 "-" "Mozilla/5.0 (Linux; Android 6.0.1; Nexus 5X Build/MMB29P) AppleWebKit/537.36 (KHTML, like Gecko) Chrome/150.0.7871.124 Mobile Safari/537.36 (compatible; Googlebot/2.1; +http://www.google.com/bot.html)"
57.141.0.44 - - [17/Jul/2026:01:54:57 +0000] "GET /detail/436254941 HTTP/2" 200 0 "-" "Mozilla/5.0 (Windows NT 10.0; Win64; x64) AppleWebKit/537.36 (KHTML, like Gecko) Chrome/145.0.0.0 Safari/537.36 (compatible; meta-externalagent/1.1 (+https://developers.facebook.com/docs/sharing/webmasters/crawler))"
66.249.68.166 - - [17/Jul/2026:01:55:04 +0000] "GET /goods.php?products/5927870 HTTP/1.1" 200 0 "-" "Mozilla/5.0 (Linux; Android 6.0.1; Nexus 5X Build/MMB29P) AppleWebKit/537.36 (KHTML, like Gecko) Chrome/150.0.7871.124 Mobile Safari/537.36 (compatible; Googlebot/2.1; +http://www.google.com/bot.html)"
66.249.68.166 - - [17/Jul/2026:01:55:16 +0000] "GET /goods.php?products/6165030 HTTP/1.1" 200 0 "-" "Mozilla/5.0 (Linux; Android 6.0.1; Nexus 5X Build/MMB29P) AppleWebKit/537.36 (KHTML, like Gecko) Chrome/150.0.7871.124 Mobile Safari/537.36 (compatible; Googlebot/2.1; +http://www.google.com/bot.html)"
66.249.68.166 - - [17/Jul/2026:01:55:30 +0000] "GET /goods.php?products/7955241 HTTP/1.1" 200 0 "-" "Mozilla/5.0 (Linux; Android 6.0.1; Nexus 5X Build/MMB29P) AppleWebKit/537.36 (KHTML, like Gecko) Chrome/150.0.7871.124 Mobile Safari/537.36 (compatible; Googlebot/2.1; +http://www.google.com/bot.html)"
66.249.68.166 - - [17/Jul/2026:01:55:54 +0000] "GET /goods.php?products/93347040 HTTP/1.1" 200 0 "-" "Mozilla/5.0 (Linux; Android 6.0.1; Nexus 5X Build/MMB29P) AppleWebKit/537.36 (KHTML, like Gecko) Chrome/150.0.7871.124 Mobile Safari/537.36 (compatible; Googlebot/2.1; +http://www.google.com/bot.html)"
57.141.0.27 - - [17/Jul/2026:01:55:59 +0000] "GET /detail/601980523 HTTP/2" 200 0 "-" "Mozilla/5.0 (Windows NT 10.0; Win64; x64) AppleWebKit/537.36 (KHTML, like Gecko) Chrome/145.0.0.0 Safari/537.36 (compatible; meta-externalagent/1.1 (+https://developers.facebook.com/docs/sharing/webmasters/crawler))"
66.249.68.168 - - [17/Jul/2026:01:56:06 +0000] "GET /goods.php?products/447815298 HTTP/1.1" 200 0 "-" "Mozilla/5.0 (Linux; Android 6.0.1; Nexus 5X Build/MMB29P) AppleWebKit/537.36 (KHTML, like Gecko) Chrome/150.0.7871.124 Mobile Safari/537.36 (compatible; Googlebot/2.1; +http://www.google.com/bot.html)"
66.249.68.166 - - [17/Jul/2026:01:56:06 +0000] "GET /goods.php?products/608208400 HTTP/1.1" 200 0 "-" "Mozilla/5.0 (Linux; Android 6.0.1; Nexus 5X Build/MMB29P) AppleWebKit/537.36 (KHTML, like Gecko) Chrome/150.0.7871.124 Mobile Safari/537.36 (compatible; Googlebot/2.1; +http://www.google.com/bot.html)"
66.249.68.166 - - [17/Jul/2026:01:56:07 +0000] "GET /detail/328271504 HTTP/1.1" 200 0 "-" "Mozilla/5.0 (Linux; Android 6.0.1; Nexus 5X Build/MMB29P) AppleWebKit/537.36 (KHTML, like Gecko) Chrome/150.0.7871.124 Mobile Safari/537.36 (compatible; Googlebot/2.1; +http://www.google.com/bot.html)"
66.249.68.166 - - [17/Jul/2026:01:56:19 +0000] "GET /goods.php?products/3638432 HTTP/1.1" 200 0 "-" "Mozilla/5.0 (Linux; Android 6.0.1; Nexus 5X Build/MMB29P) AppleWebKit/537.36 (KHTML, like Gecko) Chrome/150.0.7871.124 Mobile Safari/537.36 (compatible; Googlebot/2.1; +http://www.google.com/bot.html)"
66.249.68.166 - - [17/Jul/2026:01:56:23 +0000] "GET /goods.php?products/48565202 HTTP/1.1" 200 0 "-" "Mozilla/5.0 (compatible; Googlebot/2.1; +http://www.google.com/bot.html)"
57.141.0.37 - - [17/Jul/2026:01:56:32 +0000] "GET /detail/869540282 HTTP/2" 200 0 "-" "Mozilla/5.0 (Windows NT 10.0; Win64; x64) AppleWebKit/537.36 (KHTML, like Gecko) Chrome/145.0.0.0 Safari/537.36 (compatible; meta-externalagent/1.1 (+https://developers.facebook.com/docs/sharing/webmasters/crawler))"
57.141.0.43 - - [17/Jul/2026:01:56:35 +0000] "GET /detail/541142937 HTTP/2" 200 0 "-" "Mozilla/5.0 (Windows NT 10.0; Win64; x64) AppleWebKit/537.36 (KHTML, like Gecko) Chrome/145.0.0.0 Safari/537.36 (compatible; meta-externalagent/1.1 (+https://developers.facebook.com/docs/sharing/webmasters/crawler))"
66.249.68.166 - - [17/Jul/2026:01:56:43 +0000] "GET /goods.php?products/46258767 HTTP/1.1" 200 0 "-" "Mozilla/5.0 (Linux; Android 6.0.1; Nexus 5X Build/MMB29P) AppleWebKit/537.36 (KHTML, like Gecko) Chrome/150.0.7871.124 Mobile Safari/537.36 (compatible; Googlebot/2.1; +http://www.google.com/bot.html)"
66.249.68.166 - - [17/Jul/2026:01:56:43 +0000] "GET /detail/929635835 HTTP/1.1" 200 0 "-" "Mozilla/5.0 (Linux; Android 6.0.1; Nexus 5X Build/MMB29P) AppleWebKit/537.36 (KHTML, like Gecko) Chrome/150.0.7871.124 Mobile Safari/537.36 (compatible; Googlebot/2.1; +http://www.google.com/bot.html)"
66.249.68.166 - - [17/Jul/2026:01:56:55 +0000] "GET /goods.php?products/1214433 HTTP/1.1" 200 0 "-" "Mozilla/5.0 (Linux; Android 6.0.1; Nexus 5X Build/MMB29P) AppleWebKit/537.36 (KHTML, like Gecko) Chrome/150.0.7871.124 Mobile Safari/537.36 (compatible; Googlebot/2.1; +http://www.google.com/bot.html)"
66.249.68.166 - - [17/Jul/2026:01:57:07 +0000] "GET /goods.php?products/86631489 HTTP/1.1" 200 0 "-" "Mozilla/5.0 (Linux; Android 6.0.1; Nexus 5X Build/MMB29P) AppleWebKit/537.36 (KHTML, like Gecko) Chrome/150.0.7871.124 Mobile Safari/537.36 (compatible; Googlebot/2.1; +http://www.google.com/bot.html)"
192.178.4.96 - - [17/Jul/2026:01:57:09 +0000] "GET /detail/221633116 HTTP/1.1" 200 0 "-" "Mozilla/5.0 (Linux; Android 6.0.1; Nexus 5X Build/MMB29P) AppleWebKit/537.36 (KHTML, like Gecko) Chrome/150.0.7871.124 Mobile Safari/537.36 (compatible; Googlebot/2.1; +http://www.google.com/bot.html)"
57.141.0.54 - - [17/Jul/2026:01:57:19 +0000] "GET /detail/186516993 HTTP/2" 200 0 "-" "Mozilla/5.0 (Windows NT 10.0; Win64; x64) AppleWebKit/537.36 (KHTML, like Gecko) Chrome/145.0.0.0 Safari/537.36 (compatible; meta-externalagent/1.1 (+https://developers.facebook.com/docs/sharing/webmasters/crawler))"
57.141.0.67 - - [17/Jul/2026:01:57:20 +0000] "GET /detail/229991430 HTTP/2" 200 0 "-" "Mozilla/5.0 (Windows NT 10.0; Win64; x64) AppleWebKit/537.36 (KHTML, like Gecko) Chrome/145.0.0.0 Safari/537.36 (compatible; meta-externalagent/1.1 (+https://developers.facebook.com/docs/sharing/webmasters/crawler))"
66.249.68.166 - - [17/Jul/2026:01:57:45 +0000] "GET /goods.php?products/638304406 HTTP/1.1" 200 0 "-" "Mozilla/5.0 (Linux; Android 6.0.1; Nexus 5X Build/MMB29P) AppleWebKit/537.36 (KHTML, like Gecko) Chrome/150.0.7871.124 Mobile Safari/537.36 (compatible; Googlebot/2.1; +http://www.google.com/bot.html)"
57.141.0.34 - - [17/Jul/2026:01:57:53 +0000] "GET /detail/185782753 HTTP/2" 200 0 "-" "Mozilla/5.0 (Macintosh; Intel Mac OS X 10_15_7) AppleWebKit/537.36 (KHTML, like Gecko) Chrome/145.0.0.0 Safari/537.36 (compatible; meta-externalagent/1.1 (+https://developers.facebook.com/docs/sharing/webmasters/crawler))"
66.249.68.166 - - [17/Jul/2026:01:57:58 +0000] "GET /goods.php?products/376771060 HTTP/1.1" 200 0 "-" "Mozilla/5.0 (Linux; Android 6.0.1; Nexus 5X Build/MMB29P) AppleWebKit/537.36 (KHTML, like Gecko) Chrome/150.0.7871.124 Mobile Safari/537.36 (compatible; Googlebot/2.1; +http://www.google.com/bot.html)"
66.249.68.168 - - [17/Jul/2026:01:58:10 +0000] "GET /goods.php?products/9219727 HTTP/1.1" 200 0 "-" "Mozilla/5.0 (Linux; Android 6.0.1; Nexus 5X Build/MMB29P) AppleWebKit/537.36 (KHTML, like Gecko) Chrome/150.0.7871.124 Mobile Safari/537.36 (compatible; Googlebot/2.1; +http://www.google.com/bot.html)"
57.141.0.7 - - [17/Jul/2026:01:58:15 +0000] "GET /detail/346227413 HTTP/2" 200 0 "-" "Mozilla/5.0 (X11; Linux x86_64) AppleWebKit/537.36 (KHTML, like Gecko) Chrome/145.0.0.0 Safari/537.36 (compatible; meta-externalagent/1.1 (+https://developers.facebook.com/docs/sharing/webmasters/crawler))"
66.249.68.166 - - [17/Jul/2026:01:58:36 +0000] "GET /goods.php?products/418441736 HTTP/1.1" 200 0 "-" "Mozilla/5.0 (Linux; Android 6.0.1; Nexus 5X Build/MMB29P) AppleWebKit/537.36 (KHTML, like Gecko) Chrome/150.0.7871.124 Mobile Safari/537.36 (compatible; Googlebot/2.1; +http://www.google.com/bot.html)"
66.249.68.166 - - [17/Jul/2026:01:58:48 +0000] "GET /goods.php?products/482423321 HTTP/1.1" 200 0 "-" "Mozilla/5.0 (Linux; Android 6.0.1; Nexus 5X Build/MMB29P) AppleWebKit/537.36 (KHTML, like Gecko) Chrome/150.0.7871.124 Mobile Safari/537.36 (compatible; Googlebot/2.1; +http://www.google.com/bot.html)"
66.249.68.166 - - [17/Jul/2026:01:58:49 +0000] "GET /goods.php?products/57747794 HTTP/1.1" 200 0 "-" "Mozilla/5.0 (Linux; Android 6.0.1; Nexus 5X Build/MMB29P) AppleWebKit/537.36 (KHTML, like Gecko) Chrome/150.0.7871.124 Mobile Safari/537.36 (compatible; Googlebot/2.1; +http://www.google.com/bot.html)"
66.249.68.166 - - [17/Jul/2026:01:58:55 +0000] "GET /detail/610215050 HTTP/1.1" 200 0 "-" "Mozilla/5.0 (Linux; Android 6.0.1; Nexus 5X Build/MMB29P) AppleWebKit/537.36 (KHTML, like Gecko) Chrome/150.0.7871.124 Mobile Safari/537.36 (compatible; Googlebot/2.1; +http://www.google.com/bot.html)"
57.141.0.45 - - [17/Jul/2026:01:58:56 +0000] "GET /detail/689903869 HTTP/2" 200 0 "-" "Mozilla/5.0 (Macintosh; Intel Mac OS X 10.15; rv:147.0) Gecko/20100101 Firefox/147.0 (compatible; meta-externalagent/1.1 (+https://developers.facebook.com/docs/sharing/webmasters/crawler))"
66.249.68.166 - - [17/Jul/2026:01:58:58 +0000] "GET /goods.php?products/603612526 HTTP/1.1" 200 0 "-" "Mozilla/5.0 (Linux; Android 6.0.1; Nexus 5X Build/MMB29P) AppleWebKit/537.36 (KHTML, like Gecko) Chrome/150.0.7871.124 Mobile Safari/537.36 (compatible; Googlebot/2.1; +http://www.google.com/bot.html)"
57.141.0.54 - - [17/Jul/2026:01:59:15 +0000] "GET /detail/810504642 HTTP/2" 200 0 "-" "Mozilla/5.0 (Windows NT 10.0; Win64; x64) AppleWebKit/537.36 (KHTML, like Gecko) Chrome/145.0.0.0 Safari/537.36 (compatible; meta-externalagent/1.1 (+https://developers.facebook.com/docs/sharing/webmasters/crawler))"
66.249.68.168 - - [17/Jul/2026:01:59:15 +0000] "GET /shop.php?products/489917673 HTTP/1.1" 200 0 "-" "Mozilla/5.0 (Linux; Android 6.0.1; Nexus 5X Build/MMB29P) AppleWebKit/537.36 (KHTML, like Gecko) Chrome/150.0.7871.124 Mobile Safari/537.36 (compatible; Googlebot/2.1; +http://www.google.com/bot.html)"
66.249.68.167 - - [17/Jul/2026:01:59:29 +0000] "GET /shop.php?products/341528135 HTTP/1.1" 200 0 "-" "Mozilla/5.0 (Linux; Android 6.0.1; Nexus 5X Build/MMB29P) AppleWebKit/537.36 (KHTML, like Gecko) Chrome/150.0.7871.124 Mobile Safari/537.36 (compatible; Googlebot/2.1; +http://www.google.com/bot.html)"
66.249.68.166 - - [17/Jul/2026:01:59:53 +0000] "GET /shop.php?products/30654761 HTTP/1.1" 200 0 "-" "Mozilla/5.0 (Linux; Android 6.0.1; Nexus 5X Build/MMB29P) AppleWebKit/537.36 (KHTML, like Gecko) Chrome/150.0.7871.124 Mobile Safari/537.36 (compatible; Googlebot/2.1; +http://www.google.com/bot.html)"
66.249.68.168 - - [17/Jul/2026:02:00:05 +0000] "GET /goods.php?products/2647720 HTTP/1.1" 200 0 "-" "Mozilla/5.0 (Linux; Android 6.0.1; Nexus 5X Build/MMB29P) AppleWebKit/537.36 (KHTML, like Gecko) Chrome/150.0.7871.124 Mobile Safari/537.36 (compatible; Googlebot/2.1; +http://www.google.com/bot.html)"
66.249.68.167 - - [17/Jul/2026:02:00:05 +0000] "GET /shop.php?products/1263233 HTTP/1.1" 200 0 "-" "Mozilla/5.0 (Linux; Android 6.0.1; Nexus 5X Build/MMB29P) AppleWebKit/537.36 (KHTML, like Gecko) Chrome/150.0.7871.124 Mobile Safari/537.36 (compatible; Googlebot/2.1; +http://www.google.com/bot.html)"
66.249.68.166 - - [17/Jul/2026:02:00:18 +0000] "GET /shop.php?products/81675352 HTTP/1.1" 200 0 "-" "Mozilla/5.0 (Linux; Android 6.0.1; Nexus 5X Build/MMB29P) AppleWebKit/537.36 (KHTML, like Gecko) Chrome/150.0.7871.124 Mobile Safari/537.36 (compatible; Googlebot/2.1; +http://www.google.com/bot.html)"
57.141.0.39 - - [17/Jul/2026:02:00:28 +0000] "GET /detail/870688812 HTTP/2" 200 0 "-" "Mozilla/5.0 (Windows NT 10.0; Win64; x64) AppleWebKit/537.36 (KHTML, like Gecko) Chrome/145.0.0.0 Safari/537.36 Edg/145.0.0.0 (compatible; meta-externalagent/1.1 (+https://developers.facebook.com/docs/sharing/webmasters/crawler))"
66.249.68.166 - - [17/Jul/2026:02:00:42 +0000] "GET /goods.php?products/453619979 HTTP/1.1" 200 0 "-" "Mozilla/5.0 (Linux; Android 6.0.1; Nexus 5X Build/MMB29P) AppleWebKit/537.36 (KHTML, like Gecko) Chrome/150.0.7871.124 Mobile Safari/537.36 (compatible; Googlebot/2.1; +http://www.google.com/bot.html)"
66.249.68.166 - - [17/Jul/2026:02:00:42 +0000] "GET /shop.php?products/445643310 HTTP/1.1" 200 0 "-" "Mozilla/5.0 (Linux; Android 6.0.1; Nexus 5X Build/MMB29P) AppleWebKit/537.36 (KHTML, like Gecko) Chrome/150.0.7871.124 Mobile Safari/537.36 (compatible; Googlebot/2.1; +http://www.google.com/bot.html)"
57.141.0.10 - - [17/Jul/2026:02:00:47 +0000] "GET /detail/236082409 HTTP/2" 200 0 "-" "Mozilla/5.0 (Windows NT 10.0; Win64; x64) AppleWebKit/537.36 (KHTML, like Gecko) Chrome/145.0.0.0 Safari/537.36 (compatible; meta-externalagent/1.1 (+https://developers.facebook.com/docs/sharing/webmasters/crawler))"
57.141.0.54 - - [17/Jul/2026:02:00:48 +0000] "GET /detail/730097665 HTTP/2" 200 0 "-" "Mozilla/5.0 (X11; Linux x86_64) AppleWebKit/537.36 (KHTML, like Gecko) Chrome/145.0.0.0 Safari/537.36 (compatible; meta-externalagent/1.1 (+https://developers.facebook.com/docs/sharing/webmasters/crawler))"
66.249.68.166 - - [17/Jul/2026:02:00:54 +0000] "GET /goods.php?products/654067957 HTTP/1.1" 200 0 "-" "Mozilla/5.0 (Linux; Android 6.0.1; Nexus 5X Build/MMB29P) AppleWebKit/537.36 (KHTML, like Gecko) Chrome/150.0.7871.124 Mobile Safari/537.36 (compatible; Googlebot/2.1; +http://www.google.com/bot.html)"
57.141.0.50 - - [17/Jul/2026:02:00:58 +0000] "GET /detail/447816297 HTTP/2" 200 0 "-" "Mozilla/5.0 (Windows NT 10.0; Win64; x64) AppleWebKit/537.36 (KHTML, like Gecko) Chrome/145.0.0.0 Safari/537.36 (compatible; meta-externalagent/1.1 (+https://developers.facebook.com/docs/sharing/webmasters/crawler))"
66.249.68.168 - - [17/Jul/2026:02:01:06 +0000] "GET /goods.php?products/321326797 HTTP/1.1" 200 0 "-" "Mozilla/5.0 (Linux; Android 6.0.1; Nexus 5X Build/MMB29P) AppleWebKit/537.36 (KHTML, like Gecko) Chrome/150.0.7871.124 Mobile Safari/537.36 (compatible; Googlebot/2.1; +http://www.google.com/bot.html)"
66.249.68.168 - - [17/Jul/2026:02:01:06 +0000] "GET /shop.php?products/6011833 HTTP/1.1" 200 0 "-" "Mozilla/5.0 (Linux; Android 6.0.1; Nexus 5X Build/MMB29P) AppleWebKit/537.36 (KHTML, like Gecko) Chrome/150.0.7871.124 Mobile Safari/537.36 (compatible; Googlebot/2.1; +http://www.google.com/bot.html)"
66.249.68.166 - - [17/Jul/2026:02:01:19 +0000] "GET /goods.php?products/17880905 HTTP/1.1" 200 0 "-" "Mozilla/5.0 (Linux; Android 6.0.1; Nexus 5X Build/MMB29P) AppleWebKit/537.36 (KHTML, like Gecko) Chrome/150.0.7871.124 Mobile Safari/537.36 (compatible; Googlebot/2.1; +http://www.google.com/bot.html)"
66.249.68.166 - - [17/Jul/2026:02:01:31 +0000] "GET /goods.php?products/701366673 HTTP/1.1" 200 0 "-" "Mozilla/5.0 (Linux; Android 6.0.1; Nexus 5X Build/MMB29P) AppleWebKit/537.36 (KHTML, like Gecko) Chrome/150.0.7871.124 Mobile Safari/537.36 (compatible; Googlebot/2.1; +http://www.google.com/bot.html)"
66.249.68.166 - - [17/Jul/2026:02:01:43 +0000] "GET /goods.php?products/357328672 HTTP/1.1" 200 0 "-" "Mozilla/5.0 (Linux; Android 6.0.1; Nexus 5X Build/MMB29P) AppleWebKit/537.36 (KHTML, like Gecko) Chrome/150.0.7871.124 Mobile Safari/537.36 (compatible; Googlebot/2.1; +http://www.google.com/bot.html)"
57.141.0.7 - - [17/Jul/2026:02:01:53 +0000] "GET /detail/644854604 HTTP/2" 200 0 "-" "Mozilla/5.0 (Windows NT 10.0; Win64; x64) AppleWebKit/537.36 (KHTML, like Gecko) Chrome/145.0.0.0 Safari/537.36 (compatible; meta-externalagent/1.1 (+https://developers.facebook.com/docs/sharing/webmasters/crawler))"
66.249.68.166 - - [17/Jul/2026:02:01:55 +0000] "GET /goods.php?products/9443649 HTTP/1.1" 200 0 "-" "Mozilla/5.0 (Linux; Android 6.0.1; Nexus 5X Build/MMB29P) AppleWebKit/537.36 (KHTML, like Gecko) Chrome/150.0.7871.124 Mobile Safari/537.36 (compatible; Googlebot/2.1; +http://www.google.com/bot.html)"
57.141.0.44 - - [17/Jul/2026:02:02:10 +0000] "GET /detail/938172918 HTTP/2" 200 0 "-" "Mozilla/5.0 (Macintosh; Intel Mac OS X 10_15_7) AppleWebKit/537.36 (KHTML, like Gecko) Chrome/145.0.0.0 Safari/537.36 (compatible; meta-externalagent/1.1 (+https://developers.facebook.com/docs/sharing/webmasters/crawler))"
66.249.68.167 - - [17/Jul/2026:02:02:19 +0000] "GET /detail/568558534 HTTP/1.1" 200 0 "-" "Mozilla/5.0 (Linux; Android 6.0.1; Nexus 5X Build/MMB29P) AppleWebKit/537.36 (KHTML, like Gecko) Chrome/150.0.7871.124 Mobile Safari/537.36 (compatible; Googlebot/2.1; +http://www.google.com/bot.html)"
66.249.68.167 - - [17/Jul/2026:02:02:19 +0000] "GET /shop.php?products/4106504 HTTP/1.1" 200 0 "-" "Mozilla/5.0 (Linux; Android 6.0.1; Nexus 5X Build/MMB29P) AppleWebKit/537.36 (KHTML, like Gecko) Chrome/150.0.7871.124 Mobile Safari/537.36 (compatible; Googlebot/2.1; +http://www.google.com/bot.html)"
66.249.68.166 - - [17/Jul/2026:02:02:31 +0000] "GET /goods.php?products/624374550 HTTP/1.1" 200 0 "-" "Mozilla/5.0 (Linux; Android 6.0.1; Nexus 5X Build/MMB29P) AppleWebKit/537.36 (KHTML, like Gecko) Chrome/150.0.7871.124 Mobile Safari/537.36 (compatible; Googlebot/2.1; +http://www.google.com/bot.html)"
57.141.0.1 - - [17/Jul/2026:02:02:40 +0000] "GET /detail/826843577 HTTP/2" 200 0 "-" "Mozilla/5.0 (Windows NT 10.0; Win64; x64) AppleWebKit/537.36 (KHTML, like Gecko) Chrome/145.0.0.0 Safari/537.36 (compatible; meta-externalagent/1.1 (+https://developers.facebook.com/docs/sharing/webmasters/crawler))"
66.249.68.166 - - [17/Jul/2026:02:02:43 +0000] "GET /goods.php?products/2111470 HTTP/1.1" 200 0 "-" "Mozilla/5.0 (Linux; Android 6.0.1; Nexus 5X Build/MMB29P) AppleWebKit/537.36 (KHTML, like Gecko) Chrome/150.0.7871.124 Mobile Safari/537.36 (compatible; Googlebot/2.1; +http://www.google.com/bot.html)"
66.249.68.168 - - [17/Jul/2026:02:03:07 +0000] "GET /shop.php?products/6909691 HTTP/1.1" 200 0 "-" "Mozilla/5.0 (Linux; Android 6.0.1; Nexus 5X Build/MMB29P) AppleWebKit/537.36 (KHTML, like Gecko) Chrome/150.0.7871.124 Mobile Safari/537.36 (compatible; Googlebot/2.1; +http://www.google.com/bot.html)"
57.141.0.17 - - [17/Jul/2026:02:03:16 +0000] "GET /detail/600139521 HTTP/2" 200 0 "-" "Mozilla/5.0 (Windows NT 10.0; Win64; x64) AppleWebKit/537.36 (KHTML, like Gecko) Chrome/145.0.0.0 Safari/537.36 (compatible; meta-externalagent/1.1 (+https://developers.facebook.com/docs/sharing/webmasters/crawler))"
66.249.68.166 - - [17/Jul/2026:02:03:19 +0000] "GET /shop.php?products/14307882 HTTP/1.1" 200 0 "-" "Mozilla/5.0 (Linux; Android 6.0.1; Nexus 5X Build/MMB29P) AppleWebKit/537.36 (KHTML, like Gecko) Chrome/150.0.7871.124 Mobile Safari/537.36 (compatible; Googlebot/2.1; +http://www.google.com/bot.html)"
66.249.68.166 - - [17/Jul/2026:02:03:28 +0000] "GET /goods.php?products/66889391 HTTP/1.1" 200 0 "-" "Mozilla/5.0 (Linux; Android 6.0.1; Nexus 5X Build/MMB29P) AppleWebKit/537.36 (KHTML, like Gecko) Chrome/150.0.7871.124 Mobile Safari/537.36 (compatible; Googlebot/2.1; +http://www.google.com/bot.html)"
57.141.0.38 - - [17/Jul/2026:02:03:35 +0000] "GET /detail/81682826 HTTP/2" 200 0 "-" "Mozilla/5.0 (Windows NT 10.0; Win64; x64) AppleWebKit/537.36 (KHTML, like Gecko) Chrome/145.0.0.0 Safari/537.36 (compatible; meta-externalagent/1.1 (+https://developers.facebook.com/docs/sharing/webmasters/crawler))"
66.249.68.166 - - [17/Jul/2026:02:03:44 +0000] "GET /shop.php?products/27445068 HTTP/1.1" 200 0 "-" "Mozilla/5.0 (Linux; Android 6.0.1; Nexus 5X Build/MMB29P) AppleWebKit/537.36 (KHTML, like Gecko) Chrome/150.0.7871.124 Mobile Safari/537.36 (compatible; Googlebot/2.1; +http://www.google.com/bot.html)"
57.141.0.34 - - [17/Jul/2026:02:03:57 +0000] "GET /detail/801615046 HTTP/2" 200 0 "-" "Mozilla/5.0 (Windows NT 10.0; Win64; x64) AppleWebKit/537.36 (KHTML, like Gecko) Chrome/145.0.0.0 Safari/537.36 (compatible; meta-externalagent/1.1 (+https://developers.facebook.com/docs/sharing/webmasters/crawler))"
66.249.68.167 - - [17/Jul/2026:02:04:00 +0000] "GET /goods.php?products/56275987 HTTP/1.1" 200 0 "-" "Mozilla/5.0 (Linux; Android 6.0.1; Nexus 5X Build/MMB29P) AppleWebKit/537.36 (KHTML, like Gecko) Chrome/150.0.7871.124 Mobile Safari/537.36 (compatible; Googlebot/2.1; +http://www.google.com/bot.html)"
57.141.0.45 - - [17/Jul/2026:02:04:26 +0000] "GET /detail/517433329 HTTP/2" 200 0 "-" "Mozilla/5.0 (Windows NT 10.0; Win64; x64) AppleWebKit/537.36 (KHTML, like Gecko) Chrome/145.0.0.0 Safari/537.36 (compatible; meta-externalagent/1.1 (+https://developers.facebook.com/docs/sharing/webmasters/crawler))"
66.249.68.166 - - [17/Jul/2026:02:04:32 +0000] "GET /goods.php?products/6896271 HTTP/1.1" 200 0 "-" "Mozilla/5.0 (Linux; Android 6.0.1; Nexus 5X Build/MMB29P) AppleWebKit/537.36 (KHTML, like Gecko) Chrome/150.0.7871.124 Mobile Safari/537.36 (compatible; Googlebot/2.1; +http://www.google.com/bot.html)"
57.141.0.41 - - [17/Jul/2026:02:04:34 +0000] "GET /detail/765468364 HTTP/2" 200 0 "-" "Mozilla/5.0 (Windows NT 10.0; Win64; x64) AppleWebKit/537.36 (KHTML, like Gecko) Chrome/145.0.0.0 Safari/537.36 (compatible; meta-externalagent/1.1 (+https://developers.facebook.com/docs/sharing/webmasters/crawler))"
57.141.0.16 - - [17/Jul/2026:02:04:39 +0000] "GET /detail/468832386 HTTP/2" 200 0 "-" "Mozilla/5.0 (Windows NT 10.0; Win64; x64) AppleWebKit/537.36 (KHTML, like Gecko) Chrome/145.0.0.0 Safari/537.36 Edg/145.0.0.0 (compatible; meta-externalagent/1.1 (+https://developers.facebook.com/docs/sharing/webmasters/crawler))"
57.141.0.52 - - [17/Jul/2026:02:04:42 +0000] "GET /detail/600408466 HTTP/2" 200 0 "-" "Mozilla/5.0 (Windows NT 10.0; Win64; x64) AppleWebKit/537.36 (KHTML, like Gecko) Chrome/145.0.0.0 Safari/537.36 (compatible; meta-externalagent/1.1 (+https://developers.facebook.com/docs/sharing/webmasters/crawler))"
66.249.68.166 - - [17/Jul/2026:02:04:48 +0000] "GET /shop.php?products/68971474 HTTP/1.1" 200 0 "-" "Mozilla/5.0 (Linux; Android 6.0.1; Nexus 5X Build/MMB29P) AppleWebKit/537.36 (KHTML, like Gecko) Chrome/150.0.7871.124 Mobile Safari/537.36 (compatible; Googlebot/2.1; +http://www.google.com/bot.html)"
66.249.68.168 - - [17/Jul/2026:02:05:04 +0000] "GET /goods.php?products/3869016 HTTP/1.1" 200 0 "-" "Mozilla/5.0 (Linux; Android 6.0.1; Nexus 5X Build/MMB29P) AppleWebKit/537.36 (KHTML, like Gecko) Chrome/150.0.7871.124 Mobile Safari/537.36 (compatible; Googlebot/2.1; +http://www.google.com/bot.html)"
57.141.0.62 - - [17/Jul/2026:02:05:11 +0000] "GET /detail/466983445 HTTP/2" 200 0 "-" "Mozilla/5.0 (Windows NT 10.0; Win64; x64) AppleWebKit/537.36 (KHTML, like Gecko) Chrome/145.0.0.0 Safari/537.36 (compatible; meta-externalagent/1.1 (+https://developers.facebook.com/docs/sharing/webmasters/crawler))"
66.249.68.167 - - [17/Jul/2026:02:05:20 +0000] "GET /shop.php?products/8614245 HTTP/1.1" 200 0 "-" "Mozilla/5.0 (Linux; Android 6.0.1; Nexus 5X Build/MMB29P) AppleWebKit/537.36 (KHTML, like Gecko) Chrome/150.0.7871.124 Mobile Safari/537.36 (compatible; Googlebot/2.1; +http://www.google.com/bot.html)"
57.141.0.19 - - [17/Jul/2026:02:05:41 +0000] "GET /detail/577795199 HTTP/2" 200 0 "-" "Mozilla/5.0 (Windows NT 10.0; Win64; x64) AppleWebKit/537.36 (KHTML, like Gecko) Chrome/144.0.0.0 Safari/537.36 Edg/144.0.0.0 (compatible; meta-externalagent/1.1 (+https://developers.facebook.com/docs/sharing/webmasters/crawler))"
57.141.0.37 - - [17/Jul/2026:02:06:07 +0000] "GET /detail/287137135 HTTP/2" 200 0 "-" "Mozilla/5.0 (Windows NT 10.0; Win64; x64) AppleWebKit/537.36 (KHTML, like Gecko) Chrome/145.0.0.0 Safari/537.36 (compatible; meta-externalagent/1.1 (+https://developers.facebook.com/docs/sharing/webmasters/crawler))"
57.141.0.48 - - [17/Jul/2026:02:06:08 +0000] "GET /detail/195734157 HTTP/2" 200 0 "-" "Mozilla/5.0 (Windows NT 10.0; Win64; x64) AppleWebKit/537.36 (KHTML, like Gecko) Chrome/145.0.0.0 Safari/537.36 (compatible; meta-externalagent/1.1 (+https://developers.facebook.com/docs/sharing/webmasters/crawler))"
66.249.68.167 - - [17/Jul/2026:02:06:31 +0000] "GET /goods.php?products/572203481 HTTP/1.1" 200 0 "-" "Mozilla/5.0 (Linux; Android 6.0.1; Nexus 5X Build/MMB29P) AppleWebKit/537.36 (KHTML, like Gecko) Chrome/150.0.7871.124 Mobile Safari/537.36 (compatible; Googlebot/2.1; +http://www.google.com/bot.html)"
57.141.0.49 - - [17/Jul/2026:02:06:54 +0000] "GET /detail/961662342 HTTP/2" 200 0 "-" "Mozilla/5.0 (Windows NT 10.0; Win64; x64) AppleWebKit/537.36 (KHTML, like Gecko) Chrome/145.0.0.0 Safari/537.36 (compatible; meta-externalagent/1.1 (+https://developers.facebook.com/docs/sharing/webmasters/crawler))"
57.141.0.18 - - [17/Jul/2026:02:07:10 +0000] "GET /detail/907842059 HTTP/2" 200 0 "-" "Mozilla/5.0 (Macintosh; Intel Mac OS X 10_15_7) AppleWebKit/537.36 (KHTML, like Gecko) Chrome/145.0.0.0 Safari/537.36 (compatible; meta-externalagent/1.1 (+https://developers.facebook.com/docs/sharing/webmasters/crawler))"
57.141.0.68 - - [17/Jul/2026:02:07:40 +0000] "GET /detail/884444991 HTTP/2" 200 0 "-" "Mozilla/5.0 (Windows NT 10.0; Win64; x64) AppleWebKit/537.36 (KHTML, like Gecko) Chrome/145.0.0.0 Safari/537.36 (compatible; meta-externalagent/1.1 (+https://developers.facebook.com/docs/sharing/webmasters/crawler))"
57.141.0.24 - - [17/Jul/2026:02:07:53 +0000] "GET /detail/259838766 HTTP/2" 200 0 "-" "Mozilla/5.0 (Macintosh; Intel Mac OS X 10_15_7) AppleWebKit/537.36 (KHTML, like Gecko) Chrome/145.0.0.0 Safari/537.36 (compatible; meta-externalagent/1.1 (+https://developers.facebook.com/docs/sharing/webmasters/crawler))"
66.249.68.166 - - [17/Jul/2026:02:08:02 +0000] "GET /goods.php?products/9413393 HTTP/1.1" 200 0 "-" "Mozilla/5.0 (Linux; Android 6.0.1; Nexus 5X Build/MMB29P) AppleWebKit/537.36 (KHTML, like Gecko) Chrome/150.0.7871.124 Mobile Safari/537.36 (compatible; Googlebot/2.1; +http://www.google.com/bot.html)"
57.141.0.31 - - [17/Jul/2026:02:08:03 +0000] "GET /detail/295194749 HTTP/2" 200 0 "-" "Mozilla/5.0 (Windows NT 10.0; Win64; x64) AppleWebKit/537.36 (KHTML, like Gecko) Chrome/145.0.0.0 Safari/537.36 (compatible; meta-externalagent/1.1 (+https://developers.facebook.com/docs/sharing/webmasters/crawler))"
66.249.68.168 - - [17/Jul/2026:02:08:25 +0000] "GET /goods.php?products/348587796 HTTP/1.1" 200 0 "-" "Mozilla/5.0 (Linux; Android 6.0.1; Nexus 5X Build/MMB29P) AppleWebKit/537.36 (KHTML, like Gecko) Chrome/150.0.7871.124 Mobile Safari/537.36 (compatible; Googlebot/2.1; +http://www.google.com/bot.html)"
57.141.0.30 - - [17/Jul/2026:02:08:36 +0000] "GET /detail/652252156 HTTP/2" 200 0 "-" "Mozilla/5.0 (Windows NT 10.0; Win64; x64) AppleWebKit/537.36 (KHTML, like Gecko) Chrome/145.0.0.0 Safari/537.36 (compatible; meta-externalagent/1.1 (+https://developers.facebook.com/docs/sharing/webmasters/crawler))"
66.249.68.167 - - [17/Jul/2026:02:08:38 +0000] "GET /goods.php?products/313889575 HTTP/1.1" 200 0 "-" "Mozilla/5.0 (Linux; Android 6.0.1; Nexus 5X Build/MMB29P) AppleWebKit/537.36 (KHTML, like Gecko) Chrome/150.0.7871.124 Mobile Safari/537.36 (compatible; Googlebot/2.1; +http://www.google.com/bot.html)"
57.141.0.21 - - [17/Jul/2026:02:08:42 +0000] "GET /detail/966458104 HTTP/2" 200 0 "-" "Mozilla/5.0 (Windows NT 10.0; Win64; x64) AppleWebKit/537.36 (KHTML, like Gecko) Chrome/145.0.0.0 Safari/537.36 (compatible; meta-externalagent/1.1 (+https://developers.facebook.com/docs/sharing/webmasters/crawler))"
66.249.68.166 - - [17/Jul/2026:02:08:50 +0000] "GET /goods.php?products/1616823 HTTP/1.1" 200 0 "-" "Mozilla/5.0 (Linux; Android 6.0.1; Nexus 5X Build/MMB29P) AppleWebKit/537.36 (KHTML, like Gecko) Chrome/150.0.7871.124 Mobile Safari/537.36 (compatible; Googlebot/2.1; +http://www.google.com/bot.html)"
66.249.68.168 - - [17/Jul/2026:02:09:13 +0000] "GET /goods.php?products/16549340 HTTP/1.1" 200 0 "-" "Mozilla/5.0 (Linux; Android 6.0.1; Nexus 5X Build/MMB29P) AppleWebKit/537.36 (KHTML, like Gecko) Chrome/150.0.7871.124 Mobile Safari/537.36 (compatible; Googlebot/2.1; +http://www.google.com/bot.html)"
66.249.68.167 - - [17/Jul/2026:02:09:14 +0000] "GET /detail/164910107 HTTP/1.1" 200 0 "-" "Mozilla/5.0 (Linux; Android 6.0.1; Nexus 5X Build/MMB29P) AppleWebKit/537.36 (KHTML, like Gecko) Chrome/150.0.7871.124 Mobile Safari/537.36 (compatible; Googlebot/2.1; +http://www.google.com/bot.html)"
66.249.68.167 - - [17/Jul/2026:02:09:26 +0000] "GET /goods.php?products/9069455 HTTP/1.1" 200 0 "-" "Mozilla/5.0 (Linux; Android 6.0.1; Nexus 5X Build/MMB29P) AppleWebKit/537.36 (KHTML, like Gecko) Chrome/150.0.7871.124 Mobile Safari/537.36 (compatible; Googlebot/2.1; +http://www.google.com/bot.html)"
66.249.68.166 - - [17/Jul/2026:02:09:32 +0000] "GET /goods.php?products/86639589 HTTP/1.1" 200 0 "-" "Mozilla/5.0 (compatible; Googlebot/2.1; +http://www.google.com/bot.html)"
