47.128.28.195 - - [16/Jul/2026:19:38:13 +0000] "GET /wp-content/plugins/woo-custom-product-addons-pro/assets/plugins/spectrum/spectrum.min.css?ver=3.9.2 HTTP/2" 200 2733 "https://gradregalia242.com/Sobre-Saco-Teknofas-Oficio-25x36-B-24-Blanco-50-Unidades-650800" "Mozilla/5.0 (Linux; Android 5.0) AppleWebKit/537.36 (KHTML, like Gecko) Mobile Safari/537.36 (compatible; Bytespider; spider-feedback@bytedance.com)"
47.128.28.195 - - [16/Jul/2026:19:38:13 +0000] "GET /wp-content/plugins/woo-custom-product-addons-pro/assets/plugins/datetimepicker/jquery.datetimepicker.min.css?ver=3.9.2 HTTP/2" 200 4171 "https://gradregalia242.com/Sobre-Saco-Teknofas-Oficio-25x36-B-24-Blanco-50-Unidades-650800" "Mozilla/5.0 (Linux; Android 5.0) AppleWebKit/537.36 (KHTML, like Gecko) Mobile Safari/537.36 (compatible; Bytespider; spider-feedback@bytedance.com)"
47.128.28.195 - - [16/Jul/2026:19:38:13 +0000] "GET /wp-content/plugins/wcboost-variation-swatches/assets/css/frontend.css?ver=1.1.1 HTTP/2" 200 1091 "https://gradregalia242.com/Sobre-Saco-Teknofas-Oficio-25x36-B-24-Blanco-50-Unidades-650800" "Mozilla/5.0 (Linux; Android 5.0) AppleWebKit/537.36 (KHTML, like Gecko) Mobile Safari/537.36 (compatible; Bytespider; spider-feedback@bytedance.com)"
47.128.28.195 - - [16/Jul/2026:19:38:13 +0000] "GET /wp-content/plugins/woo-custom-product-addons-pro/assets/css/frontend.min.css?ver=3.9.2 HTTP/2" 200 3388 "https://gradregalia242.com/Sobre-Saco-Teknofas-Oficio-25x36-B-24-Blanco-50-Unidades-650800" "Mozilla/5.0 (Linux; Android 5.0) AppleWebKit/537.36 (KHTML, like Gecko) Mobile Safari/537.36 (compatible; Bytespider; spider-feedback@bytedance.com)"
47.128.28.195 - - [16/Jul/2026:19:38:13 +0000] "GET /wp-content/plugins/elementor/assets/css/frontend.min.css?ver=3.28.3 HTTP/2" 200 6453 "https://gradregalia242.com/Sobre-Saco-Teknofas-Oficio-25x36-B-24-Blanco-50-Unidades-650800" "Mozilla/5.0 (Linux; Android 5.0) AppleWebKit/537.36 (KHTML, like Gecko) Mobile Safari/537.36 (compatible; Bytespider; spider-feedback@bytedance.com)"
47.128.28.195 - - [16/Jul/2026:19:38:13 +0000] "GET /wp-content/plugins/elementor/assets/lib/eicons/css/elementor-icons.min.css?ver=5.36.0 HTTP/2" 200 3845 "https://gradregalia242.com/Sobre-Saco-Teknofas-Oficio-25x36-B-24-Blanco-50-Unidades-650800" "Mozilla/5.0 (Linux; Android 5.0) AppleWebKit/537.36 (KHTML, like Gecko) Mobile Safari/537.36 (compatible; Bytespider; spider-feedback@bytedance.com)"
47.128.28.195 - - [16/Jul/2026:19:38:13 +0000] "GET /wp-content/uploads/elementor/css/post-6.css?ver=1744118115 HTTP/2" 200 323 "https://gradregalia242.com/Sobre-Saco-Teknofas-Oficio-25x36-B-24-Blanco-50-Unidades-650800" "Mozilla/5.0 (Linux; Android 5.0) AppleWebKit/537.36 (KHTML, like Gecko) Mobile Safari/537.36 (compatible; Bytespider; spider-feedback@bytedance.com)"
47.128.28.195 - - [16/Jul/2026:19:38:13 +0000] "GET /wp-content/plugins/razzi-addons/modules/product-deals/assets/deals.css?ver=1.0.0 HTTP/2" 200 526 "https://gradregalia242.com/Sobre-Saco-Teknofas-Oficio-25x36-B-24-Blanco-50-Unidades-650800" "Mozilla/5.0 (Linux; Android 5.0) AppleWebKit/537.36 (KHTML, like Gecko) Mobile Safari/537.36 (compatible; Bytespider; spider-feedback@bytedance.com)"
47.128.28.195 - - [16/Jul/2026:19:38:14 +0000] "GET /wp-content/plugins/woocommerce/assets/css/prettyPhoto.css?ver=3.1.6 HTTP/2" 200 1840 "https://gradregalia242.com/Sobre-Saco-Teknofas-Oficio-25x36-B-24-Blanco-50-Unidades-650800" "Mozilla/5.0 (Linux; Android 5.0) AppleWebKit/537.36 (KHTML, like Gecko) Mobile Safari/537.36 (compatible; Bytespider; spider-feedback@bytedance.com)"
47.128.28.195 - - [16/Jul/2026:19:38:14 +0000] "GET /wp-content/plugins/yith-woocommerce-wishlist/assets/css/jquery.selectBox.css?ver=1.2.0 HTTP/2" 200 773 "https://gradregalia242.com/Sobre-Saco-Teknofas-Oficio-25x36-B-24-Blanco-50-Unidades-650800" "Mozilla/5.0 (Linux; Android 5.0) AppleWebKit/537.36 (KHTML, like Gecko) Mobile Safari/537.36 (compatible; Bytespider; spider-feedback@bytedance.com)"
47.128.28.195 - - [16/Jul/2026:19:38:14 +0000] "GET /wp-content/plugins/woocommerce/assets/css/brands.css?ver=9.7.1 HTTP/2" 200 579 "https://gradregalia242.com/Sobre-Saco-Teknofas-Oficio-25x36-B-24-Blanco-50-Unidades-650800" "Mozilla/5.0 (Linux; Android 5.0) AppleWebKit/537.36 (KHTML, like Gecko) Mobile Safari/537.36 (compatible; Bytespider; spider-feedback@bytedance.com)"
47.128.28.195 - - [16/Jul/2026:19:38:14 +0000] "GET /wp-content/plugins/yith-woocommerce-wishlist/assets/css/style.css?ver=4.4.0 HTTP/2" 200 6263 "https://gradregalia242.com/Sobre-Saco-Teknofas-Oficio-25x36-B-24-Blanco-50-Unidades-650800" "Mozilla/5.0 (Linux; Android 5.0) AppleWebKit/537.36 (KHTML, like Gecko) Mobile Safari/537.36 (compatible; Bytespider; spider-feedback@bytedance.com)"
47.128.28.195 - - [16/Jul/2026:19:38:14 +0000] "GET /wp-content/themes/razzi/style.css?ver=20211213 HTTP/2" 200 40455 "https://gradregalia242.com/Sobre-Saco-Teknofas-Oficio-25x36-B-24-Blanco-50-Unidades-650800" "Mozilla/5.0 (Linux; Android 5.0) AppleWebKit/537.36 (KHTML, like Gecko) Mobile Safari/537.36 (compatible; Bytespider; spider-feedback@bytedance.com)"
47.128.28.195 - - [16/Jul/2026:19:38:14 +0000] "GET /wp-content/plugins/woocommerce/assets/css/select2.css?ver=9.7.1 HTTP/2" 200 1737 "https://gradregalia242.com/Sobre-Saco-Teknofas-Oficio-25x36-B-24-Blanco-50-Unidades-650800" "Mozilla/5.0 (Linux; Android 5.0) AppleWebKit/537.36 (KHTML, like Gecko) Mobile Safari/537.36 (compatible; Bytespider; spider-feedback@bytedance.com)"
47.128.28.195 - - [16/Jul/2026:19:38:14 +0000] "GET /wp-content/plugins/woo-min-max-quantity-step-control-single/assets/css/wcmmq-front.css?ver=1.0.0 HTTP/2" 200 477 "https://gradregalia242.com/Sobre-Saco-Teknofas-Oficio-25x36-B-24-Blanco-50-Unidades-650800" "Mozilla/5.0 (Linux; Android 5.0) AppleWebKit/537.36 (KHTML, like Gecko) Mobile Safari/537.36 (compatible; Bytespider; spider-feedback@bytedance.com)"
47.128.28.195 - - [16/Jul/2026:19:38:14 +0000] "GET /wp-content/plugins/WC_Min_Max_Quantity/assets/css/wcmmq-front.css?ver=7.0.1 HTTP/2" 200 292 "https://gradregalia242.com/Sobre-Saco-Teknofas-Oficio-25x36-B-24-Blanco-50-Unidades-650800" "Mozilla/5.0 (Linux; Android 5.0) AppleWebKit/537.36 (KHTML, like Gecko) Mobile Safari/537.36 (compatible; Bytespider; spider-feedback@bytedance.com)"
47.128.28.195 - - [16/Jul/2026:19:38:14 +0000] "GET /wp-content/uploads/elementor/google-fonts/css/roboto.css?ver=1744118142 HTTP/2" 200 1869 "https://gradregalia242.com/Sobre-Saco-Teknofas-Oficio-25x36-B-24-Blanco-50-Unidades-650800" "Mozilla/5.0 (Linux; Android 5.0) AppleWebKit/537.36 (KHTML, like Gecko) Mobile Safari/537.36 (compatible; Bytespider; spider-feedback@bytedance.com)"
47.128.28.195 - - [16/Jul/2026:19:38:14 +0000] "GET /wp-content/uploads/elementor/google-fonts/css/robotoslab.css?ver=1744118151 HTTP/2" 200 705 "https://gradregalia242.com/Sobre-Saco-Teknofas-Oficio-25x36-B-24-Blanco-50-Unidades-650800" "Mozilla/5.0 (Linux; Android 5.0) AppleWebKit/537.36 (KHTML, like Gecko) Mobile Safari/537.36 (compatible; Bytespider; spider-feedback@bytedance.com)"
47.128.28.195 - - [16/Jul/2026:19:38:14 +0000] "GET /wp-content/themes/razzi/woocommerce.css?ver=20211213 HTTP/2" 200 33318 "https://gradregalia242.com/Sobre-Saco-Teknofas-Oficio-25x36-B-24-Blanco-50-Unidades-650800" "Mozilla/5.0 (Linux; Android 5.0) AppleWebKit/537.36 (KHTML, like Gecko) Mobile Safari/537.36 (compatible; Bytespider; spider-feedback@bytedance.com)"
47.128.28.195 - - [16/Jul/2026:19:38:15 +0000] "GET /wp-content/uploads/2022/01/cid_52343345-CC25-4833-858F-CBD78697CEF5.png HTTP/2" 206 500 "https://gradregalia242.com/Sobre-Saco-Teknofas-Oficio-25x36-B-24-Blanco-50-Unidades-650800" "Mozilla/5.0 (Linux; Android 5.0) AppleWebKit/537.36 (KHTML, like Gecko) Mobile Safari/537.36 (compatible; Bytespider; spider-feedback@bytedance.com)"
47.128.28.195 - - [16/Jul/2026:19:38:15 +0000] "GET /wp-content/uploads/2022/05/logo-3-e1652040609888.png HTTP/2" 206 500 "https://gradregalia242.com/Sobre-Saco-Teknofas-Oficio-25x36-B-24-Blanco-50-Unidades-650800" "Mozilla/5.0 (Linux; Android 5.0) AppleWebKit/537.36 (KHTML, like Gecko) Mobile Safari/537.36 (compatible; Bytespider; spider-feedback@bytedance.com)"
47.128.28.195 - - [16/Jul/2026:19:38:15 +0000] "GET /wp-content/uploads/2022/05/visa-logo-2-e1652040553263.jpg HTTP/2" 206 500 "https://gradregalia242.com/Sobre-Saco-Teknofas-Oficio-25x36-B-24-Blanco-50-Unidades-650800" "Mozilla/5.0 (Linux; Android 5.0) AppleWebKit/537.36 (KHTML, like Gecko) Mobile Safari/537.36 (compatible; Bytespider; spider-feedback@bytedance.com)"
47.128.28.195 - - [16/Jul/2026:19:38:15 +0000] "GET /wp-content/uploads/2022/05/Master_Card-logo-027CB51F96-seeklogo.com_-e1652040876305.png HTTP/2" 206 500 "https://gradregalia242.com/Sobre-Saco-Teknofas-Oficio-25x36-B-24-Blanco-50-Unidades-650800" "Mozilla/5.0 (Linux; Android 5.0) AppleWebKit/537.36 (KHTML, like Gecko) Mobile Safari/537.36 (compatible; Bytespider; spider-feedback@bytedance.com)"
64.225.121.94 - - [16/Jul/2026:19:39:31 +0000] "GET /wp-login.php HTTP/2" 200 1939 "-" "Mozilla/5.0 (X11; Linux x86_64) AppleWebKit/537.36 (KHTML, like Gecko) Chrome/147.0.0.0 Safari/537.36"
194.39.149.53 - - [16/Jul/2026:19:39:33 +0000] "POST /wp-cron.php?doing_wp_cron=1784230773.2771079540252685546875 HTTP/1.1" 200 0 "-" "WordPress/7.0.1; https://gradregalia242.com"
185.109.244.91 - - [16/Jul/2026:19:39:31 +0000] "GET /wp-login.php HTTP/2" 200 1939 "-" "Mozilla/5.0 (Macintosh; Intel Mac OS X 10_15_7) AppleWebKit/537.36 (KHTML, like Gecko) Chrome/143.0.0.0 Safari/537.36"
154.61.75.100 - - [16/Jul/2026:19:39:32 +0000] "GET /wp-login.php HTTP/2" 200 1939 "-" "Mozilla/5.0 (X11; Linux x86_64; rv:148.0) Gecko/20100101 Firefox/148.0"
64.225.121.94 - - [16/Jul/2026:19:39:34 +0000] "POST /wp-login.php HTTP/2" 200 2071 "https://gradregalia242.com.keeloil.com/wp-login.php" "Mozilla/5.0 (X11; Linux x86_64) AppleWebKit/537.36 (KHTML, like Gecko) Chrome/147.0.0.0 Safari/537.36"
17.22.237.204 - - [16/Jul/2026:19:39:35 +0000] "GET /robots.txt HTTP/2" 200 163 "-" "Mozilla/5.0 (Macintosh; Intel Mac OS X 10_15_7) AppleWebKit/605.1.15 (KHTML, like Gecko) Version/17.4 Safari/605.1.15 (Applebot/0.1; +http://www.apple.com/go/applebot)"
154.61.75.100 - - [16/Jul/2026:19:39:36 +0000] "POST /wp-login.php HTTP/2" 200 2071 "https://gradregalia242.com.keeloil.com/wp-login.php" "Mozilla/5.0 (X11; Linux x86_64; rv:148.0) Gecko/20100101 Firefox/148.0"
185.109.244.91 - - [16/Jul/2026:19:39:36 +0000] "POST /wp-login.php HTTP/2" 200 2071 "https://gradregalia242.com.keeloil.com/wp-login.php" "Mozilla/5.0 (Macintosh; Intel Mac OS X 10_15_7) AppleWebKit/537.36 (KHTML, like Gecko) Chrome/143.0.0.0 Safari/537.36"
17.22.237.204 - - [16/Jul/2026:19:39:39 +0000] "GET /about-us/ HTTP/2" 200 32963 "-" "Mozilla/5.0 (Macintosh; Intel Mac OS X 10_15_7) AppleWebKit/605.1.15 (KHTML, like Gecko) Version/17.4 Safari/605.1.15 (Applebot/0.1; +http://www.apple.com/go/applebot)"
68.183.22.192 - - [16/Jul/2026:19:39:41 +0000] "GET /wp-login.php HTTP/2" 200 1939 "-" "Mozilla/5.0 (Linux; Android 10; K) AppleWebKit/537.36 (KHTML, like Gecko) Chrome/146.0.0.0 Mobile Safari/537.36"
167.114.139.206 - - [16/Jul/2026:19:39:42 +0000] "GET /%CF%84%CE%B9-welcome-bonus-%CE%B1%CE%B9%CF%84%CE%AF%CE%B1-poneclub-gambling-casino-%CF%80%CF%81%CE%BF%CF%83%CF%86%CE%BF%CF%81%CE%AC-%C2%B7-%CF%83%CE%B5-%CF%8C%CE%BB%CE%B7-%CF%84%CE%B7%CE%BD-%CE%B5/feed/ HTTP/2" 200 662 "-" "Mozilla/5.0 (compatible; AhrefsBot/7.0; +http://ahrefs.com/robot/)"
194.39.149.53 - - [16/Jul/2026:19:40:42 +0000] "POST /wp-cron.php?doing_wp_cron=1784230842.6547679901123046875000 HTTP/1.1" 200 0 "-" "WordPress/7.0.1; https://gradregalia242.com"
185.191.171.10 - - [16/Jul/2026:19:40:41 +0000] "GET /robots.txt HTTP/1.1" 200 163 "-" "Mozilla/5.0 (compatible; SemrushBot/7~bl; +http://www.semrush.com/bot.html)"
185.191.171.12 - - [16/Jul/2026:19:40:43 +0000] "GET /product/tassel-topper/ HTTP/1.1" 200 44757 "-" "Mozilla/5.0 (compatible; SemrushBot/7~bl; +http://www.semrush.com/bot.html)"
123.28.35.109 - - [16/Jul/2026:19:41:34 +0000] "GET /wp-content/uploads/2022/08/Graduation-Gift-Plush-Bear-Holding-Frame-with-Photo-Memory-Keepsake.jpeg HTTP/1.1" 200 146910 "-" "Mozilla/5.0 (Macintosh; Intel Mac OS X 10_12_6) AppleWebKit/537.36 (KHTML, like Gecko) Chrome/86.0.4240.183 Safari/537.36"
194.39.149.53 - - [16/Jul/2026:19:41:44 +0000] "POST /wp-cron.php?doing_wp_cron=1784230904.5699000358581542968750 HTTP/1.1" 200 0 "-" "WordPress/7.0.1; https://gradregalia242.com"
43.153.85.46 - - [16/Jul/2026:19:41:40 +0000] "GET /product-category/legal-attire/barrister-wig/ HTTP/1.1" 200 31633 "-" "Mozilla/5.0 (iPhone; CPU iPhone OS 13_2_3 like Mac OS X) AppleWebKit/605.1.15 (KHTML, like Gecko) Version/13.0.3 Mobile/15E148 Safari/604.1"
139.190.156.74 - - [16/Jul/2026:19:41:55 +0000] "GET /product-category/elementary-school/page/2/?add_to_wishlist=178527 HTTP/1.1" 200 0 "-" "Mozilla/5.0 (Windows NT 10.0; Win64; x64) AppleWebKit/537.36 (KHTML, like Gecko) Brave Chrome/89.0.4389.72 Safari/537.36"
194.39.149.53 - - [16/Jul/2026:19:44:31 +0000] "POST /wp-cron.php?doing_wp_cron=1784231071.2298939228057861328125 HTTP/1.1" 200 0 "-" "WordPress/7.0.1; https://gradregalia242.com"
51.161.65.128 - - [16/Jul/2026:19:44:30 +0000] "GET /rely-options-und-payment-certificate-nordscasinode-com-germany-spin-win/feed/ HTTP/2" 200 469 "-" "Mozilla/5.0 (compatible; AhrefsBot/7.0; +http://ahrefs.com/robot/)"
194.39.149.53 - - [16/Jul/2026:19:47:33 +0000] "POST /wp-cron.php?doing_wp_cron=1784231253.7929639816284179687500 HTTP/1.1" 200 0 "-" "WordPress/7.0.1; https://gradregalia242.com"
217.165.139.84 - - [16/Jul/2026:19:47:29 +0000] "POST /wp-comments-post.php HTTP/1.1" 302 0 "-" "Mozilla/5.0 (Windows NT 10.0; Win64; x64) AppleWebKit/537.36 (KHTML, like Gecko) Chrome/120.0.0.0 Safari/537.36"
217.165.139.84 - - [16/Jul/2026:19:47:35 +0000] "POST /wp-comments-post.php HTTP/1.1" 429 1197 "-" "Mozilla/5.0 (Windows NT 10.0; Win64; x64) AppleWebKit/537.36 (KHTML, like Gecko) Chrome/120.0.0.0 Safari/537.36"
217.165.139.84 - - [16/Jul/2026:19:47:37 +0000] "POST /wp-comments-post.php HTTP/1.1" 429 1197 "-" "Mozilla/5.0 (Windows NT 10.0; Win64; x64) AppleWebKit/537.36 (KHTML, like Gecko) Chrome/120.0.0.0 Safari/537.36"
217.165.139.84 - - [16/Jul/2026:19:47:39 +0000] "POST /wp-comments-post.php HTTP/1.1" 429 1197 "-" "Mozilla/5.0 (Windows NT 10.0; Win64; x64) AppleWebKit/537.36 (KHTML, like Gecko) Chrome/120.0.0.0 Safari/537.36"
217.165.139.84 - - [16/Jul/2026:19:47:41 +0000] "POST /wp-comments-post.php HTTP/1.1" 429 1197 "-" "Mozilla/5.0 (Windows NT 10.0; Win64; x64) AppleWebKit/537.36 (KHTML, like Gecko) Chrome/120.0.0.0 Safari/537.36"
217.165.139.84 - - [16/Jul/2026:19:47:43 +0000] "POST /wp-comments-post.php HTTP/1.1" 429 1197 "-" "Mozilla/5.0 (Windows NT 10.0; Win64; x64) AppleWebKit/537.36 (KHTML, like Gecko) Chrome/120.0.0.0 Safari/537.36"
217.165.139.84 - - [16/Jul/2026:19:47:45 +0000] "POST /wp-comments-post.php HTTP/1.1" 302 0 "-" "Mozilla/5.0 (Windows NT 10.0; Win64; x64) AppleWebKit/537.36 (KHTML, like Gecko) Chrome/120.0.0.0 Safari/537.36"
217.165.139.84 - - [16/Jul/2026:19:47:49 +0000] "POST /wp-comments-post.php HTTP/1.1" 429 1197 "-" "Mozilla/5.0 (Windows NT 10.0; Win64; x64) AppleWebKit/537.36 (KHTML, like Gecko) Chrome/120.0.0.0 Safari/537.36"
217.165.139.84 - - [16/Jul/2026:19:47:51 +0000] "POST /wp-comments-post.php HTTP/1.1" 429 1197 "-" "Mozilla/5.0 (Windows NT 10.0; Win64; x64) AppleWebKit/537.36 (KHTML, like Gecko) Chrome/120.0.0.0 Safari/537.36"
217.165.139.84 - - [16/Jul/2026:19:47:53 +0000] "POST /wp-comments-post.php HTTP/1.1" 429 1197 "-" "Mozilla/5.0 (Windows NT 10.0; Win64; x64) AppleWebKit/537.36 (KHTML, like Gecko) Chrome/120.0.0.0 Safari/537.36"
43.173.132.80 - - [16/Jul/2026:19:48:03 +0000] "GET /robots.txt HTTP/2" 200 146 "-" "Mozilla/5.0 (Macintosh; Intel Mac OS X 10_15_7) AppleWebKit/537.36 (KHTML, like Gecko) Chrome/129.0.0.0 Safari/537.36"
188.40.21.48 - - [16/Jul/2026:19:48:11 +0000] "GET /product/customize-stock-stole-60/ HTTP/1.1" 200 49631 "-" "Mozilla/5.0 (compatible; SERankingBacklinksBot/1.0; +https://seranking.com/backlinks-crawler)"
82.215.105.150 - - [16/Jul/2026:19:48:05 +0000] "GET /product-category/junior-secondary-high-schools/page/2/?add_to_wishlist=172125 HTTP/1.1" 200 0 "-" "Mozilla/5.0 (Windows NT 10.0; Win64; x64) AppleWebKit/537.36 (KHTML, like Gecko) Chrome/91.0.4472.123 Safari/537.36"
143.198.163.203 - - [16/Jul/2026:19:48:28 +0000] "GET /wp-content/uploads/2022/01/WhatsApp-Image-2022-01-23-at-8.42.21-PM-600x400.jpeg HTTP/1.1" 200 8871 "https://gradregalia242.com/" "Mozilla/5.0 (Windows NT 10.0; Win64; x64) AppleWebKit/537.36 (KHTML, like Gecko) Chrome/112.0.0.0 Safari/537.36"
194.39.149.53 - - [16/Jul/2026:19:50:39 +0000] "POST /wp-cron.php?doing_wp_cron=1784231439.4191699028015136718750 HTTP/1.1" 200 0 "-" "WordPress/7.0.1; https://gradregalia242.com"
43.131.39.179 - - [16/Jul/2026:19:50:38 +0000] "GET /product-category/bachelors/tassel-bachelors/ HTTP/1.1" 200 31565 "-" "Mozilla/5.0 (iPhone; CPU iPhone OS 13_2_3 like Mac OS X) AppleWebKit/605.1.15 (KHTML, like Gecko) Version/13.0.3 Mobile/15E148 Safari/604.1"
132.148.72.88 - - [16/Jul/2026:19:50:53 +0000] "GET /wp-login.php HTTP/2" 200 1939 "-" "Mozilla/5.0 (X11; Linux x86_64) AppleWebKit/537.36 (KHTML, like Gecko) Chrome/133.0.0.0 Safari/537.36"
160.187.68.214 - - [16/Jul/2026:19:50:54 +0000] "GET /wp-login.php HTTP/2" 200 1939 "-" "Mozilla/5.0 (iPhone; CPU iPhone OS 18_0 like Mac OS X) AppleWebKit/605.1.15 (KHTML, like Gecko) Version/18.0 Mobile/15E148 Safari/604.1"
132.148.72.88 - - [16/Jul/2026:19:50:56 +0000] "POST /wp-login.php HTTP/2" 200 2071 "https://gradregalia242.com.keeloil.com/wp-login.php" "Mozilla/5.0 (X11; Linux x86_64) AppleWebKit/537.36 (KHTML, like Gecko) Chrome/133.0.0.0 Safari/537.36"
160.187.68.214 - - [16/Jul/2026:19:50:58 +0000] "POST /wp-login.php HTTP/2" 200 2071 "https://gradregalia242.com.keeloil.com/wp-login.php" "Mozilla/5.0 (iPhone; CPU iPhone OS 18_0 like Mac OS X) AppleWebKit/605.1.15 (KHTML, like Gecko) Version/18.0 Mobile/15E148 Safari/604.1"
217.182.128.41 - - [16/Jul/2026:19:51:02 +0000] "GET /wp-login.php HTTP/2" 200 1939 "-" "Mozilla/5.0 (X11; Linux x86_64) AppleWebKit/537.36 (KHTML, like Gecko) Chrome/146.0.0.0 Safari/537.36"
80.94.95.202 - - [16/Jul/2026:19:51:04 +0000] "GET / HTTP/1.0" 200 294942 "https://gradregalia242.com/" "Mozilla/5.0 (Windows NT 10.0; Win64; x64) AppleWebKit/537.36 (KHTML, like Gecko) Chrome/131.0.0.0 Safari/537.36 Avast/131.0.0.0"
217.182.128.41 - - [16/Jul/2026:19:51:11 +0000] "POST /wp-login.php HTTP/2" 200 2071 "https://gradregalia242.com.keeloil.com/wp-login.php" "Mozilla/5.0 (X11; Linux x86_64) AppleWebKit/537.36 (KHTML, like Gecko) Chrome/146.0.0.0 Safari/537.36"
17.22.245.88 - - [16/Jul/2026:19:56:37 +0000] "GET /wp-content/plugins/contact-form-7/includes/css/styles.css?ver=6.0.5 HTTP/2" 200 890 "https://gradregalia242.com/about-us/" "Mozilla/5.0 (Macintosh; Intel Mac OS X 10_15_7) AppleWebKit/605.1.15 (KHTML, like Gecko) Version/17.4 Safari/605.1.15 (Applebot/0.1; +http://www.apple.com/go/applebot)"
17.22.245.88 - - [16/Jul/2026:19:56:39 +0000] "GET /wp-content/plugins/woo-custom-product-addons-pro/assets/plugins/datetimepicker/jquery.datetimepicker.min.css?ver=3.9.2 HTTP/2" 200 4171 "https://gradregalia242.com/about-us/" "Mozilla/5.0 (Macintosh; Intel Mac OS X 10_15_7) AppleWebKit/605.1.15 (KHTML, like Gecko) Version/17.4 Safari/605.1.15 (Applebot/0.1; +http://www.apple.com/go/applebot)"
17.22.245.88 - - [16/Jul/2026:19:56:40 +0000] "GET /wp-content/plugins/woocommerce/assets/client/blocks/wc-blocks.css?ver=wc-9.7.1 HTTP/2" 200 2367 "https://gradregalia242.com/about-us/" "Mozilla/5.0 (Macintosh; Intel Mac OS X 10_15_7) AppleWebKit/605.1.15 (KHTML, like Gecko) Version/17.4 Safari/605.1.15 (Applebot/0.1; +http://www.apple.com/go/applebot)"
17.22.245.88 - - [16/Jul/2026:19:56:42 +0000] "GET /wp-content/plugins/wcboost-variation-swatches/assets/css/frontend.css?ver=1.1.1 HTTP/2" 200 1091 "https://gradregalia242.com/about-us/" "Mozilla/5.0 (Macintosh; Intel Mac OS X 10_15_7) AppleWebKit/605.1.15 (KHTML, like Gecko) Version/17.4 Safari/605.1.15 (Applebot/0.1; +http://www.apple.com/go/applebot)"
17.22.245.88 - - [16/Jul/2026:19:56:43 +0000] "GET /wp-content/plugins/woo-custom-product-addons-pro/assets/plugins/spectrum/spectrum.min.css?ver=3.9.2 HTTP/2" 200 2733 "https://gradregalia242.com/about-us/" "Mozilla/5.0 (Macintosh; Intel Mac OS X 10_15_7) AppleWebKit/605.1.15 (KHTML, like Gecko) Version/17.4 Safari/605.1.15 (Applebot/0.1; +http://www.apple.com/go/applebot)"
17.22.245.88 - - [16/Jul/2026:19:56:45 +0000] "GET /wp-content/plugins/woo-custom-product-addons-pro/assets/css/frontend.min.css?ver=3.9.2 HTTP/2" 200 3388 "https://gradregalia242.com/about-us/" "Mozilla/5.0 (Macintosh; Intel Mac OS X 10_15_7) AppleWebKit/605.1.15 (KHTML, like Gecko) Version/17.4 Safari/605.1.15 (Applebot/0.1; +http://www.apple.com/go/applebot)"
17.22.245.88 - - [16/Jul/2026:19:56:46 +0000] "GET /wp-content/plugins/elementor/assets/lib/eicons/css/elementor-icons.min.css?ver=5.36.0 HTTP/2" 200 3845 "https://gradregalia242.com/about-us/" "Mozilla/5.0 (Macintosh; Intel Mac OS X 10_15_7) AppleWebKit/605.1.15 (KHTML, like Gecko) Version/17.4 Safari/605.1.15 (Applebot/0.1; +http://www.apple.com/go/applebot)"
17.22.245.88 - - [16/Jul/2026:19:56:48 +0000] "GET /wp-content/plugins/elementor/assets/css/frontend.min.css?ver=3.28.3 HTTP/2" 200 6453 "https://gradregalia242.com/about-us/" "Mozilla/5.0 (Macintosh; Intel Mac OS X 10_15_7) AppleWebKit/605.1.15 (KHTML, like Gecko) Version/17.4 Safari/605.1.15 (Applebot/0.1; +http://www.apple.com/go/applebot)"
17.22.245.88 - - [16/Jul/2026:19:56:49 +0000] "GET /wp-content/uploads/elementor/css/post-6.css?ver=1744118115 HTTP/2" 200 323 "https://gradregalia242.com/about-us/" "Mozilla/5.0 (Macintosh; Intel Mac OS X 10_15_7) AppleWebKit/605.1.15 (KHTML, like Gecko) Version/17.4 Safari/605.1.15 (Applebot/0.1; +http://www.apple.com/go/applebot)"
17.22.245.88 - - [16/Jul/2026:19:56:51 +0000] "GET /wp-content/plugins/elementor/assets/css/widget-image.min.css?ver=3.28.3 HTTP/2" 200 119 "https://gradregalia242.com/about-us/" "Mozilla/5.0 (Macintosh; Intel Mac OS X 10_15_7) AppleWebKit/605.1.15 (KHTML, like Gecko) Version/17.4 Safari/605.1.15 (Applebot/0.1; +http://www.apple.com/go/applebot)"
17.22.245.88 - - [16/Jul/2026:19:56:52 +0000] "GET /wp-content/plugins/elementor/assets/css/widget-heading.min.css?ver=3.28.3 HTTP/2" 200 154 "https://gradregalia242.com/about-us/" "Mozilla/5.0 (Macintosh; Intel Mac OS X 10_15_7) AppleWebKit/605.1.15 (KHTML, like Gecko) Version/17.4 Safari/605.1.15 (Applebot/0.1; +http://www.apple.com/go/applebot)"
17.22.245.88 - - [16/Jul/2026:19:56:54 +0000] "GET /wp-content/uploads/elementor/css/post-633.css?ver=1744203778 HTTP/2" 200 480 "https://gradregalia242.com/about-us/" "Mozilla/5.0 (Macintosh; Intel Mac OS X 10_15_7) AppleWebKit/605.1.15 (KHTML, like Gecko) Version/17.4 Safari/605.1.15 (Applebot/0.1; +http://www.apple.com/go/applebot)"
17.22.245.88 - - [16/Jul/2026:19:56:55 +0000] "GET /wp-content/plugins/razzi-addons/modules/product-deals/assets/deals.css?ver=1.0.0 HTTP/2" 200 526 "https://gradregalia242.com/about-us/" "Mozilla/5.0 (Macintosh; Intel Mac OS X 10_15_7) AppleWebKit/605.1.15 (KHTML, like Gecko) Version/17.4 Safari/605.1.15 (Applebot/0.1; +http://www.apple.com/go/applebot)"
17.22.245.88 - - [16/Jul/2026:19:56:56 +0000] "GET /wp-content/plugins/yith-woocommerce-wishlist/assets/css/jquery.selectBox.css?ver=1.2.0 HTTP/2" 200 773 "https://gradregalia242.com/about-us/" "Mozilla/5.0 (Macintosh; Intel Mac OS X 10_15_7) AppleWebKit/605.1.15 (KHTML, like Gecko) Version/17.4 Safari/605.1.15 (Applebot/0.1; +http://www.apple.com/go/applebot)"
17.22.245.88 - - [16/Jul/2026:19:56:58 +0000] "GET /wp-content/plugins/woocommerce/assets/css/prettyPhoto.css?ver=3.1.6 HTTP/2" 200 1840 "https://gradregalia242.com/about-us/" "Mozilla/5.0 (Macintosh; Intel Mac OS X 10_15_7) AppleWebKit/605.1.15 (KHTML, like Gecko) Version/17.4 Safari/605.1.15 (Applebot/0.1; +http://www.apple.com/go/applebot)"
17.22.245.88 - - [16/Jul/2026:19:56:59 +0000] "GET /wp-content/plugins/yith-woocommerce-wishlist/assets/css/style.css?ver=4.4.0 HTTP/2" 200 6263 "https://gradregalia242.com/about-us/" "Mozilla/5.0 (Macintosh; Intel Mac OS X 10_15_7) AppleWebKit/605.1.15 (KHTML, like Gecko) Version/17.4 Safari/605.1.15 (Applebot/0.1; +http://www.apple.com/go/applebot)"
17.22.245.88 - - [16/Jul/2026:19:57:01 +0000] "GET /wp-content/plugins/woocommerce/assets/css/brands.css?ver=9.7.1 HTTP/2" 200 579 "https://gradregalia242.com/about-us/" "Mozilla/5.0 (Macintosh; Intel Mac OS X 10_15_7) AppleWebKit/605.1.15 (KHTML, like Gecko) Version/17.4 Safari/605.1.15 (Applebot/0.1; +http://www.apple.com/go/applebot)"
17.22.245.88 - - [16/Jul/2026:19:57:02 +0000] "GET /wp-content/themes/razzi/style.css?ver=20211213 HTTP/2" 200 40455 "https://gradregalia242.com/about-us/" "Mozilla/5.0 (Macintosh; Intel Mac OS X 10_15_7) AppleWebKit/605.1.15 (KHTML, like Gecko) Version/17.4 Safari/605.1.15 (Applebot/0.1; +http://www.apple.com/go/applebot)"
17.22.245.88 - - [16/Jul/2026:19:57:04 +0000] "GET /wp-content/plugins/woocommerce/assets/css/select2.css?ver=9.7.1 HTTP/2" 200 1737 "https://gradregalia242.com/about-us/" "Mozilla/5.0 (Macintosh; Intel Mac OS X 10_15_7) AppleWebKit/605.1.15 (KHTML, like Gecko) Version/17.4 Safari/605.1.15 (Applebot/0.1; +http://www.apple.com/go/applebot)"
17.22.245.88 - - [16/Jul/2026:19:57:05 +0000] "GET /wp-content/themes/razzi/woocommerce.css?ver=20211213 HTTP/2" 200 33318 "https://gradregalia242.com/about-us/" "Mozilla/5.0 (Macintosh; Intel Mac OS X 10_15_7) AppleWebKit/605.1.15 (KHTML, like Gecko) Version/17.4 Safari/605.1.15 (Applebot/0.1; +http://www.apple.com/go/applebot)"
17.22.245.88 - - [16/Jul/2026:19:57:07 +0000] "GET /wp-content/plugins/WC_Min_Max_Quantity/assets/css/wcmmq-front.css?ver=7.0.1 HTTP/2" 200 292 "https://gradregalia242.com/about-us/" "Mozilla/5.0 (Macintosh; Intel Mac OS X 10_15_7) AppleWebKit/605.1.15 (KHTML, like Gecko) Version/17.4 Safari/605.1.15 (Applebot/0.1; +http://www.apple.com/go/applebot)"
17.22.245.88 - - [16/Jul/2026:19:57:08 +0000] "GET /wp-content/plugins/woo-min-max-quantity-step-control-single/assets/css/wcmmq-front.css?ver=1.0.0 HTTP/2" 200 477 "https://gradregalia242.com/about-us/" "Mozilla/5.0 (Macintosh; Intel Mac OS X 10_15_7) AppleWebKit/605.1.15 (KHTML, like Gecko) Version/17.4 Safari/605.1.15 (Applebot/0.1; +http://www.apple.com/go/applebot)"
17.22.245.88 - - [16/Jul/2026:19:57:10 +0000] "GET /wp-content/uploads/elementor/google-fonts/css/roboto.css?ver=1744118142 HTTP/2" 200 1869 "https://gradregalia242.com/about-us/" "Mozilla/5.0 (Macintosh; Intel Mac OS X 10_15_7) AppleWebKit/605.1.15 (KHTML, like Gecko) Version/17.4 Safari/605.1.15 (Applebot/0.1; +http://www.apple.com/go/applebot)"
17.22.245.88 - - [16/Jul/2026:19:57:11 +0000] "GET /wp-content/uploads/elementor/google-fonts/css/robotoslab.css?ver=1744118151 HTTP/2" 200 705 "https://gradregalia242.com/about-us/" "Mozilla/5.0 (Macintosh; Intel Mac OS X 10_15_7) AppleWebKit/605.1.15 (KHTML, like Gecko) Version/17.4 Safari/605.1.15 (Applebot/0.1; +http://www.apple.com/go/applebot)"
17.22.245.88 - - [16/Jul/2026:19:57:13 +0000] "GET /wp-content/uploads/elementor/google-fonts/css/jost.css?ver=1744118159 HTTP/2" 200 544 "https://gradregalia242.com/about-us/" "Mozilla/5.0 (Macintosh; Intel Mac OS X 10_15_7) AppleWebKit/605.1.15 (KHTML, like Gecko) Version/17.4 Safari/605.1.15 (Applebot/0.1; +http://www.apple.com/go/applebot)"
194.39.149.53 - - [16/Jul/2026:19:57:14 +0000] "POST /wp-cron.php?doing_wp_cron=1784231834.6731638908386230468750 HTTP/1.1" 200 0 "-" "WordPress/7.0.1; https://gradregalia242.com"
151.236.178.183 - - [16/Jul/2026:19:57:13 +0000] "GET /product/bahamas-coat-of-arms-country-flag-stole/?add_to_wishlist=56609 HTTP/1.1" 200 48562 "-" "Mozilla/5.0 (Macintosh; Intel Mac OS X 10_7_3) AppleWebKit/537.36 (KHTML, like Gecko, Mediapartners-Google) Chrome/85.0.4183.122 Safari/537.36"
17.22.245.88 - - [16/Jul/2026:19:57:14 +0000] "GET /wp-includes/js/jquery/jquery.min.js?ver=3.7.1 HTTP/2" 200 29744 "https://gradregalia242.com/about-us/" "Mozilla/5.0 (Macintosh; Intel Mac OS X 10_15_7) AppleWebKit/605.1.15 (KHTML, like Gecko) Version/17.4 Safari/605.1.15 (Applebot/0.1; +http://www.apple.com/go/applebot)"
17.22.245.88 - - [16/Jul/2026:19:57:16 +0000] "GET /wp-includes/js/jquery/jquery-migrate.min.js?ver=3.4.1 HTTP/2" 200 4678 "https://gradregalia242.com/about-us/" "Mozilla/5.0 (Macintosh; Intel Mac OS X 10_15_7) AppleWebKit/605.1.15 (KHTML, like Gecko) Version/17.4 Safari/605.1.15 (Applebot/0.1; +http://www.apple.com/go/applebot)"
17.22.245.88 - - [16/Jul/2026:19:57:17 +0000] "GET /wp-content/plugins/woocommerce/assets/js/jquery-blockui/jquery.blockUI.min.js?ver=2.7.0-wc.9.7.1 HTTP/2" 200 3277 "https://gradregalia242.com/about-us/" "Mozilla/5.0 (Macintosh; Intel Mac OS X 10_15_7) AppleWebKit/605.1.15 (KHTML, like Gecko) Version/17.4 Safari/605.1.15 (Applebot/0.1; +http://www.apple.com/go/applebot)"
17.22.245.88 - - [16/Jul/2026:19:57:19 +0000] "GET /wp-content/plugins/woocommerce/assets/js/frontend/add-to-cart.min.js?ver=9.7.1 HTTP/2" 200 1225 "https://gradregalia242.com/about-us/" "Mozilla/5.0 (Macintosh; Intel Mac OS X 10_15_7) AppleWebKit/605.1.15 (KHTML, like Gecko) Version/17.4 Safari/605.1.15 (Applebot/0.1; +http://www.apple.com/go/applebot)"
17.22.245.88 - - [16/Jul/2026:19:57:20 +0000] "GET /wp-content/plugins/woocommerce/assets/js/js-cookie/js.cookie.min.js?ver=2.1.4-wc.9.7.1 HTTP/2" 200 760 "https://gradregalia242.com/about-us/" "Mozilla/5.0 (Macintosh; Intel Mac OS X 10_15_7) AppleWebKit/605.1.15 (KHTML, like Gecko) Version/17.4 Safari/605.1.15 (Applebot/0.1; +http://www.apple.com/go/applebot)"
17.22.245.88 - - [16/Jul/2026:19:57:22 +0000] "GET /wp-content/plugins/woocommerce/assets/js/frontend/woocommerce.min.js?ver=9.7.1 HTTP/2" 200 1241 "https://gradregalia242.com/about-us/" "Mozilla/5.0 (Macintosh; Intel Mac OS X 10_15_7) AppleWebKit/605.1.15 (KHTML, like Gecko) Version/17.4 Safari/605.1.15 (Applebot/0.1; +http://www.apple.com/go/applebot)"
17.22.245.88 - - [16/Jul/2026:19:57:23 +0000] "GET /wp-content/plugins/woocommerce/assets/js/selectWoo/selectWoo.full.min.js?ver=1.0.9-wc.9.7.1 HTTP/2" 200 20246 "https://gradregalia242.com/about-us/" "Mozilla/5.0 (Macintosh; Intel Mac OS X 10_15_7) AppleWebKit/605.1.15 (KHTML, like Gecko) Version/17.4 Safari/605.1.15 (Applebot/0.1; +http://www.apple.com/go/applebot)"
17.22.245.88 - - [16/Jul/2026:19:57:25 +0000] "GET /wp-includes/js/underscore.min.js?ver=1.13.8 HTTP/2" 200 7228 "https://gradregalia242.com/about-us/" "Mozilla/5.0 (Macintosh; Intel Mac OS X 10_15_7) AppleWebKit/605.1.15 (KHTML, like Gecko) Version/17.4 Safari/605.1.15 (Applebot/0.1; +http://www.apple.com/go/applebot)"
17.22.245.88 - - [16/Jul/2026:19:57:26 +0000] "GET /wp-includes/js/wp-util.min.js?ver=7.0.1 HTTP/2" 200 693 "https://gradregalia242.com/about-us/" "Mozilla/5.0 (Macintosh; Intel Mac OS X 10_15_7) AppleWebKit/605.1.15 (KHTML, like Gecko) Version/17.4 Safari/605.1.15 (Applebot/0.1; +http://www.apple.com/go/applebot)"
17.22.245.88 - - [16/Jul/2026:19:57:28 +0000] "GET /wp-content/plugins/woocommerce/assets/js/frontend/add-to-cart-variation.min.js?ver=9.7.1 HTTP/2" 200 3703 "https://gradregalia242.com/about-us/" "Mozilla/5.0 (Macintosh; Intel Mac OS X 10_15_7) AppleWebKit/605.1.15 (KHTML, like Gecko) Version/17.4 Safari/605.1.15 (Applebot/0.1; +http://www.apple.com/go/applebot)"
17.22.245.88 - - [16/Jul/2026:19:57:29 +0000] "GET /wp-includes/js/dist/hooks.min.js?ver=7496969728ca0f95732d HTTP/2" 200 1734 "https://gradregalia242.com/about-us/" "Mozilla/5.0 (Macintosh; Intel Mac OS X 10_15_7) AppleWebKit/605.1.15 (KHTML, like Gecko) Version/17.4 Safari/605.1.15 (Applebot/0.1; +http://www.apple.com/go/applebot)"
17.22.245.88 - - [16/Jul/2026:19:57:31 +0000] "GET /wp-includes/js/dist/i18n.min.js?ver=781d11515ad3d91786ec HTTP/2" 200 2354 "https://gradregalia242.com/about-us/" "Mozilla/5.0 (Macintosh; Intel Mac OS X 10_15_7) AppleWebKit/605.1.15 (KHTML, like Gecko) Version/17.4 Safari/605.1.15 (Applebot/0.1; +http://www.apple.com/go/applebot)"
17.22.245.88 - - [16/Jul/2026:19:57:32 +0000] "GET /wp-content/plugins/contact-form-7/includes/swv/js/index.js?ver=6.0.5 HTTP/2" 200 3369 "https://gradregalia242.com/about-us/" "Mozilla/5.0 (Macintosh; Intel Mac OS X 10_15_7) AppleWebKit/605.1.15 (KHTML, like Gecko) Version/17.4 Safari/605.1.15 (Applebot/0.1; +http://www.apple.com/go/applebot)"
17.22.245.88 - - [16/Jul/2026:19:57:34 +0000] "GET /wp-content/plugins/contact-form-7/includes/js/index.js?ver=6.0.5 HTTP/2" 200 4008 "https://gradregalia242.com/about-us/" "Mozilla/5.0 (Macintosh; Intel Mac OS X 10_15_7) AppleWebKit/605.1.15 (KHTML, like Gecko) Version/17.4 Safari/605.1.15 (Applebot/0.1; +http://www.apple.com/go/applebot)"
17.22.245.88 - - [16/Jul/2026:19:57:35 +0000] "GET /wp-content/plugins/woo-custom-product-addons-pro/assets/js/frontend.min.js?ver=3.9.2 HTTP/2" 200 8867 "https://gradregalia242.com/about-us/" "Mozilla/5.0 (Macintosh; Intel Mac OS X 10_15_7) AppleWebKit/605.1.15 (KHTML, like Gecko) Version/17.4 Safari/605.1.15 (Applebot/0.1; +http://www.apple.com/go/applebot)"
17.22.245.88 - - [16/Jul/2026:19:57:36 +0000] "GET /wp-content/plugins/wcboost-variation-swatches/assets/js/frontend.min.js?ver=1.1.1 HTTP/2" 200 1104 "https://gradregalia242.com/about-us/" "Mozilla/5.0 (Macintosh; Intel Mac OS X 10_15_7) AppleWebKit/605.1.15 (KHTML, like Gecko) Version/17.4 Safari/605.1.15 (Applebot/0.1; +http://www.apple.com/go/applebot)"
17.22.245.88 - - [16/Jul/2026:19:57:38 +0000] "GET /wp-content/plugins/woo-discount-rules/v2/Assets/Js/site_main.js?ver=2.6.8 HTTP/2" 200 1537 "https://gradregalia242.com/about-us/" "Mozilla/5.0 (Macintosh; Intel Mac OS X 10_15_7) AppleWebKit/605.1.15 (KHTML, like Gecko) Version/17.4 Safari/605.1.15 (Applebot/0.1; +http://www.apple.com/go/applebot)"
17.22.245.88 - - [16/Jul/2026:19:57:39 +0000] "GET /wp-content/plugins/woo-discount-rules/v2/Assets/Js/awdr-dynamic-price.js?ver=2.6.8 HTTP/2" 200 752 "https://gradregalia242.com/about-us/" "Mozilla/5.0 (Macintosh; Intel Mac OS X 10_15_7) AppleWebKit/605.1.15 (KHTML, like Gecko) Version/17.4 Safari/605.1.15 (Applebot/0.1; +http://www.apple.com/go/applebot)"
17.22.245.88 - - [16/Jul/2026:19:57:41 +0000] "GET /wp-content/plugins/razzi-addons//assets/js/plugins/jquery.coundown.js?ver=1.0 HTTP/2" 200 495 "https://gradregalia242.com/about-us/" "Mozilla/5.0 (Macintosh; Intel Mac OS X 10_15_7) AppleWebKit/605.1.15 (KHTML, like Gecko) Version/17.4 Safari/605.1.15 (Applebot/0.1; +http://www.apple.com/go/applebot)"
17.22.245.88 - - [16/Jul/2026:19:57:42 +0000] "GET /wp-content/themes/razzi/assets/js/plugins/isInViewport.min.js?ver=20201012 HTTP/2" 200 1036 "https://gradregalia242.com/about-us/" "Mozilla/5.0 (Macintosh; Intel Mac OS X 10_15_7) AppleWebKit/605.1.15 (KHTML, like Gecko) Version/17.4 Safari/605.1.15 (Applebot/0.1; +http://www.apple.com/go/applebot)"
17.22.245.88 - - [16/Jul/2026:19:57:44 +0000] "GET /wp-content/plugins/elementor/assets/lib/swiper/v8/swiper.min.js?ver=8.4.5 HTTP/2" 200 38152 "https://gradregalia242.com/about-us/" "Mozilla/5.0 (Macintosh; Intel Mac OS X 10_15_7) AppleWebKit/605.1.15 (KHTML, like Gecko) Version/17.4 Safari/605.1.15 (Applebot/0.1; +http://www.apple.com/go/applebot)"
17.22.245.88 - - [16/Jul/2026:19:57:45 +0000] "GET /wp-content/themes/razzi/assets/js/plugins/notify.min.js?ver=1.0.0 HTTP/2" 200 7000 "https://gradregalia242.com/about-us/" "Mozilla/5.0 (Macintosh; Intel Mac OS X 10_15_7) AppleWebKit/605.1.15 (KHTML, like Gecko) Version/17.4 Safari/605.1.15 (Applebot/0.1; +http://www.apple.com/go/applebot)"
17.22.245.88 - - [16/Jul/2026:19:57:47 +0000] "GET /wp-includes/js/imagesloaded.min.js?ver=5.0.0 HTTP/2" 200 1687 "https://gradregalia242.com/about-us/" "Mozilla/5.0 (Macintosh; Intel Mac OS X 10_15_7) AppleWebKit/605.1.15 (KHTML, like Gecko) Version/17.4 Safari/605.1.15 (Applebot/0.1; +http://www.apple.com/go/applebot)"
17.22.245.88 - - [16/Jul/2026:19:57:48 +0000] "GET /wp-content/themes/razzi/assets/js/scripts.min.js?ver=20211209 HTTP/2" 200 9398 "https://gradregalia242.com/about-us/" "Mozilla/5.0 (Macintosh; Intel Mac OS X 10_15_7) AppleWebKit/605.1.15 (KHTML, like Gecko) Version/17.4 Safari/605.1.15 (Applebot/0.1; +http://www.apple.com/go/applebot)"
17.22.245.88 - - [16/Jul/2026:19:57:50 +0000] "GET /wp-content/plugins/woocommerce/assets/js/select2/select2.full.min.js?ver=4.0.3-wc.9.7.1 HTTP/2" 200 19579 "https://gradregalia242.com/about-us/" "Mozilla/5.0 (Macintosh; Intel Mac OS X 10_15_7) AppleWebKit/605.1.15 (KHTML, like Gecko) Version/17.4 Safari/605.1.15 (Applebot/0.1; +http://www.apple.com/go/applebot)"
17.22.245.88 - - [16/Jul/2026:19:57:51 +0000] "GET /wp-includes/js/jquery/jquery.serialize-object.js?ver=0.2-wp HTTP/2" 200 390 "https://gradregalia242.com/about-us/" "Mozilla/5.0 (Macintosh; Intel Mac OS X 10_15_7) AppleWebKit/605.1.15 (KHTML, like Gecko) Version/17.4 Safari/605.1.15 (Applebot/0.1; +http://www.apple.com/go/applebot)"
17.22.245.88 - - [16/Jul/2026:19:57:53 +0000] "GET /wp-content/plugins/razzi-addons/modules/products-filter/assets/js/products-filter.js?ver=20210223 HTTP/2" 200 3103 "https://gradregalia242.com/about-us/" "Mozilla/5.0 (Macintosh; Intel Mac OS X 10_15_7) AppleWebKit/605.1.15 (KHTML, like Gecko) Version/17.4 Safari/605.1.15 (Applebot/0.1; +http://www.apple.com/go/applebot)"
17.22.245.88 - - [16/Jul/2026:19:57:54 +0000] "GET /wp-content/plugins/woocommerce/assets/js/sourcebuster/sourcebuster.min.js?ver=9.7.1 HTTP/2" 200 4609 "https://gradregalia242.com/about-us/" "Mozilla/5.0 (Macintosh; Intel Mac OS X 10_15_7) AppleWebKit/605.1.15 (KHTML, like Gecko) Version/17.4 Safari/605.1.15 (Applebot/0.1; +http://www.apple.com/go/applebot)"
17.22.245.88 - - [16/Jul/2026:19:57:55 +0000] "GET /wp-content/plugins/woocommerce/assets/js/frontend/order-attribution.min.js?ver=9.7.1 HTTP/2" 200 1006 "https://gradregalia242.com/about-us/" "Mozilla/5.0 (Macintosh; Intel Mac OS X 10_15_7) AppleWebKit/605.1.15 (KHTML, like Gecko) Version/17.4 Safari/605.1.15 (Applebot/0.1; +http://www.apple.com/go/applebot)"
17.22.245.88 - - [16/Jul/2026:19:57:57 +0000] "GET /wp-content/plugins/WC_Min_Max_Quantity/assets/js/attrchange.js?ver=1.0 HTTP/2" 200 1382 "https://gradregalia242.com/about-us/" "Mozilla/5.0 (Macintosh; Intel Mac OS X 10_15_7) AppleWebKit/605.1.15 (KHTML, like Gecko) Version/17.4 Safari/605.1.15 (Applebot/0.1; +http://www.apple.com/go/applebot)"
17.22.245.88 - - [16/Jul/2026:19:57:58 +0000] "GET /wp-content/plugins/WC_Min_Max_Quantity/assets/js/variation-wcmmq.js?ver=1.0.0 HTTP/2" 200 1092 "https://gradregalia242.com/about-us/" "Mozilla/5.0 (Macintosh; Intel Mac OS X 10_15_7) AppleWebKit/605.1.15 (KHTML, like Gecko) Version/17.4 Safari/605.1.15 (Applebot/0.1; +http://www.apple.com/go/applebot)"
17.22.245.88 - - [16/Jul/2026:19:58:00 +0000] "GET /wp-content/plugins/woo-min-max-quantity-step-control-single/assets/js/custom.js?ver=1.0.0 HTTP/2" 200 3213 "https://gradregalia242.com/about-us/" "Mozilla/5.0 (Macintosh; Intel Mac OS X 10_15_7) AppleWebKit/605.1.15 (KHTML, like Gecko) Version/17.4 Safari/605.1.15 (Applebot/0.1; +http://www.apple.com/go/applebot)"
17.22.245.88 - - [16/Jul/2026:19:58:01 +0000] "GET /wp-content/plugins/mailchimp-for-wp/assets/js/forms.js?ver=4.10.2 HTTP/2" 200 2446 "https://gradregalia242.com/about-us/" "Mozilla/5.0 (Macintosh; Intel Mac OS X 10_15_7) AppleWebKit/605.1.15 (KHTML, like Gecko) Version/17.4 Safari/605.1.15 (Applebot/0.1; +http://www.apple.com/go/applebot)"
17.22.245.88 - - [16/Jul/2026:19:58:03 +0000] "GET /wp-content/plugins/elementor/assets/js/webpack.runtime.min.js?ver=3.28.3 HTTP/2" 200 2228 "https://gradregalia242.com/about-us/" "Mozilla/5.0 (Macintosh; Intel Mac OS X 10_15_7) AppleWebKit/605.1.15 (KHTML, like Gecko) Version/17.4 Safari/605.1.15 (Applebot/0.1; +http://www.apple.com/go/applebot)"
194.39.149.53 - - [16/Jul/2026:19:58:03 +0000] "POST /wp-cron.php?doing_wp_cron=1784231883.2803330421447753906250 HTTP/1.1" 200 0 "-" "WordPress/7.0.1; https://gradregalia242.com"
43.157.46.118 - - [16/Jul/2026:19:57:59 +0000] "GET /product-category/accessories/ HTTP/1.1" 200 45004 "-" "Mozilla/5.0 (iPhone; CPU iPhone OS 13_2_3 like Mac OS X) AppleWebKit/605.1.15 (KHTML, like Gecko) Version/13.0.3 Mobile/15E148 Safari/604.1"
17.22.245.88 - - [16/Jul/2026:19:58:04 +0000] "GET /wp-content/plugins/elementor/assets/js/frontend-modules.min.js?ver=3.28.3 HTTP/2" 200 14421 "https://gradregalia242.com/about-us/" "Mozilla/5.0 (Macintosh; Intel Mac OS X 10_15_7) AppleWebKit/605.1.15 (KHTML, like Gecko) Version/17.4 Safari/605.1.15 (Applebot/0.1; +http://www.apple.com/go/applebot)"
17.22.245.88 - - [16/Jul/2026:19:58:06 +0000] "GET /wp-includes/js/jquery/ui/core.min.js?ver=1.13.3 HTTP/2" 200 6812 "https://gradregalia242.com/about-us/" "Mozilla/5.0 (Macintosh; Intel Mac OS X 10_15_7) AppleWebKit/605.1.15 (KHTML, like Gecko) Version/17.4 Safari/605.1.15 (Applebot/0.1; +http://www.apple.com/go/applebot)"
17.22.245.88 - - [16/Jul/2026:19:58:07 +0000] "GET /wp-content/plugins/elementor/assets/js/frontend.min.js?ver=3.28.3 HTTP/2" 200 13098 "https://gradregalia242.com/about-us/" "Mozilla/5.0 (Macintosh; Intel Mac OS X 10_15_7) AppleWebKit/605.1.15 (KHTML, like Gecko) Version/17.4 Safari/605.1.15 (Applebot/0.1; +http://www.apple.com/go/applebot)"
17.22.245.88 - - [16/Jul/2026:19:58:08 +0000] "GET /wp-content/plugins/razzi-addons/assets/js/plugins/jarallax.min.js?ver=1.12.8 HTTP/2" 200 4896 "https://gradregalia242.com/about-us/" "Mozilla/5.0 (Macintosh; Intel Mac OS X 10_15_7) AppleWebKit/605.1.15 (KHTML, like Gecko) Version/17.4 Safari/605.1.15 (Applebot/0.1; +http://www.apple.com/go/applebot)"
17.22.245.88 - - [16/Jul/2026:19:58:10 +0000] "GET /wp-content/plugins/razzi-addons/assets/js/elementor-parallax-widgets.js?ver=1.0 HTTP/2" 200 625 "https://gradregalia242.com/about-us/" "Mozilla/5.0 (Macintosh; Intel Mac OS X 10_15_7) AppleWebKit/605.1.15 (KHTML, like Gecko) Version/17.4 Safari/605.1.15 (Applebot/0.1; +http://www.apple.com/go/applebot)"
17.22.245.88 - - [16/Jul/2026:19:58:11 +0000] "GET /wp-includes/js/wp-emoji-release.min.js?ver=7.0.1 HTTP/2" 200 4974 "https://gradregalia242.com/about-us/" "Mozilla/5.0 (Macintosh; Intel Mac OS X 10_15_7) AppleWebKit/605.1.15 (KHTML, like Gecko) Version/17.4 Safari/605.1.15 (Applebot/0.1; +http://www.apple.com/go/applebot)"
17.22.245.88 - - [16/Jul/2026:19:58:13 +0000] "GET /wp-content/plugins/elementor/assets/js/text-editor.c084ef86600b6f11690d.bundle.min.js HTTP/2" 200 621 "https://gradregalia242.com/about-us/" "Mozilla/5.0 (Macintosh; Intel Mac OS X 10_15_7) AppleWebKit/605.1.15 (KHTML, like Gecko) Version/17.4 Safari/605.1.15 (Applebot/0.1; +http://www.apple.com/go/applebot)"
190.143.240.29 - - [16/Jul/2026:19:59:08 +0000] "GET /wp-content/uploads/2022/09/F3A741EC-2E7F-4DA6-A5AA-2AD0ED76F5DB.jpeg HTTP/1.1" 200 86908 "-" "Mozilla/5.0 (Macintosh; Intel Mac OS X 10_15_2) AppleWebKit/537.36 (KHTML, like Gecko) Chrome/77.0.3865.90 Safari/537.36"
194.39.149.53 - - [16/Jul/2026:19:59:25 +0000] "POST /wp-cron.php?doing_wp_cron=1784231965.6248819828033447265625 HTTP/1.1" 200 0 "-" "WordPress/7.0.1; https://gradregalia242.com"
74.7.227.131 - - [16/Jul/2026:19:59:24 +0000] "GET /wp-sitemap.xml HTTP/2" 200 220 "-" "Mozilla/5.0 AppleWebKit/537.36 (KHTML, like Gecko; compatible; GPTBot/1.4; +https://openai.com/gptbot)"
14.191.49.28 - - [16/Jul/2026:20:04:18 +0000] "GET /wp-content/uploads/2022/02/Royal-Blue-Stole.jpeg HTTP/1.1" 200 26764 "-" "Mozilla/5.0 (Macintosh; Intel Mac OS X 10_11_6) AppleWebKit/537.36 (KHTML, like Gecko) Chrome/66.0.3359.170 Safari/537.36"
194.39.149.53 - - [16/Jul/2026:20:05:03 +0000] "POST /wp-cron.php?doing_wp_cron=1784232303.1752240657806396484375 HTTP/1.1" 200 0 "-" "WordPress/7.0.1; https://gradregalia242.com"
85.208.96.208 - - [16/Jul/2026:20:04:58 +0000] "GET /product/primary-gown-cap-tassel-set-shiny/ HTTP/1.1" 200 51973 "-" "Mozilla/5.0 (compatible; SemrushBot/7~bl; +http://www.semrush.com/bot.html)"
196.191.72.136 - - [16/Jul/2026:20:05:29 +0000] "GET /product/country-flag-stole/?add_to_wishlist=56609 HTTP/1.1" 200 47930 "-" "Mozilla/5.0 (Macintosh; Intel Mac OS X 11_2_0) AppleWebKit/537.36 (KHTML, like Gecko) Brave Chrome/87.0.4280.101 Safari/537.36"
194.39.149.53 - - [16/Jul/2026:20:07:23 +0000] "POST /wp-cron.php?doing_wp_cron=1784232443.5194039344787597656250 HTTP/1.1" 200 0 "-" "WordPress/7.0.1; https://gradregalia242.com"
2.73.246.147 - - [16/Jul/2026:20:07:22 +0000] "GET /product-category/legal-attire/page/2/?add_to_wishlist=235720 HTTP/1.1" 200 35865 "-" "Mozilla/5.0 (Macintosh; Intel Mac OS X 10_12_6) AppleWebKit/537.36 (KHTML, like Gecko) Brave Chrome/89.0.4389.90 Safari/537.36"
20.195.181.252 - - [16/Jul/2026:20:07:30 +0000] "GET /admin.php HTTP/1.1" 404 23065 "-" "Mozilla/5.0 (Windows NT 10.0; Win64; x64) AppleWebKit/537.36 (KHTML, like Gecko) Chrome/120.0.0.0 Safari/537.36"
20.195.181.252 - - [16/Jul/2026:20:07:31 +0000] "GET /goods.php HTTP/1.1" 404 23065 "-" "Mozilla/5.0 (Windows NT 10.0; Win64; x64) AppleWebKit/537.36 (KHTML, like Gecko) Chrome/120.0.0.0 Safari/537.36"
194.39.149.53 - - [16/Jul/2026:20:07:33 +0000] "POST /wp-cron.php?doing_wp_cron=1784232453.4243659973144531250000 HTTP/1.1" 200 0 "-" "WordPress/7.0.1; https://gradregalia242.com"
20.195.181.252 - - [16/Jul/2026:20:07:32 +0000] "GET /public/css.php HTTP/1.1" 404 23068 "-" "Mozilla/5.0 (Windows NT 10.0; Win64; x64) AppleWebKit/537.36 (KHTML, like Gecko) Chrome/120.0.0.0 Safari/537.36"
20.195.181.252 - - [16/Jul/2026:20:07:33 +0000] "GET /classwithtostring.php HTTP/1.1" 404 23064 "-" "Mozilla/5.0 (Windows NT 10.0; Win64; x64) AppleWebKit/537.36 (KHTML, like Gecko) Chrome/120.0.0.0 Safari/537.36"
20.195.181.252 - - [16/Jul/2026:20:07:34 +0000] "GET /wp-includes/block-supports/ HTTP/1.1" 404 1251 "-" "Mozilla/5.0 (Windows NT 10.0; Win64; x64) AppleWebKit/537.36 (KHTML, like Gecko) Chrome/120.0.0.0 Safari/537.36"
20.195.181.252 - - [16/Jul/2026:20:07:35 +0000] "GET /wp-content/admin.php HTTP/1.1" 404 23064 "-" "Mozilla/5.0 (Windows NT 10.0; Win64; x64) AppleWebKit/537.36 (KHTML, like Gecko) Chrome/120.0.0.0 Safari/537.36"
20.195.181.252 - - [16/Jul/2026:20:07:37 +0000] "GET /gelay.php HTTP/1.1" 404 23065 "-" "Mozilla/5.0 (Windows NT 10.0; Win64; x64) AppleWebKit/537.36 (KHTML, like Gecko) Chrome/120.0.0.0 Safari/537.36"
20.195.181.252 - - [16/Jul/2026:20:07:38 +0000] "GET /wp-admin/images/admin.php HTTP/1.1" 404 23058 "-" "Mozilla/5.0 (Windows NT 10.0; Win64; x64) AppleWebKit/537.36 (KHTML, like Gecko) Chrome/120.0.0.0 Safari/537.36"
20.195.181.252 - - [16/Jul/2026:20:07:39 +0000] "GET /adminfuns.php HTTP/1.1" 404 23072 "-" "Mozilla/5.0 (Windows NT 10.0; Win64; x64) AppleWebKit/537.36 (KHTML, like Gecko) Chrome/120.0.0.0 Safari/537.36"
20.195.181.252 - - [16/Jul/2026:20:07:40 +0000] "GET /wp-admin/css/ HTTP/1.1" 404 1251 "-" "Mozilla/5.0 (Windows NT 10.0; Win64; x64) AppleWebKit/537.36 (KHTML, like Gecko) Chrome/120.0.0.0 Safari/537.36"
20.195.181.252 - - [16/Jul/2026:20:07:40 +0000] "GET /admin/controller/extension/extension/ultra.php HTTP/1.1" 404 23081 "-" "Mozilla/5.0 (Windows NT 10.0; Win64; x64) AppleWebKit/537.36 (KHTML, like Gecko) Chrome/120.0.0.0 Safari/537.36"
20.195.181.252 - - [16/Jul/2026:20:07:41 +0000] "GET /about.php HTTP/1.1" 404 23062 "-" "Mozilla/5.0 (Windows NT 10.0; Win64; x64) AppleWebKit/537.36 (KHTML, like Gecko) Chrome/120.0.0.0 Safari/537.36"
20.195.181.252 - - [16/Jul/2026:20:07:42 +0000] "GET /wp-admin/css/colors/index.php HTTP/1.1" 301 0 "-" "Mozilla/5.0 (Windows NT 10.0; Win64; x64) AppleWebKit/537.36 (KHTML, like Gecko) Chrome/120.0.0.0 Safari/537.36"
20.195.181.252 - - [16/Jul/2026:20:07:43 +0000] "GET /f35.php HTTP/1.1" 404 23042 "-" "Mozilla/5.0 (Windows NT 10.0; Win64; x64) AppleWebKit/537.36 (KHTML, like Gecko) Chrome/120.0.0.0 Safari/537.36"
20.195.181.252 - - [16/Jul/2026:20:07:44 +0000] "GET /wp-includes/js/ HTTP/1.1" 404 1251 "-" "Mozilla/5.0 (Windows NT 10.0; Win64; x64) AppleWebKit/537.36 (KHTML, like Gecko) Chrome/120.0.0.0 Safari/537.36"
20.195.181.252 - - [16/Jul/2026:20:07:45 +0000] "GET /inputs.php HTTP/1.1" 404 23059 "-" "Mozilla/5.0 (Windows NT 10.0; Win64; x64) AppleWebKit/537.36 (KHTML, like Gecko) Chrome/120.0.0.0 Safari/537.36"
20.195.181.252 - - [16/Jul/2026:20:07:46 +0000] "GET /wp-admin/css/colors/ HTTP/1.1" 404 1251 "-" "Mozilla/5.0 (Windows NT 10.0; Win64; x64) AppleWebKit/537.36 (KHTML, like Gecko) Chrome/120.0.0.0 Safari/537.36"
20.195.181.252 - - [16/Jul/2026:20:07:46 +0000] "GET /222.php HTTP/1.1" 404 23041 "-" "Mozilla/5.0 (Windows NT 10.0; Win64; x64) AppleWebKit/537.36 (KHTML, like Gecko) Chrome/120.0.0.0 Safari/537.36"
20.195.181.252 - - [16/Jul/2026:20:07:47 +0000] "GET /chosen.php HTTP/1.1" 404 23061 "-" "Mozilla/5.0 (Windows NT 10.0; Win64; x64) AppleWebKit/537.36 (KHTML, like Gecko) Chrome/120.0.0.0 Safari/537.36"
20.195.181.252 - - [16/Jul/2026:20:07:48 +0000] "GET /info.php HTTP/1.1" 404 23052 "-" "Mozilla/5.0 (Windows NT 10.0; Win64; x64) AppleWebKit/537.36 (KHTML, like Gecko) Chrome/120.0.0.0 Safari/537.36"
20.195.181.252 - - [16/Jul/2026:20:07:50 +0000] "GET /wp-includes/html-api/ HTTP/1.1" 404 1251 "-" "Mozilla/5.0 (Windows NT 10.0; Win64; x64) AppleWebKit/537.36 (KHTML, like Gecko) Chrome/120.0.0.0 Safari/537.36"
20.195.181.252 - - [16/Jul/2026:20:07:50 +0000] "GET /wp-includes/ID3/index.php HTTP/1.1" 301 0 "-" "Mozilla/5.0 (Windows NT 10.0; Win64; x64) AppleWebKit/537.36 (KHTML, like Gecko) Chrome/120.0.0.0 Safari/537.36"
20.195.181.252 - - [16/Jul/2026:20:07:51 +0000] "GET /wp-admin/network/index.php HTTP/1.1" 302 0 "-" "Mozilla/5.0 (Windows NT 10.0; Win64; x64) AppleWebKit/537.36 (KHTML, like Gecko) Chrome/120.0.0.0 Safari/537.36"
20.195.181.252 - - [16/Jul/2026:20:07:52 +0000] "GET /k.php HTTP/1.1" 404 23059 "-" "Mozilla/5.0 (Windows NT 10.0; Win64; x64) AppleWebKit/537.36 (KHTML, like Gecko) Chrome/120.0.0.0 Safari/537.36"
