194.39.149.53 - - [17/Jul/2026:02:53:16 +0000] "POST /wp-cron.php?doing_wp_cron=1784256796.2172880172729492187500 HTTP/1.1" 200 0 "-" "WordPress/7.0.1; https://gradregalia242.com"
95.43.146.191 - - [17/Jul/2026:02:53:13 +0000] "GET /product/classic-trim-stole-72/?add_to_wishlist=71593 HTTP/1.1" 200 83911 "-" "Mozilla/5.0 (Windows NT 6.1) AppleWebKit/537.36 (KHTML, like Gecko) Chrome/84.0.4147.125 Safari/537.36"
194.39.149.53 - - [17/Jul/2026:02:55:50 +0000] "POST /wp-cron.php?doing_wp_cron=1784256950.0816431045532226562500 HTTP/1.1" 200 0 "-" "WordPress/7.0.1; https://gradregalia242.com"
43.157.158.178 - - [17/Jul/2026:02:55:49 +0000] "GET /product-category/stoles-sashes-2/v-neck-stoles/feed/ HTTP/1.1" 200 1639 "-" "Mozilla/5.0 (iPhone; CPU iPhone OS 13_2_3 like Mac OS X) AppleWebKit/605.1.15 (KHTML, like Gecko) Version/13.0.3 Mobile/15E148 Safari/604.1"
187.189.213.26 - - [17/Jul/2026:02:56:07 +0000] "GET /product/primary-cap-only-matte/?add_to_wishlist=108698 HTTP/1.1" 200 51676 "-" "Mozilla/5.0 (Windows NT 6.1; WOW64) AppleWebKit/537.36 (KHTML, like Gecko) Chrome/89.0.4389.116 Safari/537.36"
194.39.149.53 - - [17/Jul/2026:02:56:48 +0000] "POST /wp-cron.php?doing_wp_cron=1784257008.5116820335388183593750 HTTP/1.1" 200 0 "-" "WordPress/7.0.1; https://gradregalia242.com"
113.178.167.137 - - [17/Jul/2026:02:56:47 +0000] "GET /product/barristers-robe-package/?add_to_wishlist=240339 HTTP/1.1" 200 48823 "-" "Mozilla/5.0 (Macintosh; Intel Mac OS X 10_15_6) AppleWebKit/537.36 (KHTML, like Gecko) Brave Chrome/88.0.4324.152 Safari/537.36"
138.0.178.202 - - [17/Jul/2026:02:57:22 +0000] "GET /product-category/accessories/page/3/?add_to_wishlist=80483 HTTP/1.1" 200 44378 "-" "Mozilla/5.0 (Macintosh; Intel Mac OS X 10_11_6) AppleWebKit/537.36 (KHTML, like Gecko) Chrome/71.0.3578.98 Safari/537.36"
93.123.109.164 - - [17/Jul/2026:02:57:31 +0000] "GET /%252e%252e/var/www/.env?_=auyw8v15&v=ch09v HTTP/1.1" 401 53 "https://www.google.com/" "Mozilla/5.0 (Windows NT 10.0; Win64; x64) AppleWebKit/537.36 (KHTML, like Gecko) Chrome/126.0.0.0 Safari/537.36 Edg/126.0.0.0"
93.123.109.164 - - [17/Jul/2026:02:57:31 +0000] "GET /%252e%252e/var/www/html/wp-config.php?_=3dovhpab&v=7lvbi HTTP/1.1" 401 53 "https://www.google.com/" "Mozilla/5.0 (Windows NT 10.0; Win64; x64) AppleWebKit/537.36 (KHTML, like Gecko) Chrome/124.0.0.0 Safari/537.36 Vivaldi/6.7.3329.35"
93.123.109.164 - - [17/Jul/2026:02:57:31 +0000] "GET /%252e%252e/var/www/html/config.php?_=ibxpio54&v=54zou HTTP/1.1" 401 53 "https://www.google.com/search?q=uuwljo" "Mozilla/5.0 (Windows NT 10.0; Win64; x64; rv:127.0) Gecko/20100101 Firefox/127.0"
194.39.149.53 - - [17/Jul/2026:02:57:34 +0000] "POST /wp-cron.php?doing_wp_cron=1784257054.3581540584564208984375 HTTP/1.1" 200 0 "-" "WordPress/7.0.1; https://gradregalia242.com"
46.105.28.235 - - [17/Jul/2026:02:57:32 +0000] "GET /wp-login.php HTTP/2" 200 1938 "-" "Mozilla/5.0 (Linux; Android 10; K) AppleWebKit/537.36 (KHTML, like Gecko) Chrome/147.0.0.0 Mobile Safari/537.36"
185.109.244.91 - - [17/Jul/2026:02:57:32 +0000] "GET /wp-login.php HTTP/2" 200 1938 "-" "Mozilla/5.0 (iPhone; CPU iPhone OS 18_0 like Mac OS X) AppleWebKit/605.1.15 (KHTML, like Gecko) CriOS/144.0.6917.0 Mobile/15E148 Safari/604.1"
185.109.244.91 - - [17/Jul/2026:02:57:36 +0000] "POST /wp-login.php HTTP/2" 200 2072 "https://gradregalia242.com.keeloil.com/wp-login.php" "Mozilla/5.0 (iPhone; CPU iPhone OS 18_0 like Mac OS X) AppleWebKit/605.1.15 (KHTML, like Gecko) CriOS/144.0.6917.0 Mobile/15E148 Safari/604.1"
8.217.108.67 - - [17/Jul/2026:02:57:36 +0000] "GET /wp-login.php HTTP/2" 200 1938 "-" "Mozilla/5.0 (Macintosh; Intel Mac OS X 10_15_7) AppleWebKit/537.36 (KHTML, like Gecko) Chrome/143.0.0.0 Safari/537.36"
46.105.28.235 - - [17/Jul/2026:02:57:37 +0000] "POST /wp-login.php HTTP/2" 200 2072 "https://gradregalia242.com.keeloil.com/wp-login.php" "Mozilla/5.0 (Linux; Android 10; K) AppleWebKit/537.36 (KHTML, like Gecko) Chrome/147.0.0.0 Mobile Safari/537.36"
93.123.109.164 - - [17/Jul/2026:02:57:40 +0000] "GET /%252e%252e/var/www/html/configuration.php?_=xc2lmgf0&v=2rqmk HTTP/1.1" 401 53 "https://twitter.com/" "Mozilla/5.0 (Windows NT 10.0; Win64; x64) AppleWebKit/537.36 (KHTML, like Gecko) Chrome/126.0.0.0 Safari/537.36"
8.217.108.67 - - [17/Jul/2026:02:57:53 +0000] "POST /wp-login.php HTTP/2" 200 0 "https://gradregalia242.com.keeloil.com/wp-login.php" "Mozilla/5.0 (Macintosh; Intel Mac OS X 10_15_7) AppleWebKit/537.36 (KHTML, like Gecko) Chrome/143.0.0.0 Safari/537.36"
93.123.109.164 - - [17/Jul/2026:02:58:29 +0000] "GET /%252e%252e/var/log/apache2/access.log?_=9a09syxs&v=sqkdb HTTP/1.1" 401 53 "https://www.reddit.com/" "Mozilla/5.0 (Linux; Android 14; SM-S918B Build/UP1A.231005.007) AppleWebKit/537.36 (KHTML, like Gecko) SamsungBrowser/25.0 Chrome/121.0.0.0 Mobile Safari/537.36"
93.123.109.164 - - [17/Jul/2026:02:58:29 +0000] "GET /%252e%252e/var/log/auth.log?_=05uysrux&v=8oi30 HTTP/1.1" 401 53 "https://www.google.com/search?q=igsy9p" "Mozilla/5.0 (Linux; Android 14; SM-S928B) AppleWebKit/537.36 (KHTML, like Gecko) Chrome/125.0.6422.165 Mobile Safari/537.36"
93.123.109.164 - - [17/Jul/2026:02:58:29 +0000] "GET /%252e%252e/var/log/secure?_=m0nyv19d&v=v4tzh HTTP/1.1" 401 53 "https://www.reddit.com/" "Mozilla/5.0 (Linux; Android 14; SM-S918B Build/UP1A.231005.007) AppleWebKit/537.36 (KHTML, like Gecko) SamsungBrowser/25.0 Chrome/121.0.0.0 Mobile Safari/537.36"
93.123.109.164 - - [17/Jul/2026:02:58:30 +0000] "GET /%252e%252e/proc/self/cmdline?_=quwcceed&v=9592n HTTP/1.1" 401 53 "https://news.ycombinator.com/" "Mozilla/5.0 (Windows NT 10.0; Win64; x64) AppleWebKit/537.36 (KHTML, like Gecko) Chrome/124.0.0.0 Safari/537.36 Vivaldi/6.7.3329.35"
93.123.109.164 - - [17/Jul/2026:02:58:31 +0000] "GET /%252e%252e/proc/net/tcp?_=b8tecpvc&v=3q4ka HTTP/1.1" 401 53 "https://www.google.com/search?q=xhxhpy" "Mozilla/5.0 (Linux; Android 14; Pixel 8 Pro) AppleWebKit/537.36 (KHTML, like Gecko) Chrome/126.0.0.0 Mobile Safari/537.36"
93.123.109.164 - - [17/Jul/2026:02:58:32 +0000] "GET /%252e%252e/root/.bash_history?_=ys14u0p7&v=28352 HTTP/1.1" 401 53 "https://www.facebook.com/" "Mozilla/5.0 (Windows NT 10.0; Win64; x64) AppleWebKit/537.36 (KHTML, like Gecko) Chrome/124.0.0.0 Safari/537.36"
93.123.109.164 - - [17/Jul/2026:02:58:36 +0000] "GET /%252e%252e/root/.mysql_history?_=7kpjsikd&v=t0oz7 HTTP/1.1" 401 53 "https://www.bing.com/search?q=dcitd5" "Mozilla/5.0 (Windows NT 10.0; Win64; x64) AppleWebKit/537.36 (KHTML, like Gecko) Chrome/126.0.0.0 Safari/537.36"
93.123.109.164 - - [17/Jul/2026:02:58:38 +0000] "GET /%252e%252e/etc/nginx/nginx.conf?_=4pyzti1c&v=uwt7k HTTP/1.1" 401 53 "https://news.ycombinator.com/" "Mozilla/5.0 (Macintosh; Intel Mac OS X 14_5) AppleWebKit/537.36 (KHTML, like Gecko) Chrome/125.0.0.0 Safari/537.36"
93.123.109.164 - - [17/Jul/2026:02:58:38 +0000] "GET /%252e%252e/etc/apache2/apache2.conf?_=wyk3vkbq&v=exy1a HTTP/1.1" 401 53 "https://www.reddit.com/" "Mozilla/5.0 (Windows NT 10.0; Win64; x64) AppleWebKit/537.36 (KHTML, like Gecko) Chrome/124.0.0.0 Safari/537.36 Vivaldi/6.7.3329.35"
93.123.109.164 - - [17/Jul/2026:02:58:39 +0000] "GET /%252e%252e/var/www/html/.git/config?_=zoyextbs&v=cgb0t HTTP/1.1" 401 53 "https://t.co/77qvvhe6f6" "Mozilla/5.0 (Windows NT 10.0; Win64; x64) AppleWebKit/537.36 (KHTML, like Gecko) Chrome/125.0.0.0 Safari/537.36"
93.123.109.164 - - [17/Jul/2026:02:58:46 +0000] "GET /%252e%252e/var/www/.git/config?_=170hrfj7&v=ouy3z HTTP/1.1" 401 53 "https://t.co/8ltw9ra232" "Mozilla/5.0 (Windows NT 10.0; Win64; x64) AppleWebKit/537.36 (KHTML, like Gecko) Chrome/125.0.0.0 Safari/537.36"
93.123.109.164 - - [17/Jul/2026:02:58:47 +0000] "GET /%252e%252e/etc/ssh/sshd_config?_=0bv9hpvz&v=ewliw HTTP/1.1" 401 53 "https://www.google.com/" "Mozilla/5.0 (Windows NT 10.0; Win64; x64; rv:126.0) Gecko/20100101 Firefox/126.0"
93.123.109.164 - - [17/Jul/2026:02:58:47 +0000] "GET /%252e%252e/root/.ssh/id_rsa?_=2b8gd0l1&v=en3wi HTTP/1.1" 401 53 "https://www.google.com/search?q=bk9z08" "Mozilla/5.0 (iPad; CPU OS 17_5_1 like Mac OS X) AppleWebKit/605.1.15 (KHTML, like Gecko) Version/17.5 Mobile/15E148 Safari/604.1"
93.123.109.164 - - [17/Jul/2026:02:58:47 +0000] "GET /%252e%252e/root/.ssh/id_ed25519?_=jaoxb7la&v=ld6bb HTTP/1.1" 401 53 "https://twitter.com/" "Mozilla/5.0 (iPhone; CPU iPhone OS 17_5_1 like Mac OS X) AppleWebKit/605.1.15 (KHTML, like Gecko) Version/17.5 Mobile/15E148 Safari/604.1"
93.123.109.164 - - [17/Jul/2026:02:58:48 +0000] "GET /%252e%252e/home/ubuntu/.ssh/id_rsa?_=kfmvj6nj&v=3ge7q HTTP/1.1" 401 53 "https://www.reddit.com/" "Mozilla/5.0 (Macintosh; Intel Mac OS X 14_5) AppleWebKit/605.1.15 (KHTML, like Gecko) Version/17.5 Safari/605.1.15"
93.123.109.164 - - [17/Jul/2026:02:58:49 +0000] "GET /%252e%252e/home/ubuntu/.ssh/id_ed25519?_=m0zc6pu2&v=3dkk1 HTTP/1.1" 401 53 "https://t.co/mdj7rofiaj" "Mozilla/5.0 (X11; Linux x86_64) AppleWebKit/537.36 (KHTML, like Gecko) Chrome/126.0.0.0 Safari/537.36"
93.123.109.164 - - [17/Jul/2026:02:58:51 +0000] "GET /%252e%252e/home/deploy/.ssh/id_rsa?_=35enuv6j&v=jiw2w HTTP/1.1" 401 53 "https://www.bing.com/search?q=6tdj43" "Mozilla/5.0 (Windows NT 10.0; Win64; x64) AppleWebKit/537.36 (KHTML, like Gecko) Chrome/125.0.0.0 Safari/537.36"
93.123.109.164 - - [17/Jul/2026:02:58:55 +0000] "GET /%252e%252e/home/ec2-user/.ssh/id_rsa?_=vjyaokby&v=5l045 HTTP/1.1" 401 53 "https://twitter.com/" "Mozilla/5.0 (iPad; CPU OS 17_5_1 like Mac OS X) AppleWebKit/605.1.15 (KHTML, like Gecko) Version/17.5 Mobile/15E148 Safari/604.1"
93.123.109.164 - - [17/Jul/2026:02:59:00 +0000] "GET /%252e%252e/home/www-data/.ssh/id_rsa?_=52sk8jkx&v=d3uln HTTP/1.1" 401 53 "https://www.facebook.com/" "Mozilla/5.0 (X11; Ubuntu; Linux x86_64; rv:126.0) Gecko/20100101 Firefox/126.0"
93.123.109.164 - - [17/Jul/2026:02:59:10 +0000] "GET /%252e%252e/home/git/.ssh/id_rsa?_=76lal4yg&v=gi58d HTTP/1.1" 401 53 "https://www.google.com/" "Mozilla/5.0 (Macintosh; Intel Mac OS X 14_5) AppleWebKit/537.36 (KHTML, like Gecko) Chrome/125.0.0.0 Safari/537.36"
93.123.109.164 - - [17/Jul/2026:02:59:10 +0000] "GET /%252e%252e/home/admin/.ssh/id_rsa?_=f8dnv4b3&v=n1yx2 HTTP/1.1" 401 53 "https://www.bing.com/search?q=x0ilpm" "Mozilla/5.0 (Macintosh; Intel Mac OS X 14.5; rv:127.0) Gecko/20100101 Firefox/127.0"
194.39.149.53 - - [17/Jul/2026:02:59:28 +0000] "POST /wp-cron.php?doing_wp_cron=1784257168.2026469707489013671875 HTTP/1.1" 200 0 "-" "WordPress/7.0.1; https://gradregalia242.com"
114.119.155.13 - - [17/Jul/2026:02:59:26 +0000] "GET /product-category/stoles-sashes-2/v-neck-stoles HTTP/1.1" 301 0 "https://gradregalia242.com/product-category/accessories/certificate-holder" "Mozilla/5.0 (Linux; Android 7.0;) AppleWebKit/537.36 (HTML, like Gecko) Mobile Safari/537.36 (compatible; PetalBot;+https://webmaster.petalsearch.com/site/petalbot)"
194.39.149.53 - - [17/Jul/2026:02:59:34 +0000] "POST /wp-cron.php?doing_wp_cron=1784257174.3620760440826416015625 HTTP/1.1" 200 0 "-" "WordPress/7.0.1; https://gradregalia242.com"
114.119.155.13 - - [17/Jul/2026:02:59:33 +0000] "GET /product-category/stoles-sashes-2/v-neck-stoles/ HTTP/1.1" 200 27260 "https://gradregalia242.com/product-category/accessories/certificate-holder" "Mozilla/5.0 (Linux; Android 7.0;) AppleWebKit/537.36 (HTML, like Gecko) Mobile Safari/537.36 (compatible; PetalBot;+https://webmaster.petalsearch.com/site/petalbot)"
194.39.149.53 - - [17/Jul/2026:03:00:09 +0000] "POST /wp-cron.php?doing_wp_cron=1784257209.4703600406646728515625 HTTP/1.1" 200 0 "-" "WordPress/7.0.1; https://gradregalia242.com"
152.42.137.70 - - [17/Jul/2026:03:00:07 +0000] "GET /wp-login.php HTTP/2" 200 1938 "-" "Mozilla/5.0 (X11; Linux x86_64; rv:148.0) Gecko/20100101 Firefox/148.0"
160.187.68.132 - - [17/Jul/2026:03:00:08 +0000] "GET /wp-login.php HTTP/2" 200 1938 "-" "Mozilla/5.0 (iPhone; CPU iPhone OS 26_4_2 like Mac OS X) AppleWebKit/605.1.15 (KHTML, like Gecko) CriOS/148.0.7778.47 Mobile/15E148 Safari/604.1"
152.42.137.70 - - [17/Jul/2026:03:00:10 +0000] "POST /wp-login.php HTTP/2" 200 2072 "https://gradregalia242.com.keeloil.com/wp-login.php" "Mozilla/5.0 (X11; Linux x86_64; rv:148.0) Gecko/20100101 Firefox/148.0"
67.207.94.191 - - [17/Jul/2026:03:00:10 +0000] "GET /wp-login.php HTTP/2" 200 1938 "-" "Mozilla/5.0 (Windows NT 10.0; Win64; x64) AppleWebKit/537.36 (KHTML, like Gecko) Chrome/147.0.0.0 Safari/537.36"
182.77.62.24 - - [17/Jul/2026:03:00:11 +0000] "GET /wp-login.php HTTP/2" 200 1938 "-" "Mozilla/5.0 (Windows NT 10.0; Win64; x64) AppleWebKit/537.36 (KHTML, like Gecko) Chrome/149.0.0.0 Safari/537.36"
67.207.94.191 - - [17/Jul/2026:03:00:20 +0000] "POST /wp-login.php HTTP/2" 200 2072 "https://gradregalia242.com.keeloil.com/wp-login.php" "Mozilla/5.0 (Windows NT 10.0; Win64; x64) AppleWebKit/537.36 (KHTML, like Gecko) Chrome/147.0.0.0 Safari/537.36"
194.39.149.53 - - [17/Jul/2026:03:01:05 +0000] "POST /wp-cron.php?doing_wp_cron=1784257265.2193019390106201171875 HTTP/1.1" 200 0 "-" "WordPress/7.0.1; https://gradregalia242.com"
85.208.96.199 - - [17/Jul/2026:03:01:02 +0000] "GET /golisimo-promotions-tagliche-wochentliche-und-saisonale-angebote/ HTTP/1.1" 200 35984 "-" "Mozilla/5.0 (compatible; SemrushBot/7~bl; +http://www.semrush.com/bot.html)"
93.123.109.164 - - [17/Jul/2026:03:02:09 +0000] "GET /%252e%252e/%252e%252e/var/log/auth.log?_=lry4jj8h&v=kpjyd HTTP/1.1" 401 53 "https://t.co/4g5mdfpnao" "Mozilla/5.0 (X11; Linux x86_64) AppleWebKit/537.36 (KHTML, like Gecko) Chrome/126.0.0.0 Safari/537.36"
93.123.109.164 - - [17/Jul/2026:03:02:12 +0000] "GET /%252e%252e/%252e%252e/var/log/secure?_=vx7otxto&v=z72dg HTTP/1.1" 401 53 "https://twitter.com/" "Mozilla/5.0 (Macintosh; Intel Mac OS X 14_5) AppleWebKit/537.36 (KHTML, like Gecko) Chrome/125.0.0.0 Safari/537.36"
93.123.109.164 - - [17/Jul/2026:03:02:13 +0000] "GET /%252e%252e/%252e%252e/proc/self/cmdline?_=b80fc2al&v=22c5r HTTP/1.1" 401 53 "https://www.facebook.com/" "Mozilla/5.0 (Macintosh; Intel Mac OS X 14_5) AppleWebKit/537.36 (KHTML, like Gecko) Chrome/125.0.0.0 Safari/537.36"
93.123.109.164 - - [17/Jul/2026:03:02:16 +0000] "GET /%252e%252e/%252e%252e/proc/net/tcp?_=83ctv6pc&v=zn14r HTTP/1.1" 401 53 "https://twitter.com/" "Mozilla/5.0 (Windows NT 10.0; Win64; x64) AppleWebKit/537.36 (KHTML, like Gecko) Chrome/126.0.0.0 Safari/537.36 Edg/126.0.0.0"
93.123.109.164 - - [17/Jul/2026:03:02:25 +0000] "GET /%252e%252e/%252e%252e/root/.bash_history?_=lx2ffj3d&v=rvulw HTTP/1.1" 401 53 "https://duckduckgo.com/?q=9ifs2" "Mozilla/5.0 (Windows NT 10.0; Win64; x64; rv:127.0) Gecko/20100101 Firefox/127.0"
93.123.109.164 - - [17/Jul/2026:03:02:25 +0000] "GET /%252e%252e/%252e%252e/root/.mysql_history?_=3rgmuy64&v=e4scp HTTP/1.1" 401 53 "https://www.google.com/search?q=mp648s" "Mozilla/5.0 (Windows NT 10.0; Win64; x64) AppleWebKit/537.36 (KHTML, like Gecko) Chrome/126.0.0.0 Safari/537.36"
93.123.109.164 - - [17/Jul/2026:03:02:30 +0000] "GET /%252e%252e/%252e%252e/etc/nginx/nginx.conf?_=u0ui10hb&v=9vxhg HTTP/1.1" 401 53 "https://news.ycombinator.com/" "Mozilla/5.0 (Windows NT 10.0; Win64; x64) AppleWebKit/537.36 (KHTML, like Gecko) Chrome/125.0.0.0 Safari/537.36"
93.123.109.164 - - [17/Jul/2026:03:02:35 +0000] "GET /%252e%252e/%252e%252e/etc/apache2/apache2.conf?_=zdbrowvs&v=gqxfk HTTP/1.1" 401 53 "https://www.google.com/" "Mozilla/5.0 (Windows NT 10.0; Win64; x64; rv:127.0) Gecko/20100101 Firefox/127.0"
93.123.109.164 - - [17/Jul/2026:03:02:39 +0000] "GET /%252e%252e/%252e%252e/var/www/html/.git/config?_=qwheb7bn&v=3idrv HTTP/1.1" 401 53 "https://www.bing.com/search?q=9vwpv1" "Mozilla/5.0 (Linux; Android 14; Pixel 8 Pro) AppleWebKit/537.36 (KHTML, like Gecko) Chrome/126.0.0.0 Mobile Safari/537.36"
93.123.109.164 - - [17/Jul/2026:03:02:40 +0000] "GET /%252e%252e/%252e%252e/var/www/.git/config?_=72valdcn&v=h4kcu HTTP/1.1" 401 53 "https://twitter.com/" "Mozilla/5.0 (Macintosh; Intel Mac OS X 14_5) AppleWebKit/605.1.15 (KHTML, like Gecko) Version/17.5 Safari/605.1.15"
93.123.109.164 - - [17/Jul/2026:03:02:41 +0000] "GET /%252e%252e/%252e%252e/etc/ssh/sshd_config?_=8a3ufr3h&v=2pvf5 HTTP/1.1" 401 53 "https://duckduckgo.com/?q=fqice" "Mozilla/5.0 (Windows NT 10.0; Win64; x64) AppleWebKit/537.36 (KHTML, like Gecko) Chrome/126.0.0.0 Safari/537.36"
93.123.109.164 - - [17/Jul/2026:03:02:41 +0000] "GET /%252e%252e/%252e%252e/root/.ssh/id_rsa?_=iqnn2dlq&v=y02nc HTTP/1.1" 401 53 "https://twitter.com/" "Mozilla/5.0 (Windows NT 10.0; Win64; x64) AppleWebKit/537.36 (KHTML, like Gecko) Chrome/126.0.0.0 Safari/537.36"
93.123.109.164 - - [17/Jul/2026:03:02:51 +0000] "GET /%252e%252e/%252e%252e/root/.ssh/id_ed25519?_=qy3szidz&v=597wl HTTP/1.1" 401 53 "https://twitter.com/" "Mozilla/5.0 (Windows NT 10.0; Win64; x64) AppleWebKit/537.36 (KHTML, like Gecko) Chrome/126.0.0.0 Safari/537.36"
93.123.109.164 - - [17/Jul/2026:03:02:56 +0000] "GET /%252e%252e/%252e%252e/home/ubuntu/.ssh/id_rsa?_=tn49xssp&v=d6eu3 HTTP/1.1" 401 53 "https://news.ycombinator.com/" "Mozilla/5.0 (iPad; CPU OS 17_5_1 like Mac OS X) AppleWebKit/605.1.15 (KHTML, like Gecko) Version/17.5 Mobile/15E148 Safari/604.1"
93.123.109.164 - - [17/Jul/2026:03:02:56 +0000] "GET /%252e%252e/%252e%252e/home/ubuntu/.ssh/id_ed25519?_=g9jsszv1&v=p7yfz HTTP/1.1" 401 53 "https://news.ycombinator.com/" "Mozilla/5.0 (Windows NT 10.0; Win64; x64) AppleWebKit/537.36 (KHTML, like Gecko) Chrome/124.0.0.0 Safari/537.36"
93.123.109.164 - - [17/Jul/2026:03:02:56 +0000] "GET /%252e%252e/%252e%252e/home/deploy/.ssh/id_rsa?_=879tfxw0&v=ah62k HTTP/1.1" 401 53 "https://www.google.com/" "Mozilla/5.0 (Linux; Android 14; SM-S928B) AppleWebKit/537.36 (KHTML, like Gecko) Chrome/125.0.6422.165 Mobile Safari/537.36"
93.123.109.164 - - [17/Jul/2026:03:02:57 +0000] "GET /%252e%252e/%252e%252e/home/ec2-user/.ssh/id_rsa?_=mn7jfbkv&v=rtsqu HTTP/1.1" 401 53 "https://www.bing.com/search?q=6jv35c" "Mozilla/5.0 (Windows NT 10.0; Win64; x64) AppleWebKit/537.36 (KHTML, like Gecko) Chrome/126.0.0.0 Safari/537.36 Edg/126.0.0.0"
93.123.109.164 - - [17/Jul/2026:03:02:57 +0000] "GET /%252e%252e/%252e%252e/home/www-data/.ssh/id_rsa?_=1vah1k5q&v=0m9al HTTP/1.1" 401 53 "https://news.ycombinator.com/" "Mozilla/5.0 (Linux; Android 14; Pixel 8 Pro) AppleWebKit/537.36 (KHTML, like Gecko) Chrome/126.0.0.0 Mobile Safari/537.36"
93.123.109.164 - - [17/Jul/2026:03:03:04 +0000] "GET /%252e%252e/%252e%252e/home/git/.ssh/id_rsa?_=1uok9j0u&v=nto4s HTTP/1.1" 401 53 "https://news.ycombinator.com/" "Mozilla/5.0 (Windows NT 10.0; Win64; x64) AppleWebKit/537.36 (KHTML, like Gecko) Chrome/124.0.0.0 Safari/537.36"
93.123.109.164 - - [17/Jul/2026:03:03:04 +0000] "GET /%252e%252e/%252e%252e/home/admin/.ssh/id_rsa?_=gqlyncm5&v=lyjnl HTTP/1.1" 401 53 "https://news.ycombinator.com/" "Mozilla/5.0 (Macintosh; Intel Mac OS X 14_5) AppleWebKit/605.1.15 (KHTML, like Gecko) Version/17.5 Safari/605.1.15"
194.39.149.53 - - [17/Jul/2026:03:07:26 +0000] "POST /wp-cron.php?doing_wp_cron=1784257646.4087719917297363281250 HTTP/1.1" 200 0 "-" "WordPress/7.0.1; https://gradregalia242.com"
43.153.35.128 - - [17/Jul/2026:03:07:25 +0000] "GET /product-category/masters/ HTTP/1.1" 200 38199 "-" "Mozilla/5.0 (iPhone; CPU iPhone OS 13_2_3 like Mac OS X) AppleWebKit/605.1.15 (KHTML, like Gecko) Version/13.0.3 Mobile/15E148 Safari/604.1"
194.39.149.53 - - [17/Jul/2026:03:08:53 +0000] "POST /wp-cron.php?doing_wp_cron=1784257733.5984790325164794921875 HTTP/1.1" 200 0 "-" "WordPress/7.0.1; https://gradregalia242.com"
37.59.204.141 - - [17/Jul/2026:03:08:52 +0000] "GET /licentiere-si-certificat-cuantificare-casino-one-_-ro-register-free/feed/ HTTP/2" 200 454 "-" "Mozilla/5.0 (compatible; AhrefsBot/7.0; +http://ahrefs.com/robot/)"
194.39.149.53 - - [17/Jul/2026:03:10:42 +0000] "POST /wp-cron.php?doing_wp_cron=1784257841.8869578838348388671875 HTTP/1.1" 200 0 "-" "WordPress/7.0.1; https://gradregalia242.com"
185.191.171.3 - - [17/Jul/2026:03:10:39 +0000] "GET /product/double-honor-cord/ HTTP/1.1" 200 63251 "-" "Mozilla/5.0 (compatible; SemrushBot/7~bl; +http://www.semrush.com/bot.html)"
194.39.149.53 - - [17/Jul/2026:03:14:23 +0000] "POST /wp-cron.php?doing_wp_cron=1784258063.4764380455017089843750 HTTP/1.1" 200 0 "-" "WordPress/7.0.1; https://gradregalia242.com"
181.2.80.190 - - [17/Jul/2026:03:14:22 +0000] "GET /product/customize-diploma-cover/?add_to_wishlist=13663 HTTP/1.1" 200 47178 "-" "Mozilla/5.0 (Windows NT 6.1; ) AppleWebKit/537.36 (KHTML, like Gecko) Chrome/83.0.4103.116 Safari/537.36 AOLShield/83.0.4103.0"
194.39.149.53 - - [17/Jul/2026:03:15:37 +0000] "POST /wp-cron.php?doing_wp_cron=1784258137.7634179592132568359375 HTTP/1.1" 200 0 "-" "WordPress/7.0.1; https://gradregalia242.com"
114.119.155.13 - - [17/Jul/2026:03:15:36 +0000] "GET /product/kindercare-cap-only-matte HTTP/1.1" 301 0 "https://gradregalia242.com/product-category/accessories/cap-accessories" "Mozilla/5.0 (Linux; Android 7.0;) AppleWebKit/537.36 (HTML, like Gecko) Mobile Safari/537.36 (compatible; PetalBot;+https://webmaster.petalsearch.com/site/petalbot)"
114.119.155.13 - - [17/Jul/2026:03:15:38 +0000] "GET /product/kindercare-cap-only-matte/ HTTP/1.1" 200 40662 "https://gradregalia242.com/product-category/accessories/cap-accessories" "Mozilla/5.0 (Linux; Android 7.0;) AppleWebKit/537.36 (HTML, like Gecko) Mobile Safari/537.36 (compatible; PetalBot;+https://webmaster.petalsearch.com/site/petalbot)"
194.39.149.53 - - [17/Jul/2026:03:17:32 +0000] "POST /wp-cron.php?doing_wp_cron=1784258251.8989319801330566406250 HTTP/1.1" 200 0 "-" "WordPress/7.0.1; https://gradregalia242.com"
92.222.108.96 - - [17/Jul/2026:03:17:30 +0000] "GET /personifikuje-7xm-kasino-zajisteny-a-akreditovany-cesko-play-instantly-casinospinbetter-cz/feed/ HTTP/2" 200 504 "-" "Mozilla/5.0 (compatible; AhrefsBot/7.0; +http://ahrefs.com/robot/)"
194.39.149.53 - - [17/Jul/2026:03:17:49 +0000] "POST /wp-cron.php?doing_wp_cron=1784258269.2629179954528808593750 HTTP/1.1" 200 0 "-" "WordPress/7.0.1; https://gradregalia242.com"
202.63.209.175 - - [17/Jul/2026:03:17:46 +0000] "GET /product-category/legal-attire/collars/?add_to_wishlist=354400 HTTP/1.1" 200 38501 "-" "Mozilla/5.0 (Macintosh; Intel Mac OS X 11_0_1) AppleWebKit/537.36 (KHTML, like Gecko) Brave Chrome/87.0.4280.67 Safari/537.36"
43.130.60.195 - - [17/Jul/2026:03:17:59 +0000] "GET /product/tassel/ HTTP/1.1" 200 50905 "-" "Mozilla/5.0 (iPhone; CPU iPhone OS 13_2_3 like Mac OS X) AppleWebKit/605.1.15 (KHTML, like Gecko) Version/13.0.3 Mobile/15E148 Safari/604.1"
132.148.72.88 - - [17/Jul/2026:03:18:10 +0000] "GET /wp-login.php HTTP/2" 200 1938 "-" "Mozilla/5.0 (Macintosh; Intel Mac OS X 10_15_7) AppleWebKit/537.36 (KHTML, like Gecko) Chrome/144.0.0.0 Safari/537.36"
103.133.216.219 - - [17/Jul/2026:03:18:10 +0000] "GET /wp-login.php HTTP/2" 200 1938 "-" "Mozilla/5.0 (X11; Linux x86_64) AppleWebKit/537.36 (KHTML, like Gecko) Chrome/141.0.0.0 Safari/537.36"
132.148.72.88 - - [17/Jul/2026:03:18:13 +0000] "POST /wp-login.php HTTP/2" 200 2072 "https://gradregalia242.com.keeloil.com/wp-login.php" "Mozilla/5.0 (Macintosh; Intel Mac OS X 10_15_7) AppleWebKit/537.36 (KHTML, like Gecko) Chrome/144.0.0.0 Safari/537.36"
103.133.216.219 - - [17/Jul/2026:03:18:14 +0000] "POST /wp-login.php HTTP/2" 200 2072 "https://gradregalia242.com.keeloil.com/wp-login.php" "Mozilla/5.0 (X11; Linux x86_64) AppleWebKit/537.36 (KHTML, like Gecko) Chrome/141.0.0.0 Safari/537.36"
185.109.244.91 - - [17/Jul/2026:03:18:31 +0000] "GET /wp-login.php HTTP/2" 200 1938 "-" "Mozilla/5.0 (X11; Linux x86_64; rv:148.0) Gecko/20100101 Firefox/148.0"
194.39.149.53 - - [17/Jul/2026:03:18:35 +0000] "POST /wp-cron.php?doing_wp_cron=1784258315.6059389114379882812500 HTTP/1.1" 200 0 "-" "WordPress/7.0.1; https://gradregalia242.com"
185.109.244.91 - - [17/Jul/2026:03:18:34 +0000] "POST /wp-login.php HTTP/2" 200 2072 "https://gradregalia242.com.keeloil.com/wp-login.php" "Mozilla/5.0 (X11; Linux x86_64; rv:148.0) Gecko/20100101 Firefox/148.0"
209.42.21.221 - - [17/Jul/2026:03:18:35 +0000] "GET /wp-login.php HTTP/2" 200 1938 "-" "Mozilla/5.0 (Linux; Android 10; K) AppleWebKit/537.36 (KHTML, like Gecko) Chrome/146.0.0.0 Mobile Safari/537.36"
111.231.65.114 - - [17/Jul/2026:03:18:53 +0000] "GET /wp-login.php HTTP/2" 200 1938 "-" "Mozilla/5.0 (X11; Linux x86_64) AppleWebKit/537.36 (KHTML, like Gecko) Chrome/148.0.0.0 Safari/537.36"
103.181.72.132 - - [17/Jul/2026:03:19:08 +0000] "GET /product/grad-teddy-bear-with-picture-frame/?add_to_wishlist=13658 HTTP/1.1" 200 44251 "-" "Mozilla/5.0 (Macintosh; Intel Mac OS X 10_13_6) AppleWebKit/537.36 (KHTML, like Gecko) Chrome/81.0.4044.43 Safari/537.36"
38.248.168.88 - - [17/Jul/2026:03:19:12 +0000] "GET /wp-content/uploads/2022/03/DB4FDCB0-0142-4633-905D-C2267E337B7D.jpeg HTTP/1.1" 200 47081 "-" "Mozilla/5.0 (Macintosh; Intel Mac OS X 10_15_7) AppleWebKit/537.36 (KHTML, like Gecko) Chrome/101.0.4951.64 Safari/537.36"
194.39.149.53 - - [17/Jul/2026:03:20:07 +0000] "POST /wp-cron.php?doing_wp_cron=1784258407.4490060806274414062500 HTTP/1.1" 200 0 "-" "WordPress/7.0.1; https://gradregalia242.com"
80.79.150.172 - - [17/Jul/2026:03:20:04 +0000] "GET /product/bachelors-gown-only-shiny/?add_to_wishlist=143276 HTTP/1.1" 200 68032 "-" "Mozilla/5.0 (Windows NT 6.2; Win64; x64) AppleWebKit/537.36 (KHTML, like Gecko) Chrome/101.0.4951.64 Safari/537.36"
197.184.78.240 - - [17/Jul/2026:03:21:26 +0000] "GET /wp-content/uploads/2022/05/BEE8FFA7-A22C-4F79-BC69-8DF3438F9450.jpeg HTTP/1.1" 200 57393 "-" "Mozilla/5.0 (Windows NT 6.1; Win64; x64) AppleWebKit/537.36 (KHTML, like Gecko) Chrome/84.0.4147.135 Safari/537.36"
194.39.149.53 - - [17/Jul/2026:03:23:35 +0000] "POST /wp-cron.php?doing_wp_cron=1784258615.1127510070800781250000 HTTP/1.1" 200 0 "-" "WordPress/7.0.1; https://gradregalia242.com"
185.191.171.10 - - [17/Jul/2026:03:23:33 +0000] "GET /robots.txt HTTP/1.1" 200 163 "-" "Mozilla/5.0 (compatible; SemrushBot/7~bl; +http://www.semrush.com/bot.html)"
85.208.96.207 - - [17/Jul/2026:03:23:35 +0000] "GET /product/cuff-links/ HTTP/1.1" 200 46167 "-" "Mozilla/5.0 (compatible; SemrushBot/7~bl; +http://www.semrush.com/bot.html)"
166.114.132.228 - - [17/Jul/2026:03:24:31 +0000] "GET /product-category/elementary-school/page/2/?add_to_wishlist=109208 HTTP/1.1" 200 0 "-" "Mozilla/5.0 (Macintosh; Intel Mac OS X 10_13_3) AppleWebKit/537.36 (KHTML, like Gecko) Chrome/100.0.4896.75 Safari/537.36"
194.39.149.53 - - [17/Jul/2026:03:24:43 +0000] "POST /wp-cron.php?doing_wp_cron=1784258683.0898311138153076171875 HTTP/1.1" 200 0 "-" "WordPress/7.0.1; https://gradregalia242.com"
170.239.240.48 - - [17/Jul/2026:03:24:40 +0000] "GET /product/junior-senior-cap-only-matte/?add_to_wishlist=85944 HTTP/1.1" 200 52198 "-" "Mozilla/5.0 (Windows NT 6.1) AppleWebKit/537.36 (KHTML, like Gecko) Chrome/74.0.3729.131 Safari/537.36"
194.39.149.53 - - [17/Jul/2026:03:24:51 +0000] "POST /wp-cron.php?doing_wp_cron=1784258691.5390949249267578125000 HTTP/1.1" 200 0 "-" "WordPress/7.0.1; https://gradregalia242.com"
123.22.241.255 - - [17/Jul/2026:03:24:49 +0000] "GET /product-category/elementary-school/page/2/?add_to_wishlist=109208 HTTP/1.1" 200 0 "-" "Mozilla/5.0 (Macintosh; Intel Mac OS X 10_13_3) AppleWebKit/537.36 (KHTML, like Gecko) Chrome/100.0.4896.75 Safari/537.36"
194.39.149.53 - - [17/Jul/2026:03:26:19 +0000] "POST /wp-cron.php?doing_wp_cron=1784258779.1726040840148925781250 HTTP/1.1" 200 0 "-" "WordPress/7.0.1; https://gradregalia242.com"
185.191.171.2 - - [17/Jul/2026:03:26:16 +0000] "GET /product/bahamas-coat-of-arms-country-flag-stole/ HTTP/1.1" 200 48124 "-" "Mozilla/5.0 (compatible; SemrushBot/7~bl; +http://www.semrush.com/bot.html)"
93.123.109.164 - - [17/Jul/2026:03:26:44 +0000] "GET /..%c0%afroot/.ssh/id_rsa?_=5lbh34fq&v=hel0q HTTP/1.1" 401 53 "https://twitter.com/" "Mozilla/5.0 (iPad; CPU OS 17_5_1 like Mac OS X) AppleWebKit/605.1.15 (KHTML, like Gecko) Version/17.5 Mobile/15E148 Safari/604.1"
93.123.109.164 - - [17/Jul/2026:03:26:46 +0000] "GET /..%c0%afroot/.ssh/id_ed25519?_=boaje8tx&v=406fl HTTP/1.1" 401 53 "https://www.facebook.com/" "Mozilla/5.0 (X11; Linux x86_64) AppleWebKit/537.36 (KHTML, like Gecko) Chrome/126.0.0.0 Safari/537.36"
93.123.109.164 - - [17/Jul/2026:03:26:54 +0000] "GET /..%c0%afhome/ubuntu/.ssh/id_rsa?_=xjd5hnrl&v=sm8jg HTTP/1.1" 401 53 "https://duckduckgo.com/?q=couum" "Mozilla/5.0 (Linux; Android 14; SM-S918B Build/UP1A.231005.007) AppleWebKit/537.36 (KHTML, like Gecko) SamsungBrowser/25.0 Chrome/121.0.0.0 Mobile Safari/537.36"
93.123.109.164 - - [17/Jul/2026:03:26:54 +0000] "GET /..%c0%afhome/ubuntu/.ssh/id_ed25519?_=r12gow6f&v=e8req HTTP/1.1" 401 53 "https://t.co/temorudfyn" "Mozilla/5.0 (Linux; Android 14; Pixel 8 Pro) AppleWebKit/537.36 (KHTML, like Gecko) Chrome/126.0.0.0 Mobile Safari/537.36"
93.123.109.164 - - [17/Jul/2026:03:26:58 +0000] "GET /..%c0%afhome/deploy/.ssh/id_rsa?_=nmawmgpt&v=zncsz HTTP/1.1" 401 53 "https://www.google.com/search?q=ifcs1k" "Mozilla/5.0 (Windows NT 10.0; Win64; x64; rv:126.0) Gecko/20100101 Firefox/126.0"
93.123.109.164 - - [17/Jul/2026:03:27:04 +0000] "GET /..%c0%afhome/ec2-user/.ssh/id_rsa?_=1x07709a&v=3nah8 HTTP/1.1" 401 53 "https://www.facebook.com/" "Mozilla/5.0 (Windows NT 10.0; Win64; x64) AppleWebKit/537.36 (KHTML, like Gecko) Chrome/125.0.0.0 Safari/537.36"
93.123.109.164 - - [17/Jul/2026:03:27:05 +0000] "GET /..%c0%afhome/www-data/.ssh/id_rsa?_=1g0mitah&v=2to5l HTTP/1.1" 401 53 "https://www.google.com/" "Mozilla/5.0 (Windows NT 10.0; Win64; x64) AppleWebKit/537.36 (KHTML, like Gecko) Chrome/126.0.0.0 Safari/537.36"
93.123.109.164 - - [17/Jul/2026:03:27:11 +0000] "GET /..%c0%afhome/git/.ssh/id_rsa?_=49q265fb&v=1pwgr HTTP/1.1" 401 53 "https://www.google.com/search?q=t2v7tx" "Mozilla/5.0 (X11; Linux x86_64) AppleWebKit/537.36 (KHTML, like Gecko) Chrome/126.0.0.0 Safari/537.36"
93.123.109.164 - - [17/Jul/2026:03:27:11 +0000] "GET /..%c0%afhome/admin/.ssh/id_rsa?_=yfz111cx&v=zz432 HTTP/1.1" 401 53 "https://twitter.com/" "Mozilla/5.0 (Macintosh; Intel Mac OS X 14_4_1) AppleWebKit/605.1.15 (KHTML, like Gecko) Version/17.4.1 Safari/605.1.15"
93.123.109.164 - - [17/Jul/2026:03:27:14 +0000] "GET /..%c0%af..%c0%afetc/passwd?_=yfjs7fiy&v=ks9vc HTTP/1.1" 401 53 "https://www.bing.com/search?q=3dpf6s" "Mozilla/5.0 (Linux; Android 14; Pixel 8 Pro) AppleWebKit/537.36 (KHTML, like Gecko) Chrome/126.0.0.0 Mobile Safari/537.36"
181.26.197.143 - - [17/Jul/2026:03:27:04 +0000] "GET /product-category/packages/page/2/?add_to_wishlist=235058 HTTP/1.1" 200 0 "-" "Mozilla/5.0 (Macintosh; Intel Mac OS X 10_13_6) AppleWebKit/537.36 (KHTML, like Gecko) Chrome/101.0.4951.54 Safari/537.36"
93.123.109.164 - - [17/Jul/2026:03:27:25 +0000] "GET /..%c0%af..%c0%afetc/shadow?_=2lhpbiip&v=fui7b HTTP/1.1" 401 53 "https://www.bing.com/search?q=1ryc6i" "Mozilla/5.0 (Windows NT 10.0; Win64; x64) AppleWebKit/537.36 (KHTML, like Gecko) Chrome/125.0.0.0 Safari/537.36 OPR/110.0.0.0"
93.123.109.164 - - [17/Jul/2026:03:27:31 +0000] "GET /..%c0%af..%c0%afetc/hosts?_=vetpes1v&v=8im8r HTTP/1.1" 401 53 "https://www.facebook.com/" "Mozilla/5.0 (iPhone; CPU iPhone OS 17_5_1 like Mac OS X) AppleWebKit/605.1.15 (KHTML, like Gecko) Version/17.5 Mobile/15E148 Safari/604.1"
199.119.251.62 - - [17/Jul/2026:03:27:22 +0000] "GET /product-category/packages/page/2/?add_to_wishlist=235058 HTTP/1.1" 200 0 "-" "Mozilla/5.0 (Macintosh; Intel Mac OS X 10_12_6) AppleWebKit/537.36 (KHTML, like Gecko) Chrome/88.0.4324.182 Safari/537.36"
49.51.253.83 - - [17/Jul/2026:03:27:32 +0000] "GET /product-category/junior-secondary-high-schools/tassel-junior-secondary-high-schools/ HTTP/1.1" 200 31579 "-" "Mozilla/5.0 (iPhone; CPU iPhone OS 13_2_3 like Mac OS X) AppleWebKit/605.1.15 (KHTML, like Gecko) Version/13.0.3 Mobile/15E148 Safari/604.1"
93.123.109.164 - - [17/Jul/2026:03:27:38 +0000] "GET /..%c0%af..%c0%afproc/self/environ?_=chg9vytn&v=raf91 HTTP/1.1" 401 53 "https://duckduckgo.com/?q=3l5we" "Mozilla/5.0 (Macintosh; Intel Mac OS X 10_15_7) AppleWebKit/537.36 (KHTML, like Gecko) Chrome/126.0.0.0 Safari/537.36"
176.98.92.180 - - [17/Jul/2026:03:27:39 +0000] "GET /product/tassel-signet/?add_to_wishlist=13656 HTTP/1.1" 200 42981 "-" "Mozilla/5.0 (Macintosh; Intel Mac OS X 10_15_3) AppleWebKit/537.36 (KHTML, like Gecko) Brave Chrome/84.0.4147.89 Safari/537.36"