72.167.132.114 - - [16/Jul/2026:18:50:49 +0000] "GET /wp-login.php HTTP/2" 200 1939 "-" "Mozilla/5.0 (iPhone; CPU iPhone OS 18_0 like Mac OS X) AppleWebKit/605.1.15 (KHTML, like Gecko) CriOS/144.0.6917.0 Mobile/15E148 Safari/604.1"
72.167.132.114 - - [16/Jul/2026:18:50:51 +0000] "POST /wp-login.php HTTP/2" 200 2071 "https://gradregalia242.com.keeloil.com/wp-login.php" "Mozilla/5.0 (iPhone; CPU iPhone OS 18_0 like Mac OS X) AppleWebKit/605.1.15 (KHTML, like Gecko) CriOS/144.0.6917.0 Mobile/15E148 Safari/604.1"
194.39.149.53 - - [16/Jul/2026:18:52:38 +0000] "POST /wp-cron.php?doing_wp_cron=1784227958.4337370395660400390625 HTTP/1.1" 200 0 "-" "WordPress/7.0.1; https://gradregalia242.com"
170.106.192.208 - - [16/Jul/2026:18:52:37 +0000] "GET /product-category/bachelors/tassel-bachelors/ HTTP/1.1" 200 31565 "-" "Mozilla/5.0 (iPhone; CPU iPhone OS 13_2_3 like Mac OS X) AppleWebKit/605.1.15 (KHTML, like Gecko) Version/13.0.3 Mobile/15E148 Safari/604.1"
52.167.144.64 - - [16/Jul/2026:18:54:15 +0000] "GET /robots.txt HTTP/2" 200 146 "-" "Mozilla/5.0 AppleWebKit/537.36 (KHTML, like Gecko; compatible; bingbot/2.0; +http://www.bing.com/bingbot.htm) Chrome/116.0.1938.76 Safari/537.36"
40.77.167.73 - - [16/Jul/2026:18:54:26 +0000] "GET /wp-content/uploads/2022/09/decorative-.webp HTTP/2" 200 39226 "-" "Mozilla/5.0 AppleWebKit/537.36 (KHTML, like Gecko; compatible; bingbot/2.0; +http://www.bing.com/bingbot.htm) Chrome/116.0.1938.76 Safari/537.36"
194.39.149.53 - - [16/Jul/2026:18:55:53 +0000] "POST /wp-cron.php?doing_wp_cron=1784228153.1262729167938232421875 HTTP/1.1" 200 0 "-" "WordPress/7.0.1; https://gradregalia242.com"
167.58.115.93 - - [16/Jul/2026:18:55:52 +0000] "GET /product-category/accessories/plain-51/ HTTP/1.1" 200 36052 "-" "Mozilla/5.0 (Windows NT 10.0; Win64; x64) AppleWebKit/537.36 (KHTML, like Gecko) Chrome/80.0.3987.132 Safari/537.36"
35.192.232.168 - - [16/Jul/2026:18:56:15 +0000] "POST / HTTP/1.1" 200 0 "https://www.gradregalia242.com.keeloil.com/" "Mozilla/5.0 (Windows NT 10.0; Win64; x64) AppleWebKit/537.36 (KHTML, like Gecko) Chrome/144.0.0.0 Safari/537.36"
194.39.149.53 - - [16/Jul/2026:18:57:15 +0000] "POST /wp-cron.php?doing_wp_cron=1784228235.0624220371246337890625 HTTP/1.1" 200 0 "-" "WordPress/7.0.1; https://gradregalia242.com"
144.124.196.13 - - [16/Jul/2026:18:57:13 +0000] "GET /product/matte-kindercare-cap-tassel/?add_to_wishlist=86099 HTTP/1.1" 200 52047 "-" "Mozilla/5.0 (Macintosh; Intel Mac OS X 10_15_7) AppleWebKit/537.36 (KHTML, like Gecko) Chrome/86.0.4240.198 Safari/537.36"
194.39.149.53 - - [16/Jul/2026:18:58:26 +0000] "POST /wp-cron.php?doing_wp_cron=1784228305.9051120281219482421875 HTTP/1.1" 200 0 "-" "WordPress/7.0.1; https://gradregalia242.com"
43.157.153.236 - - [16/Jul/2026:18:58:25 +0000] "GET /product-category/doctoral/hood/ HTTP/1.1" 200 35877 "-" "Mozilla/5.0 (iPhone; CPU iPhone OS 13_2_3 like Mac OS X) AppleWebKit/605.1.15 (KHTML, like Gecko) Version/13.0.3 Mobile/15E148 Safari/604.1"
194.39.149.53 - - [16/Jul/2026:19:00:05 +0000] "POST /wp-cron.php?doing_wp_cron=1784228405.6579449176788330078125 HTTP/1.1" 200 0 "-" "WordPress/7.0.1; https://gradregalia242.com"
66.249.79.205 - - [16/Jul/2026:19:00:03 +0000] "GET / HTTP/1.1" 200 36293 "-" "Mozilla/5.0 (Linux; Android 6.0.1; Nexus 5X Build/MMB29P) AppleWebKit/537.36 (KHTML, like Gecko) Chrome/150.0.7871.124 Mobile Safari/537.36 (compatible; Googlebot/2.1; +http://www.google.com/bot.html)"
20.220.9.199 - - [16/Jul/2026:19:00:20 +0000] "GET /wp-content/plugins/hellopress/wp_filemanager.php HTTP/1.1" 404 5749 "-" "-"
20.220.9.199 - - [16/Jul/2026:19:00:21 +0000] "GET /this_is_a_new_hello_world.php HTTP/1.1" 404 5749 "-" "-"
20.220.9.199 - - [16/Jul/2026:19:00:21 +0000] "GET /x.php HTTP/1.1" 404 5749 "-" "-"
20.220.9.199 - - [16/Jul/2026:19:00:21 +0000] "GET /mgrr.php HTTP/1.1" 404 5749 "-" "-"
20.220.9.199 - - [16/Jul/2026:19:00:21 +0000] "GET /stdin.php HTTP/1.1" 404 5749 "-" "-"
20.220.9.199 - - [16/Jul/2026:19:00:21 +0000] "GET /BDKR28.php HTTP/1.1" 404 5749 "-" "-"
20.220.9.199 - - [16/Jul/2026:19:00:21 +0000] "GET /001.php HTTP/1.1" 404 5749 "-" "-"
20.220.9.199 - - [16/Jul/2026:19:00:21 +0000] "GET /dZ3wP5.php HTTP/1.1" 404 5749 "-" "-"
20.220.9.199 - - [16/Jul/2026:19:00:21 +0000] "GET /yup.php HTTP/1.1" 404 5749 "-" "-"
20.220.9.199 - - [16/Jul/2026:19:00:22 +0000] "GET /ts.php HTTP/1.1" 404 5749 "-" "-"
20.220.9.199 - - [16/Jul/2026:19:00:22 +0000] "GET /X.php HTTP/1.1" 404 5749 "-" "-"
20.220.9.199 - - [16/Jul/2026:19:00:22 +0000] "GET /1polka.php HTTP/1.1" 404 5749 "-" "-"
20.220.9.199 - - [16/Jul/2026:19:00:22 +0000] "GET /gec.php HTTP/1.1" 404 5749 "-" "-"
20.220.9.199 - - [16/Jul/2026:19:00:22 +0000] "GET /sky.php HTTP/1.1" 404 5749 "-" "-"
20.220.9.199 - - [16/Jul/2026:19:00:22 +0000] "GET /fffm.php HTTP/1.1" 404 5749 "-" "-"
20.220.9.199 - - [16/Jul/2026:19:00:22 +0000] "GET /sixxis.php HTTP/1.1" 404 5749 "-" "-"
20.220.9.199 - - [16/Jul/2026:19:00:22 +0000] "GET /yj09.php HTTP/1.1" 404 5749 "-" "-"
20.220.9.199 - - [16/Jul/2026:19:00:22 +0000] "GET /f900.php HTTP/1.1" 404 5749 "-" "-"
20.220.9.199 - - [16/Jul/2026:19:00:22 +0000] "GET /ups.php HTTP/1.1" 404 5749 "-" "-"
20.220.9.199 - - [16/Jul/2026:19:00:23 +0000] "GET /k.php HTTP/1.1" 404 5749 "-" "-"
20.220.9.199 - - [16/Jul/2026:19:00:23 +0000] "GET /k2.php HTTP/1.1" 404 5749 "-" "-"
20.220.9.199 - - [16/Jul/2026:19:00:23 +0000] "GET /w.php HTTP/1.1" 404 5749 "-" "-"
20.220.9.199 - - [16/Jul/2026:19:00:23 +0000] "GET /fpwch.php HTTP/1.1" 404 5749 "-" "-"
20.220.9.199 - - [16/Jul/2026:19:00:23 +0000] "GET /w2025.php HTTP/1.1" 404 5749 "-" "-"
20.220.9.199 - - [16/Jul/2026:19:00:23 +0000] "GET /scxy.php HTTP/1.1" 404 5749 "-" "-"
20.220.9.199 - - [16/Jul/2026:19:00:23 +0000] "GET /FWAZ.php HTTP/1.1" 404 5749 "-" "-"
20.220.9.199 - - [16/Jul/2026:19:00:23 +0000] "GET /qterm.php?p= HTTP/1.1" 404 5749 "-" "-"
20.220.9.199 - - [16/Jul/2026:19:00:23 +0000] "GET /blurbs.php HTTP/1.1" 404 5749 "-" "-"
20.220.9.199 - - [16/Jul/2026:19:00:23 +0000] "GET /v543.php HTTP/1.1" 404 5749 "-" "-"
20.220.9.199 - - [16/Jul/2026:19:00:23 +0000] "GET /w3lls.php HTTP/1.1" 404 5749 "-" "-"
20.220.9.199 - - [16/Jul/2026:19:00:24 +0000] "GET /wp-ws68.php?p= HTTP/1.1" 404 5749 "-" "-"
20.220.9.199 - - [16/Jul/2026:19:00:24 +0000] "GET /xyn.php HTTP/1.1" 404 5749 "-" "-"
20.220.9.199 - - [16/Jul/2026:19:00:24 +0000] "GET /green3.php?p= HTTP/1.1" 404 5749 "-" "-"
20.220.9.199 - - [16/Jul/2026:19:00:24 +0000] "GET /ccc.php?p= HTTP/1.1" 404 5749 "-" "-"
20.220.9.199 - - [16/Jul/2026:19:00:24 +0000] "GET /get.php HTTP/1.1" 404 5749 "-" "-"
20.220.9.199 - - [16/Jul/2026:19:00:24 +0000] "GET /images.php HTTP/1.1" 404 5749 "-" "-"
20.220.9.199 - - [16/Jul/2026:19:00:24 +0000] "GET /alls.php HTTP/1.1" 404 5749 "-" "-"
20.220.9.199 - - [16/Jul/2026:19:00:24 +0000] "GET /coffexium.php HTTP/1.1" 404 5749 "-" "-"
20.220.9.199 - - [16/Jul/2026:19:00:24 +0000] "GET /red.php HTTP/1.1" 404 5749 "-" "-"
20.220.9.199 - - [16/Jul/2026:19:00:24 +0000] "GET /wp-includes/sodium_compat/ HTTP/1.1" 404 5749 "-" "-"
20.220.9.199 - - [16/Jul/2026:19:00:24 +0000] "GET /wp-admin/css/colors/coffee/wp-adochan.php HTTP/1.1" 404 5749 "-" "-"
20.220.9.199 - - [16/Jul/2026:19:00:25 +0000] "GET /wp-includes/Text/ HTTP/1.1" 404 5749 "-" "-"
20.220.9.199 - - [16/Jul/2026:19:00:25 +0000] "GET /footer.php HTTP/1.1" 404 5749 "-" "-"
20.220.9.199 - - [16/Jul/2026:19:00:25 +0000] "GET /wp-content/uploads/ HTTP/1.1" 404 5749 "-" "-"
20.220.9.199 - - [16/Jul/2026:19:00:25 +0000] "GET /wp-content/index.php HTTP/1.1" 404 5749 "-" "-"
20.220.9.199 - - [16/Jul/2026:19:00:25 +0000] "GET /zoro.php HTTP/1.1" 404 5749 "-" "-"
20.220.9.199 - - [16/Jul/2026:19:00:25 +0000] "GET /admin.php HTTP/1.1" 404 5749 "-" "-"
20.220.9.199 - - [16/Jul/2026:19:00:25 +0000] "GET /177.php HTTP/1.1" 404 5749 "-" "-"
20.220.9.199 - - [16/Jul/2026:19:00:25 +0000] "GET /199.php HTTP/1.1" 404 5749 "-" "-"
20.220.9.199 - - [16/Jul/2026:19:00:25 +0000] "GET /file52.php HTTP/1.1" 404 5749 "-" "-"
20.220.9.199 - - [16/Jul/2026:19:00:25 +0000] "GET /geck.php HTTP/1.1" 404 5749 "-" "-"
20.220.9.199 - - [16/Jul/2026:19:00:25 +0000] "GET /biufile.php HTTP/1.1" 404 5749 "-" "-"
20.220.9.199 - - [16/Jul/2026:19:00:25 +0000] "GET /mosty.php HTTP/1.1" 404 5749 "-" "-"
20.220.9.199 - - [16/Jul/2026:19:00:26 +0000] "GET /dejavu.php HTTP/1.1" 404 5749 "-" "-"
20.220.9.199 - - [16/Jul/2026:19:00:26 +0000] "GET /aaf.php HTTP/1.1" 404 5749 "-" "-"
20.220.9.199 - - [16/Jul/2026:19:00:26 +0000] "GET /term.php HTTP/1.1" 404 5749 "-" "-"
20.220.9.199 - - [16/Jul/2026:19:00:26 +0000] "GET /ha.php HTTP/1.1" 404 5749 "-" "-"
20.220.9.199 - - [16/Jul/2026:19:00:26 +0000] "GET /hur.php HTTP/1.1" 404 5749 "-" "-"
20.220.9.199 - - [16/Jul/2026:19:00:26 +0000] "GET /h02ugyh.php HTTP/1.1" 404 5749 "-" "-"
20.220.9.199 - - [16/Jul/2026:19:00:26 +0000] "GET /155.php HTTP/1.1" 404 5749 "-" "-"
20.220.9.199 - - [16/Jul/2026:19:00:26 +0000] "GET /pp.php HTTP/1.1" 404 5749 "-" "-"
20.220.9.199 - - [16/Jul/2026:19:00:26 +0000] "GET /201.php HTTP/1.1" 404 5749 "-" "-"
20.220.9.199 - - [16/Jul/2026:19:00:26 +0000] "GET /ops.php HTTP/1.1" 404 5749 "-" "-"
20.220.9.199 - - [16/Jul/2026:19:00:26 +0000] "GET /ingfo.php HTTP/1.1" 404 5749 "-" "-"
20.220.9.199 - - [16/Jul/2026:19:00:27 +0000] "GET /error_log.php HTTP/1.1" 404 5749 "-" "-"
20.220.9.199 - - [16/Jul/2026:19:00:27 +0000] "GET /test10.php HTTP/1.1" 404 5749 "-" "-"
20.220.9.199 - - [16/Jul/2026:19:00:27 +0000] "GET /koala.php HTTP/1.1" 404 5749 "-" "-"
20.220.9.199 - - [16/Jul/2026:19:00:27 +0000] "GET /mac.php HTTP/1.1" 404 5749 "-" "-"
20.220.9.199 - - [16/Jul/2026:19:00:27 +0000] "GET /wefile.php HTTP/1.1" 404 5749 "-" "-"
20.220.9.199 - - [16/Jul/2026:19:00:27 +0000] "GET /wp-includes/blocks/post-comments-form/ HTTP/1.1" 404 5749 "-" "-"
20.220.9.199 - - [16/Jul/2026:19:00:27 +0000] "GET /wp-admin/js/ HTTP/1.1" 404 5749 "-" "-"
20.220.9.199 - - [16/Jul/2026:19:00:27 +0000] "GET /makeasmtp.php?p= HTTP/1.1" 404 5749 "-" "-"
20.220.9.199 - - [16/Jul/2026:19:00:27 +0000] "GET /2P.php HTTP/1.1" 404 5749 "-" "-"
20.220.9.199 - - [16/Jul/2026:19:00:27 +0000] "GET /.well-known/about.php HTTP/1.1" 404 5749 "-" "-"
20.220.9.199 - - [16/Jul/2026:19:00:28 +0000] "GET /wp-includes/ID3/about.php HTTP/1.1" 404 5749 "-" "-"
20.220.9.199 - - [16/Jul/2026:19:00:28 +0000] "GET /system_log.php HTTP/1.1" 404 5749 "-" "-"
20.220.9.199 - - [16/Jul/2026:19:00:28 +0000] "GET /wp-admin/css/ HTTP/1.1" 404 5749 "-" "-"
20.220.9.199 - - [16/Jul/2026:19:00:28 +0000] "GET /wp-admin/css/colors/modern/ HTTP/1.1" 404 5749 "-" "-"
20.220.9.199 - - [16/Jul/2026:19:00:28 +0000] "GET /crgio.php HTTP/1.1" 404 5749 "-" "-"
20.220.9.199 - - [16/Jul/2026:19:00:28 +0000] "GET /pucci.php HTTP/1.1" 404 5749 "-" "-"
20.220.9.199 - - [16/Jul/2026:19:00:28 +0000] "GET /wp-includes/blocks/details/ HTTP/1.1" 404 5749 "-" "-"
20.220.9.199 - - [16/Jul/2026:19:00:28 +0000] "GET /wp-includes/blocks/audio/ HTTP/1.1" 404 5749 "-" "-"
20.220.9.199 - - [16/Jul/2026:19:00:28 +0000] "GET /wp-temp.php HTTP/1.1" 404 5749 "-" "-"
20.220.9.199 - - [16/Jul/2026:19:00:28 +0000] "GET /wp-includes/blocks/buttons/ HTTP/1.1" 404 5749 "-" "-"
20.220.9.199 - - [16/Jul/2026:19:00:28 +0000] "GET /wp-admin/js/index.php HTTP/1.1" 404 5749 "-" "-"
20.220.9.199 - - [16/Jul/2026:19:00:29 +0000] "GET /puc.php HTTP/1.1" 404 5749 "-" "-"
20.220.9.199 - - [16/Jul/2026:19:00:29 +0000] "GET /dx.php HTTP/1.1" 404 5749 "-" "-"
20.220.9.199 - - [16/Jul/2026:19:00:29 +0000] "GET /wp-includes/Requests/ HTTP/1.1" 404 5749 "-" "-"
20.220.9.199 - - [16/Jul/2026:19:00:29 +0000] "GET /bthil.php HTTP/1.1" 404 5749 "-" "-"
20.220.9.199 - - [16/Jul/2026:19:00:29 +0000] "GET /7.php HTTP/1.1" 404 5749 "-" "-"
20.220.9.199 - - [16/Jul/2026:19:00:29 +0000] "GET /8.php HTTP/1.1" 404 5749 "-" "-"
20.220.9.199 - - [16/Jul/2026:19:00:29 +0000] "GET /1.php HTTP/1.1" 404 5749 "-" "-"
20.220.9.199 - - [16/Jul/2026:19:00:29 +0000] "GET /100.php HTTP/1.1" 404 5749 "-" "-"
20.220.9.199 - - [16/Jul/2026:19:00:29 +0000] "GET /about.php HTTP/1.1" 404 5749 "-" "-"
20.220.9.199 - - [16/Jul/2026:19:00:29 +0000] "GET /admin.php HTTP/1.1" 404 5749 "-" "-"
20.220.9.199 - - [16/Jul/2026:19:00:30 +0000] "GET /edit.php HTTP/1.1" 404 5749 "-" "-"
20.220.9.199 - - [16/Jul/2026:19:00:30 +0000] "GET /wp-content/admin.php HTTP/1.1" 404 5749 "-" "-"
20.220.9.199 - - [16/Jul/2026:19:00:30 +0000] "GET /ss.php HTTP/1.1" 404 5749 "-" "-"
20.220.9.199 - - [16/Jul/2026:19:00:30 +0000] "GET /inputs.php HTTP/1.1" 404 5749 "-" "-"
20.220.9.199 - - [16/Jul/2026:19:00:30 +0000] "GET /av.php HTTP/1.1" 404 5749 "-" "-"
20.220.9.199 - - [16/Jul/2026:19:00:30 +0000] "GET /classwithtostring.php?p= HTTP/1.1" 404 5749 "-" "-"
20.220.9.199 - - [16/Jul/2026:19:00:30 +0000] "GET /wp-content/themes/index.php HTTP/1.1" 404 5749 "-" "-"
20.220.9.199 - - [16/Jul/2026:19:00:30 +0000] "GET /wp-blog.php HTTP/1.1" 404 5749 "-" "-"
20.220.9.199 - - [16/Jul/2026:19:00:30 +0000] "GET /wp-includes/js/jquery/ HTTP/1.1" 404 5749 "-" "-"
20.220.9.199 - - [16/Jul/2026:19:00:30 +0000] "GET /wp-content/admin.php HTTP/1.1" 404 5749 "-" "-"
20.220.9.199 - - [16/Jul/2026:19:00:30 +0000] "GET /adminfuns.php HTTP/1.1" 404 5749 "-" "-"
20.220.9.199 - - [16/Jul/2026:19:00:31 +0000] "GET /goods.php HTTP/1.1" 404 5749 "-" "-"
20.220.9.199 - - [16/Jul/2026:19:00:31 +0000] "GET /ms-edit.php HTTP/1.1" 404 5749 "-" "-"
20.220.9.199 - - [16/Jul/2026:19:00:31 +0000] "GET /222.php HTTP/1.1" 404 5749 "-" "-"
20.220.9.199 - - [16/Jul/2026:19:00:31 +0000] "GET /cgi-bin/index.php HTTP/1.1" 404 5749 "-" "-"
20.220.9.199 - - [16/Jul/2026:19:00:31 +0000] "GET /wp-includes/css/dist/ HTTP/1.1" 404 5749 "-" "-"
20.220.9.199 - - [16/Jul/2026:19:00:31 +0000] "GET /BDKR28WP.php HTTP/1.1" 404 5749 "-" "-"
20.220.9.199 - - [16/Jul/2026:19:00:31 +0000] "GET /wp-includes/l10n/ HTTP/1.1" 404 5749 "-" "-"
20.220.9.199 - - [16/Jul/2026:19:00:31 +0000] "GET /wp-content/uploads/ HTTP/1.1" 404 5749 "-" "-"
20.220.9.199 - - [16/Jul/2026:19:00:31 +0000] "GET /wp.php HTTP/1.1" 404 5749 "-" "-"
20.220.9.199 - - [16/Jul/2026:19:00:31 +0000] "GET /abcd.php HTTP/1.1" 404 5749 "-" "-"
20.220.9.199 - - [16/Jul/2026:19:00:32 +0000] "GET /a1.php HTTP/1.1" 404 5749 "-" "-"
20.220.9.199 - - [16/Jul/2026:19:00:32 +0000] "GET /wp-includes/Text/Diff/Engine/about.php HTTP/1.1" 404 5749 "-" "-"
20.220.9.199 - - [16/Jul/2026:19:00:32 +0000] "GET /cgi-bin/admin.php HTTP/1.1" 404 5749 "-" "-"
20.220.9.199 - - [16/Jul/2026:19:00:32 +0000] "GET /gettest.php HTTP/1.1" 404 5749 "-" "-"
20.220.9.199 - - [16/Jul/2026:19:00:32 +0000] "GET /wp-content/ HTTP/1.1" 404 5749 "-" "-"
20.220.9.199 - - [16/Jul/2026:19:00:32 +0000] "GET /simple.php HTTP/1.1" 404 5749 "-" "-"
20.220.9.199 - - [16/Jul/2026:19:00:32 +0000] "GET /xxx.php HTTP/1.1" 404 5749 "-" "-"
20.220.9.199 - - [16/Jul/2026:19:00:32 +0000] "GET /hypo.php HTTP/1.1" 404 5749 "-" "-"
20.220.9.199 - - [16/Jul/2026:19:00:32 +0000] "GET /wp-admin/css/colors/blue/ HTTP/1.1" 404 5749 "-" "-"
20.220.9.199 - - [16/Jul/2026:19:00:32 +0000] "GET /chosen.php HTTP/1.1" 404 5749 "-" "-"
20.220.9.199 - - [16/Jul/2026:19:00:32 +0000] "GET /wp-includes/block-bindings/ HTTP/1.1" 404 5749 "-" "-"
20.220.9.199 - - [16/Jul/2026:19:00:33 +0000] "GET /als.php HTTP/1.1" 404 5749 "-" "-"
20.220.9.199 - - [16/Jul/2026:19:00:33 +0000] "GET /pol.php HTTP/1.1" 404 5749 "-" "-"
20.220.9.199 - - [16/Jul/2026:19:00:33 +0000] "GET /file5.php HTTP/1.1" 404 5749 "-" "-"
20.220.9.199 - - [16/Jul/2026:19:00:33 +0000] "GET /file.php HTTP/1.1" 404 5749 "-" "-"
20.220.9.199 - - [16/Jul/2026:19:00:33 +0000] "GET /cfile.php HTTP/1.1" 404 5749 "-" "-"
20.220.9.199 - - [16/Jul/2026:19:00:33 +0000] "GET /admin.php HTTP/1.1" 404 5749 "-" "-"
20.220.9.199 - - [16/Jul/2026:19:00:33 +0000] "GET /aa2.php HTTP/1.1" 404 5749 "-" "-"
20.220.9.199 - - [16/Jul/2026:19:00:33 +0000] "GET /ccou.php HTTP/1.1" 404 5749 "-" "-"
20.220.9.199 - - [16/Jul/2026:19:00:33 +0000] "GET /dr.php HTTP/1.1" 404 5749 "-" "-"
20.220.9.199 - - [16/Jul/2026:19:00:33 +0000] "GET /xamp.php HTTP/1.1" 404 5749 "-" "-"
20.220.9.199 - - [16/Jul/2026:19:00:34 +0000] "GET /bless.php HTTP/1.1" 404 5749 "-" "-"
20.220.9.199 - - [16/Jul/2026:19:00:34 +0000] "GET /file25.php HTTP/1.1" 404 5749 "-" "-"
20.220.9.199 - - [16/Jul/2026:19:00:34 +0000] "GET /file6.php HTTP/1.1" 404 5749 "-" "-"
20.220.9.199 - - [16/Jul/2026:19:00:34 +0000] "GET /a2.php HTTP/1.1" 404 5749 "-" "-"
20.220.9.199 - - [16/Jul/2026:19:00:34 +0000] "GET /file15.php HTTP/1.1" 404 5749 "-" "-"
20.220.9.199 - - [16/Jul/2026:19:00:34 +0000] "GET /f35.php HTTP/1.1" 404 5749 "-" "-"
20.220.9.199 - - [16/Jul/2026:19:00:34 +0000] "GET /wp-load.php HTTP/1.1" 404 5749 "-" "-"
20.220.9.199 - - [16/Jul/2026:19:00:34 +0000] "GET /xwpg.php HTTP/1.1" 404 5749 "-" "-"
20.220.9.199 - - [16/Jul/2026:19:00:34 +0000] "GET /wp-includes/assets/ HTTP/1.1" 404 5749 "-" "-"
20.220.9.199 - - [16/Jul/2026:19:00:34 +0000] "GET /wp-admin/css/colors/sunrise/ HTTP/1.1" 404 5749 "-" "-"
20.220.9.199 - - [16/Jul/2026:19:00:34 +0000] "GET /xstelth.php HTTP/1.1" 404 5749 "-" "-"
20.220.9.199 - - [16/Jul/2026:19:00:35 +0000] "GET /wp-admin/network/plugins.php HTTP/1.1" 404 5749 "-" "-"
20.220.9.199 - - [16/Jul/2026:19:00:35 +0000] "GET /aaa.php HTTP/1.1" 404 5749 "-" "-"
20.220.9.199 - - [16/Jul/2026:19:00:35 +0000] "GET /gecko.php HTTP/1.1" 404 5749 "-" "-"
20.220.9.199 - - [16/Jul/2026:19:00:35 +0000] "GET /sh3ll.php HTTP/1.1" 404 5749 "-" "-"
20.220.9.199 - - [16/Jul/2026:19:00:35 +0000] "GET /wp-includes/Requests/library/ HTTP/1.1" 404 5749 "-" "-"
20.220.9.199 - - [16/Jul/2026:19:00:35 +0000] "GET /pbck.php HTTP/1.1" 404 5749 "-" "-"
20.220.9.199 - - [16/Jul/2026:19:00:35 +0000] "GET /xiugai.php?p= HTTP/1.1" 404 5749 "-" "-"
20.220.9.199 - - [16/Jul/2026:19:00:35 +0000] "GET /son1.php HTTP/1.1" 404 5749 "-" "-"
20.220.9.199 - - [16/Jul/2026:19:00:35 +0000] "GET /e.php HTTP/1.1" 404 5749 "-" "-"
20.220.9.199 - - [16/Jul/2026:19:00:35 +0000] "GET /hg.php?p= HTTP/1.1" 404 5749 "-" "-"
20.220.9.199 - - [16/Jul/2026:19:00:35 +0000] "GET /ah25.php HTTP/1.1" 404 5749 "-" "-"
20.220.9.199 - - [16/Jul/2026:19:00:36 +0000] "GET /mg2.php HTTP/1.1" 404 5749 "-" "-"
20.220.9.199 - - [16/Jul/2026:19:00:36 +0000] "GET /for.php HTTP/1.1" 404 5749 "-" "-"
194.39.149.53 - - [16/Jul/2026:19:01:30 +0000] "POST /wp-cron.php?doing_wp_cron=1784228489.9642899036407470703125 HTTP/1.1" 200 0 "-" "WordPress/7.0.1; https://gradregalia242.com"
103.171.88.220 - - [16/Jul/2026:19:01:26 +0000] "GET /wp-login.php HTTP/2" 200 1939 "-" "Mozilla/5.0 (iPhone; CPU iPhone OS 18_0 like Mac OS X) AppleWebKit/605.1.15 (KHTML, like Gecko) CriOS/146.0.6917.0 Mobile/15E148 Safari/604.1"
185.109.244.91 - - [16/Jul/2026:19:01:26 +0000] "GET /wp-login.php HTTP/2" 200 1939 "-" "Mozilla/5.0 (Windows NT 10.0; Win64; x64) AppleWebKit/537.36 (KHTML, like Gecko) Chrome/146.0.0.0 Safari/537.36"
217.113.60.80 - - [16/Jul/2026:19:01:31 +0000] "GET /wp-login.php HTTP/2" 200 1939 "-" "Mozilla/5.0 (Linux; Android 10; K) AppleWebKit/537.36 (KHTML, like Gecko) Chrome/145.0.0.0 Mobile Safari/537.36"
66.249.79.205 - - [16/Jul/2026:19:01:35 +0000] "GET /wp-content/plugins/elementor/assets/css/frontend.min.css?ver=3.28.3 HTTP/1.1" 200 6453 "https://gradregalia242.com/" "Mozilla/5.0 (Linux; Android 6.0.1; Nexus 5X Build/MMB29P) AppleWebKit/537.36 (KHTML, like Gecko) Chrome/150.0.7871.124 Mobile Safari/537.36 (compatible; Googlebot/2.1; +http://www.google.com/bot.html)"
66.249.79.206 - - [16/Jul/2026:19:01:35 +0000] "GET /wp-content/plugins/razzi-addons/modules/product-deals/assets/deals.css?ver=1.0.0 HTTP/1.1" 200 526 "https://gradregalia242.com/" "Mozilla/5.0 (Linux; Android 6.0.1; Nexus 5X Build/MMB29P) AppleWebKit/537.36 (KHTML, like Gecko) Chrome/150.0.7871.124 Mobile Safari/537.36 (compatible; Googlebot/2.1; +http://www.google.com/bot.html)"
103.171.88.220 - - [16/Jul/2026:19:01:32 +0000] "POST /wp-login.php HTTP/2" 200 2071 "https://gradregalia242.com.keeloil.com/wp-login.php" "Mozilla/5.0 (iPhone; CPU iPhone OS 18_0 like Mac OS X) AppleWebKit/605.1.15 (KHTML, like Gecko) CriOS/146.0.6917.0 Mobile/15E148 Safari/604.1"
185.109.244.91 - - [16/Jul/2026:19:01:32 +0000] "POST /wp-login.php HTTP/2" 200 2071 "https://gradregalia242.com.keeloil.com/wp-login.php" "Mozilla/5.0 (Windows NT 10.0; Win64; x64) AppleWebKit/537.36 (KHTML, like Gecko) Chrome/146.0.0.0 Safari/537.36"
66.249.79.204 - - [16/Jul/2026:19:01:36 +0000] "GET /wp-content/plugins/woo-custom-product-addons-pro/assets/plugins/datetimepicker/jquery.datetimepicker.min.css?ver=3.9.2 HTTP/1.1" 200 4171 "https://gradregalia242.com/" "Mozilla/5.0 (Linux; Android 6.0.1; Nexus 5X Build/MMB29P) AppleWebKit/537.36 (KHTML, like Gecko) Chrome/150.0.7871.124 Mobile Safari/537.36 (compatible; Googlebot/2.1; +http://www.google.com/bot.html)"
66.249.79.205 - - [16/Jul/2026:19:01:36 +0000] "GET /wp-content/plugins/woocommerce/assets/css/select2.css?ver=9.7.1 HTTP/1.1" 200 1737 "https://gradregalia242.com/" "Mozilla/5.0 (Linux; Android 6.0.1; Nexus 5X Build/MMB29P) AppleWebKit/537.36 (KHTML, like Gecko) Chrome/150.0.7871.124 Mobile Safari/537.36 (compatible; Googlebot/2.1; +http://www.google.com/bot.html)"
66.249.79.206 - - [16/Jul/2026:19:01:36 +0000] "GET /wp-content/plugins/elementor/assets/css/widget-heading.min.css?ver=3.28.3 HTTP/1.1" 200 154 "https://gradregalia242.com/" "Mozilla/5.0 (Linux; Android 6.0.1; Nexus 5X Build/MMB29P) AppleWebKit/537.36 (KHTML, like Gecko) Chrome/150.0.7871.124 Mobile Safari/537.36 (compatible; Googlebot/2.1; +http://www.google.com/bot.html)"
66.249.79.206 - - [16/Jul/2026:19:01:37 +0000] "GET /wp-includes/js/jquery/jquery-migrate.min.js?ver=3.4.1 HTTP/1.1" 200 4678 "https://gradregalia242.com/" "Mozilla/5.0 (Linux; Android 6.0.1; Nexus 5X Build/MMB29P) AppleWebKit/537.36 (KHTML, like Gecko) Chrome/150.0.7871.124 Mobile Safari/537.36 (compatible; Googlebot/2.1; +http://www.google.com/bot.html)"
66.249.79.205 - - [16/Jul/2026:19:01:37 +0000] "GET /wp-content/uploads/elementor/google-fonts/css/robotoslab.css?ver=1744118151 HTTP/1.1" 200 705 "https://gradregalia242.com/" "Mozilla/5.0 (Linux; Android 6.0.1; Nexus 5X Build/MMB29P) AppleWebKit/537.36 (KHTML, like Gecko) Chrome/150.0.7871.124 Mobile Safari/537.36 (compatible; Googlebot/2.1; +http://www.google.com/bot.html)"
66.249.79.204 - - [16/Jul/2026:19:01:38 +0000] "GET /wp-content/uploads/elementor/google-fonts/css/jost.css?ver=1744118159 HTTP/1.1" 200 544 "https://gradregalia242.com/" "Mozilla/5.0 (Linux; Android 6.0.1; Nexus 5X Build/MMB29P) AppleWebKit/537.36 (KHTML, like Gecko) Chrome/150.0.7871.124 Mobile Safari/537.36 (compatible; Googlebot/2.1; +http://www.google.com/bot.html)"
66.249.79.204 - - [16/Jul/2026:19:01:38 +0000] "GET /wp-content/themes/razzi/style.css?ver=20211213 HTTP/1.1" 200 40455 "https://gradregalia242.com/" "Mozilla/5.0 (Linux; Android 6.0.1; Nexus 5X Build/MMB29P) AppleWebKit/537.36 (KHTML, like Gecko) Chrome/150.0.7871.124 Mobile Safari/537.36 (compatible; Googlebot/2.1; +http://www.google.com/bot.html)"
66.249.79.204 - - [16/Jul/2026:19:01:39 +0000] "GET /wp-content/plugins/elementor/assets/lib/swiper/v8/css/swiper.min.css?ver=8.4.5 HTTP/1.1" 200 4248 "https://gradregalia242.com/" "Mozilla/5.0 (Linux; Android 6.0.1; Nexus 5X Build/MMB29P) AppleWebKit/537.36 (KHTML, like Gecko) Chrome/150.0.7871.124 Mobile Safari/537.36 (compatible; Googlebot/2.1; +http://www.google.com/bot.html)"
66.249.79.205 - - [16/Jul/2026:19:01:39 +0000] "GET /wp-content/plugins/elementor/assets/css/widget-image-carousel.min.css?ver=3.28.3 HTTP/1.1" 200 163 "https://gradregalia242.com/" "Mozilla/5.0 (Linux; Android 6.0.1; Nexus 5X Build/MMB29P) AppleWebKit/537.36 (KHTML, like Gecko) Chrome/150.0.7871.124 Mobile Safari/537.36 (compatible; Googlebot/2.1; +http://www.google.com/bot.html)"
66.249.79.204 - - [16/Jul/2026:19:01:40 +0000] "GET /wp-content/uploads/elementor/css/post-4261.css?ver=1744473370 HTTP/1.1" 200 2214 "https://gradregalia242.com/" "Mozilla/5.0 (Linux; Android 6.0.1; Nexus 5X Build/MMB29P) AppleWebKit/537.36 (KHTML, like Gecko) Chrome/150.0.7871.124 Mobile Safari/537.36 (compatible; Googlebot/2.1; +http://www.google.com/bot.html)"
66.249.79.205 - - [16/Jul/2026:19:01:41 +0000] "GET /wp-content/uploads/elementor/google-fonts/css/roboto.css?ver=1744118142 HTTP/1.1" 200 1869 "https://gradregalia242.com/" "Mozilla/5.0 (Linux; Android 6.0.1; Nexus 5X Build/MMB29P) AppleWebKit/537.36 (KHTML, like Gecko) Chrome/150.0.7871.124 Mobile Safari/537.36 (compatible; Googlebot/2.1; +http://www.google.com/bot.html)"
66.249.79.205 - - [16/Jul/2026:19:01:41 +0000] "GET /wp-content/uploads/elementor/css/post-6.css?ver=1744118115 HTTP/1.1" 200 323 "https://gradregalia242.com/" "Mozilla/5.0 (Linux; Android 6.0.1; Nexus 5X Build/MMB29P) AppleWebKit/537.36 (KHTML, like Gecko) Chrome/150.0.7871.124 Mobile Safari/537.36 (compatible; Googlebot/2.1; +http://www.google.com/bot.html)"
66.249.79.204 - - [16/Jul/2026:19:01:42 +0000] "GET /wp-includes/js/dist/hooks.min.js?ver=7496969728ca0f95732d HTTP/1.1" 200 1734 "https://gradregalia242.com/" "Mozilla/5.0 (Linux; Android 6.0.1; Nexus 5X Build/MMB29P) AppleWebKit/537.36 (KHTML, like Gecko) Chrome/150.0.7871.124 Mobile Safari/537.36 (compatible; Googlebot/2.1; +http://www.google.com/bot.html)"
66.249.79.204 - - [16/Jul/2026:19:01:42 +0000] "GET /wp-content/plugins/yith-woocommerce-wishlist/assets/css/style.css?ver=4.4.0 HTTP/1.1" 200 6263 "https://gradregalia242.com/" "Mozilla/5.0 (Linux; Android 6.0.1; Nexus 5X Build/MMB29P) AppleWebKit/537.36 (KHTML, like Gecko) Chrome/150.0.7871.124 Mobile Safari/537.36 (compatible; Googlebot/2.1; +http://www.google.com/bot.html)"
66.249.79.205 - - [16/Jul/2026:19:01:43 +0000] "GET /wp-includes/js/jquery/jquery.min.js?ver=3.7.1 HTTP/1.1" 200 29744 "https://gradregalia242.com/" "Mozilla/5.0 (Linux; Android 6.0.1; Nexus 5X Build/MMB29P) AppleWebKit/537.36 (KHTML, like Gecko) Chrome/150.0.7871.124 Mobile Safari/537.36 (compatible; Googlebot/2.1; +http://www.google.com/bot.html)"
66.249.79.205 - - [16/Jul/2026:19:01:43 +0000] "GET /wp-content/plugins/contact-form-7/includes/swv/js/index.js?ver=6.0.5 HTTP/1.1" 200 3369 "https://gradregalia242.com/" "Mozilla/5.0 (Linux; Android 6.0.1; Nexus 5X Build/MMB29P) AppleWebKit/537.36 (KHTML, like Gecko) Chrome/150.0.7871.124 Mobile Safari/537.36 (compatible; Googlebot/2.1; +http://www.google.com/bot.html)"
66.249.79.204 - - [16/Jul/2026:19:01:44 +0000] "GET /wp-content/plugins/woocommerce/assets/css/brands.css?ver=9.7.1 HTTP/1.1" 200 579 "https://gradregalia242.com/" "Mozilla/5.0 (Linux; Android 6.0.1; Nexus 5X Build/MMB29P) AppleWebKit/537.36 (KHTML, like Gecko) Chrome/150.0.7871.124 Mobile Safari/537.36 (compatible; Googlebot/2.1; +http://www.google.com/bot.html)"
66.249.79.204 - - [16/Jul/2026:19:01:44 +0000] "GET /wp-content/themes/razzi/woocommerce.css?ver=20211213 HTTP/1.1" 200 33318 "https://gradregalia242.com/" "Mozilla/5.0 (Linux; Android 6.0.1; Nexus 5X Build/MMB29P) AppleWebKit/537.36 (KHTML, like Gecko) Chrome/150.0.7871.124 Mobile Safari/537.36 (compatible; Googlebot/2.1; +http://www.google.com/bot.html)"
66.249.79.204 - - [16/Jul/2026:19:01:45 +0000] "GET /wp-content/plugins/yith-woocommerce-wishlist/assets/css/jquery.selectBox.css?ver=1.2.0 HTTP/1.1" 200 773 "https://gradregalia242.com/" "Mozilla/5.0 (Linux; Android 6.0.1; Nexus 5X Build/MMB29P) AppleWebKit/537.36 (KHTML, like Gecko) Chrome/150.0.7871.124 Mobile Safari/537.36 (compatible; Googlebot/2.1; +http://www.google.com/bot.html)"
66.249.79.204 - - [16/Jul/2026:19:01:45 +0000] "GET /wp-content/plugins/wcboost-variation-swatches/assets/css/frontend.css?ver=1.1.1 HTTP/1.1" 200 1091 "https://gradregalia242.com/" "Mozilla/5.0 (Linux; Android 6.0.1; Nexus 5X Build/MMB29P) AppleWebKit/537.36 (KHTML, like Gecko) Chrome/150.0.7871.124 Mobile Safari/537.36 (compatible; Googlebot/2.1; +http://www.google.com/bot.html)"
66.249.79.204 - - [16/Jul/2026:19:01:46 +0000] "GET /wp-content/plugins/razzi-addons//assets/js/frontend.js?ver=20211231 HTTP/1.1" 200 4148 "https://gradregalia242.com/" "Mozilla/5.0 (Linux; Android 6.0.1; Nexus 5X Build/MMB29P) AppleWebKit/537.36 (KHTML, like Gecko) Chrome/150.0.7871.124 Mobile Safari/537.36 (compatible; Googlebot/2.1; +http://www.google.com/bot.html)"
66.249.79.204 - - [16/Jul/2026:19:01:46 +0000] "GET /wp-content/plugins/razzi-addons//assets/js/product-shortcode.js?ver=20170530 HTTP/1.1" 200 6235 "https://gradregalia242.com/" "Mozilla/5.0 (Linux; Android 6.0.1; Nexus 5X Build/MMB29P) AppleWebKit/537.36 (KHTML, like Gecko) Chrome/150.0.7871.124 Mobile Safari/537.36 (compatible; Googlebot/2.1; +http://www.google.com/bot.html)"
66.249.79.204 - - [16/Jul/2026:19:01:47 +0000] "GET /wp-content/plugins/woocommerce/assets/js/sourcebuster/sourcebuster.min.js?ver=9.7.1 HTTP/1.1" 200 4609 "https://gradregalia242.com/" "Mozilla/5.0 (Linux; Android 6.0.1; Nexus 5X Build/MMB29P) AppleWebKit/537.36 (KHTML, like Gecko) Chrome/150.0.7871.124 Mobile Safari/537.36 (compatible; Googlebot/2.1; +http://www.google.com/bot.html)"
66.249.79.204 - - [16/Jul/2026:19:01:47 +0000] "GET /wp-content/plugins/woocommerce/assets/js/prettyPhoto/jquery.prettyPhoto.min.js?ver=3.1.6 HTTP/1.1" 200 5401 "https://gradregalia242.com/" "Mozilla/5.0 (Linux; Android 6.0.1; Nexus 5X Build/MMB29P) AppleWebKit/537.36 (KHTML, like Gecko) Chrome/150.0.7871.124 Mobile Safari/537.36 (compatible; Googlebot/2.1; +http://www.google.com/bot.html)"
66.249.79.204 - - [16/Jul/2026:19:01:48 +0000] "GET /wp-content/plugins/woocommerce/assets/js/jquery-blockui/jquery.blockUI.min.js?ver=2.7.0-wc.9.7.1 HTTP/1.1" 200 3277 "https://gradregalia242.com/" "Mozilla/5.0 (Linux; Android 6.0.1; Nexus 5X Build/MMB29P) AppleWebKit/537.36 (KHTML, like Gecko) Chrome/150.0.7871.124 Mobile Safari/537.36 (compatible; Googlebot/2.1; +http://www.google.com/bot.html)"
66.249.79.204 - - [16/Jul/2026:19:01:48 +0000] "GET /wp-content/themes/razzi/assets/js/plugins/notify.min.js?ver=1.0.0 HTTP/1.1" 200 7000 "https://gradregalia242.com/" "Mozilla/5.0 (Linux; Android 6.0.1; Nexus 5X Build/MMB29P) AppleWebKit/537.36 (KHTML, like Gecko) Chrome/150.0.7871.124 Mobile Safari/537.36 (compatible; Googlebot/2.1; +http://www.google.com/bot.html)"
66.249.79.204 - - [16/Jul/2026:19:01:48 +0000] "GET /wp-includes/js/imagesloaded.min.js?ver=5.0.0 HTTP/1.1" 200 1687 "https://gradregalia242.com/" "Mozilla/5.0 (Linux; Android 6.0.1; Nexus 5X Build/MMB29P) AppleWebKit/537.36 (KHTML, like Gecko) Chrome/150.0.7871.124 Mobile Safari/537.36 (compatible; Googlebot/2.1; +http://www.google.com/bot.html)"
66.249.79.204 - - [16/Jul/2026:19:01:49 +0000] "GET /wp-content/plugins/yith-woocommerce-wishlist/assets/js/jquery.yith-wcwl.min.js?ver=4.4.0 HTTP/1.1" 200 6435 "https://gradregalia242.com/" "Mozilla/5.0 (Linux; Android 6.0.1; Nexus 5X Build/MMB29P) AppleWebKit/537.36 (KHTML, like Gecko) Chrome/150.0.7871.124 Mobile Safari/537.36 (compatible; Googlebot/2.1; +http://www.google.com/bot.html)"
66.249.79.204 - - [16/Jul/2026:19:01:49 +0000] "GET /wp-content/plugins/elementor/assets/js/text-editor.c084ef86600b6f11690d.bundle.min.js HTTP/1.1" 200 621 "https://gradregalia242.com/" "Mozilla/5.0 (Linux; Android 6.0.1; Nexus 5X Build/MMB29P) AppleWebKit/537.36 (KHTML, like Gecko) Chrome/150.0.7871.124 Mobile Safari/537.36 (compatible; Googlebot/2.1; +http://www.google.com/bot.html)"
186.173.199.70 - - [16/Jul/2026:19:02:22 +0000] "GET /product-category/accessories/page/4/?add_to_wishlist=85875 HTTP/1.1" 200 45495 "-" "Mozilla/5.0 (Windows NT 10.0; Win64; x64) AppleWebKit/537.36 (KHTML, like Gecko) Chrome/102.0.5005.49 Safari/537.36"
194.39.149.53 - - [16/Jul/2026:19:05:20 +0000] "POST /wp-cron.php?doing_wp_cron=1784228720.1199259757995605468750 HTTP/1.1" 200 0 "-" "WordPress/7.0.1; https://gradregalia242.com"
188.40.21.48 - - [16/Jul/2026:19:05:18 +0000] "GET /product-category/stoles-sashes-2/ HTTP/1.1" 200 43060 "-" "Mozilla/5.0 (compatible; SERankingBacklinksBot/1.0; +https://seranking.com/backlinks-crawler)"
186.251.195.58 - - [16/Jul/2026:19:06:14 +0000] "GET /wp-content/uploads/2024/09/IMG_4118.jpeg HTTP/1.1" 200 215832 "-" "Mozilla/5.0 (Macintosh; Intel Mac OS X 11_3_0) AppleWebKit/537.36 (KHTML, like Gecko) Brave Chrome/89.0.4389.114 Safari/537.36"
194.39.149.53 - - [16/Jul/2026:19:07:42 +0000] "POST /wp-cron.php?doing_wp_cron=1784228862.7071850299835205078125 HTTP/1.1" 200 0 "-" "WordPress/7.0.1; https://gradregalia242.com"
43.134.23.177 - - [16/Jul/2026:19:07:40 +0000] "GET /product-category/stoles-sashes-2/ HTTP/1.1" 200 43061 "-" "Mozilla/5.0 (iPhone; CPU iPhone OS 13_2_3 like Mac OS X) AppleWebKit/605.1.15 (KHTML, like Gecko) Version/13.0.3 Mobile/15E148 Safari/604.1"
194.39.149.53 - - [16/Jul/2026:19:09:17 +0000] "POST /wp-cron.php?doing_wp_cron=1784228957.2698268890380859375000 HTTP/1.1" 200 0 "-" "WordPress/7.0.1; https://gradregalia242.com"
51.161.37.212 - - [16/Jul/2026:19:09:15 +0000] "GET /wp-sitemap.xml HTTP/2" 200 220 "-" "Mozilla/5.0 (compatible; AhrefsBot/7.0; +http://ahrefs.com/robot/)"
54.39.203.191 - - [16/Jul/2026:19:09:19 +0000] "GET /wp-sitemap-posts-post-1.xml HTTP/2" 200 16268 "-" "Mozilla/5.0 (compatible; AhrefsBot/7.0; +http://ahrefs.com/robot/)"
142.44.225.4 - - [16/Jul/2026:19:09:21 +0000] "GET /wp-sitemap-posts-page-1.xml HTTP/2" 200 903 "-" "Mozilla/5.0 (compatible; AhrefsBot/7.0; +http://ahrefs.com/robot/)"
54.39.136.181 - - [16/Jul/2026:19:09:23 +0000] "GET /wp-sitemap-posts-product-1.xml HTTP/2" 200 2678 "-" "Mozilla/5.0 (compatible; AhrefsBot/7.0; +http://ahrefs.com/robot/)"
54.39.203.35 - - [16/Jul/2026:19:09:25 +0000] "GET /wp-sitemap-taxonomies-category-1.xml HTTP/2" 200 165 "-" "Mozilla/5.0 (compatible; AhrefsBot/7.0; +http://ahrefs.com/robot/)"
167.114.139.13 - - [16/Jul/2026:19:09:28 +0000] "GET /wp-sitemap-taxonomies-product_brand-1.xml HTTP/2" 200 166 "-" "Mozilla/5.0 (compatible; AhrefsBot/7.0; +http://ahrefs.com/robot/)"
142.44.228.215 - - [16/Jul/2026:19:09:31 +0000] "GET /wp-sitemap-taxonomies-product_cat-1.xml HTTP/2" 200 698 "-" "Mozilla/5.0 (compatible; AhrefsBot/7.0; +http://ahrefs.com/robot/)"
194.39.149.53 - - [16/Jul/2026:19:09:34 +0000] "POST /wp-cron.php?doing_wp_cron=1784228974.2860350608825683593750 HTTP/1.1" 200 0 "-" "WordPress/7.0.1; https://gradregalia242.com"
54.39.0.38 - - [16/Jul/2026:19:09:33 +0000] "GET /wp-sitemap-users-1.xml HTTP/2" 200 187 "-" "Mozilla/5.0 (compatible; AhrefsBot/7.0; +http://ahrefs.com/robot/)"
104.248.157.6 - - [16/Jul/2026:19:10:26 +0000] "GET /wp-login.php HTTP/2" 200 1939 "-" "Mozilla/5.0 (X11; Linux x86_64) AppleWebKit/537.36 (KHTML, like Gecko) Chrome/141.0.0.0 Safari/537.36"
209.97.182.179 - - [16/Jul/2026:19:10:27 +0000] "GET /wp-login.php HTTP/2" 200 1939 "-" "Mozilla/5.0 (iPhone; CPU iPhone OS 18_0 like Mac OS X) AppleWebKit/605.1.15 (KHTML, like Gecko) Version/18.0 Mobile/15E148 Safari/604.1"
91.142.222.105 - - [16/Jul/2026:19:10:29 +0000] "GET /wp-login.php HTTP/2" 200 1939 "-" "Mozilla/5.0 (Linux; Android 10; K) AppleWebKit/537.36 (KHTML, like Gecko) Chrome/146.0.0.0 Mobile Safari/537.36"
103.171.88.220 - - [16/Jul/2026:19:10:29 +0000] "GET /wp-login.php HTTP/2" 200 1939 "-" "Mozilla/5.0 (Linux; Android 10; K) AppleWebKit/537.36 (KHTML, like Gecko) Chrome/148.0.0.0 Mobile Safari/537.36"
209.97.182.179 - - [16/Jul/2026:19:10:30 +0000] "POST /wp-login.php HTTP/2" 200 2071 "https://gradregalia242.com.keeloil.com/wp-login.php" "Mozilla/5.0 (iPhone; CPU iPhone OS 18_0 like Mac OS X) AppleWebKit/605.1.15 (KHTML, like Gecko) Version/18.0 Mobile/15E148 Safari/604.1"
194.39.149.53 - - [16/Jul/2026:19:10:34 +0000] "POST /wp-cron.php?doing_wp_cron=1784229034.5750079154968261718750 HTTP/1.1" 200 0 "-" "WordPress/7.0.1; https://gradregalia242.com"
103.171.88.220 - - [16/Jul/2026:19:10:33 +0000] "POST /wp-login.php HTTP/2" 200 2071 "https://gradregalia242.com.keeloil.com/wp-login.php" "Mozilla/5.0 (Linux; Android 10; K) AppleWebKit/537.36 (KHTML, like Gecko) Chrome/148.0.0.0 Mobile Safari/537.36"
91.142.222.105 - - [16/Jul/2026:19:10:34 +0000] "POST /wp-login.php HTTP/2" 200 2071 "https://gradregalia242.com.keeloil.com/wp-login.php" "Mozilla/5.0 (Linux; Android 10; K) AppleWebKit/537.36 (KHTML, like Gecko) Chrome/146.0.0.0 Mobile Safari/537.36"
194.39.149.53 - - [16/Jul/2026:19:11:58 +0000] "POST /wp-cron.php?doing_wp_cron=1784229118.3778560161590576171875 HTTP/1.1" 200 0 "-" "WordPress/7.0.1; https://gradregalia242.com"
27.74.16.19 - - [16/Jul/2026:19:11:57 +0000] "GET /product/plain-stole/?add_to_wishlist=13502 HTTP/1.1" 200 46321 "-" "Mozilla/5.0 (Macintosh; Intel Mac OS X 10_9_5) AppleWebKit/537.36 (KHTML, like Gecko) Chrome/67.0.3396.87 Safari/537.36"
131.255.62.169 - - [16/Jul/2026:19:12:47 +0000] "GET /product-category/junior-secondary-high-schools/page/2/?add_to_wishlist=235058 HTTP/1.1" 200 0 "-" "Mozilla/5.0 (Macintosh; Intel Mac OS X 10_11_6) AppleWebKit/537.36 (KHTML, like Gecko) Brave Chrome/79.0.3945.88 Safari/537.36"
194.39.149.53 - - [16/Jul/2026:19:13:07 +0000] "POST /wp-cron.php?doing_wp_cron=1784229187.1914949417114257812500 HTTP/1.1" 200 0 "-" "WordPress/7.0.1; https://gradregalia242.com"
14.191.25.221 - - [16/Jul/2026:19:12:59 +0000] "GET /product-category/junior-secondary-high-schools/page/2/?add_to_wishlist=235058 HTTP/1.1" 200 0 "-" "Mozilla/5.0 (Macintosh; Intel Mac OS X 10_12_6) AppleWebKit/537.36 (KHTML, like Gecko) Brave Chrome/88.0.4324.152 Safari/537.36"
194.39.149.53 - - [16/Jul/2026:19:13:18 +0000] "POST /wp-cron.php?doing_wp_cron=1784229198.7043619155883789062500 HTTP/1.1" 200 0 "-" "WordPress/7.0.1; https://gradregalia242.com"
51.161.116.53 - - [16/Jul/2026:19:14:03 +0000] "GET /wp-login.php HTTP/2" 200 0 "-" "Mozilla/5.0 (Macintosh; Intel Mac OS X 10_15_7) AppleWebKit/537.36 (KHTML, like Gecko) Chrome/147.0.0.0 Safari/537.36"
194.39.149.53 - - [16/Jul/2026:19:14:51 +0000] "POST /wp-cron.php?doing_wp_cron=1784229291.7988231182098388671875 HTTP/1.1" 200 0 "-" "WordPress/7.0.1; https://gradregalia242.com"
142.44.228.146 - - [16/Jul/2026:19:14:49 +0000] "GET /product/bachelors-gown-only-matte/ HTTP/2" 200 45881 "-" "Mozilla/5.0 (compatible; AhrefsBot/7.0; +http://ahrefs.com/robot/)"
164.163.46.10 - - [16/Jul/2026:19:16:07 +0000] "GET /wp-content/uploads/2022/08/438F6A59-108A-424C-B391-740EDFE3D671.jpeg HTTP/1.1" 200 110427 "-" "Mozilla/5.0 (Macintosh; Intel Mac OS X 11_0_0) AppleWebKit/537.36 (KHTML, like Gecko) Brave Chrome/86.0.4240.183 Safari/537.36"
138.0.235.170 - - [16/Jul/2026:19:16:47 +0000] "GET /wp-content/uploads/2022/03/10F1FF32-1419-4B4B-915C-29B0DDDA2785.jpeg HTTP/1.1" 200 64638 "-" "Mozilla/5.0 (Macintosh; Intel Mac OS X 10_8_0) AppleWebKit/537.36 (KHTML, like Gecko) Chrome/32.0.1664.3 Safari/537.36"
194.39.149.53 - - [16/Jul/2026:19:18:23 +0000] "POST /wp-cron.php?doing_wp_cron=1784229502.9176709651947021484375 HTTP/1.1" 200 0 "-" "WordPress/7.0.1; https://gradregalia242.com"
14.191.138.176 - - [16/Jul/2026:19:18:20 +0000] "GET /product/galaxy-grad-package-gown-cap-tassel-diploma-cover-printed-stole-honor-cord-gift-set/?add_to_wishlist=109023 HTTP/1.1" 200 49478 "-" "Mozilla/5.0 (Macintosh; Intel Mac OS X 10_13_4) AppleWebKit/537.36 (KHTML, like Gecko) Chrome/65.0.3325.19 Safari/537.36"
194.39.149.53 - - [16/Jul/2026:19:18:53 +0000] "POST /wp-cron.php?doing_wp_cron=1784229533.4711530208587646484375 HTTP/1.1" 200 0 "-" "WordPress/7.0.1; https://gradregalia242.com"
67.207.94.191 - - [16/Jul/2026:19:18:52 +0000] "GET /wp-login.php HTTP/2" 200 1939 "-" "Mozilla/5.0 (iPhone; CPU iPhone OS 18_0 like Mac OS X) AppleWebKit/605.1.15 (KHTML, like Gecko) CriOS/145.0.6917.0 Mobile/15E148 Safari/604.1"
160.187.68.214 - - [16/Jul/2026:19:18:53 +0000] "GET /wp-login.php HTTP/2" 200 1939 "-" "Mozilla/5.0 (Macintosh; Intel Mac OS X 10_15_7) AppleWebKit/537.36 (KHTML, like Gecko) Chrome/146.0.0.0 Safari/537.36"
124.156.212.23 - - [16/Jul/2026:19:18:53 +0000] "GET /wp-login.php HTTP/2" 200 1939 "-" "Mozilla/5.0 (iPhone; CPU iPhone OS 18_0 like Mac OS X) AppleWebKit/605.1.15 (KHTML, like Gecko) CriOS/144.0.6917.0 Mobile/15E148 Safari/604.1"
67.207.94.191 - - [16/Jul/2026:19:18:55 +0000] "POST /wp-login.php HTTP/2" 200 2071 "https://gradregalia242.com.keeloil.com/wp-login.php" "Mozilla/5.0 (iPhone; CPU iPhone OS 18_0 like Mac OS X) AppleWebKit/605.1.15 (KHTML, like Gecko) CriOS/145.0.6917.0 Mobile/15E148 Safari/604.1"
85.208.96.198 - - [16/Jul/2026:19:18:55 +0000] "GET /product-category/kindercare-pre-k/cap-gown-tassel-stole-kindercare-pre-k/ HTTP/1.1" 200 36448 "-" "Mozilla/5.0 (compatible; SemrushBot/7~bl; +http://www.semrush.com/bot.html)"
124.156.212.23 - - [16/Jul/2026:19:18:58 +0000] "POST /wp-login.php HTTP/2" 200 2071 "https://gradregalia242.com.keeloil.com/wp-login.php" "Mozilla/5.0 (iPhone; CPU iPhone OS 18_0 like Mac OS X) AppleWebKit/605.1.15 (KHTML, like Gecko) CriOS/144.0.6917.0 Mobile/15E148 Safari/604.1"
160.187.68.214 - - [16/Jul/2026:19:18:58 +0000] "POST /wp-login.php HTTP/2" 200 2071 "https://gradregalia242.com.keeloil.com/wp-login.php" "Mozilla/5.0 (Macintosh; Intel Mac OS X 10_15_7) AppleWebKit/537.36 (KHTML, like Gecko) Chrome/146.0.0.0 Safari/537.36"
103.120.176.171 - - [16/Jul/2026:19:19:00 +0000] "GET /wp-login.php HTTP/2" 200 1939 "-" "Mozilla/5.0 (X11; Linux x86_64) AppleWebKit/537.36 (KHTML, like Gecko) Chrome/149.0.0.0 Safari/537.36"
103.120.176.171 - - [16/Jul/2026:19:19:08 +0000] "POST /wp-login.php HTTP/2" 200 2071 "https://gradregalia242.com.keeloil.com/wp-login.php" "Mozilla/5.0 (X11; Linux x86_64) AppleWebKit/537.36 (KHTML, like Gecko) Chrome/149.0.0.0 Safari/537.36"
113.162.155.100 - - [16/Jul/2026:19:19:21 +0000] "GET /wp-content/uploads/2022/03/5ADA274D-29DF-464E-B903-1B552428C6B7.jpeg HTTP/1.1" 200 38995 "-" "Mozilla/5.0 (Macintosh; Intel Mac OS X 10_12_5) AppleWebKit/537.36 (KHTML, like Gecko) Chrome/68.0.3440.106 Safari/537.36"
194.39.149.53 - - [16/Jul/2026:19:19:35 +0000] "POST /wp-cron.php?doing_wp_cron=1784229575.1795020103454589843750 HTTP/1.1" 200 0 "-" "WordPress/7.0.1; https://gradregalia242.com"
171.226.226.62 - - [16/Jul/2026:19:19:33 +0000] "GET /product/tassel-topper/?add_to_wishlist=145635 HTTP/1.1" 200 44813 "-" "Mozilla/5.0 (Macintosh; Intel Mac OS X 10_15_7) AppleWebKit/537.36 (KHTML, like Gecko) Chrome/96.0.4664.45 Safari/537.36"
43.134.54.246 - - [16/Jul/2026:19:19:36 +0000] "GET /product-category/accessories/cap-accessories/ HTTP/1.1" 200 42008 "-" "Mozilla/5.0 (iPhone; CPU iPhone OS 13_2_3 like Mac OS X) AppleWebKit/605.1.15 (KHTML, like Gecko) Version/13.0.3 Mobile/15E148 Safari/604.1"
194.39.149.53 - - [16/Jul/2026:19:21:05 +0000] "POST /wp-cron.php?doing_wp_cron=1784229665.0340359210968017578125 HTTP/1.1" 200 0 "-" "WordPress/7.0.1; https://gradregalia242.com"
66.9.166.197 - - [16/Jul/2026:19:21:03 +0000] "GET /product/barristers-bag-plain/?add_to_wishlist=240221 HTTP/1.1" 200 45400 "-" "Mozilla/5.0 (Windows NT 10.0; Win64; x64) AppleWebKit/537.36 (KHTML, like Gecko) Chrome/86.0.4240.198 Safari/537.36"
190.112.87.182 - - [16/Jul/2026:19:21:23 +0000] "GET /product/gift-bags/?add_to_wishlist=145721 HTTP/1.1" 200 44705 "-" "Mozilla/5.0 (Windows NT 10.0; Win64; x64) AppleWebKit/537.36 (KHTML, like Gecko) Chrome/108.0.0.0 Safari/537.36"
188.64.207.186 - - [16/Jul/2026:19:21:27 +0000] "GET /product/masters-degree-hood/?add_to_wishlist=17924 HTTP/1.1" 200 51914 "-" "Mozilla/5.0 (Windows NT 6.1; Win64; x64) AppleWebKit/537.36 (KHTML, like Gecko) Chrome/86.0.4240.198 Safari/537.36"
194.39.149.53 - - [16/Jul/2026:19:22:38 +0000] "POST /wp-cron.php?doing_wp_cron=1784229758.0834109783172607421875 HTTP/1.1" 200 0 "-" "WordPress/7.0.1; https://gradregalia242.com"
152.228.213.32 - - [16/Jul/2026:19:22:35 +0000] "GET /wp-login.php HTTP/2" 200 1939 "-" "Mozilla/5.0 (Windows NT 10.0; Win64; x64) AppleWebKit/537.36 (KHTML, like Gecko) Chrome/147.0.0.0 Safari/537.36"
152.228.213.32 - - [16/Jul/2026:19:22:35 +0000] "GET /wp-login.php HTTP/2" 200 1939 "-" "Mozilla/5.0 (X11; Linux x86_64) AppleWebKit/537.36 (KHTML, like Gecko) Chrome/147.0.0.0 Safari/537.36"
160.187.68.132 - - [16/Jul/2026:19:22:36 +0000] "GET /wp-login.php HTTP/2" 200 1939 "-" "Mozilla/5.0 (iPhone; CPU iPhone OS 18_0 like Mac OS X) AppleWebKit/605.1.15 (KHTML, like Gecko) Version/18.0 Mobile/15E148 Safari/604.1"
152.228.213.32 - - [16/Jul/2026:19:22:39 +0000] "POST /wp-login.php HTTP/2" 200 2071 "https://gradregalia242.com.keeloil.com/wp-login.php" "Mozilla/5.0 (Windows NT 10.0; Win64; x64) AppleWebKit/537.36 (KHTML, like Gecko) Chrome/147.0.0.0 Safari/537.36"
160.187.68.132 - - [16/Jul/2026:19:22:40 +0000] "POST /wp-login.php HTTP/2" 200 2071 "https://gradregalia242.com.keeloil.com/wp-login.php" "Mozilla/5.0 (iPhone; CPU iPhone OS 18_0 like Mac OS X) AppleWebKit/605.1.15 (KHTML, like Gecko) Version/18.0 Mobile/15E148 Safari/604.1"
152.228.213.32 - - [16/Jul/2026:19:22:43 +0000] "POST /wp-login.php HTTP/2" 200 2071 "https://gradregalia242.com.keeloil.com/wp-login.php" "Mozilla/5.0 (X11; Linux x86_64) AppleWebKit/537.36 (KHTML, like Gecko) Chrome/147.0.0.0 Safari/537.36"
194.39.149.53 - - [16/Jul/2026:19:28:40 +0000] "POST /wp-cron.php?doing_wp_cron=1784230120.7170848846435546875000 HTTP/1.1" 200 0 "-" "WordPress/7.0.1; https://gradregalia242.com"
181.42.20.36 - - [16/Jul/2026:19:28:39 +0000] "GET /product/econ-grad-package-gown-cap-tassel-printed-stole-diploma-cover/?add_to_wishlist=109244 HTTP/1.1" 200 48257 "-" "Mozilla/5.0 (Windows NT 6.3) AppleWebKit/537.36 (KHTML, like Gecko) Chrome/88.0.4324.190 Safari/537.36"
43.166.224.244 - - [16/Jul/2026:19:29:27 +0000] "GET /product-category/grad-decor/mortarboard-display-frame/ HTTP/1.1" 200 31615 "-" "Mozilla/5.0 (iPhone; CPU iPhone OS 13_2_3 like Mac OS X) AppleWebKit/605.1.15 (KHTML, like Gecko) Version/13.0.3 Mobile/15E148 Safari/604.1"
186.177.184.84 - - [16/Jul/2026:19:29:44 +0000] "GET /wp-content/uploads/2022/08/93FBD48B-CC6B-46AD-8364-62BF96EBFC67.jpeg HTTP/1.1" 200 25312 "-" "Mozilla/5.0 (Windows NT 6.1; Win64; x64) AppleWebKit/537.36 (KHTML, like Gecko) Chrome/75.0.3770.100 Safari/537.36"
45.226.75.68 - - [16/Jul/2026:19:32:18 +0000] "GET /wp-content/uploads/2022/03/F83883E5-6FFC-479E-AECF-75571BAF4E76.jpeg HTTP/1.1" 200 31403 "-" "Mozilla/5.0 (Windows NT 6.3; Win64; x64) AppleWebKit/537.36 (KHTML, like Gecko) Chrome/98.0.4758.81 Safari/537.36"
194.39.149.53 - - [16/Jul/2026:19:36:05 +0000] "POST /wp-cron.php?doing_wp_cron=1784230565.2563428878784179687500 HTTP/1.1" 200 0 "-" "WordPress/7.0.1; https://gradregalia242.com"
217.182.128.41 - - [16/Jul/2026:19:36:03 +0000] "GET /wp-login.php HTTP/2" 200 1939 "-" "Mozilla/5.0 (iPhone; CPU iPhone OS 26_4_2 like Mac OS X) AppleWebKit/605.1.15 (KHTML, like Gecko) CriOS/148.0.7778.47 Mobile/15E148 Safari/604.1"
50.87.144.79 - - [16/Jul/2026:19:36:04 +0000] "GET /wp-login.php HTTP/2" 200 1939 "-" "Mozilla/5.0 (X11; Linux x86_64) AppleWebKit/537.36 (KHTML, like Gecko) Chrome/147.0.0.0 Safari/537.36"
128.199.203.39 - - [16/Jul/2026:19:36:04 +0000] "GET /wp-login.php HTTP/2" 200 1939 "-" "Mozilla/5.0 (Linux; Android 10; K) AppleWebKit/537.36 (KHTML, like Gecko) Chrome/148.0.0.0 Mobile Safari/537.36"
47.86.33.52 - - [16/Jul/2026:19:36:05 +0000] "GET /wp-login.php HTTP/2" 200 1939 "-" "Mozilla/5.0 (Windows NT 10.0; Win64; x64) AppleWebKit/537.36 (KHTML, like Gecko) Chrome/149.0.0.0 Safari/537.36"
217.182.128.41 - - [16/Jul/2026:19:36:06 +0000] "POST /wp-login.php HTTP/2" 200 2071 "https://gradregalia242.com.keeloil.com/wp-login.php" "Mozilla/5.0 (iPhone; CPU iPhone OS 26_4_2 like Mac OS X) AppleWebKit/605.1.15 (KHTML, like Gecko) CriOS/148.0.7778.47 Mobile/15E148 Safari/604.1"
50.87.144.79 - - [16/Jul/2026:19:36:07 +0000] "POST /wp-login.php HTTP/2" 200 2071 "https://gradregalia242.com.keeloil.com/wp-login.php" "Mozilla/5.0 (X11; Linux x86_64) AppleWebKit/537.36 (KHTML, like Gecko) Chrome/147.0.0.0 Safari/537.36"
128.199.203.39 - - [16/Jul/2026:19:36:09 +0000] "POST /wp-login.php HTTP/2" 200 2071 "https://gradregalia242.com.keeloil.com/wp-login.php" "Mozilla/5.0 (Linux; Android 10; K) AppleWebKit/537.36 (KHTML, like Gecko) Chrome/148.0.0.0 Mobile Safari/537.36"
47.86.33.52 - - [16/Jul/2026:19:36:11 +0000] "POST /wp-login.php HTTP/2" 200 2071 "https://gradregalia242.com.keeloil.com/wp-login.php" "Mozilla/5.0 (Windows NT 10.0; Win64; x64) AppleWebKit/537.36 (KHTML, like Gecko) Chrome/149.0.0.0 Safari/537.36"
46.120.118.164 - - [16/Jul/2026:19:36:26 +0000] "GET /wp-content/uploads/2022/03/CBC072AC-87D0-4478-B7A2-1953EFD5AC00.jpeg HTTP/1.1" 200 26612 "-" "Mozilla/5.0 (Windows NT 10.0; Win64; x64) AppleWebKit/537.36 (KHTML, like Gecko) Chrome/91.0.4472.114 Safari/537.36"
186.226.50.115 - - [16/Jul/2026:19:36:38 +0000] "GET /wp-content/uploads/2022/02/C7628CE0-4730-48F7-A4D0-81BA103336F3.jpeg HTTP/1.1" 200 80422 "-" "Mozilla/5.0 (Windows NT 6.1) AppleWebKit/537.36 (KHTML, like Gecko) Brave Chrome/78.0.3904.108 Safari/537.36"
194.39.149.53 - - [16/Jul/2026:19:38:12 +0000] "POST /wp-cron.php?doing_wp_cron=1784230692.7073779106140136718750 HTTP/1.1" 200 0 "-" "WordPress/7.0.1; https://gradregalia242.com"
47.128.28.195 - - [16/Jul/2026:19:38:11 +0000] "GET /Sobre-Saco-Teknofas-Oficio-25x36-B-24-Blanco-50-Unidades-650800 HTTP/2" 404 23101 "-" "Mozilla/5.0 (Linux; Android 5.0) AppleWebKit/537.36 (KHTML, like Gecko) Mobile Safari/537.36 (compatible; Bytespider; spider-feedback@bytedance.com)"
47.128.28.195 - - [16/Jul/2026:19:38:13 +0000] "GET /wp-content/plugins/contact-form-7/includes/css/styles.css?ver=6.0.5 HTTP/2" 200 890 "https://gradregalia242.com/Sobre-Saco-Teknofas-Oficio-25x36-B-24-Blanco-50-Unidades-650800" "Mozilla/5.0 (Linux; Android 5.0) AppleWebKit/537.36 (KHTML, like Gecko) Mobile Safari/537.36 (compatible; Bytespider; spider-feedback@bytedance.com)"
47.128.28.195 - - [16/Jul/2026:19:38:13 +0000] "GET /wp-content/plugins/woocommerce/assets/client/blocks/wc-blocks.css?ver=wc-9.7.1 HTTP/2" 200 2367 "https://gradregalia242.com/Sobre-Saco-Teknofas-Oficio-25x36-B-24-Blanco-50-Unidades-650800" "Mozilla/5.0 (Linux; Android 5.0) AppleWebKit/537.36 (KHTML, like Gecko) Mobile Safari/537.36 (compatible; Bytespider; spider-feedback@bytedance.com)"
