20.220.225.223 - - [16/Jul/2026:21:24:52 +0000] "GET /mo.php HTTP/1.1" 404 5750 "-" "-"
20.220.225.223 - - [16/Jul/2026:21:24:52 +0000] "GET /nij.php HTTP/1.1" 404 5750 "-" "-"
20.220.225.223 - - [16/Jul/2026:21:24:52 +0000] "GET /gfile.php HTTP/1.1" 404 5750 "-" "-"
20.220.225.223 - - [16/Jul/2026:21:24:52 +0000] "GET /xpas2.php HTTP/1.1" 404 5750 "-" "-"
194.39.149.53 - - [16/Jul/2026:21:24:52 +0000] "POST /wp-cron.php?doing_wp_cron=1784237092.6110250949859619140625 HTTP/1.1" 200 0 "-" "WordPress/7.0.1; https://gradregalia242.com"
20.220.225.223 - - [16/Jul/2026:21:24:52 +0000] "GET /x.php HTTP/1.1" 404 5750 "-" "-"
20.220.225.223 - - [16/Jul/2026:21:24:52 +0000] "GET /asd67.php HTTP/1.1" 404 5750 "-" "-"
20.220.225.223 - - [16/Jul/2026:21:24:53 +0000] "GET /alam.php HTTP/1.1" 404 5750 "-" "-"
20.220.225.223 - - [16/Jul/2026:21:24:53 +0000] "GET /700.php HTTP/1.1" 404 5750 "-" "-"
20.220.225.223 - - [16/Jul/2026:21:24:53 +0000] "GET /fifi.php HTTP/1.1" 404 5750 "-" "-"
20.220.225.223 - - [16/Jul/2026:21:24:53 +0000] "GET /wp-signup.php HTTP/1.1" 404 5750 "-" "-"
20.220.225.223 - - [16/Jul/2026:21:24:53 +0000] "GET /gold.php HTTP/1.1" 404 5750 "-" "-"
20.220.225.223 - - [16/Jul/2026:21:24:53 +0000] "GET /blurbs8.php HTTP/1.1" 404 5750 "-" "-"
20.220.225.223 - - [16/Jul/2026:21:24:53 +0000] "GET /sid.php HTTP/1.1" 404 5750 "-" "-"
20.220.225.223 - - [16/Jul/2026:21:24:53 +0000] "GET /tinyfilemanager.php HTTP/1.1" 404 5750 "-" "-"
20.220.225.223 - - [16/Jul/2026:21:24:54 +0000] "GET /unity.php HTTP/1.1" 404 5750 "-" "-"
20.220.225.223 - - [16/Jul/2026:21:24:54 +0000] "GET /cf.php HTTP/1.1" 404 5750 "-" "-"
20.220.225.223 - - [16/Jul/2026:21:24:54 +0000] "GET /get.php HTTP/1.1" 404 5750 "-" "-"
20.220.225.223 - - [16/Jul/2026:21:24:54 +0000] "GET /v3.php HTTP/1.1" 404 5750 "-" "-"
20.220.225.223 - - [16/Jul/2026:21:24:54 +0000] "GET /.well-known/ws.php HTTP/1.1" 404 5750 "-" "-"
20.220.225.223 - - [16/Jul/2026:21:24:54 +0000] "GET /wteed.php HTTP/1.1" 404 5750 "-" "-"
20.220.225.223 - - [16/Jul/2026:21:24:54 +0000] "GET /nc4.php HTTP/1.1" 404 5750 "-" "-"
20.220.225.223 - - [16/Jul/2026:21:24:54 +0000] "GET /ntgn.php HTTP/1.1" 404 5750 "-" "-"
20.220.225.223 - - [16/Jul/2026:21:24:55 +0000] "GET /ioxi-o.php HTTP/1.1" 404 5750 "-" "-"
20.220.225.223 - - [16/Jul/2026:21:24:55 +0000] "GET /ws.php HTTP/1.1" 404 5750 "-" "-"
20.220.225.223 - - [16/Jul/2026:21:24:55 +0000] "GET /7h.php HTTP/1.1" 404 5750 "-" "-"
20.220.225.223 - - [16/Jul/2026:21:24:55 +0000] "GET /gg.php HTTP/1.1" 404 5750 "-" "-"
20.220.225.223 - - [16/Jul/2026:21:24:55 +0000] "GET /co.php HTTP/1.1" 404 5750 "-" "-"
20.220.225.223 - - [16/Jul/2026:21:24:55 +0000] "GET /mjq.php HTTP/1.1" 404 5750 "-" "-"
20.220.225.223 - - [16/Jul/2026:21:24:55 +0000] "GET /rdfe.php HTTP/1.1" 404 5750 "-" "-"
20.220.225.223 - - [16/Jul/2026:21:24:55 +0000] "GET /xojryvch.php HTTP/1.1" 404 5750 "-" "-"
20.220.225.223 - - [16/Jul/2026:21:24:56 +0000] "GET /reyna.php HTTP/1.1" 404 5750 "-" "-"
20.220.225.223 - - [16/Jul/2026:21:24:56 +0000] "GET /css/index.php HTTP/1.1" 404 5750 "-" "-"
20.220.225.223 - - [16/Jul/2026:21:24:56 +0000] "GET /unzip.php HTTP/1.1" 404 5750 "-" "-"
20.220.225.223 - - [16/Jul/2026:21:24:56 +0000] "GET /cool.php HTTP/1.1" 404 5750 "-" "-"
20.220.225.223 - - [16/Jul/2026:21:24:56 +0000] "GET /.well-known/xin1.php HTTP/1.1" 404 5750 "-" "-"
20.220.225.223 - - [16/Jul/2026:21:24:56 +0000] "GET /axx.php HTTP/1.1" 404 5750 "-" "-"
20.220.225.223 - - [16/Jul/2026:21:24:56 +0000] "GET /w3llstore.php HTTP/1.1" 404 5750 "-" "-"
20.220.225.223 - - [16/Jul/2026:21:24:56 +0000] "GET /aua.php HTTP/1.1" 404 5750 "-" "-"
20.220.225.223 - - [16/Jul/2026:21:24:57 +0000] "GET /c4.php HTTP/1.1" 404 5750 "-" "-"
20.220.225.223 - - [16/Jul/2026:21:24:57 +0000] "GET /bu5.php HTTP/1.1" 404 5750 "-" "-"
20.220.225.223 - - [16/Jul/2026:21:24:57 +0000] "GET /lhh2.php HTTP/1.1" 404 5750 "-" "-"
20.220.225.223 - - [16/Jul/2026:21:24:57 +0000] "GET /an.php HTTP/1.1" 404 5750 "-" "-"
20.220.225.223 - - [16/Jul/2026:21:24:57 +0000] "GET /aw.php HTTP/1.1" 404 5750 "-" "-"
20.220.225.223 - - [16/Jul/2026:21:24:57 +0000] "GET /as.php HTTP/1.1" 404 5750 "-" "-"
20.220.225.223 - - [16/Jul/2026:21:24:57 +0000] "GET /new.php HTTP/1.1" 404 5750 "-" "-"
20.220.225.223 - - [16/Jul/2026:21:24:58 +0000] "GET /Okxob.php HTTP/1.1" 404 5750 "-" "-"
20.220.225.223 - - [16/Jul/2026:21:24:58 +0000] "GET /ahax.php HTTP/1.1" 404 5750 "-" "-"
20.220.225.223 - - [16/Jul/2026:21:24:58 +0000] "GET /cache.php HTTP/1.1" 404 5750 "-" "-"
20.220.225.223 - - [16/Jul/2026:21:24:58 +0000] "GET /ffile.php HTTP/1.1" 404 5750 "-" "-"
20.220.225.223 - - [16/Jul/2026:21:24:58 +0000] "GET /nxac.php HTTP/1.1" 404 5750 "-" "-"
20.220.225.223 - - [16/Jul/2026:21:24:58 +0000] "GET /thh.php HTTP/1.1" 404 5750 "-" "-"
20.220.225.223 - - [16/Jul/2026:21:24:58 +0000] "GET /wp-includes/buy.php HTTP/1.1" 404 5750 "-" "-"
20.220.225.223 - - [16/Jul/2026:21:24:59 +0000] "GET /baxa1.phP8 HTTP/1.1" 404 5750 "-" "-"
20.220.225.223 - - [16/Jul/2026:21:24:59 +0000] "GET /lo.php HTTP/1.1" 404 5750 "-" "-"
20.220.225.223 - - [16/Jul/2026:21:24:59 +0000] "GET /fb.php HTTP/1.1" 404 5750 "-" "-"
20.220.225.223 - - [16/Jul/2026:21:24:59 +0000] "GET /wp-update.php HTTP/1.1" 404 5750 "-" "-"
103.150.68.35 - - [16/Jul/2026:21:24:48 +0000] "GET /product-category/packages/page/2/?add_to_wishlist=109226 HTTP/1.1" 200 0 "-" "Mozilla/5.0 (Windows NT 10.0; WOW64) AppleWebKit/537.36 (KHTML, like Gecko) Chrome/67.0.3396.9 Safari/537.36"
20.220.225.223 - - [16/Jul/2026:21:24:59 +0000] "GET /slo.php HTTP/1.1" 404 5750 "-" "-"
20.220.225.223 - - [16/Jul/2026:21:24:59 +0000] "GET /dropdown.php HTTP/1.1" 404 5750 "-" "-"
20.220.225.223 - - [16/Jul/2026:21:24:59 +0000] "GET /pp.php HTTP/1.1" 404 5750 "-" "-"
20.220.225.223 - - [16/Jul/2026:21:24:59 +0000] "GET /wp-content/themes/pridmag/db.php HTTP/1.1" 404 5750 "-" "-"
20.220.225.223 - - [16/Jul/2026:21:25:00 +0000] "GET /bqcheck.php HTTP/1.1" 404 5750 "-" "-"
20.220.225.223 - - [16/Jul/2026:21:25:00 +0000] "GET /13k.php HTTP/1.1" 404 5750 "-" "-"
20.220.225.223 - - [16/Jul/2026:21:25:00 +0000] "GET /ar.php HTTP/1.1" 404 5750 "-" "-"
20.220.225.223 - - [16/Jul/2026:21:25:00 +0000] "GET /bv3.php HTTP/1.1" 404 5750 "-" "-"
20.220.225.223 - - [16/Jul/2026:21:25:00 +0000] "GET /aa.php HTTP/1.1" 404 5750 "-" "-"
20.220.225.223 - - [16/Jul/2026:21:25:00 +0000] "GET /racs3.php HTTP/1.1" 404 5750 "-" "-"
20.220.225.223 - - [16/Jul/2026:21:25:00 +0000] "GET /content.php HTTP/1.1" 404 5750 "-" "-"
20.220.225.223 - - [16/Jul/2026:21:25:01 +0000] "GET /lufix.php HTTP/1.1" 404 5750 "-" "-"
20.220.225.223 - - [16/Jul/2026:21:25:01 +0000] "GET /bluejackets.php HTTP/1.1" 404 5750 "-" "-"
20.220.225.223 - - [16/Jul/2026:21:25:01 +0000] "GET /zt2.php HTTP/1.1" 404 5750 "-" "-"
20.220.225.223 - - [16/Jul/2026:21:25:01 +0000] "GET /f35.php HTTP/1.1" 404 5750 "-" "-"
20.220.225.223 - - [16/Jul/2026:21:25:01 +0000] "GET /wp-mn.php HTTP/1.1" 404 5750 "-" "-"
20.220.225.223 - - [16/Jul/2026:21:25:01 +0000] "GET /aa8.php HTTP/1.1" 404 5750 "-" "-"
20.220.225.223 - - [16/Jul/2026:21:25:01 +0000] "GET /xl.php HTTP/1.1" 404 5750 "-" "-"
20.220.225.223 - - [16/Jul/2026:21:25:01 +0000] "GET /r4f_1.php HTTP/1.1" 404 5750 "-" "-"
20.220.225.223 - - [16/Jul/2026:21:25:02 +0000] "GET /sarang.php HTTP/1.1" 404 5750 "-" "-"
20.220.225.223 - - [16/Jul/2026:21:25:02 +0000] "GET /6.php HTTP/1.1" 404 5750 "-" "-"
20.220.225.223 - - [16/Jul/2026:21:25:02 +0000] "GET /xo.php HTTP/1.1" 404 5750 "-" "-"
20.220.225.223 - - [16/Jul/2026:21:25:02 +0000] "GET /ggs.php HTTP/1.1" 404 5750 "-" "-"
20.220.225.223 - - [16/Jul/2026:21:25:02 +0000] "GET /wsr2.php HTTP/1.1" 404 5750 "-" "-"
20.220.225.223 - - [16/Jul/2026:21:25:02 +0000] "GET /class9.php HTTP/1.1" 404 5750 "-" "-"
20.220.225.223 - - [16/Jul/2026:21:25:02 +0000] "GET /public/wsr2.php HTTP/1.1" 404 5750 "-" "-"
20.220.225.223 - - [16/Jul/2026:21:25:03 +0000] "GET /tcp.php HTTP/1.1" 404 5750 "-" "-"
20.220.225.223 - - [16/Jul/2026:21:25:03 +0000] "GET /witmm.php HTTP/1.1" 404 5750 "-" "-"
20.220.225.223 - - [16/Jul/2026:21:25:03 +0000] "GET /jga.php HTTP/1.1" 404 5750 "-" "-"
20.220.225.223 - - [16/Jul/2026:21:25:03 +0000] "GET /nxx.php HTTP/1.1" 404 5750 "-" "-"
20.220.225.223 - - [16/Jul/2026:21:25:03 +0000] "GET /aaaa.php HTTP/1.1" 404 5750 "-" "-"
20.220.225.223 - - [16/Jul/2026:21:25:03 +0000] "GET /2.php HTTP/1.1" 404 5750 "-" "-"
20.220.225.223 - - [16/Jul/2026:21:25:03 +0000] "GET /ss.php HTTP/1.1" 404 5750 "-" "-"
20.220.225.223 - - [16/Jul/2026:21:25:03 +0000] "GET /zc.php HTTP/1.1" 404 5750 "-" "-"
20.220.225.223 - - [16/Jul/2026:21:25:04 +0000] "GET /dex.php HTTP/1.1" 404 5750 "-" "-"
20.220.225.223 - - [16/Jul/2026:21:25:04 +0000] "GET /sad.php HTTP/1.1" 404 5750 "-" "-"
20.220.225.223 - - [16/Jul/2026:21:25:04 +0000] "GET /wp.php HTTP/1.1" 404 5750 "-" "-"
20.220.225.223 - - [16/Jul/2026:21:25:04 +0000] "GET /wp-gr.php HTTP/1.1" 404 5750 "-" "-"
20.220.225.223 - - [16/Jul/2026:21:25:04 +0000] "GET /cfile.php HTTP/1.1" 404 5750 "-" "-"
20.220.225.223 - - [16/Jul/2026:21:25:04 +0000] "GET /sder52u.php HTTP/1.1" 404 5750 "-" "-"
20.220.225.223 - - [16/Jul/2026:21:25:05 +0000] "GET /asserter.php HTTP/1.1" 404 5750 "-" "-"
20.220.225.223 - - [16/Jul/2026:21:25:05 +0000] "GET /ol.php HTTP/1.1" 404 5750 "-" "-"
20.220.225.223 - - [16/Jul/2026:21:25:05 +0000] "GET /pass.php HTTP/1.1" 404 5750 "-" "-"
20.220.225.223 - - [16/Jul/2026:21:25:05 +0000] "GET /l.php HTTP/1.1" 404 5750 "-" "-"
20.220.225.223 - - [16/Jul/2026:21:25:05 +0000] "GET /ot.php HTTP/1.1" 404 5750 "-" "-"
20.220.225.223 - - [16/Jul/2026:21:25:05 +0000] "GET /wp-rss4.php HTTP/1.1" 404 5750 "-" "-"
194.39.149.53 - - [16/Jul/2026:21:25:06 +0000] "POST /wp-cron.php?doing_wp_cron=1784237106.0117158889770507812500 HTTP/1.1" 200 0 "-" "WordPress/7.0.1; https://gradregalia242.com"
20.220.225.223 - - [16/Jul/2026:21:25:06 +0000] "GET /dev.php HTTP/1.1" 404 5750 "-" "-"
20.220.225.223 - - [16/Jul/2026:21:25:06 +0000] "GET /bin.php HTTP/1.1" 404 5750 "-" "-"
20.220.225.223 - - [16/Jul/2026:21:25:06 +0000] "GET /yee.php HTTP/1.1" 404 5750 "-" "-"
20.220.225.223 - - [16/Jul/2026:21:25:06 +0000] "GET /epinyins.php HTTP/1.1" 404 5750 "-" "-"
20.220.225.223 - - [16/Jul/2026:21:25:06 +0000] "GET /aa17.php HTTP/1.1" 404 5750 "-" "-"
20.220.225.223 - - [16/Jul/2026:21:25:06 +0000] "GET /winkel.php HTTP/1.1" 404 5750 "-" "-"
20.220.225.223 - - [16/Jul/2026:21:25:06 +0000] "GET /ef.php HTTP/1.1" 404 5750 "-" "-"
20.220.225.223 - - [16/Jul/2026:21:25:07 +0000] "GET /gifclass4.php HTTP/1.1" 404 5750 "-" "-"
20.220.225.223 - - [16/Jul/2026:21:25:07 +0000] "GET /667.php HTTP/1.1" 404 5750 "-" "-"
20.220.225.223 - - [16/Jul/2026:21:25:07 +0000] "GET /we.php HTTP/1.1" 404 5750 "-" "-"
20.220.225.223 - - [16/Jul/2026:21:25:07 +0000] "GET /wp-su.php HTTP/1.1" 404 5750 "-" "-"
20.220.225.223 - - [16/Jul/2026:21:25:07 +0000] "GET /t3x.php HTTP/1.1" 404 5750 "-" "-"
20.220.225.223 - - [16/Jul/2026:21:25:07 +0000] "GET /13.php HTTP/1.1" 404 5750 "-" "-"
20.220.225.223 - - [16/Jul/2026:21:25:07 +0000] "GET /yasnu.php HTTP/1.1" 404 5750 "-" "-"
20.220.225.223 - - [16/Jul/2026:21:25:07 +0000] "GET /trd.php HTTP/1.1" 404 5750 "-" "-"
20.220.225.223 - - [16/Jul/2026:21:25:08 +0000] "GET /oiepfuav.php HTTP/1.1" 404 5750 "-" "-"
20.220.225.223 - - [16/Jul/2026:21:25:08 +0000] "GET /02.php HTTP/1.1" 404 5750 "-" "-"
20.220.225.223 - - [16/Jul/2026:21:25:08 +0000] "GET /file2.php HTTP/1.1" 404 5750 "-" "-"
20.220.225.223 - - [16/Jul/2026:21:25:08 +0000] "GET /makeasmtp.php HTTP/1.1" 404 5750 "-" "-"
20.220.225.223 - - [16/Jul/2026:21:25:08 +0000] "GET /btufulhs.php HTTP/1.1" 404 5750 "-" "-"
20.220.225.223 - - [16/Jul/2026:21:25:08 +0000] "GET /ant.php HTTP/1.1" 404 5750 "-" "-"
20.220.225.223 - - [16/Jul/2026:21:25:08 +0000] "GET /bb5.php HTTP/1.1" 404 5750 "-" "-"
20.220.225.223 - - [16/Jul/2026:21:25:08 +0000] "GET /akc.php HTTP/1.1" 404 5750 "-" "-"
20.220.225.223 - - [16/Jul/2026:21:25:08 +0000] "GET /wefile.php HTTP/1.1" 404 5750 "-" "-"
20.220.225.223 - - [16/Jul/2026:21:25:09 +0000] "GET /s.php HTTP/1.1" 404 5750 "-" "-"
20.220.225.223 - - [16/Jul/2026:21:25:09 +0000] "GET /yzkvrell.php HTTP/1.1" 404 5750 "-" "-"
20.220.225.223 - - [16/Jul/2026:21:25:09 +0000] "GET /gmo.php HTTP/1.1" 404 5750 "-" "-"
20.220.225.223 - - [16/Jul/2026:21:25:09 +0000] "GET /zc-749.php HTTP/1.1" 404 5750 "-" "-"
20.220.225.223 - - [16/Jul/2026:21:25:09 +0000] "GET /.well-known/fm.php HTTP/1.1" 404 5750 "-" "-"
20.220.225.223 - - [16/Jul/2026:21:25:09 +0000] "GET /ava.php HTTP/1.1" 404 5750 "-" "-"
20.220.225.223 - - [16/Jul/2026:21:25:09 +0000] "GET /nqsa.php HTTP/1.1" 404 5750 "-" "-"
20.220.225.223 - - [16/Jul/2026:21:25:10 +0000] "GET /2020.php HTTP/1.1" 404 5750 "-" "-"
20.220.225.223 - - [16/Jul/2026:21:25:10 +0000] "GET /rak.php HTTP/1.1" 404 5750 "-" "-"
20.220.225.223 - - [16/Jul/2026:21:25:10 +0000] "GET /bypass.php HTTP/1.1" 404 5750 "-" "-"
20.220.225.223 - - [16/Jul/2026:21:25:10 +0000] "GET /zr.php HTTP/1.1" 404 5750 "-" "-"
20.220.225.223 - - [16/Jul/2026:21:25:10 +0000] "GET /wander.php HTTP/1.1" 404 5750 "-" "-"
20.220.225.223 - - [16/Jul/2026:21:25:10 +0000] "GET /lock360.php HTTP/1.1" 404 5750 "-" "-"
20.220.225.223 - - [16/Jul/2026:21:25:10 +0000] "GET /great.php HTTP/1.1" 404 5750 "-" "-"
20.220.225.223 - - [16/Jul/2026:21:25:10 +0000] "GET /fifii.php HTTP/1.1" 404 5750 "-" "-"
20.220.225.223 - - [16/Jul/2026:21:25:11 +0000] "GET /12.php HTTP/1.1" 404 5750 "-" "-"
20.220.225.223 - - [16/Jul/2026:21:25:11 +0000] "GET /efile.php HTTP/1.1" 404 5750 "-" "-"
20.220.225.223 - - [16/Jul/2026:21:25:11 +0000] "GET /past1.php HTTP/1.1" 404 5750 "-" "-"
20.220.225.223 - - [16/Jul/2026:21:25:11 +0000] "GET /7.php HTTP/1.1" 404 5750 "-" "-"
20.220.225.223 - - [16/Jul/2026:21:25:11 +0000] "GET /4563.php HTTP/1.1" 404 5750 "-" "-"
20.220.225.223 - - [16/Jul/2026:21:25:11 +0000] "GET /re.php HTTP/1.1" 404 5750 "-" "-"
20.220.225.223 - - [16/Jul/2026:21:25:11 +0000] "GET /up.php HTTP/1.1" 404 5750 "-" "-"
20.220.225.223 - - [16/Jul/2026:21:25:12 +0000] "GET /35.php HTTP/1.1" 404 5750 "-" "-"
20.220.225.223 - - [16/Jul/2026:21:25:12 +0000] "GET /witm.php HTTP/1.1" 404 5750 "-" "-"
20.220.225.223 - - [16/Jul/2026:21:25:12 +0000] "GET /atomlib.php HTTP/1.1" 404 5750 "-" "-"
20.220.225.223 - - [16/Jul/2026:21:25:12 +0000] "GET /bless2.php HTTP/1.1" 404 5750 "-" "-"
20.220.225.223 - - [16/Jul/2026:21:25:12 +0000] "GET /new4.php HTTP/1.1" 404 5750 "-" "-"
20.220.225.223 - - [16/Jul/2026:21:25:12 +0000] "GET /wsr2.php HTTP/1.1" 404 5750 "-" "-"
20.220.225.223 - - [16/Jul/2026:21:25:12 +0000] "GET /shlo.php HTTP/1.1" 404 5750 "-" "-"
20.220.225.223 - - [16/Jul/2026:21:25:12 +0000] "GET /CLA.php HTTP/1.1" 404 5750 "-" "-"
20.220.225.223 - - [16/Jul/2026:21:25:13 +0000] "GET /kill-9-1.php HTTP/1.1" 404 5750 "-" "-"
113.177.245.154 - - [16/Jul/2026:21:26:12 +0000] "GET /wp-content/uploads/2022/02/7542B532-5F92-44D9-AE34-B746FF814272.jpeg HTTP/1.1" 200 74873 "-" "Mozilla/5.0 (Windows NT 10.0; Win64; x64) AppleWebKit/537.36 (KHTML, like Gecko) Chrome/76.0.3790.0 Safari/537.36"
194.39.149.53 - - [16/Jul/2026:21:27:57 +0000] "POST /wp-cron.php?doing_wp_cron=1784237277.8339710235595703125000 HTTP/1.1" 200 0 "-" "WordPress/7.0.1; https://gradregalia242.com"
43.157.46.118 - - [16/Jul/2026:21:27:56 +0000] "GET /product-category/grad-decor/gift-wrapping-tissue/ HTTP/1.1" 200 36786 "-" "Mozilla/5.0 (iPhone; CPU iPhone OS 13_2_3 like Mac OS X) AppleWebKit/605.1.15 (KHTML, like Gecko) Version/13.0.3 Mobile/15E148 Safari/604.1"
88.252.212.115 - - [16/Jul/2026:21:28:41 +0000] "GET /wp-content/uploads/2022/03/E5BD350B-87FF-4B9C-809C-F0EF310B416A.jpeg HTTP/1.1" 200 25772 "-" "Mozilla/5.0 (Macintosh; Intel Mac OS X 10_13_6) AppleWebKit/537.36 (KHTML, like Gecko) Chrome/80.0.3987.132 Safari/537.36"
194.39.149.53 - - [16/Jul/2026:21:34:49 +0000] "POST /wp-cron.php?doing_wp_cron=1784237689.5007688999176025390625 HTTP/1.1" 200 0 "-" "WordPress/7.0.1; https://gradregalia242.com"
105.190.115.131 - - [16/Jul/2026:21:34:48 +0000] "GET /product/customize-stole/?add_to_wishlist=17840 HTTP/1.1" 200 53975 "-" "Mozilla/5.0 (Macintosh; Intel Mac OS X 10_14_6) AppleWebKit/537.36 (KHTML, like Gecko) Chrome/107.0.0.0 Safari/537.36"
123.28.180.130 - - [16/Jul/2026:21:36:05 +0000] "GET /wp-content/uploads/2022/03/7127FF12-9FCF-4D6D-81BA-53BE7CCC55E7.jpeg HTTP/1.1" 200 54024 "-" "Mozilla/5.0 (Windows NT 6.1; WOW64) AppleWebKit/537.36 (KHTML, like Gecko) Chrome/89.0.4389.116 Safari/537.36"
194.39.149.53 - - [16/Jul/2026:21:36:17 +0000] "POST /wp-cron.php?doing_wp_cron=1784237777.3949699401855468750000 HTTP/1.1" 200 0 "-" "WordPress/7.0.1; https://gradregalia242.com"
185.191.171.10 - - [16/Jul/2026:21:36:16 +0000] "GET /product-category/accessories/tassel-signet/ HTTP/1.1" 200 38081 "-" "Mozilla/5.0 (compatible; SemrushBot/7~bl; +http://www.semrush.com/bot.html)"
194.39.149.53 - - [16/Jul/2026:21:36:43 +0000] "POST /wp-cron.php?doing_wp_cron=1784237803.0668189525604248046875 HTTP/1.1" 200 0 "-" "WordPress/7.0.1; https://gradregalia242.com"
148.113.128.99 - - [16/Jul/2026:21:36:41 +0000] "GET /fortlaufend-sich-erklaren-und-loyalitat-ehren-nationales-osterreichisches-gebiet-register-free-avalon78/feed/ HTTP/2" 200 490 "-" "Mozilla/5.0 (compatible; AhrefsBot/7.0; +http://ahrefs.com/robot/)"
191.97.143.199 - - [16/Jul/2026:21:37:02 +0000] "GET /wp-content/uploads/2024/09/IMG_4116.jpeg HTTP/1.1" 200 192944 "-" "Mozilla/5.0 (Windows NT 6.1; Win64; x64) AppleWebKit/537.36 (KHTML, like Gecko) Chrome/91.0.4472.114 Safari/537.36"
194.39.149.53 - - [16/Jul/2026:21:37:37 +0000] "POST /wp-cron.php?doing_wp_cron=1784237856.9152600765228271484375 HTTP/1.1" 200 0 "-" "WordPress/7.0.1; https://gradregalia242.com"
91.142.222.105 - - [16/Jul/2026:21:37:35 +0000] "GET /wp-login.php HTTP/2" 200 1939 "-" "Mozilla/5.0 (Linux; Android 10; K) AppleWebKit/537.36 (KHTML, like Gecko) Chrome/145.0.0.0 Mobile Safari/537.36"
43.156.37.91 - - [16/Jul/2026:21:37:36 +0000] "GET /product-category/kindercare-pre-k/cap-gown-tassel-kindercare-pre-k/ HTTP/1.1" 200 36838 "-" "Mozilla/5.0 (iPhone; CPU iPhone OS 13_2_3 like Mac OS X) AppleWebKit/605.1.15 (KHTML, like Gecko) Version/13.0.3 Mobile/15E148 Safari/604.1"
91.142.222.105 - - [16/Jul/2026:21:37:38 +0000] "POST /wp-login.php HTTP/2" 200 2071 "https://gradregalia242.com.keeloil.com/wp-login.php" "Mozilla/5.0 (Linux; Android 10; K) AppleWebKit/537.36 (KHTML, like Gecko) Chrome/145.0.0.0 Mobile Safari/537.36"
45.32.103.140 - - [16/Jul/2026:21:37:43 +0000] "GET /wp-login.php HTTP/2" 200 1939 "-" "Mozilla/5.0 (X11; Linux x86_64) AppleWebKit/537.36 (KHTML, like Gecko) Chrome/144.0.0.0 Safari/537.36"
45.32.103.140 - - [16/Jul/2026:21:37:45 +0000] "POST /wp-login.php HTTP/2" 200 2071 "https://gradregalia242.com.keeloil.com/wp-login.php" "Mozilla/5.0 (X11; Linux x86_64) AppleWebKit/537.36 (KHTML, like Gecko) Chrome/144.0.0.0 Safari/537.36"
154.61.75.100 - - [16/Jul/2026:21:37:47 +0000] "GET /wp-login.php HTTP/2" 200 1939 "-" "Mozilla/5.0 (X11; Linux x86_64) AppleWebKit/537.36 (KHTML, like Gecko) Chrome/147.0.0.0 Safari/537.36"
66.249.79.204 - - [16/Jul/2026:21:38:11 +0000] "GET /wp-content/uploads/2022/08/1A04A2AB-F231-4E13-AC4D-98244183C68A-570x684.jpeg HTTP/1.1" 200 53143 "-" "Googlebot-Image/1.0"
194.39.149.53 - - [16/Jul/2026:21:38:51 +0000] "POST /wp-cron.php?doing_wp_cron=1784237931.2658739089965820312500 HTTP/1.1" 200 0 "-" "WordPress/7.0.1; https://gradregalia242.com"
51.161.65.106 - - [16/Jul/2026:21:38:50 +0000] "GET /nomade-jeu-voir-ile-de-europe-play-claim/feed/ HTTP/2" 200 445 "-" "Mozilla/5.0 (compatible; AhrefsBot/7.0; +http://ahrefs.com/robot/)"
194.39.149.53 - - [16/Jul/2026:21:39:44 +0000] "POST /wp-cron.php?doing_wp_cron=1784237984.5866460800170898437500 HTTP/1.1" 200 0 "-" "WordPress/7.0.1; https://gradregalia242.com"
200.8.201.145 - - [16/Jul/2026:21:39:42 +0000] "GET /product/econ-grad-package-gown-cap-tassel-printed-stole-diploma-cover/?add_to_wishlist=168279 HTTP/1.1" 200 47882 "-" "Mozilla/5.0 (Macintosh; Intel Mac OS X 10_15_3) AppleWebKit/537.36 (KHTML, like Gecko) Chrome/98.0.4758.80 Safari/537.36"
194.39.149.53 - - [16/Jul/2026:21:40:57 +0000] "POST /wp-cron.php?doing_wp_cron=1784238057.3014769554138183593750 HTTP/1.1" 200 0 "-" "WordPress/7.0.1; https://gradregalia242.com"
142.44.233.90 - - [16/Jul/2026:21:40:56 +0000] "GET /mesa-games-form-au-spin-to-win-spindinero-online-casino/feed/ HTTP/2" 200 444 "-" "Mozilla/5.0 (compatible; AhrefsBot/7.0; +http://ahrefs.com/robot/)"
156.255.161.223 - - [16/Jul/2026:21:41:19 +0000] "GET /wp-content/uploads/2022/03/EBA264FA-7283-4ECF-BFB6-3EC3FF314626.jpeg HTTP/1.1" 200 63325 "-" "Mozilla/5.0 (Macintosh; Intel Mac OS X 10_12_6) AppleWebKit/537.36 (KHTML, like Gecko) Chrome/88.0.4324.182 Safari/537.36"
194.39.149.53 - - [16/Jul/2026:21:43:31 +0000] "POST /wp-cron.php?doing_wp_cron=1784238211.7282168865203857421875 HTTP/1.1" 200 0 "-" "WordPress/7.0.1; https://gradregalia242.com"
148.113.130.255 - - [16/Jul/2026:21:43:30 +0000] "GET /organisez-vous-induisez-axerophtol-panjandrum-plateforme-_-zone-francaise-play-earn-wild-sultan-casino/feed/ HTTP/2" 200 506 "-" "Mozilla/5.0 (compatible; AhrefsBot/7.0; +http://ahrefs.com/robot/)"
194.39.149.53 - - [16/Jul/2026:21:45:30 +0000] "POST /wp-cron.php?doing_wp_cron=1784238330.3669240474700927734375 HTTP/1.1" 200 0 "-" "WordPress/7.0.1; https://gradregalia242.com"
85.208.96.206 - - [16/Jul/2026:21:45:29 +0000] "GET /robots.txt HTTP/1.1" 200 163 "-" "Mozilla/5.0 (compatible; SemrushBot/7~bl; +http://www.semrush.com/bot.html)"
185.191.171.12 - - [16/Jul/2026:21:45:30 +0000] "GET /product-category/packages/cap-gown-tassel-diploma-cover-packages/ HTTP/1.1" 200 36983 "-" "Mozilla/5.0 (compatible; SemrushBot/7~bl; +http://www.semrush.com/bot.html)"
194.39.149.53 - - [16/Jul/2026:21:49:29 +0000] "POST /wp-cron.php?doing_wp_cron=1784238569.1037280559539794921875 HTTP/1.1" 200 0 "-" "WordPress/7.0.1; https://gradregalia242.com"
43.134.163.229 - - [16/Jul/2026:21:49:26 +0000] "GET /product-category/bachelors/cap-gown-tassel-stole-bachelors/ HTTP/1.1" 200 36478 "-" "Mozilla/5.0 (iPhone; CPU iPhone OS 13_2_3 like Mac OS X) AppleWebKit/605.1.15 (KHTML, like Gecko) Version/13.0.3 Mobile/15E148 Safari/604.1"
194.39.149.53 - - [16/Jul/2026:21:50:33 +0000] "POST /wp-cron.php?doing_wp_cron=1784238633.4863829612731933593750 HTTP/1.1" 200 0 "-" "WordPress/7.0.1; https://gradregalia242.com"
132.148.72.88 - - [16/Jul/2026:21:50:32 +0000] "GET /wp-login.php HTTP/2" 200 1939 "-" "Mozilla/5.0 (iPhone; CPU iPhone OS 18_0 like Mac OS X) AppleWebKit/605.1.15 (KHTML, like Gecko) CriOS/146.0.6917.0 Mobile/15E148 Safari/604.1"
185.213.164.145 - - [16/Jul/2026:21:50:32 +0000] "GET /wp-login.php HTTP/2" 200 1939 "-" "Mozilla/5.0 (iPhone; CPU iPhone OS 26_4_2 like Mac OS X) AppleWebKit/605.1.15 (KHTML, like Gecko) CriOS/148.0.7778.47 Mobile/15E148 Safari/604.1"
132.148.72.88 - - [16/Jul/2026:21:50:35 +0000] "POST /wp-login.php HTTP/2" 200 2071 "https://gradregalia242.com.keeloil.com/wp-login.php" "Mozilla/5.0 (iPhone; CPU iPhone OS 18_0 like Mac OS X) AppleWebKit/605.1.15 (KHTML, like Gecko) CriOS/146.0.6917.0 Mobile/15E148 Safari/604.1"
185.213.164.145 - - [16/Jul/2026:21:50:36 +0000] "POST /wp-login.php HTTP/2" 200 2071 "https://gradregalia242.com.keeloil.com/wp-login.php" "Mozilla/5.0 (iPhone; CPU iPhone OS 26_4_2 like Mac OS X) AppleWebKit/605.1.15 (KHTML, like Gecko) CriOS/148.0.7778.47 Mobile/15E148 Safari/604.1"
194.39.149.53 - - [16/Jul/2026:21:50:42 +0000] "POST /wp-cron.php?doing_wp_cron=1784238642.4025108814239501953125 HTTP/1.1" 200 0 "-" "WordPress/7.0.1; https://gradregalia242.com"
38.196.10.181 - - [16/Jul/2026:21:50:32 +0000] "GET /product/customize-stole-72-2/?add_to_wishlist=13654 HTTP/1.1" 200 67179 "-" "Mozilla/5.0 (Windows NT 10.0) AppleWebKit/537.36 (KHTML, like Gecko) Chrome/72.0.3626.109 Safari/537.36"
45.32.103.140 - - [16/Jul/2026:21:50:44 +0000] "GET /wp-login.php HTTP/2" 200 1939 "-" "Mozilla/5.0 (iPhone; CPU iPhone OS 26_4_2 like Mac OS X) AppleWebKit/605.1.15 (KHTML, like Gecko) CriOS/148.0.7778.47 Mobile/15E148 Safari/604.1"
45.162.114.5 - - [16/Jul/2026:21:50:51 +0000] "GET /product/customize-stole-72-2/?add_to_wishlist=13654 HTTP/1.1" 200 67840 "-" "Mozilla/5.0 (Windows NT 10.0; Win64; x64) AppleWebKit/537.36 (KHTML, like Gecko) Chrome/99.0.4844.84 Safari/537.36"
102.97.155.116 - - [16/Jul/2026:21:52:47 +0000] "GET /wp-content/uploads/2022/02/white-stole.jpeg HTTP/1.1" 200 14850 "-" "Mozilla/5.0 (Windows NT 10.0; Win64; x64) AppleWebKit/537.36 (KHTML, like Gecko) Chrome/88.0.4500.0 Iron Safari/537.36"
187.94.127.244 - - [16/Jul/2026:21:54:01 +0000] "GET /wp-content/uploads/2022/03/A3647BB9-5D67-498C-A68D-33CD65682E10.jpeg HTTP/1.1" 200 32619 "-" "Mozilla/5.0 (Windows NT 6.1) AppleWebKit/537.36 (KHTML, like Gecko) Chrome/85.0.4183.83 Safari/537.36"
70.45.238.76 - - [16/Jul/2026:21:54:50 +0000] "GET /wp-content/uploads/2022/02/6D756415-715B-4601-9AAF-93B45B49119A.jpeg HTTP/1.1" 200 77904 "-" "Mozilla/5.0 (Macintosh; Intel Mac OS X 11_2_1) AppleWebKit/537.36 (KHTML, like Gecko) Brave Chrome/87.0.4280.101 Safari/537.36"
14.172.187.125 - - [16/Jul/2026:21:55:13 +0000] "GET /product-category/bachelors/page/2/?add_to_wishlist=109023 HTTP/1.1" 200 0 "-" "Mozilla/5.0 (Macintosh; Intel Mac OS X 10_15_3) AppleWebKit/537.36 (KHTML, like Gecko) Brave Chrome/78.0.3904.108 Safari/537.36"
38.137.233.245 - - [16/Jul/2026:21:55:33 +0000] "GET /product-category/bachelors/page/2/?add_to_wishlist=109023 HTTP/1.1" 200 0 "-" "Mozilla/5.0 (Macintosh; Intel Mac OS X 10_15_7) AppleWebKit/537.36 (KHTML, like Gecko) Chrome/98.0.4758.109 Safari/537.36"
160.178.236.18 - - [16/Jul/2026:21:55:52 +0000] "GET /wp-content/uploads/2022/03/E84C7C6B-D00C-4E17-9AFF-277DFEBC932C.jpeg HTTP/1.1" 200 42421 "-" "Mozilla/5.0 (Windows NT 6.1) AppleWebKit/537.36 (KHTML, like Gecko) Chrome/88.0.4324.104 Safari/537.36"
194.39.149.53 - - [16/Jul/2026:21:55:53 +0000] "POST /wp-cron.php?doing_wp_cron=1784238953.4488959312438964843750 HTTP/1.1" 200 0 "-" "WordPress/7.0.1; https://gradregalia242.com"
194.39.149.53 - - [16/Jul/2026:21:56:08 +0000] "POST /wp-cron.php?doing_wp_cron=1784238967.9191429615020751953125 HTTP/1.1" 200 0 "-" "WordPress/7.0.1; https://gradregalia242.com"
189.4.104.56 - - [16/Jul/2026:21:56:25 +0000] "GET /wp-content/uploads/2022/01/gs-dipcovi-fst-1_3.jpeg HTTP/1.1" 200 15738 "-" "Mozilla/5.0 (Windows NT 10.0; WOW64) AppleWebKit/537.36 (KHTML, like Gecko) Chrome/84.0.4147.89 Safari/537.36"
194.39.149.53 - - [16/Jul/2026:21:57:07 +0000] "POST /wp-cron.php?doing_wp_cron=1784239026.9050009250640869140625 HTTP/1.1" 200 0 "-" "WordPress/7.0.1; https://gradregalia242.com"
43.157.153.236 - - [16/Jul/2026:21:57:05 +0000] "GET /product-category/elementary-school/cap-elementary-school/ HTTP/1.1" 200 36778 "-" "Mozilla/5.0 (iPhone; CPU iPhone OS 13_2_3 like Mac OS X) AppleWebKit/605.1.15 (KHTML, like Gecko) Version/13.0.3 Mobile/15E148 Safari/604.1"
190.142.101.103 - - [16/Jul/2026:21:57:56 +0000] "GET /wp-content/uploads/2022/01/image10-1.jpeg HTTP/1.1" 200 42432 "-" "Mozilla/5.0 (Macintosh; Intel Mac OS X 10_13_6) AppleWebKit/537.36 (KHTML, like Gecko) Chrome/91.0.4472.114 Safari/537.36"
194.39.149.53 - - [16/Jul/2026:21:59:40 +0000] "POST /wp-cron.php?doing_wp_cron=1784239180.1693630218505859375000 HTTP/1.1" 200 0 "-" "WordPress/7.0.1; https://gradregalia242.com"
103.139.144.253 - - [16/Jul/2026:21:59:36 +0000] "GET /product/bachelors-gown-only-matte/?add_to_wishlist=22220 HTTP/1.1" 200 68557 "-" "Mozilla/5.0 (Macintosh; Intel Mac OS X 10_14_6) AppleWebKit/537.36 (KHTML, like Gecko) Brave Chrome/89.0.4389.72 Safari/537.36"
86.43.218.165 - - [16/Jul/2026:21:59:51 +0000] "GET /product-category/packages/page/2/?add_to_wishlist=109208 HTTP/1.1" 200 0 "-" "Mozilla/5.0 (Macintosh; Intel Mac OS X 10_13_6) AppleWebKit/537.36 (KHTML, like Gecko) Chrome/94.0.4606.61 Safari/537.36"
78.155.64.16 - - [16/Jul/2026:22:00:05 +0000] "GET /product-category/packages/page/2/?add_to_wishlist=109208 HTTP/1.1" 200 0 "-" "Mozilla/5.0 (Macintosh; Intel Mac OS X 10_12_6) AppleWebKit/537.36 (KHTML, like Gecko) Chrome/96.0.4664.110 Safari/537.36"
194.39.149.53 - - [16/Jul/2026:22:02:31 +0000] "POST /wp-cron.php?doing_wp_cron=1784239351.5867969989776611328125 HTTP/1.1" 200 0 "-" "WordPress/7.0.1; https://gradregalia242.com"
85.208.96.203 - - [16/Jul/2026:22:02:28 +0000] "GET /product-category/accessories/page/3/ HTTP/1.1" 200 44330 "-" "Mozilla/5.0 (compatible; SemrushBot/7~bl; +http://www.semrush.com/bot.html)"
194.39.149.53 - - [16/Jul/2026:22:05:04 +0000] "POST /wp-cron.php?doing_wp_cron=1784239504.0983629226684570312500 HTTP/1.1" 200 0 "-" "WordPress/7.0.1; https://gradregalia242.com"
188.40.21.48 - - [16/Jul/2026:22:05:02 +0000] "GET /product-category/accessories/medals/ HTTP/1.1" 200 36072 "-" "Mozilla/5.0 (compatible; SERankingBacklinksBot/1.0; +https://seranking.com/backlinks-crawler)"
194.39.149.53 - - [16/Jul/2026:22:05:46 +0000] "POST /wp-cron.php?doing_wp_cron=1784239546.8724610805511474609375 HTTP/1.1" 200 0 "-" "WordPress/7.0.1; https://gradregalia242.com"
178.168.156.119 - - [16/Jul/2026:22:05:44 +0000] "GET /product/double-color-tassel-and-signet/?add_to_wishlist=109294 HTTP/1.1" 200 51023 "-" "Mozilla/5.0 (Windows NT 10.0) AppleWebKit/537.36 (KHTML, like Gecko) Chrome/72.0.3626.109 Safari/537.36"
216.10.217.124 - - [16/Jul/2026:22:05:42 +0000] "GET /product-category/bachelors/page/2/?add_to_wishlist=108680 HTTP/1.1" 200 0 "-" "Mozilla/5.0 (Windows NT 5.1; WOW64) AppleWebKit/537.36 (KHTML, like Gecko) Chrome/75.0.3770.100 ADG/11.0.2566 AOLBUILD/11.0.2566 Safari/537.36"
195.211.44.136 - - [16/Jul/2026:22:05:59 +0000] "GET /wp-login.php HTTP/2" 200 1939 "-" "Mozilla/5.0 (iPhone; CPU iPhone OS 26_4_2 like Mac OS X) AppleWebKit/605.1.15 (KHTML, like Gecko) CriOS/148.0.7778.47 Mobile/15E148 Safari/604.1"
194.39.149.53 - - [16/Jul/2026:22:06:04 +0000] "POST /wp-cron.php?doing_wp_cron=1784239564.4686040878295898437500 HTTP/1.1" 200 0 "-" "WordPress/7.0.1; https://gradregalia242.com"
138.185.5.87 - - [16/Jul/2026:22:05:55 +0000] "GET /product-category/bachelors/page/2/?add_to_wishlist=108680 HTTP/1.1" 200 0 "-" "Mozilla/5.0 (Macintosh; Intel Mac OS X 10_12_6) AppleWebKit/537.36 (KHTML, like Gecko) Chrome/61.0.3163.79 Safari/537.36"
117.0.21.154 - - [16/Jul/2026:22:06:03 +0000] "GET /wp-login.php HTTP/2" 200 1939 "-" "Mozilla/5.0 (iPhone; CPU iPhone OS 18_0 like Mac OS X) AppleWebKit/605.1.15 (KHTML, like Gecko) CriOS/146.0.6917.0 Mobile/15E148 Safari/604.1"
195.211.44.136 - - [16/Jul/2026:22:06:03 +0000] "POST /wp-login.php HTTP/2" 200 2071 "https://gradregalia242.com.keeloil.com/wp-login.php" "Mozilla/5.0 (iPhone; CPU iPhone OS 26_4_2 like Mac OS X) AppleWebKit/605.1.15 (KHTML, like Gecko) CriOS/148.0.7778.47 Mobile/15E148 Safari/604.1"
113.160.142.119 - - [16/Jul/2026:22:06:14 +0000] "POST /wp-login.php HTTP/2" 200 2071 "https://gradregalia242.com.keeloil.com/wp-login.php" "Mozilla/5.0 (iPhone; CPU iPhone OS 18_0 like Mac OS X) AppleWebKit/605.1.15 (KHTML, like Gecko) CriOS/146.0.6917.0 Mobile/15E148 Safari/604.1"
194.39.149.53 - - [16/Jul/2026:22:07:33 +0000] "POST /wp-cron.php?doing_wp_cron=1784239653.7739109992980957031250 HTTP/1.1" 200 0 "-" "WordPress/7.0.1; https://gradregalia242.com"
43.156.228.27 - - [16/Jul/2026:22:07:31 +0000] "GET /product-category/kindercare-pre-k/cap-gown-tassel-diploma-cover-kindercare-pre-k/ HTTP/1.1" 200 31610 "-" "Mozilla/5.0 (iPhone; CPU iPhone OS 13_2_3 like Mac OS X) AppleWebKit/605.1.15 (KHTML, like Gecko) Version/13.0.3 Mobile/15E148 Safari/604.1"
114.119.142.125 - - [16/Jul/2026:22:07:38 +0000] "GET /wp-content/uploads/2022/02/238AC026-C05C-474E-99FB-3DDDF4DA5687.png HTTP/1.1" 200 147731 "https://gradregalia242.com/product/primary-cap-only-matte/" "Mozilla/5.0 (Linux; Android 7.0;) AppleWebKit/537.36 (HTML, like Gecko) Mobile Safari/537.36 (compatible; PetalBot;+https://webmaster.petalsearch.com/site/petalbot)"
194.39.149.53 - - [16/Jul/2026:22:09:02 +0000] "POST /wp-cron.php?doing_wp_cron=1784239742.2782180309295654296875 HTTP/1.1" 200 0 "-" "WordPress/7.0.1; https://gradregalia242.com"
114.119.136.160 - - [16/Jul/2026:22:09:01 +0000] "GET /shop/page/7 HTTP/1.1" 301 0 "https://gradregalia242.com/shop/page/6" "Mozilla/5.0 (Linux; Android 7.0;) AppleWebKit/537.36 (HTML, like Gecko) Mobile Safari/537.36 (compatible; PetalBot;+https://webmaster.petalsearch.com/site/petalbot)"
114.119.136.160 - - [16/Jul/2026:22:09:03 +0000] "GET /shop/page/7/ HTTP/1.1" 200 34988 "https://gradregalia242.com/shop/page/6" "Mozilla/5.0 (Linux; Android 7.0;) AppleWebKit/537.36 (HTML, like Gecko) Mobile Safari/537.36 (compatible; PetalBot;+https://webmaster.petalsearch.com/site/petalbot)"
194.39.149.53 - - [16/Jul/2026:22:10:26 +0000] "POST /wp-cron.php?doing_wp_cron=1784239826.2575819492340087890625 HTTP/1.1" 200 0 "-" "WordPress/7.0.1; https://gradregalia242.com"
114.119.157.54 - - [16/Jul/2026:22:10:24 +0000] "GET /shop/page/3/ HTTP/1.1" 200 35233 "https://gradregalia242.com/shop/page/3" "Mozilla/5.0 (Linux; Android 7.0;) AppleWebKit/537.36 (HTML, like Gecko) Mobile Safari/537.36 (compatible; PetalBot;+https://webmaster.petalsearch.com/site/petalbot)"
194.39.149.53 - - [16/Jul/2026:22:11:47 +0000] "POST /wp-cron.php?doing_wp_cron=1784239907.4523909091949462890625 HTTP/1.1" 200 0 "-" "WordPress/7.0.1; https://gradregalia242.com"
142.44.228.142 - - [16/Jul/2026:22:11:46 +0000] "GET /wp-sitemap.xml HTTP/2" 200 220 "-" "Mozilla/5.0 (compatible; AhrefsBot/7.0; +http://ahrefs.com/robot/)"
148.113.128.135 - - [16/Jul/2026:22:11:49 +0000] "GET /wp-sitemap-posts-post-1.xml HTTP/2" 200 16268 "-" "Mozilla/5.0 (compatible; AhrefsBot/7.0; +http://ahrefs.com/robot/)"
114.119.137.38 - - [16/Jul/2026:22:11:48 +0000] "GET /product/tassel/ HTTP/1.1" 200 40129 "https://gradregalia242.com/product-category/accessories/honor-cords" "Mozilla/5.0 (Linux; Android 7.0;) AppleWebKit/537.36 (HTML, like Gecko) Mobile Safari/537.36 (compatible; PetalBot;+https://webmaster.petalsearch.com/site/petalbot)"
167.114.139.0 - - [16/Jul/2026:22:11:52 +0000] "GET /wp-sitemap-posts-page-1.xml HTTP/2" 200 903 "-" "Mozilla/5.0 (compatible; AhrefsBot/7.0; +http://ahrefs.com/robot/)"
142.44.225.255 - - [16/Jul/2026:22:11:55 +0000] "GET /wp-sitemap-posts-product-1.xml HTTP/2" 200 2678 "-" "Mozilla/5.0 (compatible; AhrefsBot/7.0; +http://ahrefs.com/robot/)"
142.44.220.144 - - [16/Jul/2026:22:11:57 +0000] "GET /wp-sitemap-taxonomies-category-1.xml HTTP/2" 200 165 "-" "Mozilla/5.0 (compatible; AhrefsBot/7.0; +http://ahrefs.com/robot/)"
54.39.0.97 - - [16/Jul/2026:22:11:59 +0000] "GET /wp-sitemap-taxonomies-product_brand-1.xml HTTP/2" 200 166 "-" "Mozilla/5.0 (compatible; AhrefsBot/7.0; +http://ahrefs.com/robot/)"
142.44.228.90 - - [16/Jul/2026:22:12:01 +0000] "GET /wp-sitemap-taxonomies-product_cat-1.xml HTTP/2" 200 698 "-" "Mozilla/5.0 (compatible; AhrefsBot/7.0; +http://ahrefs.com/robot/)"
54.39.136.52 - - [16/Jul/2026:22:12:04 +0000] "GET /wp-sitemap-users-1.xml HTTP/2" 200 187 "-" "Mozilla/5.0 (compatible; AhrefsBot/7.0; +http://ahrefs.com/robot/)"
194.39.149.53 - - [16/Jul/2026:22:13:15 +0000] "POST /wp-cron.php?doing_wp_cron=1784239994.9924409389495849609375 HTTP/1.1" 200 0 "-" "WordPress/7.0.1; https://gradregalia242.com"
114.119.133.125 - - [16/Jul/2026:22:13:12 +0000] "GET /product/shine-primary-cap-tassel/ HTTP/1.1" 200 38078 "https://gradregalia242.com/product/primary-gown-cap-tassel-stole-set-shiny" "Mozilla/5.0 (Linux; Android 7.0;) AppleWebKit/537.36 (HTML, like Gecko) Mobile Safari/537.36 (compatible; PetalBot;+https://webmaster.petalsearch.com/site/petalbot)"
194.39.149.53 - - [16/Jul/2026:22:14:37 +0000] "POST /wp-cron.php?doing_wp_cron=1784240077.3289620876312255859375 HTTP/1.1" 200 0 "-" "WordPress/7.0.1; https://gradregalia242.com"
114.119.137.38 - - [16/Jul/2026:22:14:36 +0000] "GET /product/primary-gown-cap-tassel-stole-set-matte HTTP/1.1" 301 0 "https://gradregalia242.com/product-category/packages/page/3" "Mozilla/5.0 (Linux; Android 7.0;) AppleWebKit/537.36 (HTML, like Gecko) Mobile Safari/537.36 (compatible; PetalBot;+https://webmaster.petalsearch.com/site/petalbot)"
114.119.137.38 - - [16/Jul/2026:22:14:38 +0000] "GET /product/primary-gown-cap-tassel-stole-set-matte/ HTTP/1.1" 200 41116 "https://gradregalia242.com/product-category/packages/page/3" "Mozilla/5.0 (Linux; Android 7.0;) AppleWebKit/537.36 (HTML, like Gecko) Mobile Safari/537.36 (compatible; PetalBot;+https://webmaster.petalsearch.com/site/petalbot)"
194.39.149.53 - - [16/Jul/2026:22:15:57 +0000] "POST /wp-cron.php?doing_wp_cron=1784240157.8708600997924804687500 HTTP/1.1" 200 0 "-" "WordPress/7.0.1; https://gradregalia242.com"
148.113.130.76 - - [16/Jul/2026:22:15:57 +0000] "GET /what-customer-accompaniment-options-ar-available-astatine-voslot-gambling-casino-casino-thunderbolt-_-ca-sign-up-today/feed/ HTTP/2" 200 507 "-" "Mozilla/5.0 (compatible; AhrefsBot/7.0; +http://ahrefs.com/robot/)"
114.119.157.54 - - [16/Jul/2026:22:16:00 +0000] "GET /product/medal-ribbon HTTP/1.1" 301 0 "https://gradregalia242.com/product/diploma-cover" "Mozilla/5.0 (Linux; Android 7.0;) AppleWebKit/537.36 (HTML, like Gecko) Mobile Safari/537.36 (compatible; PetalBot;+https://webmaster.petalsearch.com/site/petalbot)"
114.119.157.54 - - [16/Jul/2026:22:16:01 +0000] "GET /product/medal-ribbon/ HTTP/1.1" 200 37678 "https://gradregalia242.com/product/diploma-cover" "Mozilla/5.0 (Linux; Android 7.0;) AppleWebKit/537.36 (HTML, like Gecko) Mobile Safari/537.36 (compatible; PetalBot;+https://webmaster.petalsearch.com/site/petalbot)"
194.39.149.53 - - [16/Jul/2026:22:17:24 +0000] "POST /wp-cron.php?doing_wp_cron=1784240244.4373419284820556640625 HTTP/1.1" 200 0 "-" "WordPress/7.0.1; https://gradregalia242.com"
114.119.155.13 - - [16/Jul/2026:22:17:23 +0000] "GET /product/tassel-single-color-2 HTTP/1.1" 301 0 "https://gradregalia242.com/product/gown-cap-tassel-honor-cord-matte" "Mozilla/5.0 (Linux; Android 7.0;) AppleWebKit/537.36 (HTML, like Gecko) Mobile Safari/537.36 (compatible; PetalBot;+https://webmaster.petalsearch.com/site/petalbot)"
114.119.155.13 - - [16/Jul/2026:22:17:25 +0000] "GET /product/tassel-single-color-2/ HTTP/1.1" 200 39915 "https://gradregalia242.com/product/gown-cap-tassel-honor-cord-matte" "Mozilla/5.0 (Linux; Android 7.0;) AppleWebKit/537.36 (HTML, like Gecko) Mobile Safari/537.36 (compatible; PetalBot;+https://webmaster.petalsearch.com/site/petalbot)"
194.39.149.53 - - [16/Jul/2026:22:18:20 +0000] "POST /wp-cron.php?doing_wp_cron=1784240299.9660630226135253906250 HTTP/1.1" 200 0 "-" "WordPress/7.0.1; https://gradregalia242.com"
38.171.199.149 - - [16/Jul/2026:22:18:19 +0000] "GET /product-category/accessories/page/5/?add_to_wishlist=11301 HTTP/1.1" 200 40610 "-" "Mozilla/5.0 (Macintosh; Intel Mac OS X 11_1_0) AppleWebKit/537.36 (KHTML, like Gecko) Chrome/88.0.4324.146 Safari/537.36"
194.39.149.53 - - [16/Jul/2026:22:18:48 +0000] "POST /wp-cron.php?doing_wp_cron=1784240328.1170749664306640625000 HTTP/1.1" 200 0 "-" "WordPress/7.0.1; https://gradregalia242.com"
114.119.136.160 - - [16/Jul/2026:22:18:47 +0000] "GET /product/matte-primary-cap-tassel/ HTTP/1.1" 200 36650 "https://gradregalia242.com/product/classic-trim-stole-72" "Mozilla/5.0 (Linux; Android 7.0;) AppleWebKit/537.36 (HTML, like Gecko) Mobile Safari/537.36 (compatible; PetalBot;+https://webmaster.petalsearch.com/site/petalbot)"
8.217.108.67 - - [16/Jul/2026:22:18:49 +0000] "GET /wp-login.php HTTP/2" 200 1939 "-" "Mozilla/5.0 (X11; Linux x86_64) AppleWebKit/537.36 (KHTML, like Gecko) Chrome/148.0.0.0 Safari/537.36"
103.75.185.95 - - [16/Jul/2026:22:18:51 +0000] "GET /wp-login.php HTTP/2" 200 1939 "-" "Mozilla/5.0 (iPhone; CPU iPhone OS 18_0 like Mac OS X) AppleWebKit/605.1.15 (KHTML, like Gecko) CriOS/145.0.6917.0 Mobile/15E148 Safari/604.1"
8.217.108.67 - - [16/Jul/2026:22:18:51 +0000] "POST /wp-login.php HTTP/2" 200 2071 "https://gradregalia242.com.keeloil.com/wp-login.php" "Mozilla/5.0 (X11; Linux x86_64) AppleWebKit/537.36 (KHTML, like Gecko) Chrome/148.0.0.0 Safari/537.36"
103.75.185.95 - - [16/Jul/2026:22:18:54 +0000] "POST /wp-login.php HTTP/2" 200 2071 "https://gradregalia242.com.keeloil.com/wp-login.php" "Mozilla/5.0 (iPhone; CPU iPhone OS 18_0 like Mac OS X) AppleWebKit/605.1.15 (KHTML, like Gecko) CriOS/145.0.6917.0 Mobile/15E148 Safari/604.1"
142.44.228.56 - - [16/Jul/2026:22:19:13 +0000] "GET /hur-tranar-voslot-s-flytande-matare-ga-igenom-knada-sweden-try-your-luck-casino-betzino/feed/ HTTP/2" 200 507 "-" "Mozilla/5.0 (compatible; AhrefsBot/7.0; +http://ahrefs.com/robot/)"
43.135.140.225 - - [16/Jul/2026:22:19:18 +0000] "GET /product-category/elementary-school/cap-gown-tassel-diploma-cover-elementary-school/ HTTP/1.1" 200 36951 "-" "Mozilla/5.0 (iPhone; CPU iPhone OS 13_2_3 like Mac OS X) AppleWebKit/605.1.15 (KHTML, like Gecko) Version/13.0.3 Mobile/15E148 Safari/604.1"
143.244.57.121 - - [16/Jul/2026:22:19:42 +0000] "GET / HTTP/1.1" 200 294942 "-" "Mozilla/5.0 (Windows NT 10.0; Win64; x64) AppleWebKit/537.36 (KHTML, like Gecko) Chrome/78.0.3904.108 Safari/537.36"
143.244.57.121 - - [16/Jul/2026:22:19:44 +0000] "GET //wp-includes/wlwmanifest.xml HTTP/1.1" 403 19352 "-" "Mozilla/5.0 (Windows NT 10.0; Win64; x64) AppleWebKit/537.36 (KHTML, like Gecko) Chrome/78.0.3904.108 Safari/537.36"
143.244.57.121 - - [16/Jul/2026:22:19:44 +0000] "GET //xmlrpc.php?rsd HTTP/1.1" 403 1242 "-" "Mozilla/5.0 (Windows NT 10.0; Win64; x64) AppleWebKit/537.36 (KHTML, like Gecko) Chrome/78.0.3904.108 Safari/537.36"
143.244.57.121 - - [16/Jul/2026:22:19:45 +0000] "GET / HTTP/1.1" 200 294942 "-" "Mozilla/5.0 (Windows NT 10.0; Win64; x64) AppleWebKit/537.36 (KHTML, like Gecko) Chrome/78.0.3904.108 Safari/537.36"
143.244.57.121 - - [16/Jul/2026:22:19:47 +0000] "GET //?author=1 HTTP/1.1" 301 0 "-" "Mozilla/5.0 (Windows NT 10.0; Win64; x64) AppleWebKit/537.36 (KHTML, like Gecko) Chrome/78.0.3904.108 Safari/537.36"
143.244.57.121 - - [16/Jul/2026:22:19:48 +0000] "GET //?author=2 HTTP/1.1" 301 0 "-" "Mozilla/5.0 (Windows NT 10.0; Win64; x64) AppleWebKit/537.36 (KHTML, like Gecko) Chrome/78.0.3904.108 Safari/537.36"
143.244.57.121 - - [16/Jul/2026:22:19:50 +0000] "GET //wp-json/wp/v2/users/ HTTP/1.1" 200 3978 "-" "Mozilla/5.0 (Windows NT 10.0; Win64; x64) AppleWebKit/537.36 (KHTML, like Gecko) Chrome/78.0.3904.108 Safari/537.36"
143.244.57.121 - - [16/Jul/2026:22:19:51 +0000] "POST //xmlrpc.php HTTP/1.1" 403 1242 "-" "Mozilla/5.0 (Windows NT 10.0; Win64; x64) AppleWebKit/537.36 (KHTML, like Gecko) Chrome/78.0.3904.108 Safari/537.36"
143.244.57.121 - - [16/Jul/2026:22:19:51 +0000] "POST //xmlrpc.php HTTP/1.1" 403 1242 "-" "Mozilla/5.0 (Windows NT 10.0; Win64; x64) AppleWebKit/537.36 (KHTML, like Gecko) Chrome/78.0.3904.108 Safari/537.36"
114.119.142.125 - - [16/Jul/2026:22:20:10 +0000] "GET /product/matte-masters-gown-hood-cap-tassel-set/ HTTP/1.1" 200 30218 "https://gradregalia242.com/product-category/masters/cap-gown-tassel-hood/" "Mozilla/5.0 (Linux; Android 7.0;) AppleWebKit/537.36 (HTML, like Gecko) Mobile Safari/537.36 (compatible; PetalBot;+https://webmaster.petalsearch.com/site/petalbot)"
194.39.149.53 - - [16/Jul/2026:22:21:35 +0000] "POST /wp-cron.php?doing_wp_cron=1784240494.8966529369354248046875 HTTP/1.1" 200 0 "-" "WordPress/7.0.1; https://gradregalia242.com"
114.119.137.38 - - [16/Jul/2026:22:21:33 +0000] "GET /product/matte-cap-tassel-honor-cord-stole HTTP/1.1" 301 0 "https://gradregalia242.com/product/gown-cap-tassel-honor-cord-matte" "Mozilla/5.0 (Linux; Android 7.0;) AppleWebKit/537.36 (HTML, like Gecko) Mobile Safari/537.36 (compatible; PetalBot;+https://webmaster.petalsearch.com/site/petalbot)"
114.119.137.38 - - [16/Jul/2026:22:21:35 +0000] "GET /product/matte-cap-tassel-honor-cord-stole/ HTTP/1.1" 200 39007 "https://gradregalia242.com/product/gown-cap-tassel-honor-cord-matte" "Mozilla/5.0 (Linux; Android 7.0;) AppleWebKit/537.36 (HTML, like Gecko) Mobile Safari/537.36 (compatible; PetalBot;+https://webmaster.petalsearch.com/site/petalbot)"
194.39.149.53 - - [16/Jul/2026:22:22:59 +0000] "POST /wp-cron.php?doing_wp_cron=1784240579.0017468929290771484375 HTTP/1.1" 200 0 "-" "WordPress/7.0.1; https://gradregalia242.com"
114.119.154.6 - - [16/Jul/2026:22:22:58 +0000] "GET /product/kindercare-gown-only-matte HTTP/1.1" 301 0 "https://gradregalia242.com/product-category/kindercare-pre-k/gown-kindercare-pre-k" "Mozilla/5.0 (Linux; Android 7.0;) AppleWebKit/537.36 (HTML, like Gecko) Mobile Safari/537.36 (compatible; PetalBot;+https://webmaster.petalsearch.com/site/petalbot)"
69.171.249.112 - - [16/Jul/2026:22:22:57 +0000] "GET /robots.txt HTTP/2" 200 268 "-" "facebookexternalhit/1.1 (+http://www.facebook.com/externalhit_uatext.php)"
114.119.154.6 - - [16/Jul/2026:22:22:59 +0000] "GET /product/kindercare-gown-only-matte/ HTTP/1.1" 200 43296 "https://gradregalia242.com/product-category/kindercare-pre-k/gown-kindercare-pre-k" "Mozilla/5.0 (Linux; Android 7.0;) AppleWebKit/537.36 (HTML, like Gecko) Mobile Safari/537.36 (compatible; PetalBot;+https://webmaster.petalsearch.com/site/petalbot)"
194.39.149.53 - - [16/Jul/2026:22:23:39 +0000] "POST /wp-cron.php?doing_wp_cron=1784240619.4729499816894531250000 HTTP/1.1" 200 0 "-" "WordPress/7.0.1; https://gradregalia242.com"
102.223.56.253 - - [16/Jul/2026:22:23:38 +0000] "GET /product/customize-stole/?add_to_wishlist=79236 HTTP/1.1" 200 53970 "-" "Mozilla/5.0 (Macintosh; Intel Mac OS X 11_2_0) AppleWebKit/537.36 (KHTML, like Gecko) Brave Chrome/88.0.4324.152 Safari/537.36"
217.182.128.41 - - [16/Jul/2026:22:23:41 +0000] "GET /wp-login.php HTTP/2" 200 1939 "-" "Mozilla/5.0 (iPhone; CPU iPhone OS 17_7 like Mac OS X) AppleWebKit/605.1.15 (KHTML, like Gecko) Version/17.7 Mobile/15E148 Safari/604.1"
217.182.128.41 - - [16/Jul/2026:22:23:43 +0000] "POST /wp-login.php HTTP/2" 200 2071 "https://gradregalia242.com.keeloil.com/wp-login.php" "Mozilla/5.0 (iPhone; CPU iPhone OS 17_7 like Mac OS X) AppleWebKit/605.1.15 (KHTML, like Gecko) Version/17.7 Mobile/15E148 Safari/604.1"
47.86.33.52 - - [16/Jul/2026:22:23:44 +0000] "GET /wp-login.php HTTP/2" 200 1939 "-" "Mozilla/5.0 (Linux; Android 10; K) AppleWebKit/537.36 (KHTML, like Gecko) Chrome/144.0.0.0 Mobile Safari/537.36"
47.86.33.52 - - [16/Jul/2026:22:23:49 +0000] "POST /wp-login.php HTTP/2" 200 2071 "https://gradregalia242.com.keeloil.com/wp-login.php" "Mozilla/5.0 (Linux; Android 10; K) AppleWebKit/537.36 (KHTML, like Gecko) Chrome/144.0.0.0 Mobile Safari/537.36"
194.164.192.228 - - [16/Jul/2026:22:23:52 +0000] "GET /wp-login.php HTTP/2" 200 1939 "-" "Mozilla/5.0 (Linux; Android 10; K) AppleWebKit/537.36 (KHTML, like Gecko) Chrome/146.0.0.0 Mobile Safari/537.36"
114.119.142.125 - - [16/Jul/2026:22:24:21 +0000] "GET /product/junior-senior-gown-only-matte/ HTTP/1.1" 200 45976 "https://gradregalia242.com/product/junior-senior-gown-cap-tassel-set-shiny" "Mozilla/5.0 (Linux; Android 7.0;) AppleWebKit/537.36 (HTML, like Gecko) Mobile Safari/537.36 (compatible; PetalBot;+https://webmaster.petalsearch.com/site/petalbot)"
194.39.149.53 - - [16/Jul/2026:22:25:46 +0000] "POST /wp-cron.php?doing_wp_cron=1784240746.5442531108856201171875 HTTP/1.1" 200 0 "-" "WordPress/7.0.1; https://gradregalia242.com"
114.119.136.160 - - [16/Jul/2026:22:25:45 +0000] "GET /product/junior-senior-gown-cap-tassel-set-matte/ HTTP/1.1" 200 41367 "https://gradregalia242.com/product/junior-senior-gown-cap-tassel-set-matte" "Mozilla/5.0 (Linux; Android 7.0;) AppleWebKit/537.36 (HTML, like Gecko) Mobile Safari/537.36 (compatible; PetalBot;+https://webmaster.petalsearch.com/site/petalbot)"
14.190.224.23 - - [16/Jul/2026:22:26:28 +0000] "GET /product/gown-cap-tassel-honor-cord-stole-matte/?add_to_wishlist=168279 HTTP/1.1" 200 52144 "-" "Mozilla/5.0 (Windows NT 10.0; Win64; x64) AppleWebKit/537.36 (KHTML, like Gecko) Chrome/101.0.0.0 Safari/537.36"
194.39.149.53 - - [16/Jul/2026:22:26:55 +0000] "POST /wp-cron.php?doing_wp_cron=1784240815.0379989147186279296875 HTTP/1.1" 200 0 "-" "WordPress/7.0.1; https://gradregalia242.com"
43.134.100.175 - - [16/Jul/2026:22:26:53 +0000] "GET /product-category/grad-decor/gift-wrapping-tissue/?add_to_wishlist=178535 HTTP/1.1" 200 36745 "-" "Mozilla/5.0 (iPhone; CPU iPhone OS 13_2_3 like Mac OS X) AppleWebKit/605.1.15 (KHTML, like Gecko) Version/13.0.3 Mobile/15E148 Safari/604.1"
114.119.142.125 - - [16/Jul/2026:22:27:08 +0000] "GET /product/gown-cap-tassel-honor-cord-shiny HTTP/1.1" 301 0 "https://gradregalia242.com/product/gown-cap-tassel-honor-cord-matte" "Mozilla/5.0 (Linux; Android 7.0;) AppleWebKit/537.36 (HTML, like Gecko) Mobile Safari/537.36 (compatible; PetalBot;+https://webmaster.petalsearch.com/site/petalbot)"
185.191.171.10 - - [16/Jul/2026:22:27:09 +0000] "GET /product/platinum-grad-package-gown-cap-tassel-diploma-cover-stole-honor-cord-gift-set-copy/ HTTP/1.1" 200 49542 "-" "Mozilla/5.0 (compatible; SemrushBot/7~bl; +http://www.semrush.com/bot.html)"
114.119.142.125 - - [16/Jul/2026:22:27:10 +0000] "GET /product/gown-cap-tassel-honor-cord-shiny/ HTTP/1.1" 200 41180 "https://gradregalia242.com/product/gown-cap-tassel-honor-cord-matte" "Mozilla/5.0 (Linux; Android 7.0;) AppleWebKit/537.36 (HTML, like Gecko) Mobile Safari/537.36 (compatible; PetalBot;+https://webmaster.petalsearch.com/site/petalbot)"
194.39.149.53 - - [16/Jul/2026:22:27:33 +0000] "POST /wp-cron.php?doing_wp_cron=1784240853.6322131156921386718750 HTTP/1.1" 200 0 "-" "WordPress/7.0.1; https://gradregalia242.com"
14.178.242.185 - - [16/Jul/2026:22:27:32 +0000] "GET /product-category/stoles-sashes-2/?add_to_wishlist=13502 HTTP/1.1" 200 42962 "-" "Mozilla/5.0 (Windows NT 6.1; WOW64) AppleWebKit/537.36 (KHTML, like Gecko) Chrome/66.0.3359.47 Safari/537.36"
194.39.149.53 - - [16/Jul/2026:22:28:33 +0000] "POST /wp-cron.php?doing_wp_cron=1784240913.0915939807891845703125 HTTP/1.1" 200 0 "-" "WordPress/7.0.1; https://gradregalia242.com"
