151.246.208.95 - - [16/Jul/2026:21:05:18 +0000] "POST /?wc-ajax=get_wishlist_fragments&elementor_page_id=6596 HTTP/2" 200 0 "https://angelsurchins.co.uk/blog/" "Mozilla/5.0 (Linux; Android 5.0; SM-G900P Build/LRX21T) AppleWebKit/537.36 (KHTML, like Gecko) Chrome/46.0.6141.1547 Mobile Safari/537.36"
151.246.208.95 - - [16/Jul/2026:21:05:18 +0000] "POST /?wc-ajax=get_refreshed_fragments&elementor_page_id=6596 HTTP/2" 200 0 "https://angelsurchins.co.uk/blog/" "Mozilla/5.0 (Linux; Android 5.0; SM-G900P Build/LRX21T) AppleWebKit/537.36 (KHTML, like Gecko) Chrome/46.0.6141.1547 Mobile Safari/537.36"
151.246.208.95 - - [16/Jul/2026:21:05:17 +0000] "POST /?wc-ajax=get_compare_fragments&elementor_page_id=6596 HTTP/2" 200 0 "https://angelsurchins.co.uk/blog/" "Mozilla/5.0 (Linux; Android 5.0; SM-G900P Build/LRX21T) AppleWebKit/537.36 (KHTML, like Gecko) Chrome/46.0.6141.1547 Mobile Safari/537.36"
194.39.149.53 - - [16/Jul/2026:21:06:40 +0000] "POST /wp-cron.php?doing_wp_cron=1784236000.3672780990600585937500 HTTP/1.1" 200 0 "-" "WordPress/6.9.4; https://angelsurchins.co.uk"
185.223.152.95 - - [16/Jul/2026:21:06:37 +0000] "POST /wp-login.php HTTP/1.1" 401 1503 "-" "Mozilla/5.0 (iPhone; CPU iPhone OS 16_6 like Mac OS X) AppleWebKit/605.1.15 (KHTML, like Gecko) EdgiOS/123.0.2420.90 Version/16.0 Mobile/15E148 Safari/604.1"
194.39.149.53 - - [16/Jul/2026:21:06:42 +0000] "POST /wp-admin/admin-ajax.php HTTP/1.1" 200 0 "-" "WordPress/6.9.4; https://angelsurchins.co.uk"
194.39.149.53 - - [16/Jul/2026:21:07:42 +0000] "POST /wp-cron.php?doing_wp_cron=1784236062.3871350288391113281250 HTTP/1.1" 200 0 "-" "WordPress/6.9.4; https://angelsurchins.co.uk"
118.179.115.133 - - [16/Jul/2026:21:07:40 +0000] "GET /product/baby-lamb-print/?add-to-wishlist=11916 HTTP/1.1" 200 37826 "-" "Mozilla/5.0 (Windows NT 6.1; WOW64) AppleWebKit/537.36 (KHTML, like Gecko) Chrome/89.0.4389.116 Safari/537.36"
194.39.149.53 - - [16/Jul/2026:21:08:59 +0000] "POST /wp-cron.php?doing_wp_cron=1784236139.8714950084686279296875 HTTP/1.1" 200 0 "-" "WordPress/6.9.4; https://angelsurchins.co.uk"
185.146.112.172 - - [16/Jul/2026:21:08:53 +0000] "GET /product/hammered-brass-dresser/?add-to-wishlist=11422 HTTP/1.1" 200 37869 "-" "Mozilla/5.0 (Macintosh; Intel Mac OS X 10_15_2) AppleWebKit/537.36 (KHTML, like Gecko) Brave Chrome/79.0.3945.130 Safari/537.36"
194.39.149.53 - - [16/Jul/2026:21:09:05 +0000] "POST /wp-admin/admin-ajax.php HTTP/1.1" 200 0 "-" "WordPress/6.9.4; https://angelsurchins.co.uk"
194.39.149.53 - - [16/Jul/2026:21:09:41 +0000] "POST /wp-cron.php?doing_wp_cron=1784236180.9049329757690429687500 HTTP/1.1" 200 0 "-" "WordPress/6.9.4; https://angelsurchins.co.uk"
46.149.79.64 - - [16/Jul/2026:21:09:37 +0000] "GET / HTTP/1.0" 200 264443 "https://angelsurchins.co.uk/" "Mozilla/5.0 (Windows NT 6.1) AppleWebKit/537.36 (KHTML, like Gecko) Chrome/103.0.5060.114 Safari/537.36"
46.149.79.64 - - [16/Jul/2026:21:09:43 +0000] "GET /blog/ HTTP/1.0" 200 118240 "https://angelsurchins.co.uk/blog/" "Mozilla/5.0 (Windows NT 6.1) AppleWebKit/537.36 (KHTML, like Gecko) Chrome/103.0.5060.114 Safari/537.36"
46.149.79.64 - - [16/Jul/2026:21:09:47 +0000] "GET /contact-us/ HTTP/1.0" 200 132185 "https://angelsurchins.co.uk/contact-us/" "Mozilla/5.0 (Windows NT 6.1) AppleWebKit/537.36 (KHTML, like Gecko) Chrome/103.0.5060.114 Safari/537.36"
46.149.79.64 - - [16/Jul/2026:21:09:55 +0000] "POST /wp-json/contact-form-7/v1/contact-forms/598/feedback HTTP/1.0" 200 309 "https://angelsurchins.co.uk/contact-us/" "Mozilla/5.0 (Windows NT 6.1) AppleWebKit/537.36 (KHTML, like Gecko) Chrome/103.0.5060.114 Safari/537.36"
81.79.24.117 - - [16/Jul/2026:21:10:16 +0000] "GET /wp-content/uploads/2024/11/named-bird-wall-sticker_-scaled.jpg HTTP/2" 200 108425 "https://angelsurchins.co.uk/product/named-bird-wall-sticker/" "Mozilla/5.0 (Macintosh; U; Intel Mac OS X 10_5_8; en-US) AppleWebKit/532.2 (KHTML, like Gecko) Chrome/4.0.221.8 Safari/532.2"
194.39.149.53 - - [16/Jul/2026:21:12:15 +0000] "POST /wp-cron.php?doing_wp_cron=1784236335.6505479812622070312500 HTTP/1.1" 200 0 "-" "WordPress/6.9.4; https://angelsurchins.co.uk"
89.238.73.161 - - [16/Jul/2026:21:12:13 +0000] "GET /wp-login.php HTTP/2" 200 2454 "-" "Mozilla/5.0 (iPhone; CPU iPhone OS 18_0 like Mac OS X) AppleWebKit/605.1.15 (KHTML, like Gecko) CriOS/144.0.6917.0 Mobile/15E148 Safari/604.1"
160.187.68.214 - - [16/Jul/2026:21:12:15 +0000] "GET /wp-login.php HTTP/2" 200 2457 "-" "Mozilla/5.0 (Windows NT 10.0; Win64; x64) AppleWebKit/537.36 (KHTML, like Gecko) Chrome/149.0.0.0 Safari/537.36"
89.238.73.161 - - [16/Jul/2026:21:12:16 +0000] "POST /wp-login.php HTTP/2" 401 1291 "https://angelsurchins.co.uk/wp-login.php" "Mozilla/5.0 (iPhone; CPU iPhone OS 18_0 like Mac OS X) AppleWebKit/605.1.15 (KHTML, like Gecko) CriOS/144.0.6917.0 Mobile/15E148 Safari/604.1"
194.39.149.53 - - [16/Jul/2026:21:12:19 +0000] "POST /wp-admin/admin-ajax.php HTTP/1.1" 200 0 "-" "WordPress/6.9.4; https://angelsurchins.co.uk"
160.187.68.214 - - [16/Jul/2026:21:12:20 +0000] "POST /wp-login.php HTTP/2" 401 1288 "https://angelsurchins.co.uk/wp-login.php" "Mozilla/5.0 (Windows NT 10.0; Win64; x64) AppleWebKit/537.36 (KHTML, like Gecko) Chrome/149.0.0.0 Safari/537.36"
103.138.244.247 - - [16/Jul/2026:21:12:25 +0000] "GET /wp-login.php HTTP/2" 200 0 "-" "Mozilla/5.0 (X11; Linux x86_64) AppleWebKit/537.36 (KHTML, like Gecko) Chrome/144.0.0.0 Safari/537.36"
194.39.149.53 - - [16/Jul/2026:21:14:49 +0000] "POST /wp-admin/admin-ajax.php HTTP/1.1" 200 0 "-" "WordPress/6.9.4; https://angelsurchins.co.uk"
52.167.144.147 - - [16/Jul/2026:21:14:53 +0000] "GET /product/starry-night-wallpaper/ HTTP/2" 200 32613 "-" "Mozilla/5.0 AppleWebKit/537.36 (KHTML, like Gecko; compatible; bingbot/2.0; +http://www.bing.com/bingbot.htm) Chrome/116.0.1938.76 Safari/537.36"
20.63.63.128 - - [16/Jul/2026:21:15:08 +0000] "GET /wp-content/plugins/hellopress/wp_filemanager.php HTTP/1.1" 401 36 "-" "-"
20.63.63.128 - - [16/Jul/2026:21:15:08 +0000] "GET /this_is_a_new_hello_world.php HTTP/1.1" 401 36 "-" "-"
20.63.63.128 - - [16/Jul/2026:21:15:08 +0000] "GET /wp-der.php HTTP/1.1" 401 36 "-" "-"
20.63.63.128 - - [16/Jul/2026:21:15:09 +0000] "GET /wp-slss.php HTTP/1.1" 401 36 "-" "-"
20.63.63.128 - - [16/Jul/2026:21:15:09 +0000] "GET /min.php HTTP/1.1" 401 36 "-" "-"
20.63.63.128 - - [16/Jul/2026:21:15:09 +0000] "GET /wp-thi.php HTTP/1.1" 401 36 "-" "-"
20.63.63.128 - - [16/Jul/2026:21:15:09 +0000] "GET /noe.php HTTP/1.1" 401 36 "-" "-"
20.63.63.128 - - [16/Jul/2026:21:15:09 +0000] "GET /wp-file.php HTTP/1.1" 401 36 "-" "-"
20.63.63.128 - - [16/Jul/2026:21:15:09 +0000] "GET /edit-tags.php HTTP/1.1" 401 36 "-" "-"
20.63.63.128 - - [16/Jul/2026:21:15:09 +0000] "GET /wp-b0rk5oy.php HTTP/1.1" 401 36 "-" "-"
20.63.63.128 - - [16/Jul/2026:21:15:09 +0000] "GET /bless24.php HTTP/1.1" 401 36 "-" "-"
20.63.63.128 - - [16/Jul/2026:21:15:10 +0000] "GET /punah.php HTTP/1.1" 401 36 "-" "-"
20.63.63.128 - - [16/Jul/2026:21:15:10 +0000] "GET /min.php HTTP/1.1" 401 36 "-" "-"
20.63.63.128 - - [16/Jul/2026:21:15:10 +0000] "GET /dass.php HTTP/1.1" 401 36 "-" "-"
20.63.63.128 - - [16/Jul/2026:21:15:10 +0000] "GET /wander.php HTTP/1.1" 401 36 "-" "-"
20.63.63.128 - - [16/Jul/2026:21:15:10 +0000] "GET /cc13.php HTTP/1.1" 401 36 "-" "-"
20.63.63.128 - - [16/Jul/2026:21:15:10 +0000] "GET /des.php HTTP/1.1" 401 36 "-" "-"
20.63.63.128 - - [16/Jul/2026:21:15:10 +0000] "GET /avcqlevnbk.php HTTP/1.1" 401 36 "-" "-"
20.63.63.128 - - [16/Jul/2026:21:15:10 +0000] "GET /wp-ppoxua4.php HTTP/1.1" 401 36 "-" "-"
20.63.63.128 - - [16/Jul/2026:21:15:10 +0000] "GET /drykl.php HTTP/1.1" 401 36 "-" "-"
20.63.63.128 - - [16/Jul/2026:21:15:11 +0000] "GET /f35.php HTTP/1.1" 401 36 "-" "-"
20.63.63.128 - - [16/Jul/2026:21:15:11 +0000] "GET /wp-link-szoppm.php HTTP/1.1" 401 36 "-" "-"
20.63.63.128 - - [16/Jul/2026:21:15:11 +0000] "GET /x.php HTTP/1.1" 401 36 "-" "-"
20.63.63.128 - - [16/Jul/2026:21:15:11 +0000] "GET /xa.php HTTP/1.1" 401 36 "-" "-"
20.63.63.128 - - [16/Jul/2026:21:15:11 +0000] "GET /ms-edit.php HTTP/1.1" 401 36 "-" "-"
20.63.63.128 - - [16/Jul/2026:21:15:11 +0000] "GET /as.php HTTP/1.1" 401 36 "-" "-"
20.63.63.128 - - [16/Jul/2026:21:15:11 +0000] "GET /wen.php HTTP/1.1" 401 36 "-" "-"
20.63.63.128 - - [16/Jul/2026:21:15:11 +0000] "GET /dex.php HTTP/1.1" 401 36 "-" "-"
20.63.63.128 - - [16/Jul/2026:21:15:12 +0000] "GET /f.php HTTP/1.1" 401 36 "-" "-"
20.63.63.128 - - [16/Jul/2026:21:15:12 +0000] "GET /333.php HTTP/1.1" 401 36 "-" "-"
20.63.63.128 - - [16/Jul/2026:21:15:12 +0000] "GET /a4.php HTTP/1.1" 401 36 "-" "-"
20.63.63.128 - - [16/Jul/2026:21:15:12 +0000] "GET /wp-the.php HTTP/1.1" 401 36 "-" "-"
20.63.63.128 - - [16/Jul/2026:21:15:12 +0000] "GET /classwithtostring.php HTTP/1.1" 401 36 "-" "-"
20.63.63.128 - - [16/Jul/2026:21:15:12 +0000] "GET /fun.php HTTP/1.1" 401 36 "-" "-"
20.63.63.128 - - [16/Jul/2026:21:15:12 +0000] "GET /wp-content/languages/index.php HTTP/1.1" 401 36 "-" "-"
20.63.63.128 - - [16/Jul/2026:21:15:12 +0000] "GET /file.php HTTP/1.1" 401 36 "-" "-"
20.63.63.128 - - [16/Jul/2026:21:15:12 +0000] "GET /pass4.php HTTP/1.1" 401 36 "-" "-"
20.63.63.128 - - [16/Jul/2026:21:15:13 +0000] "GET /666.php HTTP/1.1" 401 36 "-" "-"
20.63.63.128 - - [16/Jul/2026:21:15:13 +0000] "GET /wp-access.php HTTP/1.1" 401 36 "-" "-"
20.63.63.128 - - [16/Jul/2026:21:15:13 +0000] "GET /jj.php HTTP/1.1" 401 36 "-" "-"
20.63.63.128 - - [16/Jul/2026:21:15:13 +0000] "GET /wp-x7.php HTTP/1.1" 401 36 "-" "-"
20.63.63.128 - - [16/Jul/2026:21:15:13 +0000] "GET /wpxml.php HTTP/1.1" 401 36 "-" "-"
20.63.63.128 - - [16/Jul/2026:21:15:13 +0000] "GET /inputs.php HTTP/1.1" 401 36 "-" "-"
20.63.63.128 - - [16/Jul/2026:21:15:13 +0000] "GET /file4.php HTTP/1.1" 401 36 "-" "-"
20.63.63.128 - - [16/Jul/2026:21:15:13 +0000] "GET /wp-firewall.php HTTP/1.1" 401 36 "-" "-"
20.63.63.128 - - [16/Jul/2026:21:15:13 +0000] "GET /data.php HTTP/1.1" 401 36 "-" "-"
20.63.63.128 - - [16/Jul/2026:21:15:13 +0000] "GET /wp-wpbak.php HTTP/1.1" 401 36 "-" "-"
20.63.63.128 - - [16/Jul/2026:21:15:14 +0000] "GET /002.php HTTP/1.1" 401 36 "-" "-"
20.63.63.128 - - [16/Jul/2026:21:15:14 +0000] "GET /class-t.api.php HTTP/1.1" 401 36 "-" "-"
20.63.63.128 - - [16/Jul/2026:21:15:14 +0000] "GET /file5.php HTTP/1.1" 401 36 "-" "-"
20.63.63.128 - - [16/Jul/2026:21:15:14 +0000] "GET /cache.php HTTP/1.1" 401 36 "-" "-"
20.63.63.128 - - [16/Jul/2026:21:15:14 +0000] "GET /error.php HTTP/1.1" 401 36 "-" "-"
20.63.63.128 - - [16/Jul/2026:21:15:14 +0000] "GET /wp-content/themes/about.php HTTP/1.1" 401 36 "-" "-"
20.63.63.128 - - [16/Jul/2026:21:15:14 +0000] "GET /wp-conflg.php HTTP/1.1" 401 36 "-" "-"
20.63.63.128 - - [16/Jul/2026:21:15:14 +0000] "GET /f35.php HTTP/1.1" 401 36 "-" "-"
20.63.63.128 - - [16/Jul/2026:21:15:14 +0000] "GET /plugins.php HTTP/1.1" 401 36 "-" "-"
20.63.63.128 - - [16/Jul/2026:21:15:15 +0000] "GET /wp-signup.php HTTP/1.1" 401 36 "-" "-"
20.63.63.128 - - [16/Jul/2026:21:15:15 +0000] "GET /la.php HTTP/1.1" 401 36 "-" "-"
20.63.63.128 - - [16/Jul/2026:21:15:15 +0000] "GET /yas.php HTTP/1.1" 401 36 "-" "-"
20.63.63.128 - - [16/Jul/2026:21:15:15 +0000] "GET /system.php HTTP/1.1" 401 36 "-" "-"
20.63.63.128 - - [16/Jul/2026:21:15:15 +0000] "GET /wp-fileesx-449.php HTTP/1.1" 401 36 "-" "-"
20.63.63.128 - - [16/Jul/2026:21:15:15 +0000] "GET /wp-good.php HTTP/1.1" 401 36 "-" "-"
20.63.63.128 - - [16/Jul/2026:21:15:15 +0000] "GET /shx.php HTTP/1.1" 401 36 "-" "-"
20.63.63.128 - - [16/Jul/2026:21:15:15 +0000] "GET /dropdown.php HTTP/1.1" 401 36 "-" "-"
20.63.63.128 - - [16/Jul/2026:21:15:15 +0000] "GET /revealability.php HTTP/1.1" 401 36 "-" "-"
20.63.63.128 - - [16/Jul/2026:21:15:15 +0000] "GET /wp.php HTTP/1.1" 401 36 "-" "-"
20.63.63.128 - - [16/Jul/2026:21:15:16 +0000] "GET /wp-wz.php HTTP/1.1" 401 36 "-" "-"
20.63.63.128 - - [16/Jul/2026:21:15:16 +0000] "GET /06.php HTTP/1.1" 401 36 "-" "-"
20.63.63.128 - - [16/Jul/2026:21:15:16 +0000] "GET /chomu.php HTTP/1.1" 401 36 "-" "-"
20.63.63.128 - - [16/Jul/2026:21:15:16 +0000] "GET /ff.php HTTP/1.1" 401 36 "-" "-"
20.63.63.128 - - [16/Jul/2026:21:15:16 +0000] "GET /xex.php HTTP/1.1" 401 36 "-" "-"
20.63.63.128 - - [16/Jul/2026:21:15:16 +0000] "GET /wp-sing.php HTTP/1.1" 401 36 "-" "-"
20.63.63.128 - - [16/Jul/2026:21:15:16 +0000] "GET /txets.php HTTP/1.1" 401 36 "-" "-"
20.63.63.128 - - [16/Jul/2026:21:15:16 +0000] "GET /xml.php HTTP/1.1" 401 36 "-" "-"
20.63.63.128 - - [16/Jul/2026:21:15:16 +0000] "GET /bgymj.php HTTP/1.1" 401 36 "-" "-"
20.63.63.128 - - [16/Jul/2026:21:15:17 +0000] "GET /t.php HTTP/1.1" 401 36 "-" "-"
20.63.63.128 - - [16/Jul/2026:21:15:17 +0000] "GET /wp.php HTTP/1.1" 401 36 "-" "-"
20.63.63.128 - - [16/Jul/2026:21:15:17 +0000] "GET /mini.php HTTP/1.1" 401 36 "-" "-"
20.63.63.128 - - [16/Jul/2026:21:15:17 +0000] "GET /19.php HTTP/1.1" 401 36 "-" "-"
20.63.63.128 - - [16/Jul/2026:21:15:17 +0000] "GET /db.php HTTP/1.1" 401 36 "-" "-"
20.63.63.128 - - [16/Jul/2026:21:15:17 +0000] "GET /wmore1.php HTTP/1.1" 401 36 "-" "-"
20.63.63.128 - - [16/Jul/2026:21:15:17 +0000] "GET /amax.php HTTP/1.1" 401 36 "-" "-"
20.63.63.128 - - [16/Jul/2026:21:15:17 +0000] "GET /wp-admin/index.php HTTP/1.1" 401 36 "-" "-"
20.63.63.128 - - [16/Jul/2026:21:15:17 +0000] "GET /b.php HTTP/1.1" 401 36 "-" "-"
20.63.63.128 - - [16/Jul/2026:21:15:18 +0000] "GET /8.php HTTP/1.1" 401 36 "-" "-"
20.63.63.128 - - [16/Jul/2026:21:15:18 +0000] "GET /wp-is.php HTTP/1.1" 401 36 "-" "-"
20.63.63.128 - - [16/Jul/2026:21:15:18 +0000] "GET /yanz.php HTTP/1.1" 401 36 "-" "-"
20.63.63.128 - - [16/Jul/2026:21:15:18 +0000] "GET /term.php HTTP/1.1" 401 36 "-" "-"
20.63.63.128 - - [16/Jul/2026:21:15:18 +0000] "GET /wp-block.php HTTP/1.1" 401 36 "-" "-"
20.63.63.128 - - [16/Jul/2026:21:15:18 +0000] "GET /file88.php HTTP/1.1" 401 36 "-" "-"
20.63.63.128 - - [16/Jul/2026:21:15:18 +0000] "GET /wp-content/uploads/admin.php HTTP/1.1" 401 36 "-" "-"
20.63.63.128 - - [16/Jul/2026:21:15:18 +0000] "GET /sid3.php HTTP/1.1" 401 36 "-" "-"
20.63.63.128 - - [16/Jul/2026:21:15:18 +0000] "GET /wp-blink.php HTTP/1.1" 401 36 "-" "-"
20.63.63.128 - - [16/Jul/2026:21:15:18 +0000] "GET /i.php HTTP/1.1" 401 36 "-" "-"
20.63.63.128 - - [16/Jul/2026:21:15:19 +0000] "GET /wp-admin/zoko.php HTTP/1.1" 401 36 "-" "-"
20.63.63.128 - - [16/Jul/2026:21:15:19 +0000] "GET /wp-tivate.php HTTP/1.1" 401 36 "-" "-"
20.63.63.128 - - [16/Jul/2026:21:15:19 +0000] "GET /shell.php HTTP/1.1" 401 36 "-" "-"
20.63.63.128 - - [16/Jul/2026:21:15:19 +0000] "GET /new.php HTTP/1.1" 401 36 "-" "-"
20.63.63.128 - - [16/Jul/2026:21:15:19 +0000] "GET /lp6.php HTTP/1.1" 401 36 "-" "-"
20.63.63.128 - - [16/Jul/2026:21:15:19 +0000] "GET /dex.php HTTP/1.1" 401 36 "-" "-"
20.63.63.128 - - [16/Jul/2026:21:15:19 +0000] "GET /wp-term.php HTTP/1.1" 401 36 "-" "-"
20.63.63.128 - - [16/Jul/2026:21:15:19 +0000] "GET /wp-xx.php HTTP/1.1" 401 36 "-" "-"
20.63.63.128 - - [16/Jul/2026:21:15:19 +0000] "GET /cilus.php HTTP/1.1" 401 36 "-" "-"
20.63.63.128 - - [16/Jul/2026:21:15:20 +0000] "GET /ccou.php HTTP/1.1" 401 36 "-" "-"
20.63.63.128 - - [16/Jul/2026:21:15:20 +0000] "GET /edit.php HTTP/1.1" 401 36 "-" "-"
20.63.63.128 - - [16/Jul/2026:21:15:20 +0000] "GET /shell20211028.php HTTP/1.1" 401 36 "-" "-"
20.63.63.128 - - [16/Jul/2026:21:15:20 +0000] "GET /ccc.php HTTP/1.1" 401 36 "-" "-"
20.63.63.128 - - [16/Jul/2026:21:15:20 +0000] "GET /wp-links-opml.php HTTP/1.1" 401 36 "-" "-"
20.63.63.128 - - [16/Jul/2026:21:15:20 +0000] "GET /atkno.php HTTP/1.1" 401 36 "-" "-"
20.63.63.128 - - [16/Jul/2026:21:15:20 +0000] "GET /1.php HTTP/1.1" 401 36 "-" "-"
20.63.63.128 - - [16/Jul/2026:21:15:20 +0000] "GET /sql.php HTTP/1.1" 401 36 "-" "-"
20.63.63.128 - - [16/Jul/2026:21:15:20 +0000] "GET /xxx.php HTTP/1.1" 401 36 "-" "-"
20.63.63.128 - - [16/Jul/2026:21:15:20 +0000] "GET /shell.php HTTP/1.1" 401 36 "-" "-"
20.63.63.128 - - [16/Jul/2026:21:15:21 +0000] "GET /r.php HTTP/1.1" 401 36 "-" "-"
20.63.63.128 - - [16/Jul/2026:21:15:21 +0000] "GET /wso.php HTTP/1.1" 401 36 "-" "-"
20.63.63.128 - - [16/Jul/2026:21:15:21 +0000] "GET /wp-ws68.php HTTP/1.1" 401 36 "-" "-"
20.63.63.128 - - [16/Jul/2026:21:15:21 +0000] "GET /x.php HTTP/1.1" 401 36 "-" "-"
20.63.63.128 - - [16/Jul/2026:21:15:21 +0000] "GET /v2.php HTTP/1.1" 401 36 "-" "-"
20.63.63.128 - - [16/Jul/2026:21:15:21 +0000] "GET /atomlib.php HTTP/1.1" 401 36 "-" "-"
20.63.63.128 - - [16/Jul/2026:21:15:21 +0000] "GET /wp-ver.php HTTP/1.1" 401 36 "-" "-"
20.63.63.128 - - [16/Jul/2026:21:15:21 +0000] "GET /z.php HTTP/1.1" 401 36 "-" "-"
20.63.63.128 - - [16/Jul/2026:21:15:21 +0000] "GET /thoms.php HTTP/1.1" 401 36 "-" "-"
20.63.63.128 - - [16/Jul/2026:21:15:22 +0000] "GET /bthil.php HTTP/1.1" 401 36 "-" "-"
20.63.63.128 - - [16/Jul/2026:21:15:22 +0000] "GET /crgio.php HTTP/1.1" 401 36 "-" "-"
20.63.63.128 - - [16/Jul/2026:21:15:22 +0000] "GET /file11.php HTTP/1.1" 401 36 "-" "-"
216.73.163.116 - - [16/Jul/2026:21:15:23 +0000] "POST /wp-login.php HTTP/1.1" 401 1503 "-" "edge|Mozilla/5.0 (Windows; U; Windows NT 10.3; WOW64; en-US) AppleWebKit/537.49 (KHTML, like Gecko) Chrome/47.0.3461.144 Safari/601.3 Edge/14.55071"
14.242.157.197 - - [16/Jul/2026:21:15:33 +0000] "GET /product/pink-clouds-wallpaper/?add-to-wishlist=11849 HTTP/1.1" 200 38826 "-" "Mozilla/5.0 (Windows NT 6.1) AppleWebKit/537.36 (KHTML, like Gecko) Chrome/85.0.4183.83 Safari/537.36"
194.39.149.53 - - [16/Jul/2026:21:18:12 +0000] "POST /wp-cron.php?doing_wp_cron=1784236692.3125000000000000000000 HTTP/1.1" 200 0 "-" "WordPress/6.9.4; https://angelsurchins.co.uk"
82.213.58.203 - - [16/Jul/2026:21:18:10 +0000] "GET /product/carousel-bed/?add-to-wishlist=11766 HTTP/1.1" 200 39074 "-" "Mozilla/5.0 (Windows NT 10.0) AppleWebKit/537.36 (KHTML, like Gecko) Chrome/72.0.3626.92 Safari/537.36"
194.39.149.53 - - [16/Jul/2026:21:18:13 +0000] "POST /wp-admin/admin-ajax.php HTTP/1.1" 200 0 "-" "WordPress/6.9.4; https://angelsurchins.co.uk"
194.39.149.53 - - [16/Jul/2026:21:19:48 +0000] "POST /wp-cron.php?doing_wp_cron=1784236788.5903279781341552734375 HTTP/1.1" 200 0 "-" "WordPress/6.9.4; https://angelsurchins.co.uk"
123.28.40.46 - - [16/Jul/2026:21:19:46 +0000] "GET /shop/page/4/?add-to-wishlist=11726 HTTP/1.1" 200 39522 "-" "Mozilla/5.0 (Windows NT 6.1; Win64; x64) AppleWebKit/537.36 (KHTML, like Gecko) Chrome/81.0.4044.122 Safari/537.36"
194.39.149.53 - - [16/Jul/2026:21:22:10 +0000] "POST /wp-cron.php?doing_wp_cron=1784236930.0581030845642089843750 HTTP/1.1" 200 0 "-" "WordPress/6.9.4; https://angelsurchins.co.uk"
14.171.249.32 - - [16/Jul/2026:21:22:07 +0000] "GET /product/crystal-large-french-chandelier/ HTTP/1.1" 200 38275 "-" "Mozilla/5.0 (Windows NT 10.0; Win64; x64) AppleWebKit/537.36 (KHTML, like Gecko) Chrome/89.0.4389.82 Safari/537.36"
194.39.149.53 - - [16/Jul/2026:21:22:12 +0000] "POST /wp-admin/admin-ajax.php HTTP/1.1" 200 0 "-" "WordPress/6.9.4; https://angelsurchins.co.uk"
161.248.188.39 - - [16/Jul/2026:21:22:27 +0000] "GET /wp-login.php HTTP/2" 200 2453 "-" "Mozilla/5.0 (iPhone; CPU iPhone OS 26_4_2 like Mac OS X) AppleWebKit/605.1.15 (KHTML, like Gecko) CriOS/148.0.7778.47 Mobile/15E148 Safari/604.1"
8.217.108.67 - - [16/Jul/2026:21:22:28 +0000] "GET /wp-login.php HTTP/2" 200 2453 "-" "Mozilla/5.0 (Macintosh; Intel Mac OS X 10_15_7) AppleWebKit/537.36 (KHTML, like Gecko) Chrome/147.0.0.0 Safari/537.36"
161.248.188.39 - - [16/Jul/2026:21:22:30 +0000] "POST /wp-login.php HTTP/2" 401 1289 "https://angelsurchins.co.uk/wp-login.php" "Mozilla/5.0 (iPhone; CPU iPhone OS 26_4_2 like Mac OS X) AppleWebKit/605.1.15 (KHTML, like Gecko) CriOS/148.0.7778.47 Mobile/15E148 Safari/604.1"
8.217.108.67 - - [16/Jul/2026:21:22:34 +0000] "POST /wp-login.php HTTP/2" 401 1289 "https://angelsurchins.co.uk/wp-login.php" "Mozilla/5.0 (Macintosh; Intel Mac OS X 10_15_7) AppleWebKit/537.36 (KHTML, like Gecko) Chrome/147.0.0.0 Safari/537.36"
194.39.149.53 - - [16/Jul/2026:21:25:16 +0000] "POST /wp-cron.php?doing_wp_cron=1784237116.4741110801696777343750 HTTP/1.1" 200 0 "-" "WordPress/6.9.4; https://angelsurchins.co.uk"
38.252.153.216 - - [16/Jul/2026:21:25:14 +0000] "GET /product/unicorn-toybox/?add-to-wishlist=11685 HTTP/1.1" 200 37646 "-" "Mozilla/5.0 (Macintosh; Intel Mac OS X 10_11_6) AppleWebKit/537.36 (KHTML, like Gecko) Brave Chrome/86.0.4240.75 Safari/537.36"
194.39.149.53 - - [16/Jul/2026:21:25:18 +0000] "POST /wp-admin/admin-ajax.php HTTP/1.1" 200 0 "-" "WordPress/6.9.4; https://angelsurchins.co.uk"
194.39.149.53 - - [16/Jul/2026:21:25:40 +0000] "POST /wp-cron.php?doing_wp_cron=1784237140.4966049194335937500000 HTTP/1.1" 200 0 "-" "WordPress/6.9.4; https://angelsurchins.co.uk"
185.223.152.96 - - [16/Jul/2026:21:25:38 +0000] "POST /wp-login.php HTTP/1.1" 401 1501 "-" "mac|Mozilla/5.0 (Macintosh; U; Intel Mac OS X 10_6_2; en-US) AppleWebKit/602.40 (KHTML, like Gecko) Chrome/51.0.2972.274 Safari/600"
160.250.255.60 - - [16/Jul/2026:21:25:58 +0000] "GET /product/baby-calf-print/?add-to-wishlist=11892 HTTP/1.1" 200 37801 "-" "Mozilla/5.0 (Macintosh; Intel Mac OS X 10_11_6) AppleWebKit/537.36 (KHTML, like Gecko) Chrome/93.0.4577.82 Safari/537.36"
181.62.192.76 - - [16/Jul/2026:21:26:17 +0000] "GET /product-category/accesories/wallpaper/page/4/?add-to-wishlist=12002 HTTP/1.1" 200 34051 "-" "Mozilla/5.0 (Windows NT 10.0; Win64; x64) AppleWebKit/537.36 (KHTML, like Gecko) Chrome/101.0.0.0 Safari/537.36"
194.39.149.53 - - [16/Jul/2026:21:28:55 +0000] "POST /wp-cron.php?doing_wp_cron=1784237335.8652570247650146484375 HTTP/1.1" 200 0 "-" "WordPress/6.9.4; https://angelsurchins.co.uk"
190.55.112.60 - - [16/Jul/2026:21:28:54 +0000] "GET /product/hand-painted-flowers/?add-to-wishlist=12115 HTTP/1.1" 200 37821 "-" "Mozilla/5.0 (Windows NT 10.0; Win64; x64) AppleWebKit/537.36 (KHTML, like Gecko) Chrome/92.0.4515.107 Safari/537.36"
194.39.149.53 - - [16/Jul/2026:21:28:57 +0000] "POST /wp-admin/admin-ajax.php HTTP/1.1" 200 0 "-" "WordPress/6.9.4; https://angelsurchins.co.uk"
194.39.149.53 - - [16/Jul/2026:21:30:18 +0000] "POST /wp-cron.php?doing_wp_cron=1784237417.9114320278167724609375 HTTP/1.1" 200 0 "-" "WordPress/6.9.4; https://angelsurchins.co.uk"
46.185.169.224 - - [16/Jul/2026:21:30:16 +0000] "GET /product/forest-animals-wallpaper/?add-to-wishlist=11853 HTTP/1.1" 200 39462 "-" "Mozilla/5.0 (Windows NT 10.0; WOW64) AppleWebKit/537.36 (KHTML, like Gecko) Chrome/80.0.3987.132 Safari/537.36"
194.39.149.53 - - [16/Jul/2026:21:31:30 +0000] "POST /wp-cron.php?doing_wp_cron=1784237490.6226511001586914062500 HTTP/1.1" 200 0 "-" "WordPress/6.9.4; https://angelsurchins.co.uk"
143.0.222.42 - - [16/Jul/2026:21:31:29 +0000] "GET /product/reve-rocking-chair/?add-to-wishlist=11537 HTTP/1.1" 200 37688 "-" "Mozilla/5.0 (Windows NT 6.1; ) AppleWebKit/537.36 (KHTML, like Gecko) Chrome/81.0.4044.113 Safari/537.36"
194.39.149.53 - - [16/Jul/2026:21:31:32 +0000] "POST /wp-admin/admin-ajax.php HTTP/1.1" 200 0 "-" "WordPress/6.9.4; https://angelsurchins.co.uk"
194.39.149.53 - - [16/Jul/2026:21:31:42 +0000] "POST /wp-cron.php?doing_wp_cron=1784237502.0154891014099121093750 HTTP/1.1" 200 0 "-" "WordPress/6.9.4; https://angelsurchins.co.uk"
157.55.39.49 - - [16/Jul/2026:21:31:39 +0000] "GET /?post_type=product&product_cat=0&s= HTTP/2" 200 31163 "-" "Mozilla/5.0 AppleWebKit/537.36 (KHTML, like Gecko; compatible; bingbot/2.0; +http://www.bing.com/bingbot.htm) Chrome/116.0.1938.76 Safari/537.36"
194.39.149.53 - - [16/Jul/2026:21:32:47 +0000] "POST /wp-cron.php?doing_wp_cron=1784237567.8823690414428710937500 HTTP/1.1" 200 0 "-" "WordPress/6.9.4; https://angelsurchins.co.uk"
38.17.15.232 - - [16/Jul/2026:21:32:45 +0000] "GET /product/florentine-double-bed/?add-to-wishlist=11783 HTTP/1.1" 200 37777 "-" "Mozilla/5.0 (X11; OpenBSD i386) AppleWebKit/537.36 (KHTML, like Gecko) Chrome/36.0.1985.125 Safari/537.36"
194.39.149.53 - - [16/Jul/2026:21:33:22 +0000] "POST /wp-cron.php?doing_wp_cron=1784237602.5718429088592529296875 HTTP/1.1" 200 0 "-" "WordPress/6.9.4; https://angelsurchins.co.uk"
82.165.90.101 - - [16/Jul/2026:21:33:20 +0000] "GET /wp-login.php HTTP/2" 200 2454 "-" "Mozilla/5.0 (X11; Linux x86_64; rv:148.0) Gecko/20100101 Firefox/148.0"
82.165.90.101 - - [16/Jul/2026:21:33:23 +0000] "POST /wp-login.php HTTP/2" 401 1290 "https://angelsurchins.co.uk/wp-login.php" "Mozilla/5.0 (X11; Linux x86_64; rv:148.0) Gecko/20100101 Firefox/148.0"
152.228.213.32 - - [16/Jul/2026:21:33:27 +0000] "GET /wp-login.php HTTP/2" 200 2453 "-" "Mozilla/5.0 (Linux; Android 10; K) AppleWebKit/537.36 (KHTML, like Gecko) Chrome/147.0.0.0 Mobile Safari/537.36"
194.164.192.228 - - [16/Jul/2026:21:33:29 +0000] "GET /wp-login.php HTTP/2" 200 2456 "-" "Mozilla/5.0 (X11; Linux x86_64) AppleWebKit/537.36 (KHTML, like Gecko) Chrome/147.0.0.0 Safari/537.36"
194.164.192.228 - - [16/Jul/2026:21:33:32 +0000] "POST /wp-login.php HTTP/2" 401 1290 "https://angelsurchins.co.uk/wp-login.php" "Mozilla/5.0 (X11; Linux x86_64) AppleWebKit/537.36 (KHTML, like Gecko) Chrome/147.0.0.0 Safari/537.36"
194.39.149.53 - - [16/Jul/2026:21:33:40 +0000] "POST /wp-cron.php?doing_wp_cron=1784237620.8152179718017578125000 HTTP/1.1" 200 0 "-" "WordPress/6.9.4; https://angelsurchins.co.uk"
37.111.207.200 - - [16/Jul/2026:21:33:39 +0000] "GET /product/vintage-plane-wallpaper/?add-to-wishlist=11863 HTTP/1.1" 200 39021 "-" "Mozilla/5.0 (Macintosh; Intel Mac OS X 10_15_4) AppleWebKit/537.36 (KHTML, like Gecko) Chrome/98.0.4758.80 Safari/537.36"
194.39.149.53 - - [16/Jul/2026:21:33:42 +0000] "POST /wp-admin/admin-ajax.php HTTP/1.1" 200 0 "-" "WordPress/6.9.4; https://angelsurchins.co.uk"
194.39.149.53 - - [16/Jul/2026:21:34:59 +0000] "POST /wp-cron.php?doing_wp_cron=1784237699.4389669895172119140625 HTTP/1.1" 200 0 "-" "WordPress/6.9.4; https://angelsurchins.co.uk"
79.117.248.166 - - [16/Jul/2026:21:34:57 +0000] "GET /shop/page/2/?add-to-wishlist=11456 HTTP/1.1" 200 39071 "-" "Mozilla/5.0 (Macintosh; Intel Mac OS X 14_4_1) AppleWebKit/537.36 (KHTML, like Gecko) Chrome/124.0.6367.207 Safari/537.36"
194.39.149.53 - - [16/Jul/2026:21:36:59 +0000] "POST /wp-cron.php?doing_wp_cron=1784237819.4201738834381103515625 HTTP/1.1" 200 0 "-" "WordPress/6.9.4; https://angelsurchins.co.uk"
41.104.108.230 - - [16/Jul/2026:21:36:57 +0000] "GET /product/princess-castle-wardrobe-seating-area/?add-to-wishlist=11463 HTTP/1.1" 200 37522 "-" "Mozilla/5.0 (Macintosh; Intel Mac OS X 10_15_2) AppleWebKit/537.36 (KHTML, like Gecko) Chrome/101.0.4951.64 Safari/537.36"
194.39.149.53 - - [16/Jul/2026:21:37:00 +0000] "POST /wp-admin/admin-ajax.php HTTP/1.1" 200 0 "-" "WordPress/6.9.4; https://angelsurchins.co.uk"
216.73.217.24 - - [16/Jul/2026:21:37:04 +0000] "GET /robots.txt HTTP/2" 200 206 "-" "Mozilla/5.0 AppleWebKit/537.36 (KHTML, like Gecko; compatible; ClaudeBot/1.0; +claudebot@anthropic.com)"
216.73.217.24 - - [16/Jul/2026:21:37:07 +0000] "GET /sitemap_index.xml HTTP/2" 200 408 "-" "Mozilla/5.0 AppleWebKit/537.36 (KHTML, like Gecko; compatible; ClaudeBot/1.0; +claudebot@anthropic.com)"
194.39.149.53 - - [16/Jul/2026:21:41:10 +0000] "POST /wp-cron.php?doing_wp_cron=1784238070.1976079940795898437500 HTTP/1.1" 200 0 "-" "WordPress/6.9.4; https://angelsurchins.co.uk"
113.175.187.90 - - [16/Jul/2026:21:41:08 +0000] "GET /product-category/baby/?add-to-wishlist=11537 HTTP/1.1" 200 39470 "-" "Mozilla/5.0 (Windows NT 6.1; WOW64) AppleWebKit/537.36 (KHTML, like Gecko) Chrome/77.0.4000.0 Iron Safari/537.36"
194.39.149.53 - - [16/Jul/2026:21:41:12 +0000] "POST /wp-admin/admin-ajax.php HTTP/1.1" 200 0 "-" "WordPress/6.9.4; https://angelsurchins.co.uk"
194.39.149.53 - - [16/Jul/2026:21:43:03 +0000] "POST /wp-cron.php?doing_wp_cron=1784238183.0680899620056152343750 HTTP/1.1" 200 0 "-" "WordPress/6.9.4; https://angelsurchins.co.uk"
85.208.96.206 - - [16/Jul/2026:21:43:01 +0000] "GET /product/deer-and-bunny-wallpaper/ HTTP/1.1" 200 38881 "-" "Mozilla/5.0 (compatible; SemrushBot/7~bl; +http://www.semrush.com/bot.html)"
194.39.149.53 - - [16/Jul/2026:21:43:47 +0000] "POST /wp-cron.php?doing_wp_cron=1784238227.1389970779418945312500 HTTP/1.1" 200 0 "-" "WordPress/6.9.4; https://angelsurchins.co.uk"
176.28.245.71 - - [16/Jul/2026:21:43:45 +0000] "GET /product/vintage-cloud-print/?add-to-wishlist=11863 HTTP/1.1" 200 38083 "-" "Mozilla/5.0 (Macintosh; Intel Mac OS X 10_15_7) AppleWebKit/537.36 (KHTML, like Gecko) Chrome/96.0.4664.110 Safari/537.36"
194.39.149.53 - - [16/Jul/2026:21:43:48 +0000] "POST /wp-admin/admin-ajax.php HTTP/1.1" 200 0 "-" "WordPress/6.9.4; https://angelsurchins.co.uk"
57.141.0.31 - - [16/Jul/2026:21:45:34 +0000] "GET /wp-content/uploads/2024/09/bb40ce_2a8973eac9894441a8804dcda1505044mv2-150x150.jpg HTTP/2" 200 4037 "-" "Mozilla/5.0 (Macintosh; Intel Mac OS X 10_15_7) AppleWebKit/537.36 (KHTML, like Gecko) Chrome/145.0.0.0 Safari/537.36 (compatible; meta-externalagent/1.1 (+https://developers.facebook.com/docs/sharing/webmasters/crawler))"
194.39.149.53 - - [16/Jul/2026:21:46:35 +0000] "POST /wp-cron.php?doing_wp_cron=1784238395.2455511093139648437500 HTTP/1.1" 200 0 "-" "WordPress/6.9.4; https://angelsurchins.co.uk"
207.248.92.227 - - [16/Jul/2026:21:46:33 +0000] "GET /product/vintage-hedgehog-print/?add-to-wishlist=11861 HTTP/1.1" 200 38031 "-" "Mozilla/5.0 (Windows NT 6.1; Win64; x64) AppleWebKit/537.36 (KHTML, like Gecko) Chrome/92.0.4515.131 Safari/537.36"
194.39.149.53 - - [16/Jul/2026:21:46:40 +0000] "POST /wp-admin/admin-ajax.php HTTP/1.1" 200 0 "-" "WordPress/6.9.4; https://angelsurchins.co.uk"
189.219.78.17 - - [16/Jul/2026:21:47:04 +0000] "GET /product/cherry-blossom-wallsticker/?add-to-wishlist=11894 HTTP/1.1" 200 38187 "-" "Mozilla/5.0 (Macintosh; Intel Mac OS X 10_12_6) AppleWebKit/537.36 (KHTML, like Gecko) Brave Chrome/89.0.4389.90 Safari/537.36"
194.39.149.53 - - [16/Jul/2026:21:48:11 +0000] "POST /wp-cron.php?doing_wp_cron=1784238490.8972880840301513671875 HTTP/1.1" 200 0 "-" "WordPress/6.9.4; https://angelsurchins.co.uk"
51.68.247.207 - - [16/Jul/2026:21:48:08 +0000] "GET /robots.txt HTTP/2" 200 206 "-" "Mozilla/5.0 (compatible; AhrefsBot/7.0; +http://ahrefs.com/robot/)"
54.39.210.120 - - [16/Jul/2026:21:48:12 +0000] "GET /product/golden-goose-base-table-lamp/ HTTP/2" 200 29376 "-" "Mozilla/5.0 (compatible; AhrefsBot/7.0; +http://ahrefs.com/robot/)"
194.39.149.53 - - [16/Jul/2026:21:48:40 +0000] "POST /wp-cron.php?doing_wp_cron=1784238520.0713078975677490234375 HTTP/1.1" 200 0 "-" "WordPress/6.9.4; https://angelsurchins.co.uk"
200.150.254.146 - - [16/Jul/2026:21:48:35 +0000] "GET /product/luna-star-wardrobe/?add-to-wishlist=11475 HTTP/1.1" 200 37992 "-" "Mozilla/5.0 (Macintosh; Intel Mac OS X 11_2_1) AppleWebKit/537.36 (KHTML, like Gecko) Brave Chrome/87.0.4280.101 Safari/537.36"
143.244.57.84 - - [16/Jul/2026:21:49:05 +0000] "GET / HTTP/1.1" 200 264442 "-" "Mozilla/5.0 (Windows NT 10.0; Win64; x64) AppleWebKit/537.36 (KHTML, like Gecko) Chrome/78.0.3904.108 Safari/537.36"
143.244.57.84 - - [16/Jul/2026:21:49:08 +0000] "GET //wp-includes/wlwmanifest.xml HTTP/1.1" 301 0 "-" "Mozilla/5.0 (Windows NT 10.0; Win64; x64) AppleWebKit/537.36 (KHTML, like Gecko) Chrome/78.0.3904.108 Safari/537.36"
143.244.57.84 - - [16/Jul/2026:21:49:10 +0000] "GET //xmlrpc.php?rsd HTTP/1.1" 403 1242 "-" "Mozilla/5.0 (Windows NT 10.0; Win64; x64) AppleWebKit/537.36 (KHTML, like Gecko) Chrome/78.0.3904.108 Safari/537.36"
143.244.57.84 - - [16/Jul/2026:21:49:10 +0000] "GET / HTTP/1.1" 200 264443 "-" "Mozilla/5.0 (Windows NT 10.0; Win64; x64) AppleWebKit/537.36 (KHTML, like Gecko) Chrome/78.0.3904.108 Safari/537.36"
143.244.57.84 - - [16/Jul/2026:21:49:13 +0000] "GET //?author=1 HTTP/1.1" 301 0 "-" "Mozilla/5.0 (Windows NT 10.0; Win64; x64) AppleWebKit/537.36 (KHTML, like Gecko) Chrome/78.0.3904.108 Safari/537.36"
143.244.57.84 - - [16/Jul/2026:21:49:15 +0000] "GET //?author=2 HTTP/1.1" 301 0 "-" "Mozilla/5.0 (Windows NT 10.0; Win64; x64) AppleWebKit/537.36 (KHTML, like Gecko) Chrome/78.0.3904.108 Safari/537.36"
143.244.57.84 - - [16/Jul/2026:21:49:18 +0000] "GET //wp-json/wp/v2/users/ HTTP/1.1" 200 8704 "-" "Mozilla/5.0 (Windows NT 10.0; Win64; x64) AppleWebKit/537.36 (KHTML, like Gecko) Chrome/78.0.3904.108 Safari/537.36"
143.244.57.84 - - [16/Jul/2026:21:49:22 +0000] "POST //xmlrpc.php HTTP/1.1" 403 1242 "-" "Mozilla/5.0 (Windows NT 10.0; Win64; x64) AppleWebKit/537.36 (KHTML, like Gecko) Chrome/78.0.3904.108 Safari/537.36"
143.244.57.84 - - [16/Jul/2026:21:49:22 +0000] "POST //xmlrpc.php HTTP/1.1" 403 1242 "-" "Mozilla/5.0 (Windows NT 10.0; Win64; x64) AppleWebKit/537.36 (KHTML, like Gecko) Chrome/78.0.3904.108 Safari/537.36"
194.39.149.53 - - [16/Jul/2026:21:49:55 +0000] "POST /wp-cron.php?doing_wp_cron=1784238595.1613810062408447265625 HTTP/1.1" 200 0 "-" "WordPress/6.9.4; https://angelsurchins.co.uk"
189.216.23.118 - - [16/Jul/2026:21:49:52 +0000] "GET /product/pink-clouds-wallpaper/?add-to-wishlist=11984 HTTP/1.1" 200 38459 "-" "Mozilla/5.0 (Windows NT 6.1) AppleWebKit/537.36 (KHTML, like Gecko) Chrome/27.0.1453.90 Safari/537.36"
194.39.149.53 - - [16/Jul/2026:21:49:57 +0000] "POST /wp-admin/admin-ajax.php HTTP/1.1" 200 0 "-" "WordPress/6.9.4; https://angelsurchins.co.uk"
57.141.0.40 - - [16/Jul/2026:21:50:26 +0000] "GET /wp-content/uploads/2024/09/bb40ce_9919437b626047a4a5482ac135795234mv2-600x450.jpg HTTP/2" 200 31442 "-" "Mozilla/5.0 (Macintosh; Intel Mac OS X 10_15_7) AppleWebKit/537.36 (KHTML, like Gecko) Chrome/145.0.0.0 Safari/537.36 (compatible; meta-externalagent/1.1 (+https://developers.facebook.com/docs/sharing/webmasters/crawler))"
194.39.149.53 - - [16/Jul/2026:21:51:18 +0000] "POST /wp-cron.php?doing_wp_cron=1784238678.1499629020690917968750 HTTP/1.1" 200 0 "-" "WordPress/6.9.4; https://angelsurchins.co.uk"
169.224.64.217 - - [16/Jul/2026:21:51:16 +0000] "GET /product/pink-hanging-vines/?add-to-wishlist=11904 HTTP/1.1" 200 38983 "-" "Mozilla/5.0 (Windows NT 6.3; Win64; x64) AppleWebKit/537.36 (KHTML, like Gecko) Brave Chrome/88.0.4324.182 Safari/537.36"
216.73.163.122 - - [16/Jul/2026:21:51:16 +0000] "POST /wp-login.php HTTP/1.1" 401 1501 "-" "mobile|Mozilla/5.0 (iPad; CPU iPad OS 8_3_1 like Mac OS X) AppleWebKit/601.27 (KHTML, like Gecko) Chrome/51.0.3787.225 Mobile Safari/603.8"
85.208.96.212 - - [16/Jul/2026:21:52:20 +0000] "GET /product/secret-garden-cot-bed/ HTTP/1.1" 200 38189 "-" "Mozilla/5.0 (compatible; SemrushBot/7~bl; +http://www.semrush.com/bot.html)"
194.39.149.53 - - [16/Jul/2026:21:52:21 +0000] "POST /wp-admin/admin-ajax.php HTTP/1.1" 200 0 "-" "WordPress/6.9.4; https://angelsurchins.co.uk"
222.254.19.69 - - [16/Jul/2026:21:53:14 +0000] "GET /product/diora-oval-cot/?add-to-wishlist=11528 HTTP/1.1" 200 37653 "-" "Mozilla/5.0 (Macintosh; Intel Mac OS X 10_10_5) AppleWebKit/537.36 (KHTML, like Gecko) Chrome/87.0.4280.88 Safari/537.36"
194.39.149.53 - - [16/Jul/2026:21:54:47 +0000] "POST /wp-admin/admin-ajax.php HTTP/1.1" 200 0 "-" "WordPress/6.9.4; https://angelsurchins.co.uk"
194.39.149.53 - - [16/Jul/2026:21:54:50 +0000] "POST /wp-admin/admin-ajax.php?action=as_async_request_queue_runner&nonce=3429380fc3 HTTP/1.1" 200 0 "-" "WordPress/6.9.4; https://angelsurchins.co.uk"
20.153.140.50 - - [16/Jul/2026:21:56:35 +0000] "GET /wp-login.php HTTP/2" 200 2451 "-" "Mozilla/5.0 (Linux; Android 10; K) AppleWebKit/537.36 (KHTML, like Gecko) Chrome/143.0.0.0 Mobile Safari/537.36"
20.153.140.50 - - [16/Jul/2026:21:56:41 +0000] "POST /wp-login.php HTTP/2" 200 0 "https://angelsurchins.co.uk/wp-login.php" "Mozilla/5.0 (Linux; Android 10; K) AppleWebKit/537.36 (KHTML, like Gecko) Chrome/143.0.0.0 Mobile Safari/537.36"
194.39.149.53 - - [16/Jul/2026:21:56:43 +0000] "POST /wp-cron.php?doing_wp_cron=1784239003.6323230266571044921875 HTTP/1.1" 200 0 "-" "WordPress/6.9.4; https://angelsurchins.co.uk"
179.49.123.188 - - [16/Jul/2026:21:56:56 +0000] "GET /product/vintage-giraffe-print/?add-to-wishlist=11910 HTTP/1.1" 200 38133 "-" "Mozilla/5.0 (Macintosh; Intel Mac OS X 10_11_6) AppleWebKit/537.36 (KHTML, like Gecko) Chrome/71.0.3578.98 Safari/537.36"
169.224.1.180 - - [16/Jul/2026:21:57:31 +0000] "GET /product/forest-babies-nursery-gallery-set/?add-to-wishlist=11881 HTTP/1.1" 200 38263 "-" "Mozilla/5.0 (Macintosh; Intel Mac OS X 10_9_3) AppleWebKit/537.36 (KHTML, like Gecko) Chrome/35.0.1916.47 Safari/537.36"
194.39.149.53 - - [16/Jul/2026:21:57:52 +0000] "POST /wp-cron.php?doing_wp_cron=1784239072.6938240528106689453125 HTTP/1.1" 200 0 "-" "WordPress/6.9.4; https://angelsurchins.co.uk"
103.104.243.70 - - [16/Jul/2026:21:57:51 +0000] "GET /product/odeta-boat-bed/?add-to-wishlist=11675 HTTP/1.1" 200 37730 "-" "Mozilla/5.0 (Windows NT 10.0; Win64; x64) AppleWebKit/537.36 (KHTML, like Gecko) Chrome/74.0.3729.131 Safari/537.36"
194.39.149.53 - - [16/Jul/2026:21:57:54 +0000] "POST /wp-admin/admin-ajax.php HTTP/1.1" 200 0 "-" "WordPress/6.9.4; https://angelsurchins.co.uk"
85.117.117.227 - - [16/Jul/2026:21:59:04 +0000] "GET /product-category/accesories/page/2/?add-to-wishlist=12773 HTTP/1.1" 200 39534 "-" "Mozilla/5.0 (Macintosh; Intel Mac OS X 10_15_3) AppleWebKit/537.36 (KHTML, like Gecko) Brave Chrome/80.0.3987.87 Safari/537.36"
194.39.149.53 - - [16/Jul/2026:21:59:47 +0000] "POST /wp-cron.php?doing_wp_cron=1784239187.4767479896545410156250 HTTP/1.1" 200 0 "-" "WordPress/6.9.4; https://angelsurchins.co.uk"
171.236.48.10 - - [16/Jul/2026:21:59:44 +0000] "GET /product/baby-piglet-print/?add-to-wishlist=11855 HTTP/1.1" 200 38199 "-" "Mozilla/5.0 (Windows NT 6.1; Win64; x64) AppleWebKit/537.36 (KHTML, like Gecko) Chrome/94.0.4606.81 Safari/537.36"
194.39.149.53 - - [16/Jul/2026:22:01:30 +0000] "POST /wp-cron.php?doing_wp_cron=1784239290.4882419109344482421875 HTTP/1.1" 200 0 "-" "WordPress/6.9.4; https://angelsurchins.co.uk"
197.248.195.225 - - [16/Jul/2026:22:01:27 +0000] "GET /product/vintage-hot-air-ballon-print/?add-to-wishlist=11853 HTTP/1.1" 200 38040 "-" "Mozilla/5.0 (Macintosh; Intel Mac OS X 11_2_3) AppleWebKit/537.36 (KHTML, like Gecko) Chrome/89.0.4389.90 Safari/537.36"
194.39.149.53 - - [16/Jul/2026:22:01:33 +0000] "POST /wp-admin/admin-ajax.php HTTP/1.1" 200 0 "-" "WordPress/6.9.4; https://angelsurchins.co.uk"
194.39.149.53 - - [16/Jul/2026:22:05:13 +0000] "POST /wp-cron.php?doing_wp_cron=1784239513.3552289009094238281250 HTTP/1.1" 200 0 "-" "WordPress/6.9.4; https://angelsurchins.co.uk"
154.124.15.35 - - [16/Jul/2026:22:05:11 +0000] "GET /product/distressed-gold-leaf-6-arm-chandelier/?add-to-wishlist=11904 HTTP/1.1" 200 38373 "-" "Mozilla/5.0 (Windows NT 6.1; Win64; x64) AppleWebKit/537.36 (KHTML, like Gecko) Chrome/80.0.3987.132 Safari/537.36"
194.39.149.53 - - [16/Jul/2026:22:05:15 +0000] "POST /wp-admin/admin-ajax.php HTTP/1.1" 200 0 "-" "WordPress/6.9.4; https://angelsurchins.co.uk"
194.39.149.53 - - [16/Jul/2026:22:06:08 +0000] "POST /wp-cron.php?doing_wp_cron=1784239568.1485369205474853515625 HTTP/1.1" 200 0 "-" "WordPress/6.9.4; https://angelsurchins.co.uk"
41.193.212.189 - - [16/Jul/2026:22:06:02 +0000] "GET /product/distressed-gold-leaf-6-arm-chandelier/?add-to-wishlist=11897 HTTP/1.1" 200 38373 "-" "Mozilla/5.0 (Windows NT 6.1; WOW64) AppleWebKit/537.36 (KHTML, like Gecko) Chrome/83.0.4103.116 Safari/537.36 AOLShield/83.0.4103.2"
194.39.149.53 - - [16/Jul/2026:22:08:56 +0000] "POST /wp-cron.php?doing_wp_cron=1784239735.9454150199890136718750 HTTP/1.1" 200 0 "-" "WordPress/6.9.4; https://angelsurchins.co.uk"
177.37.186.180 - - [16/Jul/2026:22:08:54 +0000] "GET /product/luna-desk/?add-to-wishlist=11775 HTTP/1.1" 200 37333 "-" "Mozilla/5.0 (Macintosh; Intel Mac OS X 10_15_7) AppleWebKit/537.36 (KHTML, like Gecko) Chrome/102.0.5005.40 Safari/537.36"
194.39.149.53 - - [16/Jul/2026:22:08:58 +0000] "POST /wp-admin/admin-ajax.php HTTP/1.1" 200 0 "-" "WordPress/6.9.4; https://angelsurchins.co.uk"
194.39.149.53 - - [16/Jul/2026:22:10:13 +0000] "POST /wp-cron.php?doing_wp_cron=1784239813.4771709442138671875000 HTTP/1.1" 200 0 "-" "WordPress/6.9.4; https://angelsurchins.co.uk"
185.223.152.103 - - [16/Jul/2026:22:10:10 +0000] "POST /wp-login.php HTTP/1.1" 401 1500 "-" "firefox|Mozilla/5.0 (Windows; U; Windows NT 6.1;; en-US) Gecko/20130401 Firefox/52.0"
194.39.149.53 - - [16/Jul/2026:22:12:09 +0000] "POST /wp-cron.php?doing_wp_cron=1784239929.3841750621795654296875 HTTP/1.1" 200 0 "-" "WordPress/6.9.4; https://angelsurchins.co.uk"
223.123.118.159 - - [16/Jul/2026:22:12:06 +0000] "GET /product/iliana-3-in-1-cot-bed/?add-to-wishlist=11522 HTTP/1.1" 200 38291 "-" "Mozilla/5.0 (Windows NT 10.0; Win64; x64) AppleWebKit/537.36 (KHTML, like Gecko) Chrome/89.0.4389.58 Safari/537.36"
194.39.149.53 - - [16/Jul/2026:22:12:11 +0000] "POST /wp-admin/admin-ajax.php HTTP/1.1" 200 0 "-" "WordPress/6.9.4; https://angelsurchins.co.uk"
105.108.209.179 - - [16/Jul/2026:22:12:30 +0000] "GET /product-category/accesories/wallpaper/ HTTP/1.1" 200 40542 "-" "Mozilla/5.0 (Macintosh; Intel Mac OS X 10_13_6) AppleWebKit/537.36 (KHTML, like Gecko) Brave Chrome/89.0.4389.90 Safari/537.36"
194.39.149.53 - - [16/Jul/2026:22:13:01 +0000] "POST /wp-cron.php?doing_wp_cron=1784239981.5340409278869628906250 HTTP/1.1" 200 0 "-" "WordPress/6.9.4; https://angelsurchins.co.uk"
187.169.252.243 - - [16/Jul/2026:22:12:59 +0000] "GET /shop/page/2/?add-to-wishlist=12047 HTTP/1.1" 200 39073 "-" "Mozilla/5.0 (Macintosh; Intel Mac OS X 14_2_1) AppleWebKit/537.36 (KHTML, like Gecko) Chrome/125.0.6422.60 Safari/537.36"
40.88.21.235 - - [16/Jul/2026:22:13:06 +0000] "GET / HTTP/1.1" 200 42644 "http://angelsurchins.co.uk" "DuckDuckBot/1.1; (+http://duckduckgo.com/duckduckbot.html)"
40.88.21.235 - - [16/Jul/2026:22:13:10 +0000] "GET /wp-content/uploads/2024/09/cropped-bb40ce_49a85995259f4978899b56bbe7174342mv2-32x32.jpg HTTP/1.1" 200 1015 "-" "DuckDuckBot/1.1; (+http://duckduckgo.com/duckduckbot.html)"
194.39.149.53 - - [16/Jul/2026:22:13:26 +0000] "POST /wp-cron.php?doing_wp_cron=1784240006.7065029144287109375000 HTTP/1.1" 200 0 "-" "WordPress/6.9.4; https://angelsurchins.co.uk"
179.15.97.155 - - [16/Jul/2026:22:13:24 +0000] "GET /product/white-rose-and-hops-flowers-in-glass/ HTTP/1.1" 200 37942 "-" "Mozilla/5.0 (Macintosh; Intel Mac OS X 10_13_6) AppleWebKit/537.36 (KHTML, like Gecko) Chrome/95.0.4638.54 Safari/537.36"
194.39.149.53 - - [16/Jul/2026:22:13:52 +0000] "POST /wp-cron.php?doing_wp_cron=1784240032.6854848861694335937500 HTTP/1.1" 200 0 "-" "WordPress/6.9.4; https://angelsurchins.co.uk"
85.66.21.29 - - [16/Jul/2026:22:13:51 +0000] "GET /product/vintage-bird-ceramic-night-light/?add-to-wishlist=11912 HTTP/1.1" 200 38366 "-" "Mozilla/5.0 (Windows NT 6.1) AppleWebKit/537.36 (KHTML, like Gecko) Chrome/87.0.4280.88 Safari/537.36"
194.39.149.53 - - [16/Jul/2026:22:16:42 +0000] "POST /wp-cron.php?doing_wp_cron=1784240202.1888248920440673828125 HTTP/1.1" 200 0 "-" "WordPress/6.9.4; https://angelsurchins.co.uk"
66.249.79.1 - - [16/Jul/2026:22:16:40 +0000] "GET /product/diora-oval-cot/ HTTP/1.1" 200 29768 "-" "Mozilla/5.0 (Linux; Android 6.0.1; Nexus 5X Build/MMB29P) AppleWebKit/537.36 (KHTML, like Gecko) Chrome/150.0.7871.124 Mobile Safari/537.36 (compatible; Googlebot/2.1; +http://www.google.com/bot.html)"
194.39.149.53 - - [16/Jul/2026:22:16:43 +0000] "POST /wp-admin/admin-ajax.php HTTP/1.1" 200 0 "-" "WordPress/6.9.4; https://angelsurchins.co.uk"
170.239.71.170 - - [16/Jul/2026:22:16:51 +0000] "GET /product-category/accesories/mirrors/?add-to-wishlist=13100 HTTP/1.1" 200 35720 "-" "Mozilla/5.0 (Macintosh; Intel Mac OS X 10_11_6) AppleWebKit/537.36 (KHTML, like Gecko) Chrome/66.0.3359.170 Safari/537.36"
194.39.149.53 - - [16/Jul/2026:22:18:09 +0000] "POST /wp-cron.php?doing_wp_cron=1784240289.2999570369720458984375 HTTP/1.1" 200 0 "-" "WordPress/6.9.4; https://angelsurchins.co.uk"
68.178.160.25 - - [16/Jul/2026:22:18:06 +0000] "GET /wp-login.php HTTP/2" 200 2451 "-" "Mozilla/5.0 (iPhone; CPU iPhone OS 26_4_2 like Mac OS X) AppleWebKit/605.1.15 (KHTML, like Gecko) CriOS/148.0.7778.47 Mobile/15E148 Safari/604.1"
194.39.149.53 - - [16/Jul/2026:22:18:54 +0000] "POST /wp-cron.php?doing_wp_cron=1784240334.5874819755554199218750 HTTP/1.1" 200 0 "-" "WordPress/6.9.4; https://angelsurchins.co.uk"
14.191.167.29 - - [16/Jul/2026:22:18:53 +0000] "GET /product/lucine-acrylic-cot-bed/?add-to-wishlist=11456 HTTP/1.1" 200 37712 "-" "Mozilla/5.0 (Windows NT 6.3; Win64; x64) AppleWebKit/537.36 (KHTML, like Gecko) Chrome/98.0.4758.81 Safari/537.36"
194.39.149.53 - - [16/Jul/2026:22:18:56 +0000] "POST /wp-admin/admin-ajax.php HTTP/1.1" 200 0 "-" "WordPress/6.9.4; https://angelsurchins.co.uk"
194.39.149.53 - - [16/Jul/2026:22:20:43 +0000] "POST /wp-cron.php?doing_wp_cron=1784240443.7085440158843994140625 HTTP/1.1" 200 0 "-" "WordPress/6.9.4; https://angelsurchins.co.uk"
181.115.63.158 - - [16/Jul/2026:22:20:41 +0000] "GET /product/carousel-bed/?add-to-wishlist=11672 HTTP/1.1" 200 38964 "-" "Mozilla/5.0 (Windows NT 6.4; WOW64) AppleWebKit/537.36 (KHTML, like Gecko) Chrome/41.0.2225.0 Safari/537.36"
85.154.69.105 - - [16/Jul/2026:22:21:26 +0000] "GET /product/alora-cot-bed/?add-to-wishlist=11605 HTTP/1.1" 200 38106 "-" "Mozilla/5.0 (Macintosh; Intel Mac OS X 11_0_0) AppleWebKit/537.36 (KHTML, like Gecko) Brave Chrome/86.0.4240.183 Safari/537.36"
57.141.0.6 - - [16/Jul/2026:22:22:42 +0000] "GET /wp-content/uploads/2024/09/bb40ce_870c2d0c42ac4d60be4b5c2639ff2056mv2-130x130.jpg HTTP/2" 200 5165 "-" "Mozilla/5.0 (Macintosh; Intel Mac OS X 10_15_7) AppleWebKit/537.36 (KHTML, like Gecko) Chrome/145.0.0.0 Safari/537.36 (compatible; meta-externalagent/1.1 (+https://developers.facebook.com/docs/sharing/webmasters/crawler))"
194.39.149.53 - - [16/Jul/2026:22:22:53 +0000] "POST /wp-cron.php?doing_wp_cron=1784240573.2446451187133789062500 HTTP/1.1" 200 0 "-" "WordPress/6.9.4; https://angelsurchins.co.uk"
200.152.111.39 - - [16/Jul/2026:22:22:51 +0000] "GET /product/diora-oval-cot/?add-to-wishlist=11456 HTTP/1.1" 200 37916 "-" "Mozilla/5.0 (Windows NT 6.3; WOW64) AppleWebKit/537.36 (KHTML, like Gecko) Chrome/88.0.4324.150 Safari/537.36"
194.39.149.53 - - [16/Jul/2026:22:22:55 +0000] "POST /wp-admin/admin-ajax.php HTTP/1.1" 200 0 "-" "WordPress/6.9.4; https://angelsurchins.co.uk"
81.132.234.220 - - [16/Jul/2026:22:23:11 +0000] "GET /wp-content/uploads/2024/09/floral-dresser-lifestyle--scaled.jpg HTTP/2" 200 568672 "https://angelsurchins.co.uk/product/secret-garden-wallpaper/" "Mozilla/5.0 (Macintosh; U; PPC Mac OS X; en) AppleWebKit/125.5 (KHTML, like Gecko) Safari/125.9"
194.39.149.53 - - [16/Jul/2026:22:24:17 +0000] "POST /wp-cron.php?doing_wp_cron=1784240657.2153420448303222656250 HTTP/1.1" 200 0 "-" "WordPress/6.9.4; https://angelsurchins.co.uk"
167.60.135.134 - - [16/Jul/2026:22:24:14 +0000] "GET /product-category/baby/cots/?add-to-wishlist=11485 HTTP/1.1" 200 39112 "-" "Mozilla/5.0 (Windows NT 6.2; WOW64) AppleWebKit/537.36 (KHTML, like Gecko) Chrome/27.0.1453.93 Safari/537.36"
194.39.149.53 - - [16/Jul/2026:22:25:28 +0000] "POST /wp-cron.php?doing_wp_cron=1784240728.3611350059509277343750 HTTP/1.1" 200 0 "-" "WordPress/6.9.4; https://angelsurchins.co.uk"
179.64.47.76 - - [16/Jul/2026:22:25:27 +0000] "GET /product/baby-chic-print/?add-to-wishlist=11912 HTTP/1.1" 200 37810 "-" "Mozilla/5.0 (Macintosh; Intel Mac OS X 10_14_6) AppleWebKit/537.36 (KHTML, like Gecko) Chrome/88.0.4324.150 Safari/537.36"
194.39.149.53 - - [16/Jul/2026:22:25:33 +0000] "POST /wp-admin/admin-ajax.php HTTP/1.1" 200 0 "-" "WordPress/6.9.4; https://angelsurchins.co.uk"
194.39.149.53 - - [16/Jul/2026:22:26:45 +0000] "POST /wp-cron.php?doing_wp_cron=1784240805.5417060852050781250000 HTTP/1.1" 200 0 "-" "WordPress/6.9.4; https://angelsurchins.co.uk"
154.218.223.52 - - [16/Jul/2026:22:26:43 +0000] "GET /product/alora-cot-bed/?add-to-wishlist=11532 HTTP/1.1" 200 37649 "-" "Mozilla/5.0 (Macintosh; Intel Mac OS X 10_11_6) AppleWebKit/537.36 (KHTML, like Gecko) Chrome/80.0.3987.132 Safari/537.36"
38.7.106.20 - - [16/Jul/2026:22:27:24 +0000] "GET /product/gustavian-oval-cot/?add-to-wishlist=11517 HTTP/1.1" 200 37545 "-" "Mozilla/5.0 (Windows NT 10.0; WOW64) AppleWebKit/537.36 (KHTML, like Gecko) Chrome/91.0.4472.101 Safari/537.36"
216.73.163.151 - - [16/Jul/2026:22:27:35 +0000] "POST /wp-login.php HTTP/1.1" 401 1500 "-" "Mozilla/5.0 (iPad; CPU OS 15_4_1 like Mac OS X) AppleWebKit/605.1.15 (KHTML, like Gecko) Mobile/19E258 [FBAN/FBIOS;FBAV/452.0.0.39.110;FBBV/569146793;FBDV/iPad7,5;FBMD/iPad;FBSN/iPadOS;FBSV/15.4.1;FBSS/2;FBID/tablet;FBLC/de_DE;FBOP/5;FBRV/571609390]"
194.39.149.53 - - [16/Jul/2026:22:29:21 +0000] "POST /wp-cron.php?doing_wp_cron=1784240961.2594490051269531250000 HTTP/1.1" 200 0 "-" "WordPress/6.9.4; https://angelsurchins.co.uk"
20.151.7.119 - - [16/Jul/2026:22:29:19 +0000] "GET /admin.php HTTP/1.1" 404 19734 "-" "Mozilla/5.0 (Windows NT 10.0; Win64; x64) AppleWebKit/537.36 (KHTML, like Gecko) Chrome/120.0.0.0 Safari/537.36"
20.151.7.119 - - [16/Jul/2026:22:29:21 +0000] "GET /goods.php HTTP/1.1" 404 19734 "-" "Mozilla/5.0 (Windows NT 10.0; Win64; x64) AppleWebKit/537.36 (KHTML, like Gecko) Chrome/120.0.0.0 Safari/537.36"
20.151.7.119 - - [16/Jul/2026:22:29:23 +0000] "GET /public/css.php HTTP/1.1" 404 19734 "-" "Mozilla/5.0 (Windows NT 10.0; Win64; x64) AppleWebKit/537.36 (KHTML, like Gecko) Chrome/120.0.0.0 Safari/537.36"
194.39.149.53 - - [16/Jul/2026:22:29:23 +0000] "POST /wp-admin/admin-ajax.php HTTP/1.1" 200 0 "-" "WordPress/6.9.4; https://angelsurchins.co.uk"
20.151.7.119 - - [16/Jul/2026:22:29:25 +0000] "GET /classwithtostring.php HTTP/1.1" 404 19734 "-" "Mozilla/5.0 (Windows NT 10.0; Win64; x64) AppleWebKit/537.36 (KHTML, like Gecko) Chrome/120.0.0.0 Safari/537.36"
20.151.7.119 - - [16/Jul/2026:22:29:26 +0000] "GET /wp-includes/block-supports/ HTTP/1.1" 404 1251 "-" "Mozilla/5.0 (Windows NT 10.0; Win64; x64) AppleWebKit/537.36 (KHTML, like Gecko) Chrome/120.0.0.0 Safari/537.36"
20.151.7.119 - - [16/Jul/2026:22:29:26 +0000] "GET /wp-content/admin.php HTTP/1.1" 404 19734 "-" "Mozilla/5.0 (Windows NT 10.0; Win64; x64) AppleWebKit/537.36 (KHTML, like Gecko) Chrome/120.0.0.0 Safari/537.36"
20.151.7.119 - - [16/Jul/2026:22:29:29 +0000] "GET /gelay.php HTTP/1.1" 404 19734 "-" "Mozilla/5.0 (Windows NT 10.0; Win64; x64) AppleWebKit/537.36 (KHTML, like Gecko) Chrome/120.0.0.0 Safari/537.36"
