20.151.7.119 - - [16/Jul/2026:18:38:42 +0000] "GET /404.php HTTP/1.1" 404 19734 "-" "Mozilla/5.0 (Windows NT 10.0; Win64; x64) AppleWebKit/537.36 (KHTML, like Gecko) Chrome/120.0.0.0 Safari/537.36"
20.151.7.119 - - [16/Jul/2026:18:38:44 +0000] "GET /wp-admin/js/widgets/ HTTP/1.1" 404 1251 "-" "Mozilla/5.0 (Windows NT 10.0; Win64; x64) AppleWebKit/537.36 (KHTML, like Gecko) Chrome/120.0.0.0 Safari/537.36"
20.151.7.119 - - [16/Jul/2026:18:38:44 +0000] "GET /wso.php HTTP/1.1" 404 19734 "-" "Mozilla/5.0 (Windows NT 10.0; Win64; x64) AppleWebKit/537.36 (KHTML, like Gecko) Chrome/120.0.0.0 Safari/537.36"
20.151.7.119 - - [16/Jul/2026:18:38:45 +0000] "GET /ioxi-o.php HTTP/1.1" 404 19734 "-" "Mozilla/5.0 (Windows NT 10.0; Win64; x64) AppleWebKit/537.36 (KHTML, like Gecko) Chrome/120.0.0.0 Safari/537.36"
20.151.7.119 - - [16/Jul/2026:18:38:47 +0000] "GET /file56.php HTTP/1.1" 404 19734 "-" "Mozilla/5.0 (Windows NT 10.0; Win64; x64) AppleWebKit/537.36 (KHTML, like Gecko) Chrome/120.0.0.0 Safari/537.36"
20.151.7.119 - - [16/Jul/2026:18:38:48 +0000] "GET /wp-includes/PHPMailer/admin.php HTTP/1.1" 404 19734 "-" "Mozilla/5.0 (Windows NT 10.0; Win64; x64) AppleWebKit/537.36 (KHTML, like Gecko) Chrome/120.0.0.0 Safari/537.36"
20.151.7.119 - - [16/Jul/2026:18:38:50 +0000] "GET /wp-admin/css/index.php HTTP/1.1" 301 0 "-" "Mozilla/5.0 (Windows NT 10.0; Win64; x64) AppleWebKit/537.36 (KHTML, like Gecko) Chrome/120.0.0.0 Safari/537.36"
20.151.7.119 - - [16/Jul/2026:18:38:51 +0000] "GET /wp-content/edit.php HTTP/1.1" 404 19734 "-" "Mozilla/5.0 (Windows NT 10.0; Win64; x64) AppleWebKit/537.36 (KHTML, like Gecko) Chrome/120.0.0.0 Safari/537.36"
20.151.7.119 - - [16/Jul/2026:18:38:52 +0000] "GET /2.php HTTP/1.1" 404 19734 "-" "Mozilla/5.0 (Windows NT 10.0; Win64; x64) AppleWebKit/537.36 (KHTML, like Gecko) Chrome/120.0.0.0 Safari/537.36"
20.151.7.119 - - [16/Jul/2026:18:38:53 +0000] "GET /wp-content/uploads/admin.php HTTP/1.1" 404 19734 "-" "Mozilla/5.0 (Windows NT 10.0; Win64; x64) AppleWebKit/537.36 (KHTML, like Gecko) Chrome/120.0.0.0 Safari/537.36"
20.151.7.119 - - [16/Jul/2026:18:38:55 +0000] "GET /mah.php HTTP/1.1" 404 19734 "-" "Mozilla/5.0 (Windows NT 10.0; Win64; x64) AppleWebKit/537.36 (KHTML, like Gecko) Chrome/120.0.0.0 Safari/537.36"
20.151.7.119 - - [16/Jul/2026:18:38:56 +0000] "GET /send.php HTTP/1.1" 404 19734 "-" "Mozilla/5.0 (Windows NT 10.0; Win64; x64) AppleWebKit/537.36 (KHTML, like Gecko) Chrome/120.0.0.0 Safari/537.36"
20.151.7.119 - - [16/Jul/2026:18:38:58 +0000] "GET /wp-content/plugins/dummyyummy/wp-signup.php HTTP/1.1" 404 19734 "-" "Mozilla/5.0 (Windows NT 10.0; Win64; x64) AppleWebKit/537.36 (KHTML, like Gecko) Chrome/120.0.0.0 Safari/537.36"
20.151.7.119 - - [16/Jul/2026:18:38:59 +0000] "GET /wp-includes/js/crop/ HTTP/1.1" 404 1251 "-" "Mozilla/5.0 (Windows NT 10.0; Win64; x64) AppleWebKit/537.36 (KHTML, like Gecko) Chrome/120.0.0.0 Safari/537.36"
20.151.7.119 - - [16/Jul/2026:18:38:59 +0000] "GET /about.php HTTP/1.1" 404 19734 "-" "Mozilla/5.0 (Windows NT 10.0; Win64; x64) AppleWebKit/537.36 (KHTML, like Gecko) Chrome/120.0.0.0 Safari/537.36"
20.151.7.119 - - [16/Jul/2026:18:39:01 +0000] "GET /wp-content/themes/index.php HTTP/1.1" 200 0 "-" "Mozilla/5.0 (Windows NT 10.0; Win64; x64) AppleWebKit/537.36 (KHTML, like Gecko) Chrome/120.0.0.0 Safari/537.36"
20.151.7.119 - - [16/Jul/2026:18:39:01 +0000] "GET /wp-file.php HTTP/1.1" 404 19734 "-" "Mozilla/5.0 (Windows NT 10.0; Win64; x64) AppleWebKit/537.36 (KHTML, like Gecko) Chrome/120.0.0.0 Safari/537.36"
20.151.7.119 - - [16/Jul/2026:18:39:02 +0000] "GET /sid3.php HTTP/1.1" 404 19734 "-" "Mozilla/5.0 (Windows NT 10.0; Win64; x64) AppleWebKit/537.36 (KHTML, like Gecko) Chrome/120.0.0.0 Safari/537.36"
20.151.7.119 - - [16/Jul/2026:18:39:04 +0000] "GET /themes.php HTTP/1.1" 404 19734 "-" "Mozilla/5.0 (Windows NT 10.0; Win64; x64) AppleWebKit/537.36 (KHTML, like Gecko) Chrome/120.0.0.0 Safari/537.36"
20.151.7.119 - - [16/Jul/2026:18:39:05 +0000] "GET /wp-content/plugins/index.php HTTP/1.1" 200 0 "-" "Mozilla/5.0 (Windows NT 10.0; Win64; x64) AppleWebKit/537.36 (KHTML, like Gecko) Chrome/120.0.0.0 Safari/537.36"
20.151.7.119 - - [16/Jul/2026:18:39:05 +0000] "GET /admin/controller/extension/extension/ HTTP/1.1" 404 19734 "-" "Mozilla/5.0 (Windows NT 10.0; Win64; x64) AppleWebKit/537.36 (KHTML, like Gecko) Chrome/120.0.0.0 Safari/537.36"
20.151.7.119 - - [16/Jul/2026:18:39:07 +0000] "GET /wp-includes/css/dist/widgets/ HTTP/1.1" 404 1251 "-" "Mozilla/5.0 (Windows NT 10.0; Win64; x64) AppleWebKit/537.36 (KHTML, like Gecko) Chrome/120.0.0.0 Safari/537.36"
20.151.7.119 - - [16/Jul/2026:18:39:07 +0000] "GET /wp-admin/images/index.php HTTP/1.1" 301 0 "-" "Mozilla/5.0 (Windows NT 10.0; Win64; x64) AppleWebKit/537.36 (KHTML, like Gecko) Chrome/120.0.0.0 Safari/537.36"
20.151.7.119 - - [16/Jul/2026:18:39:08 +0000] "GET /num.php HTTP/1.1" 404 19734 "-" "Mozilla/5.0 (Windows NT 10.0; Win64; x64) AppleWebKit/537.36 (KHTML, like Gecko) Chrome/120.0.0.0 Safari/537.36"
20.151.7.119 - - [16/Jul/2026:18:39:10 +0000] "GET /wp-admin/css/colors/ocean/ HTTP/1.1" 404 1251 "-" "Mozilla/5.0 (Windows NT 10.0; Win64; x64) AppleWebKit/537.36 (KHTML, like Gecko) Chrome/120.0.0.0 Safari/537.36"
20.151.7.119 - - [16/Jul/2026:18:39:10 +0000] "GET /wp-content/et-cache/ HTTP/1.1" 404 19734 "-" "Mozilla/5.0 (Windows NT 10.0; Win64; x64) AppleWebKit/537.36 (KHTML, like Gecko) Chrome/120.0.0.0 Safari/537.36"
20.151.7.119 - - [16/Jul/2026:18:39:12 +0000] "GET /wp-admin/images/admin.php HTTP/1.1" 404 19734 "-" "Mozilla/5.0 (Windows NT 10.0; Win64; x64) AppleWebKit/537.36 (KHTML, like Gecko) Chrome/120.0.0.0 Safari/537.36"
20.151.7.119 - - [16/Jul/2026:18:39:14 +0000] "GET /wp-content/upgrade/index.php HTTP/1.1" 301 0 "-" "Mozilla/5.0 (Windows NT 10.0; Win64; x64) AppleWebKit/537.36 (KHTML, like Gecko) Chrome/120.0.0.0 Safari/537.36"
20.151.7.119 - - [16/Jul/2026:18:39:15 +0000] "GET /wp-includes/SimplePie/index.php HTTP/1.1" 301 0 "-" "Mozilla/5.0 (Windows NT 10.0; Win64; x64) AppleWebKit/537.36 (KHTML, like Gecko) Chrome/120.0.0.0 Safari/537.36"
20.151.7.119 - - [16/Jul/2026:18:39:16 +0000] "GET /gifclass.php HTTP/1.1" 404 19734 "-" "Mozilla/5.0 (Windows NT 10.0; Win64; x64) AppleWebKit/537.36 (KHTML, like Gecko) Chrome/120.0.0.0 Safari/537.36"
20.151.7.119 - - [16/Jul/2026:18:39:18 +0000] "GET /wp-includes/certificates/ HTTP/1.1" 404 1251 "-" "Mozilla/5.0 (Windows NT 10.0; Win64; x64) AppleWebKit/537.36 (KHTML, like Gecko) Chrome/120.0.0.0 Safari/537.36"
20.151.7.119 - - [16/Jul/2026:18:39:18 +0000] "GET /222.php HTTP/1.1" 404 19734 "-" "Mozilla/5.0 (Windows NT 10.0; Win64; x64) AppleWebKit/537.36 (KHTML, like Gecko) Chrome/120.0.0.0 Safari/537.36"
20.151.7.119 - - [16/Jul/2026:18:39:19 +0000] "GET /wp-content/plugins/admin.php HTTP/1.1" 404 19734 "-" "Mozilla/5.0 (Windows NT 10.0; Win64; x64) AppleWebKit/537.36 (KHTML, like Gecko) Chrome/120.0.0.0 Safari/537.36"
20.151.7.119 - - [16/Jul/2026:18:39:21 +0000] "GET /css/index.php HTTP/1.1" 301 0 "-" "Mozilla/5.0 (Windows NT 10.0; Win64; x64) AppleWebKit/537.36 (KHTML, like Gecko) Chrome/120.0.0.0 Safari/537.36"
20.151.7.119 - - [16/Jul/2026:18:39:22 +0000] "GET /wp-cron.php HTTP/1.1" 200 0 "-" "Mozilla/5.0 (Windows NT 10.0; Win64; x64) AppleWebKit/537.36 (KHTML, like Gecko) Chrome/120.0.0.0 Safari/537.36"
20.151.7.119 - - [16/Jul/2026:18:39:22 +0000] "GET /wp-block.php HTTP/1.1" 404 19734 "-" "Mozilla/5.0 (Windows NT 10.0; Win64; x64) AppleWebKit/537.36 (KHTML, like Gecko) Chrome/120.0.0.0 Safari/537.36"
20.151.7.119 - - [16/Jul/2026:18:39:24 +0000] "GET /wp-includes/fonts/admin.php HTTP/1.1" 404 19734 "-" "Mozilla/5.0 (Windows NT 10.0; Win64; x64) AppleWebKit/537.36 (KHTML, like Gecko) Chrome/120.0.0.0 Safari/537.36"
20.151.7.119 - - [16/Jul/2026:18:39:25 +0000] "GET /wp-admin/css/colors/modern/ HTTP/1.1" 404 1251 "-" "Mozilla/5.0 (Windows NT 10.0; Win64; x64) AppleWebKit/537.36 (KHTML, like Gecko) Chrome/120.0.0.0 Safari/537.36"
20.151.7.119 - - [16/Jul/2026:18:39:25 +0000] "GET /classwithtostring.php HTTP/1.1" 404 19734 "-" "Mozilla/5.0 (Windows NT 10.0; Win64; x64) AppleWebKit/537.36 (KHTML, like Gecko) Chrome/120.0.0.0 Safari/537.36"
20.151.7.119 - - [16/Jul/2026:18:39:27 +0000] "GET /test1.php HTTP/1.1" 404 19734 "-" "Mozilla/5.0 (Windows NT 10.0; Win64; x64) AppleWebKit/537.36 (KHTML, like Gecko) Chrome/120.0.0.0 Safari/537.36"
20.151.7.119 - - [16/Jul/2026:18:39:28 +0000] "GET /wp-admin/images/ HTTP/1.1" 404 1251 "-" "Mozilla/5.0 (Windows NT 10.0; Win64; x64) AppleWebKit/537.36 (KHTML, like Gecko) Chrome/120.0.0.0 Safari/537.36"
20.151.7.119 - - [16/Jul/2026:18:39:28 +0000] "GET /images/index.php HTTP/1.1" 301 0 "-" "Mozilla/5.0 (Windows NT 10.0; Win64; x64) AppleWebKit/537.36 (KHTML, like Gecko) Chrome/120.0.0.0 Safari/537.36"
20.151.7.119 - - [16/Jul/2026:18:39:30 +0000] "GET /wp-includes/rest-api/fields/ HTTP/1.1" 404 1251 "-" "Mozilla/5.0 (Windows NT 10.0; Win64; x64) AppleWebKit/537.36 (KHTML, like Gecko) Chrome/120.0.0.0 Safari/537.36"
20.151.7.119 - - [16/Jul/2026:18:39:30 +0000] "GET /asd.php HTTP/1.1" 404 19734 "-" "Mozilla/5.0 (Windows NT 10.0; Win64; x64) AppleWebKit/537.36 (KHTML, like Gecko) Chrome/120.0.0.0 Safari/537.36"
20.151.7.119 - - [16/Jul/2026:18:39:34 +0000] "GET /wp-includes/customize/index.php HTTP/1.1" 301 0 "-" "Mozilla/5.0 (Windows NT 10.0; Win64; x64) AppleWebKit/537.36 (KHTML, like Gecko) Chrome/120.0.0.0 Safari/537.36"
20.151.7.119 - - [16/Jul/2026:18:39:36 +0000] "GET /wp-content/plugins/core-plugin/include.php HTTP/1.1" 404 19734 "-" "Mozilla/5.0 (Windows NT 10.0; Win64; x64) AppleWebKit/537.36 (KHTML, like Gecko) Chrome/120.0.0.0 Safari/537.36"
194.39.149.53 - - [16/Jul/2026:18:39:40 +0000] "POST /wp-cron.php?doing_wp_cron=1784227180.5493640899658203125000 HTTP/1.1" 200 0 "-" "WordPress/6.9.4; https://angelsurchins.co.uk"
20.151.7.119 - - [16/Jul/2026:18:39:38 +0000] "GET /atomlib.php HTTP/1.1" 404 19734 "-" "Mozilla/5.0 (Windows NT 10.0; Win64; x64) AppleWebKit/537.36 (KHTML, like Gecko) Chrome/120.0.0.0 Safari/537.36"
20.151.7.119 - - [16/Jul/2026:18:39:40 +0000] "GET /wp-includes/html-api/ HTTP/1.1" 404 1251 "-" "Mozilla/5.0 (Windows NT 10.0; Win64; x64) AppleWebKit/537.36 (KHTML, like Gecko) Chrome/120.0.0.0 Safari/537.36"
20.151.7.119 - - [16/Jul/2026:18:39:40 +0000] "GET /wp-admin/js/ HTTP/1.1" 404 1251 "-" "Mozilla/5.0 (Windows NT 10.0; Win64; x64) AppleWebKit/537.36 (KHTML, like Gecko) Chrome/120.0.0.0 Safari/537.36"
20.151.7.119 - - [16/Jul/2026:18:39:41 +0000] "GET /wp-includes/IXR/chosen.php HTTP/1.1" 404 19734 "-" "Mozilla/5.0 (Windows NT 10.0; Win64; x64) AppleWebKit/537.36 (KHTML, like Gecko) Chrome/120.0.0.0 Safari/537.36"
20.151.7.119 - - [16/Jul/2026:18:39:45 +0000] "GET /wp-admin/css/colors/ectoplasm/ HTTP/1.1" 404 1251 "-" "Mozilla/5.0 (Windows NT 10.0; Win64; x64) AppleWebKit/537.36 (KHTML, like Gecko) Chrome/120.0.0.0 Safari/537.36"
20.151.7.119 - - [16/Jul/2026:18:39:45 +0000] "GET /wp-includes/blocks/block/ HTTP/1.1" 404 1251 "-" "Mozilla/5.0 (Windows NT 10.0; Win64; x64) AppleWebKit/537.36 (KHTML, like Gecko) Chrome/120.0.0.0 Safari/537.36"
20.151.7.119 - - [16/Jul/2026:18:39:45 +0000] "GET /wp-includes/pomo/ HTTP/1.1" 404 1251 "-" "Mozilla/5.0 (Windows NT 10.0; Win64; x64) AppleWebKit/537.36 (KHTML, like Gecko) Chrome/120.0.0.0 Safari/537.36"
20.151.7.119 - - [16/Jul/2026:18:39:45 +0000] "GET /wp-includes/rest-api/ HTTP/1.1" 404 1251 "-" "Mozilla/5.0 (Windows NT 10.0; Win64; x64) AppleWebKit/537.36 (KHTML, like Gecko) Chrome/120.0.0.0 Safari/537.36"
194.39.149.53 - - [16/Jul/2026:18:39:44 +0000] "POST /wp-admin/admin-ajax.php HTTP/1.1" 200 0 "-" "WordPress/6.9.4; https://angelsurchins.co.uk"
20.151.7.119 - - [16/Jul/2026:18:39:45 +0000] "GET /inputs.php HTTP/1.1" 404 19734 "-" "Mozilla/5.0 (Windows NT 10.0; Win64; x64) AppleWebKit/537.36 (KHTML, like Gecko) Chrome/120.0.0.0 Safari/537.36"
20.151.7.119 - - [16/Jul/2026:18:39:49 +0000] "GET /wp-content/index.php HTTP/1.1" 200 0 "-" "Mozilla/5.0 (Windows NT 10.0; Win64; x64) AppleWebKit/537.36 (KHTML, like Gecko) Chrome/120.0.0.0 Safari/537.36"
20.151.7.119 - - [16/Jul/2026:18:39:49 +0000] "GET /wp-admin/network/index.php HTTP/1.1" 302 0 "-" "Mozilla/5.0 (Windows NT 10.0; Win64; x64) AppleWebKit/537.36 (KHTML, like Gecko) Chrome/120.0.0.0 Safari/537.36"
20.151.7.119 - - [16/Jul/2026:18:39:56 +0000] "GET /wp-content/1.php HTTP/1.1" 404 19734 "-" "Mozilla/5.0 (Windows NT 10.0; Win64; x64) AppleWebKit/537.36 (KHTML, like Gecko) Chrome/120.0.0.0 Safari/537.36"
20.151.7.119 - - [16/Jul/2026:18:39:58 +0000] "GET /plugin.php HTTP/1.1" 404 19734 "-" "Mozilla/5.0 (Windows NT 10.0; Win64; x64) AppleWebKit/537.36 (KHTML, like Gecko) Chrome/120.0.0.0 Safari/537.36"
20.151.7.119 - - [16/Jul/2026:18:39:59 +0000] "GET /1.php HTTP/1.1" 404 19734 "-" "Mozilla/5.0 (Windows NT 10.0; Win64; x64) AppleWebKit/537.36 (KHTML, like Gecko) Chrome/120.0.0.0 Safari/537.36"
20.151.7.119 - - [16/Jul/2026:18:40:01 +0000] "GET /gg.php HTTP/1.1" 404 19734 "-" "Mozilla/5.0 (Windows NT 10.0; Win64; x64) AppleWebKit/537.36 (KHTML, like Gecko) Chrome/120.0.0.0 Safari/537.36"
20.151.7.119 - - [16/Jul/2026:18:40:03 +0000] "GET /wp-includes/images/crystal/ HTTP/1.1" 404 1251 "-" "Mozilla/5.0 (Windows NT 10.0; Win64; x64) AppleWebKit/537.36 (KHTML, like Gecko) Chrome/120.0.0.0 Safari/537.36"
20.151.7.119 - - [16/Jul/2026:18:40:03 +0000] "GET /aa.php HTTP/1.1" 404 19734 "-" "Mozilla/5.0 (Windows NT 10.0; Win64; x64) AppleWebKit/537.36 (KHTML, like Gecko) Chrome/120.0.0.0 Safari/537.36"
20.151.7.119 - - [16/Jul/2026:18:40:06 +0000] "GET /wp-content/languages/index.php HTTP/1.1" 301 0 "-" "Mozilla/5.0 (Windows NT 10.0; Win64; x64) AppleWebKit/537.36 (KHTML, like Gecko) Chrome/120.0.0.0 Safari/537.36"
20.151.7.119 - - [16/Jul/2026:18:40:07 +0000] "GET /wp.php HTTP/1.1" 404 19734 "-" "Mozilla/5.0 (Windows NT 10.0; Win64; x64) AppleWebKit/537.36 (KHTML, like Gecko) Chrome/120.0.0.0 Safari/537.36"
20.151.7.119 - - [16/Jul/2026:18:40:09 +0000] "GET /wp-includes/blocks/about.php HTTP/1.1" 404 19734 "-" "Mozilla/5.0 (Windows NT 10.0; Win64; x64) AppleWebKit/537.36 (KHTML, like Gecko) Chrome/120.0.0.0 Safari/537.36"
20.151.7.119 - - [16/Jul/2026:18:40:11 +0000] "GET /wp-admin/file.php HTTP/1.1" 404 19734 "-" "Mozilla/5.0 (Windows NT 10.0; Win64; x64) AppleWebKit/537.36 (KHTML, like Gecko) Chrome/120.0.0.0 Safari/537.36"
20.151.7.119 - - [16/Jul/2026:18:40:14 +0000] "GET /wp-admin/user/index.php HTTP/1.1" 302 0 "-" "Mozilla/5.0 (Windows NT 10.0; Win64; x64) AppleWebKit/537.36 (KHTML, like Gecko) Chrome/120.0.0.0 Safari/537.36"
20.151.7.119 - - [16/Jul/2026:18:40:17 +0000] "GET /wp-content/plugins/WordPressCore/ HTTP/1.1" 404 19734 "-" "Mozilla/5.0 (Windows NT 10.0; Win64; x64) AppleWebKit/537.36 (KHTML, like Gecko) Chrome/120.0.0.0 Safari/537.36"
20.151.7.119 - - [16/Jul/2026:18:40:19 +0000] "GET /wp-admin/css/colors/blue/admin.php HTTP/1.1" 404 19734 "-" "Mozilla/5.0 (Windows NT 10.0; Win64; x64) AppleWebKit/537.36 (KHTML, like Gecko) Chrome/120.0.0.0 Safari/537.36"
20.151.7.119 - - [16/Jul/2026:18:40:21 +0000] "GET /index/function.php HTTP/1.1" 404 19734 "-" "Mozilla/5.0 (Windows NT 10.0; Win64; x64) AppleWebKit/537.36 (KHTML, like Gecko) Chrome/120.0.0.0 Safari/537.36"
20.151.7.119 - - [16/Jul/2026:18:40:22 +0000] "GET /wp-includes/PHPMailer/ HTTP/1.1" 404 1251 "-" "Mozilla/5.0 (Windows NT 10.0; Win64; x64) AppleWebKit/537.36 (KHTML, like Gecko) Chrome/120.0.0.0 Safari/537.36"
20.151.7.119 - - [16/Jul/2026:18:40:22 +0000] "GET /wp-includes/css/ HTTP/1.1" 404 1251 "-" "Mozilla/5.0 (Windows NT 10.0; Win64; x64) AppleWebKit/537.36 (KHTML, like Gecko) Chrome/120.0.0.0 Safari/537.36"
194.39.149.53 - - [16/Jul/2026:18:41:36 +0000] "POST /wp-cron.php?doing_wp_cron=1784227296.2908880710601806640625 HTTP/1.1" 200 0 "-" "WordPress/6.9.4; https://angelsurchins.co.uk"
54.39.136.167 - - [16/Jul/2026:18:41:33 +0000] "GET /sitemap_index.xml HTTP/2" 200 408 "-" "Mozilla/5.0 (compatible; AhrefsBot/7.0; +http://ahrefs.com/robot/)"
51.161.37.88 - - [16/Jul/2026:18:41:38 +0000] "GET /post-sitemap.xml HTTP/2" 200 506 "-" "Mozilla/5.0 (compatible; AhrefsBot/7.0; +http://ahrefs.com/robot/)"
15.235.98.5 - - [16/Jul/2026:18:41:41 +0000] "GET /page-sitemap.xml HTTP/2" 200 1336 "-" "Mozilla/5.0 (compatible; AhrefsBot/7.0; +http://ahrefs.com/robot/)"
142.44.220.14 - - [16/Jul/2026:18:41:46 +0000] "GET /product-sitemap.xml HTTP/2" 200 7047 "-" "Mozilla/5.0 (compatible; AhrefsBot/7.0; +http://ahrefs.com/robot/)"
142.44.220.166 - - [16/Jul/2026:18:42:04 +0000] "GET /mailpoet_page-sitemap.xml HTTP/2" 200 358 "-" "Mozilla/5.0 (compatible; AhrefsBot/7.0; +http://ahrefs.com/robot/)"
51.222.168.150 - - [16/Jul/2026:18:42:07 +0000] "GET /bwg_gallery-sitemap.xml HTTP/2" 200 548 "-" "Mozilla/5.0 (compatible; AhrefsBot/7.0; +http://ahrefs.com/robot/)"
88.191.183.188 - - [16/Jul/2026:18:42:10 +0000] "GET /wp-content/uploads/2024/11/bird-sizes_-scaled.jpg HTTP/2" 200 201172 "https://angelsurchins.co.uk/product/named-bird-wall-sticker/" "Mozilla/5.0 (Macintosh; Intel Mac OS X 10_6_8) AppleWebKit/535.19 (KHTML, like Gecko) Chrome/18.0.1025.166 Safari/535.19"
51.161.65.62 - - [16/Jul/2026:18:42:09 +0000] "GET /category-sitemap.xml HTTP/2" 200 351 "-" "Mozilla/5.0 (compatible; AhrefsBot/7.0; +http://ahrefs.com/robot/)"
54.39.89.187 - - [16/Jul/2026:18:42:12 +0000] "GET /product_cat-sitemap.xml HTTP/2" 200 840 "-" "Mozilla/5.0 (compatible; AhrefsBot/7.0; +http://ahrefs.com/robot/)"
142.44.233.223 - - [16/Jul/2026:18:42:16 +0000] "GET /product_tag-sitemap.xml HTTP/2" 200 380 "-" "Mozilla/5.0 (compatible; AhrefsBot/7.0; +http://ahrefs.com/robot/)"
142.44.233.244 - - [16/Jul/2026:18:42:19 +0000] "GET /author-sitemap.xml HTTP/2" 200 346 "-" "Mozilla/5.0 (compatible; AhrefsBot/7.0; +http://ahrefs.com/robot/)"
194.39.149.53 - - [16/Jul/2026:18:47:12 +0000] "POST /wp-cron.php?doing_wp_cron=1784227632.2906930446624755859375 HTTP/1.1" 200 0 "-" "WordPress/6.9.4; https://angelsurchins.co.uk"
185.223.152.111 - - [16/Jul/2026:18:47:10 +0000] "POST /wp-login.php HTTP/1.1" 401 1502 "-" "windows|Mozilla/5.0 (Windows; U; Windows NT 10.2;; en-US) AppleWebKit/601.49 (KHTML, like Gecko) Chrome/51.0.2739.373 Safari/534.2 Edge/13.63556"
194.39.149.53 - - [16/Jul/2026:18:47:14 +0000] "POST /wp-admin/admin-ajax.php HTTP/1.1" 200 0 "-" "WordPress/6.9.4; https://angelsurchins.co.uk"
113.169.4.80 - - [16/Jul/2026:18:47:16 +0000] "GET /product/alora-cot-bed/?add-to-wishlist=11471 HTTP/1.1" 200 37893 "-" "Mozilla/5.0 (Macintosh; Intel Mac OS X 10_12_6) AppleWebKit/537.36 (KHTML, like Gecko) Brave Chrome/80.0.3987.116 Safari/537.36"
194.39.149.53 - - [16/Jul/2026:18:47:15 +0000] "POST /wp-admin/admin-ajax.php?action=as_async_request_queue_runner&nonce=3429380fc3 HTTP/1.1" 200 0 "-" "WordPress/6.9.4; https://angelsurchins.co.uk"
194.39.149.53 - - [16/Jul/2026:18:51:52 +0000] "POST /wp-cron.php?doing_wp_cron=1784227912.0790710449218750000000 HTTP/1.1" 200 0 "-" "WordPress/6.9.4; https://angelsurchins.co.uk"
45.146.54.137 - - [16/Jul/2026:18:51:49 +0000] "POST /wp-login.php HTTP/1.1" 401 1500 "-" "Mozilla/6.0 (Windows; U; Windows NT 6.0; en-US) Gecko/2009032609 Chrome/2.0.172.6 Safari/530.7"
194.39.149.53 - - [16/Jul/2026:18:51:54 +0000] "POST /wp-admin/admin-ajax.php HTTP/1.1" 200 0 "-" "WordPress/6.9.4; https://angelsurchins.co.uk"
191.243.73.22 - - [16/Jul/2026:18:52:28 +0000] "GET /product/bunny-dreams-wallpaper/?add-to-wishlist=11910 HTTP/1.1" 200 38693 "-" "Mozilla/5.0 (Macintosh; Intel Mac OS X 10_15_7) AppleWebKit/537.36 (KHTML, like Gecko) Chrome/100.0.4896.79 Safari/537.36"
194.39.149.53 - - [16/Jul/2026:19:01:23 +0000] "POST /wp-cron.php?doing_wp_cron=1784228483.6024129390716552734375 HTTP/1.1" 200 0 "-" "WordPress/6.9.4; https://angelsurchins.co.uk"
31.223.145.127 - - [16/Jul/2026:19:01:19 +0000] "GET /product/starry-night-wallpaper/?add-to-wishlist=11907 HTTP/1.1" 200 38640 "-" "Mozilla/5.0 (Macintosh; Intel Mac OS X 10_14_6) AppleWebKit/537.36 (KHTML, like Gecko) Chrome/88.0.4324.150 Safari/537.36"
194.39.149.53 - - [16/Jul/2026:19:01:29 +0000] "POST /wp-admin/admin-ajax.php HTTP/1.1" 200 0 "-" "WordPress/6.9.4; https://angelsurchins.co.uk"
194.39.149.53 - - [16/Jul/2026:19:01:45 +0000] "POST /wp-cron.php?doing_wp_cron=1784228505.7817499637603759765625 HTTP/1.1" 200 0 "-" "WordPress/6.9.4; https://angelsurchins.co.uk"
186.251.71.231 - - [16/Jul/2026:19:01:42 +0000] "GET /product-category/accesories/wallpaper/page/3/?add-to-wishlist=12996 HTTP/1.1" 200 41448 "-" "Mozilla/5.0 (Macintosh; Intel Mac OS X 10_12_6) AppleWebKit/537.36 (KHTML, like Gecko) Chrome/101.0.4951.54 Safari/537.36"
194.39.149.53 - - [16/Jul/2026:19:04:01 +0000] "POST /wp-cron.php?doing_wp_cron=1784228641.2819409370422363281250 HTTP/1.1" 200 0 "-" "WordPress/6.9.4; https://angelsurchins.co.uk"
14.232.115.31 - - [16/Jul/2026:19:03:58 +0000] "GET /product/deer-in-the-forest-wallsticker/?add-to-wishlist=11870 HTTP/1.1" 200 38002 "-" "Mozilla/5.0 (Windows NT 10.0; Win64; x64) AppleWebKit/537.36 (KHTML, like Gecko) Chrome/81.0.4044.113 Safari/537.36"
194.39.149.53 - - [16/Jul/2026:19:04:04 +0000] "POST /wp-admin/admin-ajax.php HTTP/1.1" 200 0 "-" "WordPress/6.9.4; https://angelsurchins.co.uk"
194.39.149.53 - - [16/Jul/2026:19:06:06 +0000] "POST /wp-cron.php?doing_wp_cron=1784228766.4607980251312255859375 HTTP/1.1" 200 0 "-" "WordPress/6.9.4; https://angelsurchins.co.uk"
185.223.152.104 - - [16/Jul/2026:19:06:03 +0000] "POST /wp-login.php HTTP/1.1" 401 1500 "-" "Mozilla/5.0 (X11; U; Linux x86_64; de; rv:1.9.0.3) Gecko/2008092510 Ubuntu/8.04 (hardy) Firefox/3.0.3"
194.39.149.53 - - [16/Jul/2026:19:06:07 +0000] "POST /wp-admin/admin-ajax.php HTTP/1.1" 200 0 "-" "WordPress/6.9.4; https://angelsurchins.co.uk"
194.39.149.53 - - [16/Jul/2026:19:06:49 +0000] "POST /wp-cron.php?doing_wp_cron=1784228809.7060940265655517578125 HTTP/1.1" 200 0 "-" "WordPress/6.9.4; https://angelsurchins.co.uk"
190.94.213.35 - - [16/Jul/2026:19:06:48 +0000] "GET /product/baby-lamb-print/?add-to-wishlist=11914 HTTP/1.1" 200 37802 "-" "Mozilla/5.0 (Windows NT 10.0; WOW64) AppleWebKit/537.36 (KHTML, like Gecko) Chrome/94.0.4606.54 Safari/537.36"
113.191.167.76 - - [16/Jul/2026:19:07:16 +0000] "GET /product/3-in-1-reve-cot-bed/?add-to-wishlist=11485 HTTP/1.1" 200 37821 "-" "Mozilla/5.0 (Macintosh; Intel Mac OS X 10_15_2) AppleWebKit/537.36 (KHTML, like Gecko) Chrome/79.0.3945.79 Safari/537.36"
194.39.149.53 - - [16/Jul/2026:19:07:39 +0000] "POST /wp-cron.php?doing_wp_cron=1784228859.8303349018096923828125 HTTP/1.1" 200 0 "-" "WordPress/6.9.4; https://angelsurchins.co.uk"
103.74.116.219 - - [16/Jul/2026:19:07:37 +0000] "GET /wp-login.php HTTP/2" 200 2452 "-" "Mozilla/5.0 (Macintosh; Intel Mac OS X 10_15_7) AppleWebKit/605.1.15 (KHTML, like Gecko) Version/18.0 Safari/605.1.15"
103.74.116.219 - - [16/Jul/2026:19:07:40 +0000] "POST /wp-login.php HTTP/2" 401 1289 "https://angelsurchins.co.uk/wp-login.php" "Mozilla/5.0 (Macintosh; Intel Mac OS X 10_15_7) AppleWebKit/605.1.15 (KHTML, like Gecko) Version/18.0 Safari/605.1.15"
194.39.149.53 - - [16/Jul/2026:19:09:04 +0000] "POST /wp-cron.php?doing_wp_cron=1784228944.3927149772644042968750 HTTP/1.1" 200 0 "-" "WordPress/6.9.4; https://angelsurchins.co.uk"
102.113.192.160 - - [16/Jul/2026:19:09:02 +0000] "GET /product/forest-animal-bundle/?add-to-wishlist=11855 HTTP/1.1" 200 38232 "-" "Mozilla/5.0 (Macintosh; Intel Mac OS X 10_15_5) AppleWebKit/537.36 (KHTML, like Gecko) Chrome/84.0.4147.105 Safari/537.36"
194.39.149.53 - - [16/Jul/2026:19:09:05 +0000] "POST /wp-admin/admin-ajax.php HTTP/1.1" 200 0 "-" "WordPress/6.9.4; https://angelsurchins.co.uk"
194.39.149.53 - - [16/Jul/2026:19:10:27 +0000] "POST /wp-cron.php?doing_wp_cron=1784229026.9766430854797363281250 HTTP/1.1" 200 0 "-" "WordPress/6.9.4; https://angelsurchins.co.uk"
113.180.20.96 - - [16/Jul/2026:19:10:25 +0000] "GET /product/pink-hanging-vines/?add-to-wishlist=11861 HTTP/1.1" 200 39280 "-" "Mozilla/5.0 (Windows NT 6.3; Win64; x64) AppleWebKit/537.36 (KHTML, like Gecko) Brave Chrome/78.0.3904.97 Safari/537.36"
194.39.149.53 - - [16/Jul/2026:19:10:52 +0000] "POST /wp-cron.php?doing_wp_cron=1784229052.2876350879669189453125 HTTP/1.1" 200 0 "-" "WordPress/6.9.4; https://angelsurchins.co.uk"
41.10.147.24 - - [16/Jul/2026:19:10:50 +0000] "GET /product_cat-sitemap.xml HTTP/1.1" 200 926 "-" "Mozilla/5.0 (Windows NT 10.0; Win64; x64) AppleWebKit/537.36 (KHTML, like Gecko) Chrome/133.0.6943.98 Safari/537.36"
194.39.149.53 - - [16/Jul/2026:19:12:36 +0000] "POST /wp-cron.php?doing_wp_cron=1784229156.8870210647583007812500 HTTP/1.1" 200 0 "-" "WordPress/6.9.4; https://angelsurchins.co.uk"
38.76.138.216 - - [16/Jul/2026:19:12:35 +0000] "GET /product/flower-fairy-wallpaper/?add-to-wishlist=11881 HTTP/1.1" 200 38422 "-" "Mozilla/5.0 (Windows NT 6.1; WOW64) AppleWebKit/537.36 (KHTML, like Gecko) Chrome/77.0.4000.0 Iron Safari/537.36"
194.39.149.53 - - [16/Jul/2026:19:12:38 +0000] "POST /wp-admin/admin-ajax.php HTTP/1.1" 200 0 "-" "WordPress/6.9.4; https://angelsurchins.co.uk"
194.39.149.53 - - [16/Jul/2026:19:13:26 +0000] "POST /wp-cron.php?doing_wp_cron=1784229206.8718340396881103515625 HTTP/1.1" 200 0 "-" "WordPress/6.9.4; https://angelsurchins.co.uk"
200.53.205.2 - - [16/Jul/2026:19:13:25 +0000] "GET /product-category/accesories/page/5/?add-to-wishlist=12999 HTTP/1.1" 200 39498 "-" "Mozilla/5.0 (Macintosh; Intel Mac OS X 10_15_3) AppleWebKit/537.36 (KHTML, like Gecko) Chrome/76.0.3809.132 Safari/537.36"
194.39.149.53 - - [16/Jul/2026:19:14:02 +0000] "POST /wp-cron.php?doing_wp_cron=1784229241.9397950172424316406250 HTTP/1.1" 200 0 "-" "WordPress/6.9.4; https://angelsurchins.co.uk"
192.190.221.37 - - [16/Jul/2026:19:13:59 +0000] "GET /wp-login.php HTTP/2" 200 2454 "-" "Mozilla/5.0 (Windows NT 10.0; Win64; x64) AppleWebKit/537.36 (KHTML, like Gecko) Chrome/147.0.0.0 Safari/537.36"
192.190.221.37 - - [16/Jul/2026:19:14:02 +0000] "POST /wp-login.php HTTP/2" 401 1287 "https://angelsurchins.co.uk/wp-login.php" "Mozilla/5.0 (Windows NT 10.0; Win64; x64) AppleWebKit/537.36 (KHTML, like Gecko) Chrome/147.0.0.0 Safari/537.36"
194.39.149.53 - - [16/Jul/2026:19:15:15 +0000] "POST /wp-cron.php?doing_wp_cron=1784229315.5580639839172363281250 HTTP/1.1" 200 0 "-" "WordPress/6.9.4; https://angelsurchins.co.uk"
54.39.89.216 - - [16/Jul/2026:19:15:13 +0000] "GET /product-category/kids/wardrobes-kids/ HTTP/2" 200 27562 "-" "Mozilla/5.0 (compatible; AhrefsBot/7.0; +http://ahrefs.com/robot/)"
194.39.149.53 - - [16/Jul/2026:19:15:17 +0000] "POST /wp-admin/admin-ajax.php HTTP/1.1" 200 0 "-" "WordPress/6.9.4; https://angelsurchins.co.uk"
167.114.139.38 - - [16/Jul/2026:19:19:19 +0000] "GET /wp-content/uploads/2024/09/bb40ce_e0c845c5f61b4b73ac4c639f329cbeafmv2-570x570.jpg HTTP/2" 200 32595 "-" "Mozilla/5.0 (compatible; AhrefsBot/7.0; +http://ahrefs.com/robot/)"
194.39.149.53 - - [16/Jul/2026:19:25:15 +0000] "POST /wp-cron.php?doing_wp_cron=1784229915.3762741088867187500000 HTTP/1.1" 200 0 "-" "WordPress/6.9.4; https://angelsurchins.co.uk"
185.223.152.112 - - [16/Jul/2026:19:25:09 +0000] "POST /wp-login.php HTTP/1.1" 401 1500 "-" "iphone|Mozilla/5.0 (iPhone; CPU iPhone OS 10_0_7; like Mac OS X) AppleWebKit/603.43 (KHTML, like Gecko) Chrome/51.0.2851.226 Mobile Safari/600.4"
200.149.89.188 - - [16/Jul/2026:19:25:15 +0000] "GET /product/12660/?add-to-wishlist=11886 HTTP/1.1" 200 39546 "-" "Mozilla/5.0 (Macintosh; Intel Mac OS X 11_1_0) AppleWebKit/537.36 (KHTML, like Gecko) Brave Chrome/89.0.4389.105 Safari/537.36"
194.39.149.53 - - [16/Jul/2026:19:25:17 +0000] "POST /wp-admin/admin-ajax.php HTTP/1.1" 200 0 "-" "WordPress/6.9.4; https://angelsurchins.co.uk"
194.39.149.53 - - [16/Jul/2026:19:25:19 +0000] "POST /wp-admin/admin-ajax.php?action=as_async_request_queue_runner&nonce=3429380fc3 HTTP/1.1" 200 0 "-" "WordPress/6.9.4; https://angelsurchins.co.uk"
194.39.149.53 - - [16/Jul/2026:19:27:00 +0000] "POST /wp-cron.php?doing_wp_cron=1784230020.1784160137176513671875 HTTP/1.1" 200 0 "-" "WordPress/6.9.4; https://angelsurchins.co.uk"
216.73.163.143 - - [16/Jul/2026:19:26:57 +0000] "POST /wp-login.php HTTP/1.1" 401 1500 "-" "Mozilla/5.0 (Macintosh; Intel Mac OS X 11_1_0) AppleWebKit/537.36 (KHTML, like Gecko) Chrome/89.0.4382.0 Safari/537.36 Edg/89.0.764.0"
187.32.219.131 - - [16/Jul/2026:19:27:07 +0000] "GET /page-sitemap.xml HTTP/1.1" 200 1499 "-" "Mozilla/5.0 (Macintosh; Intel Mac OS X 11.2; rv:136.0) Gecko/20100101 Firefox/136.0"
194.39.149.53 - - [16/Jul/2026:19:28:57 +0000] "POST /wp-cron.php?doing_wp_cron=1784230137.2131130695343017578125 HTTP/1.1" 200 0 "-" "WordPress/6.9.4; https://angelsurchins.co.uk"
216.73.217.24 - - [16/Jul/2026:19:28:54 +0000] "GET /robots.txt HTTP/2" 200 206 "-" "Mozilla/5.0 AppleWebKit/537.36 (KHTML, like Gecko; compatible; ClaudeBot/1.0; +claudebot@anthropic.com)"
194.39.149.53 - - [16/Jul/2026:19:28:59 +0000] "POST /wp-admin/admin-ajax.php HTTP/1.1" 200 0 "-" "WordPress/6.9.4; https://angelsurchins.co.uk"
216.73.217.24 - - [16/Jul/2026:19:29:01 +0000] "GET /sitemap_index.xml HTTP/2" 200 408 "-" "Mozilla/5.0 AppleWebKit/537.36 (KHTML, like Gecko; compatible; ClaudeBot/1.0; +claudebot@anthropic.com)"
194.39.149.53 - - [16/Jul/2026:19:30:44 +0000] "POST /wp-cron.php?doing_wp_cron=1784230244.5744769573211669921875 HTTP/1.1" 200 0 "-" "WordPress/6.9.4; https://angelsurchins.co.uk"
186.33.2.215 - - [16/Jul/2026:19:30:42 +0000] "GET /product/stampede-animals-wallpaper/?add-to-wishlist=11886 HTTP/1.1" 200 38902 "-" "Mozilla/5.0 (Windows NT 10.0; Win64; x64) AppleWebKit/537.36 (KHTML, like Gecko) Chrome/80.0.3987.132 Safari/537.36"
194.39.149.53 - - [16/Jul/2026:19:32:25 +0000] "POST /wp-cron.php?doing_wp_cron=1784230344.9885470867156982421875 HTTP/1.1" 200 0 "-" "WordPress/6.9.4; https://angelsurchins.co.uk"
183.162.189.36 - - [16/Jul/2026:19:32:23 +0000] "GET / HTTP/2" 200 42639 "https://angelsurchins.co.uk/" "Mozilla/5.0 (Windows NT 6.1; WOW64) AppleWebKit/537.36 (KHTML, like Gecko) Chrome/50.0.2661.102 Safari/537.36"
194.39.149.53 - - [16/Jul/2026:19:32:26 +0000] "POST /wp-admin/admin-ajax.php HTTP/1.1" 200 0 "-" "WordPress/6.9.4; https://angelsurchins.co.uk"
194.39.149.53 - - [16/Jul/2026:19:34:26 +0000] "POST /wp-cron.php?doing_wp_cron=1784230466.1313569545745849609375 HTTP/1.1" 200 0 "-" "WordPress/6.9.4; https://angelsurchins.co.uk"
102.32.158.175 - - [16/Jul/2026:19:34:24 +0000] "GET /product-category/accesories/mirrors/?add-to-wishlist=13096 HTTP/1.1" 200 35654 "-" "Mozilla/5.0 (Windows NT 10.0; Win64; x64) AppleWebKit/537.36 (KHTML, like Gecko) Chrome/101.0.4951.67 Safari/537.36"
194.39.149.53 - - [16/Jul/2026:19:34:27 +0000] "POST /wp-admin/admin-ajax.php HTTP/1.1" 200 0 "-" "WordPress/6.9.4; https://angelsurchins.co.uk"
194.39.149.53 - - [16/Jul/2026:19:35:05 +0000] "POST /wp-cron.php?doing_wp_cron=1784230505.1849250793457031250000 HTTP/1.1" 200 0 "-" "WordPress/6.9.4; https://angelsurchins.co.uk"
14.175.9.227 - - [16/Jul/2026:19:35:02 +0000] "GET /product/white-hydrangea-in-glass-bowl/ HTTP/1.1" 200 37879 "-" "Mozilla/5.0 (Windows NT 6.1; WOW64) AppleWebKit/537.36 (KHTML, like Gecko) Chrome/95.0.4638.69 Safari/537.36"
194.39.149.53 - - [16/Jul/2026:19:35:56 +0000] "POST /wp-cron.php?doing_wp_cron=1784230556.3954501152038574218750 HTTP/1.1" 200 0 "-" "WordPress/6.9.4; https://angelsurchins.co.uk"
123.17.51.69 - - [16/Jul/2026:19:35:54 +0000] "GET /product/stampede-animals-wallpaper/?add-to-wishlist=11892 HTTP/1.1" 200 38780 "-" "Mozilla/5.0 (Macintosh; Intel Mac OS X 10_13_6) AppleWebKit/537.36 (KHTML, like Gecko) Chrome/94.0.4606.81 Safari/537.36"
156.221.103.238 - - [16/Jul/2026:19:36:16 +0000] "GET /wp-content/uploads/2024/09/line-deer-and-doe_final.jpg HTTP/2" 200 471553 "https://angelsurchins.co.uk/product/hand-drawn-forest-wallpaper/" "Mozilla/5.0 (Windows NT 6.0; WOW64) AppleWebKit/535.11 (KHTML, like Gecko) Chrome/17.0.963.66 Safari/535.11"
194.39.149.53 - - [16/Jul/2026:19:38:04 +0000] "POST /wp-cron.php?doing_wp_cron=1784230684.7839639186859130859375 HTTP/1.1" 200 0 "-" "WordPress/6.9.4; https://angelsurchins.co.uk"
165.73.181.247 - - [16/Jul/2026:19:38:02 +0000] "GET /product/bunny-dreams-wallpaper-2/?add-to-wishlist=11853 HTTP/1.1" 200 38739 "-" "Mozilla/5.0 (Windows NT 6.1; WOW64) AppleWebKit/537.36 (KHTML, like Gecko) Chrome/69.0.0.3016 Safari/537.36"
194.39.149.53 - - [16/Jul/2026:19:38:07 +0000] "POST /wp-admin/admin-ajax.php HTTP/1.1" 200 0 "-" "WordPress/6.9.4; https://angelsurchins.co.uk"
194.39.149.53 - - [16/Jul/2026:19:38:22 +0000] "POST /wp-cron.php?doing_wp_cron=1784230702.7045290470123291015625 HTTP/1.1" 200 0 "-" "WordPress/6.9.4; https://angelsurchins.co.uk"
200.18.122.42 - - [16/Jul/2026:19:38:21 +0000] "GET /product/gustavian-dresser-changer/?add-to-wishlist=11594 HTTP/1.1" 200 37766 "-" "Mozilla/5.0 (Windows NT 10.0; Win64; x64) AppleWebKit/537.36 (KHTML, like Gecko) Chrome/90.0.4430.85 Safari/537.36"
194.39.149.53 - - [16/Jul/2026:19:39:26 +0000] "POST /wp-cron.php?doing_wp_cron=1784230766.3643429279327392578125 HTTP/1.1" 200 0 "-" "WordPress/6.9.4; https://angelsurchins.co.uk"
186.77.205.170 - - [16/Jul/2026:19:39:23 +0000] "GET /product/ballerina-bundle-of-prints/?add-to-wishlist=11925 HTTP/1.1" 200 38434 "-" "Mozilla/5.0 (Macintosh; Intel Mac OS X 10_15_7) AppleWebKit/537.36 (KHTML, like Gecko) Chrome/86.0.4240.193 Safari/537.36"
194.39.149.53 - - [16/Jul/2026:19:39:42 +0000] "POST /wp-cron.php?doing_wp_cron=1784230782.0930900573730468750000 HTTP/1.1" 200 0 "-" "WordPress/6.9.4; https://angelsurchins.co.uk"
189.154.91.62 - - [16/Jul/2026:19:39:34 +0000] "GET /shop/page/4/?add-to-wishlist=13107 HTTP/1.1" 200 39414 "-" "Mozilla/5.0 (Macintosh; Intel Mac OS X 10_13_6) AppleWebKit/537.36 (KHTML, like Gecko) Chrome/89.0.4389.90 Safari/537.36"
186.155.149.83 - - [16/Jul/2026:19:40:25 +0000] "GET /product/deer-and-bunny-wallpaper/?add-to-wishlist=11877 HTTP/1.1" 200 39274 "-" "Mozilla/5.0 (Macintosh; Intel Mac OS X 10_14_6) AppleWebKit/537.36 (KHTML, like Gecko) Chrome/88.0.4324.152 Safari/537.36"
194.39.149.53 - - [16/Jul/2026:19:41:10 +0000] "POST /wp-cron.php?doing_wp_cron=1784230870.2138550281524658203125 HTTP/1.1" 200 0 "-" "WordPress/6.9.4; https://angelsurchins.co.uk"
196.32.249.81 - - [16/Jul/2026:19:41:07 +0000] "GET /product/baby-rabbit-print/?add-to-wishlist=11877 HTTP/1.1" 200 38067 "-" "Mozilla/5.0 (Macintosh; Intel Mac OS X 11_2) AppleWebKit/537.36 (KHTML, like Gecko) Chrome/96.0.4702.147 Safari/537.36"
194.39.149.53 - - [16/Jul/2026:19:41:13 +0000] "POST /wp-admin/admin-ajax.php HTTP/1.1" 200 0 "-" "WordPress/6.9.4; https://angelsurchins.co.uk"
102.96.15.66 - - [16/Jul/2026:19:41:21 +0000] "GET /product/pink-clouds-wallpaper/?add-to-wishlist=11925 HTTP/1.1" 200 38798 "-" "Mozilla/5.0 (Windows NT 5.1; WOW64) AppleWebKit/537.36 (KHTML, like Gecko) Chrome/75.0.3770.100 ADG/11.0.2566 AOLBUILD/11.0.2566 Safari/537.36"
160.187.68.132 - - [16/Jul/2026:19:42:16 +0000] "GET /wp-login.php HTTP/2" 200 0 "-" "Mozilla/5.0 (Macintosh; Intel Mac OS X 10_15_7) AppleWebKit/605.1.15 (KHTML, like Gecko) Version/18.0 Safari/605.1.15"
103.133.216.219 - - [16/Jul/2026:19:42:17 +0000] "GET /wp-login.php HTTP/2" 200 0 "-" "Mozilla/5.0 (X11; Linux x86_64) AppleWebKit/537.36 (KHTML, like Gecko) Chrome/141.0.0.0 Safari/537.36"
194.39.149.53 - - [16/Jul/2026:19:42:25 +0000] "POST /wp-cron.php?doing_wp_cron=1784230945.1805450916290283203125 HTTP/1.1" 200 0 "-" "WordPress/6.9.4; https://angelsurchins.co.uk"
202.51.202.242 - - [16/Jul/2026:19:42:19 +0000] "GET /wp-login.php HTTP/2" 200 0 "-" "Mozilla/5.0 (Windows NT 10.0; Win64; x64) AppleWebKit/537.36 (KHTML, like Gecko) Chrome/145.0.0.0 Safari/537.36"
194.39.149.53 - - [16/Jul/2026:19:43:01 +0000] "POST /wp-cron.php?doing_wp_cron=1784230981.7007811069488525390625 HTTP/1.1" 200 0 "-" "WordPress/6.9.4; https://angelsurchins.co.uk"
154.125.83.129 - - [16/Jul/2026:19:42:59 +0000] "GET /product/florentine-double-bed/?add-to-wishlist=11747 HTTP/1.1" 200 37924 "-" "Mozilla/5.0 (Windows NT 6.1; WOW64) AppleWebKit/537.36 (KHTML, like Gecko) Chrome/63.0.3239.132 AOL/11.0 AOLBUILD/11.0.1839 Safari/537.36"
194.39.149.53 - - [16/Jul/2026:19:43:40 +0000] "POST /wp-admin/admin-ajax.php HTTP/1.1" 200 0 "-" "WordPress/6.9.4; https://angelsurchins.co.uk"
185.223.152.98 - - [16/Jul/2026:19:44:09 +0000] "POST /wp-login.php HTTP/1.1" 401 1500 "-" "linux|Mozilla/5.0 (Linux; Linux i571 ; en-US) Gecko/20100101 Firefox/54.6"
194.39.149.53 - - [16/Jul/2026:19:45:20 +0000] "POST /wp-cron.php?doing_wp_cron=1784231120.5675849914550781250000 HTTP/1.1" 200 0 "-" "WordPress/6.9.4; https://angelsurchins.co.uk"
105.163.2.250 - - [16/Jul/2026:19:45:18 +0000] "GET /product/baby-calf-print/?add-to-wishlist=11925 HTTP/1.1" 200 38176 "-" "Mozilla/5.0 (Macintosh; Intel Mac OS X 10_12_6) AppleWebKit/537.36 (KHTML, like Gecko) Brave Chrome/80.0.3987.116 Safari/537.36"
194.39.149.53 - - [16/Jul/2026:19:46:12 +0000] "POST /wp-cron.php?doing_wp_cron=1784231172.3594000339508056640625 HTTP/1.1" 200 0 "-" "WordPress/6.9.4; https://angelsurchins.co.uk"
187.5.222.197 - - [16/Jul/2026:19:46:10 +0000] "GET /product/floral-wallpaper/?add-to-wishlist=11870 HTTP/1.1" 200 38554 "-" "Mozilla/5.0 (Macintosh; Intel Mac OS X 10_13_6) AppleWebKit/537.36 (KHTML, like Gecko) Brave Chrome/90.0.4430.72 Safari/537.36"
194.39.149.53 - - [16/Jul/2026:19:46:14 +0000] "POST /wp-admin/admin-ajax.php HTTP/1.1" 200 0 "-" "WordPress/6.9.4; https://angelsurchins.co.uk"
45.217.207.200 - - [16/Jul/2026:19:46:15 +0000] "GET /product-category/accesories/wallpaper/page/4/?add-to-wishlist=12999 HTTP/1.1" 200 34122 "-" "Mozilla/5.0 (Windows NT 6.1; Win64; x64) AppleWebKit/537.36 (KHTML, like Gecko) Chrome/84.0.4147.135 Safari/537.36"
194.39.149.53 - - [16/Jul/2026:19:46:56 +0000] "POST /wp-cron.php?doing_wp_cron=1784231216.7231910228729248046875 HTTP/1.1" 200 0 "-" "WordPress/6.9.4; https://angelsurchins.co.uk"
123.17.143.112 - - [16/Jul/2026:19:46:55 +0000] "GET /product/vintage-butterfly-print/?add-to-wishlist=11870 HTTP/1.1" 200 38198 "-" "Mozilla/5.0 (Windows NT 10.0) AppleWebKit/537.36 (KHTML, like Gecko) Chrome/66.0.3359.2 Safari/537.36"
194.39.149.53 - - [16/Jul/2026:19:47:33 +0000] "POST /wp-cron.php?doing_wp_cron=1784231253.3233199119567871093750 HTTP/1.1" 200 0 "-" "WordPress/6.9.4; https://angelsurchins.co.uk"
181.235.176.166 - - [16/Jul/2026:19:47:30 +0000] "GET /product/baby-piglet-print/?add-to-wishlist=11914 HTTP/1.1" 200 37969 "-" "Mozilla/5.0 (Macintosh; Intel Mac OS X 10_12_6) AppleWebKit/537.36 (KHTML, like Gecko) Brave Chrome/78.0.3904.70 Safari/537.36"
194.39.149.53 - - [16/Jul/2026:19:49:07 +0000] "POST /wp-cron.php?doing_wp_cron=1784231347.0598099231719970703125 HTTP/1.1" 200 0 "-" "WordPress/6.9.4; https://angelsurchins.co.uk"
201.182.68.64 - - [16/Jul/2026:19:49:05 +0000] "GET /product/named-butterfly-wall-sticker/?add-to-wishlist=11865 HTTP/1.1" 200 38237 "-" "Mozilla/5.0 (Macintosh; Intel Mac OS X 10_11_6) AppleWebKit/537.36 (KHTML, like Gecko) Brave Chrome/84.0.4147.135 Safari/537.36"
194.39.149.53 - - [16/Jul/2026:19:49:08 +0000] "POST /wp-admin/admin-ajax.php HTTP/1.1" 200 0 "-" "WordPress/6.9.4; https://angelsurchins.co.uk"
194.39.149.53 - - [16/Jul/2026:19:49:10 +0000] "POST /wp-admin/admin-ajax.php?action=as_async_request_queue_runner&nonce=3429380fc3 HTTP/1.1" 200 0 "-" "WordPress/6.9.4; https://angelsurchins.co.uk"
194.39.149.53 - - [16/Jul/2026:19:54:16 +0000] "POST /wp-cron.php?doing_wp_cron=1784231656.0186679363250732421875 HTTP/1.1" 200 0 "-" "WordPress/6.9.4; https://angelsurchins.co.uk"
185.106.31.121 - - [16/Jul/2026:19:54:14 +0000] "GET /product/house-bed/?add-to-wishlist=11695 HTTP/1.1" 200 37657 "-" "Mozilla/5.0 (Macintosh; Intel Mac OS X 10_15_6) AppleWebKit/537.36 (KHTML, like Gecko) Brave Chrome/85.0.4183.121 Safari/537.36"
194.39.149.53 - - [16/Jul/2026:19:54:17 +0000] "POST /wp-admin/admin-ajax.php HTTP/1.1" 200 0 "-" "WordPress/6.9.4; https://angelsurchins.co.uk"
194.39.149.53 - - [16/Jul/2026:19:55:21 +0000] "POST /wp-cron.php?doing_wp_cron=1784231721.6043999195098876953125 HTTP/1.1" 200 0 "-" "WordPress/6.9.4; https://angelsurchins.co.uk"
190.217.196.170 - - [16/Jul/2026:19:55:19 +0000] "GET /product/princess-cloud-bed/?add-to-wishlist=11783 HTTP/1.1" 200 37829 "-" "Mozilla/5.0 (Macintosh; Intel Mac OS X 10_14_3) AppleWebKit/537.36 (KHTML, like Gecko) Chrome/73.0.3683.103 Safari/537.36"
194.39.149.53 - - [16/Jul/2026:19:56:59 +0000] "POST /wp-cron.php?doing_wp_cron=1784231819.8406119346618652343750 HTTP/1.1" 200 0 "-" "WordPress/6.9.4; https://angelsurchins.co.uk"
190.174.88.131 - - [16/Jul/2026:19:56:58 +0000] "GET /product-category/baby/?add-to-wishlist=11489 HTTP/1.1" 200 39417 "-" "Mozilla/5.0 (Windows NT 6.1; Win64; x64) AppleWebKit/537.36 (KHTML, like Gecko) Chrome/98.0.4758.102 Safari/537.36"
194.39.149.53 - - [16/Jul/2026:19:57:01 +0000] "POST /wp-admin/admin-ajax.php HTTP/1.1" 200 0 "-" "WordPress/6.9.4; https://angelsurchins.co.uk"
20.206.89.130 - - [16/Jul/2026:19:57:48 +0000] "GET /wp-content/plugins/hellopress/wp_filemanager.php HTTP/1.1" 401 36 "-" "-"
20.206.89.130 - - [16/Jul/2026:19:57:48 +0000] "GET /this_is_a_new_hello_world.php HTTP/1.1" 401 36 "-" "-"
20.206.89.130 - - [16/Jul/2026:19:57:49 +0000] "GET /x.php HTTP/1.1" 401 36 "-" "-"
20.206.89.130 - - [16/Jul/2026:19:57:49 +0000] "GET /mgrr.php HTTP/1.1" 401 36 "-" "-"
20.206.89.130 - - [16/Jul/2026:19:57:49 +0000] "GET /stdin.php HTTP/1.1" 401 36 "-" "-"
20.206.89.130 - - [16/Jul/2026:19:57:50 +0000] "GET /BDKR28.php HTTP/1.1" 401 36 "-" "-"
20.206.89.130 - - [16/Jul/2026:19:57:50 +0000] "GET /001.php HTTP/1.1" 401 36 "-" "-"
20.206.89.130 - - [16/Jul/2026:19:57:50 +0000] "GET /dZ3wP5.php HTTP/1.1" 401 36 "-" "-"
20.206.89.130 - - [16/Jul/2026:19:57:51 +0000] "GET /yup.php HTTP/1.1" 401 36 "-" "-"
20.206.89.130 - - [16/Jul/2026:19:57:51 +0000] "GET /ts.php HTTP/1.1" 401 36 "-" "-"
20.206.89.130 - - [16/Jul/2026:19:57:51 +0000] "GET /X.php HTTP/1.1" 401 36 "-" "-"
20.206.89.130 - - [16/Jul/2026:19:57:52 +0000] "GET /1polka.php HTTP/1.1" 401 36 "-" "-"
20.206.89.130 - - [16/Jul/2026:19:57:52 +0000] "GET /gec.php HTTP/1.1" 401 36 "-" "-"
20.206.89.130 - - [16/Jul/2026:19:57:52 +0000] "GET /sky.php HTTP/1.1" 401 36 "-" "-"
20.206.89.130 - - [16/Jul/2026:19:57:52 +0000] "GET /fffm.php HTTP/1.1" 401 36 "-" "-"
20.206.89.130 - - [16/Jul/2026:19:57:53 +0000] "GET /sixxis.php HTTP/1.1" 401 36 "-" "-"
20.206.89.130 - - [16/Jul/2026:19:57:53 +0000] "GET /yj09.php HTTP/1.1" 401 36 "-" "-"
20.206.89.130 - - [16/Jul/2026:19:57:53 +0000] "GET /f900.php HTTP/1.1" 401 36 "-" "-"
20.206.89.130 - - [16/Jul/2026:19:57:54 +0000] "GET /ups.php HTTP/1.1" 401 36 "-" "-"
20.206.89.130 - - [16/Jul/2026:19:57:54 +0000] "GET /k.php HTTP/1.1" 401 36 "-" "-"
20.206.89.130 - - [16/Jul/2026:19:57:54 +0000] "GET /k2.php HTTP/1.1" 401 36 "-" "-"
20.206.89.130 - - [16/Jul/2026:19:57:55 +0000] "GET /w.php HTTP/1.1" 401 36 "-" "-"
20.206.89.130 - - [16/Jul/2026:19:57:55 +0000] "GET /fpwch.php HTTP/1.1" 401 36 "-" "-"
20.206.89.130 - - [16/Jul/2026:19:57:55 +0000] "GET /w2025.php HTTP/1.1" 401 36 "-" "-"
20.206.89.130 - - [16/Jul/2026:19:57:56 +0000] "GET /scxy.php HTTP/1.1" 401 36 "-" "-"
20.206.89.130 - - [16/Jul/2026:19:57:56 +0000] "GET /FWAZ.php HTTP/1.1" 401 36 "-" "-"
20.206.89.130 - - [16/Jul/2026:19:57:56 +0000] "GET /qterm.php HTTP/1.1" 401 36 "-" "-"
20.206.89.130 - - [16/Jul/2026:19:57:57 +0000] "GET /blurbs.php HTTP/1.1" 401 36 "-" "-"
20.206.89.130 - - [16/Jul/2026:19:57:57 +0000] "GET /v543.php HTTP/1.1" 401 36 "-" "-"
20.206.89.130 - - [16/Jul/2026:19:57:57 +0000] "GET /w3lls.php HTTP/1.1" 401 36 "-" "-"
20.206.89.130 - - [16/Jul/2026:19:57:58 +0000] "GET /wp-ws68.php HTTP/1.1" 401 36 "-" "-"
20.206.89.130 - - [16/Jul/2026:19:57:58 +0000] "GET /xyn.php HTTP/1.1" 401 36 "-" "-"
20.206.89.130 - - [16/Jul/2026:19:57:58 +0000] "GET /green3.php HTTP/1.1" 401 36 "-" "-"
20.206.89.130 - - [16/Jul/2026:19:57:58 +0000] "GET /ccc.php HTTP/1.1" 401 36 "-" "-"
20.206.89.130 - - [16/Jul/2026:19:57:59 +0000] "GET /get.php HTTP/1.1" 401 36 "-" "-"
20.206.89.130 - - [16/Jul/2026:19:57:59 +0000] "GET /images.php HTTP/1.1" 401 36 "-" "-"
20.206.89.130 - - [16/Jul/2026:19:57:59 +0000] "GET /alls.php HTTP/1.1" 401 36 "-" "-"
20.206.89.130 - - [16/Jul/2026:19:58:00 +0000] "GET /coffexium.php HTTP/1.1" 401 36 "-" "-"
194.39.149.53 - - [16/Jul/2026:19:58:00 +0000] "POST /wp-cron.php?doing_wp_cron=1784231880.2558670043945312500000 HTTP/1.1" 200 0 "-" "WordPress/6.9.4; https://angelsurchins.co.uk"
20.206.89.130 - - [16/Jul/2026:19:58:00 +0000] "GET /red.php HTTP/1.1" 401 36 "-" "-"
165.73.0.178 - - [16/Jul/2026:19:57:56 +0000] "GET /wp-login.php HTTP/2" 200 2456 "-" "Mozilla/5.0 (Linux; Android 10; K) AppleWebKit/537.36 (KHTML, like Gecko) Chrome/147.0.0.0 Mobile Safari/537.36"
212.80.9.235 - - [16/Jul/2026:19:57:56 +0000] "GET /wp-login.php HTTP/2" 200 2453 "-" "Mozilla/5.0 (Macintosh; Intel Mac OS X 10_15_7) AppleWebKit/537.36 (KHTML, like Gecko) Chrome/149.0.0.0 Safari/537.36"
20.206.89.130 - - [16/Jul/2026:19:58:00 +0000] "GET /wp-includes/sodium_compat/ HTTP/1.1" 401 36 "-" "-"
20.206.89.130 - - [16/Jul/2026:19:58:01 +0000] "GET /wp-admin/css/colors/coffee/wp-adochan.php HTTP/1.1" 401 36 "-" "-"
20.206.89.130 - - [16/Jul/2026:19:58:01 +0000] "GET /wp-includes/Text/ HTTP/1.1" 401 36 "-" "-"
20.206.89.130 - - [16/Jul/2026:19:58:01 +0000] "GET /footer.php HTTP/1.1" 401 36 "-" "-"
20.206.89.130 - - [16/Jul/2026:19:58:02 +0000] "GET /wp-content/uploads/ HTTP/1.1" 401 36 "-" "-"
20.206.89.130 - - [16/Jul/2026:19:58:02 +0000] "GET /wp-content/index.php HTTP/1.1" 401 36 "-" "-"
20.206.89.130 - - [16/Jul/2026:19:58:02 +0000] "GET /zoro.php HTTP/1.1" 401 36 "-" "-"
20.206.89.130 - - [16/Jul/2026:19:58:03 +0000] "GET /admin.php HTTP/1.1" 401 36 "-" "-"
20.206.89.130 - - [16/Jul/2026:19:58:03 +0000] "GET /177.php HTTP/1.1" 401 36 "-" "-"
20.206.89.130 - - [16/Jul/2026:19:58:03 +0000] "GET /199.php HTTP/1.1" 401 36 "-" "-"
20.206.89.130 - - [16/Jul/2026:19:58:03 +0000] "GET /file52.php HTTP/1.1" 401 36 "-" "-"
20.206.89.130 - - [16/Jul/2026:19:58:04 +0000] "GET /geck.php HTTP/1.1" 401 36 "-" "-"
20.206.89.130 - - [16/Jul/2026:19:58:04 +0000] "GET /biufile.php HTTP/1.1" 401 36 "-" "-"
20.206.89.130 - - [16/Jul/2026:19:58:04 +0000] "GET /mosty.php HTTP/1.1" 401 36 "-" "-"
20.206.89.130 - - [16/Jul/2026:19:58:05 +0000] "GET /dejavu.php HTTP/1.1" 401 36 "-" "-"
20.206.89.130 - - [16/Jul/2026:19:58:05 +0000] "GET /aaf.php HTTP/1.1" 401 36 "-" "-"
20.206.89.130 - - [16/Jul/2026:19:58:05 +0000] "GET /term.php HTTP/1.1" 401 36 "-" "-"
20.206.89.130 - - [16/Jul/2026:19:58:06 +0000] "GET /ha.php HTTP/1.1" 401 36 "-" "-"
165.73.0.178 - - [16/Jul/2026:19:58:00 +0000] "POST /wp-login.php HTTP/2" 401 1288 "https://angelsurchins.co.uk/wp-login.php" "Mozilla/5.0 (Linux; Android 10; K) AppleWebKit/537.36 (KHTML, like Gecko) Chrome/147.0.0.0 Mobile Safari/537.36"
20.206.89.130 - - [16/Jul/2026:19:58:06 +0000] "GET /hur.php HTTP/1.1" 401 36 "-" "-"
20.206.89.130 - - [16/Jul/2026:19:58:06 +0000] "GET /h02ugyh.php HTTP/1.1" 401 36 "-" "-"
212.80.9.235 - - [16/Jul/2026:19:58:01 +0000] "POST /wp-login.php HTTP/2" 401 1286 "https://angelsurchins.co.uk/wp-login.php" "Mozilla/5.0 (Macintosh; Intel Mac OS X 10_15_7) AppleWebKit/537.36 (KHTML, like Gecko) Chrome/149.0.0.0 Safari/537.36"
20.206.89.130 - - [16/Jul/2026:19:58:07 +0000] "GET /155.php HTTP/1.1" 401 36 "-" "-"
20.206.89.130 - - [16/Jul/2026:19:58:07 +0000] "GET /pp.php HTTP/1.1" 401 36 "-" "-"
20.206.89.130 - - [16/Jul/2026:19:58:07 +0000] "GET /201.php HTTP/1.1" 401 36 "-" "-"
20.206.89.130 - - [16/Jul/2026:19:58:08 +0000] "GET /ops.php HTTP/1.1" 401 36 "-" "-"
20.206.89.130 - - [16/Jul/2026:19:58:08 +0000] "GET /ingfo.php HTTP/1.1" 401 36 "-" "-"
20.206.89.130 - - [16/Jul/2026:19:58:08 +0000] "GET /error_log.php HTTP/1.1" 401 36 "-" "-"
20.206.89.130 - - [16/Jul/2026:19:58:09 +0000] "GET /test10.php HTTP/1.1" 401 36 "-" "-"
20.206.89.130 - - [16/Jul/2026:19:58:09 +0000] "GET /koala.php HTTP/1.1" 401 36 "-" "-"
20.206.89.130 - - [16/Jul/2026:19:58:09 +0000] "GET /mac.php HTTP/1.1" 401 36 "-" "-"
20.206.89.130 - - [16/Jul/2026:19:58:09 +0000] "GET /wefile.php HTTP/1.1" 401 36 "-" "-"
20.206.89.130 - - [16/Jul/2026:19:58:10 +0000] "GET /wp-includes/blocks/post-comments-form/ HTTP/1.1" 401 36 "-" "-"
20.206.89.130 - - [16/Jul/2026:19:58:10 +0000] "GET /wp-admin/js/ HTTP/1.1" 401 36 "-" "-"
20.206.89.130 - - [16/Jul/2026:19:58:10 +0000] "GET /makeasmtp.php HTTP/1.1" 401 36 "-" "-"
20.206.89.130 - - [16/Jul/2026:19:58:11 +0000] "GET /2P.php HTTP/1.1" 401 36 "-" "-"
20.206.89.130 - - [16/Jul/2026:19:58:11 +0000] "GET /.well-known/about.php HTTP/1.1" 401 36 "-" "-"
20.206.89.130 - - [16/Jul/2026:19:58:11 +0000] "GET /wp-includes/ID3/about.php HTTP/1.1" 401 36 "-" "-"
20.206.89.130 - - [16/Jul/2026:19:58:12 +0000] "GET /system_log.php HTTP/1.1" 401 36 "-" "-"
20.206.89.130 - - [16/Jul/2026:19:58:12 +0000] "GET /wp-admin/css/ HTTP/1.1" 401 36 "-" "-"
20.206.89.130 - - [16/Jul/2026:19:58:12 +0000] "GET /wp-admin/css/colors/modern/ HTTP/1.1" 401 36 "-" "-"
20.206.89.130 - - [16/Jul/2026:19:58:13 +0000] "GET /crgio.php HTTP/1.1" 401 36 "-" "-"
20.206.89.130 - - [16/Jul/2026:19:58:13 +0000] "GET /pucci.php HTTP/1.1" 401 36 "-" "-"
20.206.89.130 - - [16/Jul/2026:19:58:13 +0000] "GET /wp-includes/blocks/details/ HTTP/1.1" 401 36 "-" "-"
20.206.89.130 - - [16/Jul/2026:19:58:13 +0000] "GET /wp-includes/blocks/audio/ HTTP/1.1" 401 36 "-" "-"
20.206.89.130 - - [16/Jul/2026:19:58:14 +0000] "GET /wp-temp.php HTTP/1.1" 401 36 "-" "-"
20.206.89.130 - - [16/Jul/2026:19:58:14 +0000] "GET /wp-includes/blocks/buttons/ HTTP/1.1" 401 36 "-" "-"
20.206.89.130 - - [16/Jul/2026:19:58:14 +0000] "GET /wp-admin/js/index.php HTTP/1.1" 401 36 "-" "-"
20.206.89.130 - - [16/Jul/2026:19:58:15 +0000] "GET /puc.php HTTP/1.1" 401 36 "-" "-"
20.206.89.130 - - [16/Jul/2026:19:58:15 +0000] "GET /dx.php HTTP/1.1" 401 36 "-" "-"
20.206.89.130 - - [16/Jul/2026:19:58:15 +0000] "GET /wp-includes/Requests/ HTTP/1.1" 401 36 "-" "-"
20.206.89.130 - - [16/Jul/2026:19:58:16 +0000] "GET /bthil.php HTTP/1.1" 401 36 "-" "-"
20.206.89.130 - - [16/Jul/2026:19:58:16 +0000] "GET /7.php HTTP/1.1" 401 36 "-" "-"
