92.40.185.26 - - [16/Jul/2026:17:18:48 +0000] "GET /wp-content/plugins/woocommerce/assets/client/blocks/wc-blocks.css?ver=wc-10.9.4 HTTP/2" 200 2391 "https://angelsurchins.co.uk/product/alora-cot-bed/" "Mozilla/5.0 (iPhone; CPU iPhone OS 26_5_1 like Mac OS X) AppleWebKit/605.1.15 (KHTML, like Gecko) GSA/429.1.942703598 Mobile/15E148 Safari/604.1"
92.40.185.26 - - [16/Jul/2026:17:18:48 +0000] "GET /wp-content/plugins/contact-form-7/includes/css/styles.css?ver=5.9.8 HTTP/2" 200 890 "https://angelsurchins.co.uk/product/alora-cot-bed/" "Mozilla/5.0 (iPhone; CPU iPhone OS 26_5_1 like Mac OS X) AppleWebKit/605.1.15 (KHTML, like Gecko) GSA/429.1.942703598 Mobile/15E148 Safari/604.1"
92.40.185.26 - - [16/Jul/2026:17:18:48 +0000] "GET /wp-content/plugins/gallery-slider-for-woocommerce/public/css/dynamic.css?ver=all HTTP/2" 200 0 "https://angelsurchins.co.uk/product/alora-cot-bed/" "Mozilla/5.0 (iPhone; CPU iPhone OS 26_5_1 like Mac OS X) AppleWebKit/605.1.15 (KHTML, like Gecko) GSA/429.1.942703598 Mobile/15E148 Safari/604.1"
92.40.185.26 - - [16/Jul/2026:17:18:48 +0000] "GET /wp-content/plugins/photo-gallery/css/bwg-fonts/fonts.css?ver=0.0.1 HTTP/2" 200 791 "https://angelsurchins.co.uk/product/alora-cot-bed/" "Mozilla/5.0 (iPhone; CPU iPhone OS 26_5_1 like Mac OS X) AppleWebKit/605.1.15 (KHTML, like Gecko) GSA/429.1.942703598 Mobile/15E148 Safari/604.1"
92.40.185.26 - - [16/Jul/2026:17:18:48 +0000] "GET /wp-content/plugins/photo-gallery/css/sumoselect.min.css?ver=3.4.6 HTTP/2" 200 1899 "https://angelsurchins.co.uk/product/alora-cot-bed/" "Mozilla/5.0 (iPhone; CPU iPhone OS 26_5_1 like Mac OS X) AppleWebKit/605.1.15 (KHTML, like Gecko) GSA/429.1.942703598 Mobile/15E148 Safari/604.1"
92.40.185.26 - - [16/Jul/2026:17:18:48 +0000] "GET /wp-content/plugins/photo-gallery/css/jquery.mCustomScrollbar.min.css?ver=3.1.5 HTTP/2" 200 3799 "https://angelsurchins.co.uk/product/alora-cot-bed/" "Mozilla/5.0 (iPhone; CPU iPhone OS 26_5_1 like Mac OS X) AppleWebKit/605.1.15 (KHTML, like Gecko) GSA/429.1.942703598 Mobile/15E148 Safari/604.1"
92.40.185.26 - - [16/Jul/2026:17:18:48 +0000] "GET /wp-content/plugins/photo-gallery/css/styles.min.css?ver=1.8.30 HTTP/2" 200 6826 "https://angelsurchins.co.uk/product/alora-cot-bed/" "Mozilla/5.0 (iPhone; CPU iPhone OS 26_5_1 like Mac OS X) AppleWebKit/605.1.15 (KHTML, like Gecko) GSA/429.1.942703598 Mobile/15E148 Safari/604.1"
92.40.185.26 - - [16/Jul/2026:17:18:48 +0000] "GET /wp-content/plugins/woocommerce/assets/css/photoswipe/photoswipe.min.css?ver=10.9.4 HTTP/2" 200 846 "https://angelsurchins.co.uk/product/alora-cot-bed/" "Mozilla/5.0 (iPhone; CPU iPhone OS 26_5_1 like Mac OS X) AppleWebKit/605.1.15 (KHTML, like Gecko) GSA/429.1.942703598 Mobile/15E148 Safari/604.1"
92.40.185.26 - - [16/Jul/2026:17:18:48 +0000] "GET /wp-content/plugins/woocommerce/assets/css/photoswipe/default-skin/default-skin.min.css?ver=10.9.4 HTTP/2" 200 1759 "https://angelsurchins.co.uk/product/alora-cot-bed/" "Mozilla/5.0 (iPhone; CPU iPhone OS 26_5_1 like Mac OS X) AppleWebKit/605.1.15 (KHTML, like Gecko) GSA/429.1.942703598 Mobile/15E148 Safari/604.1"
92.40.185.26 - - [16/Jul/2026:17:18:48 +0000] "GET /wp-content/plugins/wcboost-products-compare/assets/css/compare.css?ver=1.0.7 HTTP/2" 200 1294 "https://angelsurchins.co.uk/product/alora-cot-bed/" "Mozilla/5.0 (iPhone; CPU iPhone OS 26_5_1 like Mac OS X) AppleWebKit/605.1.15 (KHTML, like Gecko) GSA/429.1.942703598 Mobile/15E148 Safari/604.1"
92.40.185.26 - - [16/Jul/2026:17:18:48 +0000] "GET /wp-content/plugins/wcboost-variation-swatches/assets/css/frontend.css?ver=1.0.17 HTTP/2" 200 1008 "https://angelsurchins.co.uk/product/alora-cot-bed/" "Mozilla/5.0 (iPhone; CPU iPhone OS 26_5_1 like Mac OS X) AppleWebKit/605.1.15 (KHTML, like Gecko) GSA/429.1.942703598 Mobile/15E148 Safari/604.1"
92.40.185.26 - - [16/Jul/2026:17:18:48 +0000] "GET /wp-content/plugins/wcboost-wishlist/assets/css/wishlist.css?ver=1.1.4 HTTP/2" 200 1164 "https://angelsurchins.co.uk/product/alora-cot-bed/" "Mozilla/5.0 (iPhone; CPU iPhone OS 26_5_1 like Mac OS X) AppleWebKit/605.1.15 (KHTML, like Gecko) GSA/429.1.942703598 Mobile/15E148 Safari/604.1"
92.40.185.26 - - [16/Jul/2026:17:18:48 +0000] "GET /wp-content/plugins/elementor/assets/lib/eicons/css/elementor-icons.min.css?ver=5.31.0 HTTP/2" 200 3746 "https://angelsurchins.co.uk/product/alora-cot-bed/" "Mozilla/5.0 (iPhone; CPU iPhone OS 26_5_1 like Mac OS X) AppleWebKit/605.1.15 (KHTML, like Gecko) GSA/429.1.942703598 Mobile/15E148 Safari/604.1"
92.40.185.26 - - [16/Jul/2026:17:18:48 +0000] "GET /wp-content/plugins/elementor/assets/css/frontend.min.css?ver=3.24.7 HTTP/2" 200 6890 "https://angelsurchins.co.uk/product/alora-cot-bed/" "Mozilla/5.0 (iPhone; CPU iPhone OS 26_5_1 like Mac OS X) AppleWebKit/605.1.15 (KHTML, like Gecko) GSA/429.1.942703598 Mobile/15E148 Safari/604.1"
92.40.185.26 - - [16/Jul/2026:17:18:48 +0000] "GET /wp-content/plugins/elementor/assets/lib/swiper/v8/css/swiper.min.css?ver=8.4.5 HTTP/2" 200 4248 "https://angelsurchins.co.uk/product/alora-cot-bed/" "Mozilla/5.0 (iPhone; CPU iPhone OS 26_5_1 like Mac OS X) AppleWebKit/605.1.15 (KHTML, like Gecko) GSA/429.1.942703598 Mobile/15E148 Safari/604.1"
92.40.185.26 - - [16/Jul/2026:17:18:48 +0000] "GET /wp-content/plugins/elementor/assets/css/conditionals/e-swiper.min.css?ver=3.24.7 HTTP/2" 200 890 "https://angelsurchins.co.uk/product/alora-cot-bed/" "Mozilla/5.0 (iPhone; CPU iPhone OS 26_5_1 like Mac OS X) AppleWebKit/605.1.15 (KHTML, like Gecko) GSA/429.1.942703598 Mobile/15E148 Safari/604.1"
92.40.185.26 - - [16/Jul/2026:17:18:48 +0000] "GET /wp-content/uploads/elementor/css/post-7.css?ver=1729868528 HTTP/2" 200 334 "https://angelsurchins.co.uk/product/alora-cot-bed/" "Mozilla/5.0 (iPhone; CPU iPhone OS 26_5_1 like Mac OS X) AppleWebKit/605.1.15 (KHTML, like Gecko) GSA/429.1.942703598 Mobile/15E148 Safari/604.1"
92.40.185.26 - - [16/Jul/2026:17:18:48 +0000] "GET /wp-content/uploads/elementor/css/global.css?ver=1729868545 HTTP/2" 200 3438 "https://angelsurchins.co.uk/product/alora-cot-bed/" "Mozilla/5.0 (iPhone; CPU iPhone OS 26_5_1 like Mac OS X) AppleWebKit/605.1.15 (KHTML, like Gecko) GSA/429.1.942703598 Mobile/15E148 Safari/604.1"
92.40.185.26 - - [16/Jul/2026:17:18:48 +0000] "GET /wp-content/plugins/razzi-addons/modules/product-deals/assets/deals.css?ver=1.0.0 HTTP/2" 200 526 "https://angelsurchins.co.uk/product/alora-cot-bed/" "Mozilla/5.0 (iPhone; CPU iPhone OS 26_5_1 like Mac OS X) AppleWebKit/605.1.15 (KHTML, like Gecko) GSA/429.1.942703598 Mobile/15E148 Safari/604.1"
92.40.185.26 - - [16/Jul/2026:17:18:48 +0000] "GET /wp-content/plugins/woocommerce/assets/css/select2.css?ver=10.9.4 HTTP/2" 200 1750 "https://angelsurchins.co.uk/product/alora-cot-bed/" "Mozilla/5.0 (iPhone; CPU iPhone OS 26_5_1 like Mac OS X) AppleWebKit/605.1.15 (KHTML, like Gecko) GSA/429.1.942703598 Mobile/15E148 Safari/604.1"
92.40.185.26 - - [16/Jul/2026:17:18:48 +0000] "GET /wp-content/plugins/gallery-slider-for-woocommerce/public/css/fontello.min.css?ver=2.1.3 HTTP/2" 200 346 "https://angelsurchins.co.uk/product/alora-cot-bed/" "Mozilla/5.0 (iPhone; CPU iPhone OS 26_5_1 like Mac OS X) AppleWebKit/605.1.15 (KHTML, like Gecko) GSA/429.1.942703598 Mobile/15E148 Safari/604.1"
92.40.185.26 - - [16/Jul/2026:17:18:48 +0000] "GET /wp-content/plugins/gallery-slider-for-woocommerce/public/css/swiper-bundle.min.css?ver=2.1.3 HTTP/2" 200 4510 "https://angelsurchins.co.uk/product/alora-cot-bed/" "Mozilla/5.0 (iPhone; CPU iPhone OS 26_5_1 like Mac OS X) AppleWebKit/605.1.15 (KHTML, like Gecko) GSA/429.1.942703598 Mobile/15E148 Safari/604.1"
92.40.185.26 - - [16/Jul/2026:17:18:48 +0000] "GET /wp-content/plugins/gallery-slider-for-woocommerce/public/css/jquery.fancybox.min.css?ver=2.1.3 HTTP/2" 200 2897 "https://angelsurchins.co.uk/product/alora-cot-bed/" "Mozilla/5.0 (iPhone; CPU iPhone OS 26_5_1 like Mac OS X) AppleWebKit/605.1.15 (KHTML, like Gecko) GSA/429.1.942703598 Mobile/15E148 Safari/604.1"
92.40.185.26 - - [16/Jul/2026:17:18:48 +0000] "GET /wp-content/plugins/gallery-slider-for-woocommerce/public/css/woo-gallery-slider-public.min.css?ver=2.1.3 HTTP/2" 200 2229 "https://angelsurchins.co.uk/product/alora-cot-bed/" "Mozilla/5.0 (iPhone; CPU iPhone OS 26_5_1 like Mac OS X) AppleWebKit/605.1.15 (KHTML, like Gecko) GSA/429.1.942703598 Mobile/15E148 Safari/604.1"
92.40.185.26 - - [16/Jul/2026:17:18:48 +0000] "GET /wp-content/themes/razzi/inc/mobile/assets/woocommerce.css?ver=20220610 HTTP/2" 200 30137 "https://angelsurchins.co.uk/product/alora-cot-bed/" "Mozilla/5.0 (iPhone; CPU iPhone OS 26_5_1 like Mac OS X) AppleWebKit/605.1.15 (KHTML, like Gecko) GSA/429.1.942703598 Mobile/15E148 Safari/604.1"
92.40.185.26 - - [16/Jul/2026:17:18:48 +0000] "GET /wp-includes/js/underscore.min.js?ver=1.13.7 HTTP/2" 200 7185 "https://angelsurchins.co.uk/product/alora-cot-bed/" "Mozilla/5.0 (iPhone; CPU iPhone OS 26_5_1 like Mac OS X) AppleWebKit/605.1.15 (KHTML, like Gecko) GSA/429.1.942703598 Mobile/15E148 Safari/604.1"
92.40.185.26 - - [16/Jul/2026:17:18:48 +0000] "GET /wp-includes/js/wp-util.min.js?ver=6.9.4 HTTP/2" 200 693 "https://angelsurchins.co.uk/product/alora-cot-bed/" "Mozilla/5.0 (iPhone; CPU iPhone OS 26_5_1 like Mac OS X) AppleWebKit/605.1.15 (KHTML, like Gecko) GSA/429.1.942703598 Mobile/15E148 Safari/604.1"
92.40.185.26 - - [16/Jul/2026:17:18:48 +0000] "GET /wp-content/plugins/woocommerce/assets/js/frontend/add-to-cart-variation.min.js?ver=10.9.4 HTTP/2" 200 4131 "https://angelsurchins.co.uk/product/alora-cot-bed/" "Mozilla/5.0 (iPhone; CPU iPhone OS 26_5_1 like Mac OS X) AppleWebKit/605.1.15 (KHTML, like Gecko) GSA/429.1.942703598 Mobile/15E148 Safari/604.1"
92.40.185.26 - - [16/Jul/2026:17:18:48 +0000] "GET /wp-content/plugins/woocommerce/assets/js/frontend/cart-fragments.min.js?ver=10.9.4 HTTP/2" 200 943 "https://angelsurchins.co.uk/product/alora-cot-bed/" "Mozilla/5.0 (iPhone; CPU iPhone OS 26_5_1 like Mac OS X) AppleWebKit/605.1.15 (KHTML, like Gecko) GSA/429.1.942703598 Mobile/15E148 Safari/604.1"
92.40.185.26 - - [16/Jul/2026:17:18:48 +0000] "GET /wp-includes/js/jquery/jquery-migrate.min.js?ver=3.4.1 HTTP/2" 200 4678 "https://angelsurchins.co.uk/product/alora-cot-bed/" "Mozilla/5.0 (iPhone; CPU iPhone OS 26_5_1 like Mac OS X) AppleWebKit/605.1.15 (KHTML, like Gecko) GSA/429.1.942703598 Mobile/15E148 Safari/604.1"
92.40.185.26 - - [16/Jul/2026:17:18:48 +0000] "GET /wp-content/plugins/photo-gallery/booster/assets/js/circle-progress.js?ver=1.2.2 HTTP/2" 200 4251 "https://angelsurchins.co.uk/product/alora-cot-bed/" "Mozilla/5.0 (iPhone; CPU iPhone OS 26_5_1 like Mac OS X) AppleWebKit/605.1.15 (KHTML, like Gecko) GSA/429.1.942703598 Mobile/15E148 Safari/604.1"
92.40.185.26 - - [16/Jul/2026:17:18:48 +0000] "GET /wp-content/plugins/photo-gallery/booster/assets/js/global.js?ver=1.0.0 HTTP/2" 200 2321 "https://angelsurchins.co.uk/product/alora-cot-bed/" "Mozilla/5.0 (iPhone; CPU iPhone OS 26_5_1 like Mac OS X) AppleWebKit/605.1.15 (KHTML, like Gecko) GSA/429.1.942703598 Mobile/15E148 Safari/604.1"
92.40.185.26 - - [16/Jul/2026:17:18:48 +0000] "GET /wp-content/plugins/photo-gallery/js/jquery.sumoselect.min.js?ver=3.4.6 HTTP/2" 200 7546 "https://angelsurchins.co.uk/product/alora-cot-bed/" "Mozilla/5.0 (iPhone; CPU iPhone OS 26_5_1 like Mac OS X) AppleWebKit/605.1.15 (KHTML, like Gecko) GSA/429.1.942703598 Mobile/15E148 Safari/604.1"
92.40.185.26 - - [16/Jul/2026:17:18:48 +0000] "GET /wp-content/plugins/photo-gallery/js/tocca.min.js?ver=2.0.9 HTTP/2" 200 1336 "https://angelsurchins.co.uk/product/alora-cot-bed/" "Mozilla/5.0 (iPhone; CPU iPhone OS 26_5_1 like Mac OS X) AppleWebKit/605.1.15 (KHTML, like Gecko) GSA/429.1.942703598 Mobile/15E148 Safari/604.1"
92.40.185.26 - - [16/Jul/2026:17:18:48 +0000] "GET /wp-content/plugins/photo-gallery/js/jquery.mCustomScrollbar.concat.min.js?ver=3.1.5 HTTP/2" 200 12358 "https://angelsurchins.co.uk/product/alora-cot-bed/" "Mozilla/5.0 (iPhone; CPU iPhone OS 26_5_1 like Mac OS X) AppleWebKit/605.1.15 (KHTML, like Gecko) GSA/429.1.942703598 Mobile/15E148 Safari/604.1"
92.40.185.26 - - [16/Jul/2026:17:18:48 +0000] "GET /wp-content/plugins/photo-gallery/js/jquery.fullscreen.min.js?ver=0.6.0 HTTP/2" 200 2017 "https://angelsurchins.co.uk/product/alora-cot-bed/" "Mozilla/5.0 (iPhone; CPU iPhone OS 26_5_1 like Mac OS X) AppleWebKit/605.1.15 (KHTML, like Gecko) GSA/429.1.942703598 Mobile/15E148 Safari/604.1"
92.40.185.26 - - [16/Jul/2026:17:18:48 +0000] "GET /wp-content/plugins/woocommerce/assets/js/jquery-blockui/jquery.blockUI.min.js?ver=2.7.0-wc.10.9.4 HTTP/2" 200 3277 "https://angelsurchins.co.uk/product/alora-cot-bed/" "Mozilla/5.0 (iPhone; CPU iPhone OS 26_5_1 like Mac OS X) AppleWebKit/605.1.15 (KHTML, like Gecko) GSA/429.1.942703598 Mobile/15E148 Safari/604.1"
92.40.185.26 - - [16/Jul/2026:17:18:48 +0000] "GET /wp-content/plugins/woocommerce/assets/js/frontend/add-to-cart.min.js?ver=10.9.4 HTTP/2" 200 1296 "https://angelsurchins.co.uk/product/alora-cot-bed/" "Mozilla/5.0 (iPhone; CPU iPhone OS 26_5_1 like Mac OS X) AppleWebKit/605.1.15 (KHTML, like Gecko) GSA/429.1.942703598 Mobile/15E148 Safari/604.1"
92.40.185.26 - - [16/Jul/2026:17:18:48 +0000] "GET /wp-content/plugins/woocommerce/assets/js/flexslider/jquery.flexslider.min.js?ver=2.7.2-wc.10.9.4 HTTP/2" 200 6017 "https://angelsurchins.co.uk/product/alora-cot-bed/" "Mozilla/5.0 (iPhone; CPU iPhone OS 26_5_1 like Mac OS X) AppleWebKit/605.1.15 (KHTML, like Gecko) GSA/429.1.942703598 Mobile/15E148 Safari/604.1"
92.40.185.26 - - [16/Jul/2026:17:18:48 +0000] "GET /wp-content/plugins/woocommerce/assets/js/photoswipe/photoswipe.min.js?ver=4.1.1-wc.10.9.4 HTTP/2" 200 11652 "https://angelsurchins.co.uk/product/alora-cot-bed/" "Mozilla/5.0 (iPhone; CPU iPhone OS 26_5_1 like Mac OS X) AppleWebKit/605.1.15 (KHTML, like Gecko) GSA/429.1.942703598 Mobile/15E148 Safari/604.1"
92.40.185.26 - - [16/Jul/2026:17:18:48 +0000] "GET /wp-content/plugins/woocommerce/assets/js/photoswipe/photoswipe-ui-default.min.js?ver=4.1.1-wc.10.9.4 HTTP/2" 200 3478 "https://angelsurchins.co.uk/product/alora-cot-bed/" "Mozilla/5.0 (iPhone; CPU iPhone OS 26_5_1 like Mac OS X) AppleWebKit/605.1.15 (KHTML, like Gecko) GSA/429.1.942703598 Mobile/15E148 Safari/604.1"
92.40.185.26 - - [16/Jul/2026:17:18:48 +0000] "GET /wp-content/plugins/woocommerce/assets/js/frontend/single-product.min.js?ver=10.9.4 HTTP/2" 200 2700 "https://angelsurchins.co.uk/product/alora-cot-bed/" "Mozilla/5.0 (iPhone; CPU iPhone OS 26_5_1 like Mac OS X) AppleWebKit/605.1.15 (KHTML, like Gecko) GSA/429.1.942703598 Mobile/15E148 Safari/604.1"
92.40.185.26 - - [16/Jul/2026:17:18:48 +0000] "GET /wp-content/plugins/woocommerce/assets/js/js-cookie/js.cookie.min.js?ver=2.1.4-wc.10.9.4 HTTP/2" 200 760 "https://angelsurchins.co.uk/product/alora-cot-bed/" "Mozilla/5.0 (iPhone; CPU iPhone OS 26_5_1 like Mac OS X) AppleWebKit/605.1.15 (KHTML, like Gecko) GSA/429.1.942703598 Mobile/15E148 Safari/604.1"
92.40.185.26 - - [16/Jul/2026:17:18:48 +0000] "GET /wp-content/plugins/woocommerce/assets/js/frontend/woocommerce.min.js?ver=10.9.4 HTTP/2" 200 1384 "https://angelsurchins.co.uk/product/alora-cot-bed/" "Mozilla/5.0 (iPhone; CPU iPhone OS 26_5_1 like Mac OS X) AppleWebKit/605.1.15 (KHTML, like Gecko) GSA/429.1.942703598 Mobile/15E148 Safari/604.1"
92.40.185.26 - - [16/Jul/2026:17:18:48 +0000] "GET /wp-content/plugins/razzi-addons/modules/product-deals/assets/deals.js?ver=1.0.0 HTTP/2" 200 545 "https://angelsurchins.co.uk/product/alora-cot-bed/" "Mozilla/5.0 (iPhone; CPU iPhone OS 26_5_1 like Mac OS X) AppleWebKit/605.1.15 (KHTML, like Gecko) GSA/429.1.942703598 Mobile/15E148 Safari/604.1"
92.40.185.26 - - [16/Jul/2026:17:18:49 +0000] "GET /wp-includes/js/dist/hooks.min.js?ver=dd5603f07f9220ed27f1 HTTP/2" 200 1852 "https://angelsurchins.co.uk/product/alora-cot-bed/" "Mozilla/5.0 (iPhone; CPU iPhone OS 26_5_1 like Mac OS X) AppleWebKit/605.1.15 (KHTML, like Gecko) GSA/429.1.942703598 Mobile/15E148 Safari/604.1"
92.40.185.26 - - [16/Jul/2026:17:18:49 +0000] "GET /wp-includes/js/dist/i18n.min.js?ver=c26c3dc7bed366793375 HTTP/2" 200 2119 "https://angelsurchins.co.uk/product/alora-cot-bed/" "Mozilla/5.0 (iPhone; CPU iPhone OS 26_5_1 like Mac OS X) AppleWebKit/605.1.15 (KHTML, like Gecko) GSA/429.1.942703598 Mobile/15E148 Safari/604.1"
92.40.185.26 - - [16/Jul/2026:17:18:49 +0000] "GET /wp-content/plugins/contact-form-7/includes/swv/js/index.js?ver=5.9.8 HTTP/2" 200 3228 "https://angelsurchins.co.uk/product/alora-cot-bed/" "Mozilla/5.0 (iPhone; CPU iPhone OS 26_5_1 like Mac OS X) AppleWebKit/605.1.15 (KHTML, like Gecko) GSA/429.1.942703598 Mobile/15E148 Safari/604.1"
92.40.185.26 - - [16/Jul/2026:17:18:49 +0000] "GET /wp-content/plugins/contact-form-7/includes/js/index.js?ver=5.9.8 HTTP/2" 200 4002 "https://angelsurchins.co.uk/product/alora-cot-bed/" "Mozilla/5.0 (iPhone; CPU iPhone OS 26_5_1 like Mac OS X) AppleWebKit/605.1.15 (KHTML, like Gecko) GSA/429.1.942703598 Mobile/15E148 Safari/604.1"
92.40.185.26 - - [16/Jul/2026:17:18:49 +0000] "GET /wp-content/plugins/wcboost-products-compare/assets/js/compare.min.js?ver=1.0.7 HTTP/2" 200 2347 "https://angelsurchins.co.uk/product/alora-cot-bed/" "Mozilla/5.0 (iPhone; CPU iPhone OS 26_5_1 like Mac OS X) AppleWebKit/605.1.15 (KHTML, like Gecko) GSA/429.1.942703598 Mobile/15E148 Safari/604.1"
92.40.185.26 - - [16/Jul/2026:17:18:49 +0000] "GET /wp-content/plugins/wcboost-products-compare/assets/js/compare-fragments.min.js?ver=1.0.7 HTTP/2" 200 1289 "https://angelsurchins.co.uk/product/alora-cot-bed/" "Mozilla/5.0 (iPhone; CPU iPhone OS 26_5_1 like Mac OS X) AppleWebKit/605.1.15 (KHTML, like Gecko) GSA/429.1.942703598 Mobile/15E148 Safari/604.1"
92.40.185.26 - - [16/Jul/2026:17:18:49 +0000] "GET /wp-content/plugins/wcboost-variation-swatches/assets/js/frontend.min.js?ver=1.0.17 HTTP/2" 200 1085 "https://angelsurchins.co.uk/product/alora-cot-bed/" "Mozilla/5.0 (iPhone; CPU iPhone OS 26_5_1 like Mac OS X) AppleWebKit/605.1.15 (KHTML, like Gecko) GSA/429.1.942703598 Mobile/15E148 Safari/604.1"
92.40.185.26 - - [16/Jul/2026:17:18:49 +0000] "GET /wp-content/plugins/wcboost-wishlist/assets/js/wishlist.min.js?ver=1.1.4 HTTP/2" 200 2919 "https://angelsurchins.co.uk/product/alora-cot-bed/" "Mozilla/5.0 (iPhone; CPU iPhone OS 26_5_1 like Mac OS X) AppleWebKit/605.1.15 (KHTML, like Gecko) GSA/429.1.942703598 Mobile/15E148 Safari/604.1"
92.40.185.26 - - [16/Jul/2026:17:18:49 +0000] "GET /wp-content/plugins/wcboost-wishlist/assets/js/wishlist-fragments.min.js?ver=1.1.4 HTTP/2" 200 1441 "https://angelsurchins.co.uk/product/alora-cot-bed/" "Mozilla/5.0 (iPhone; CPU iPhone OS 26_5_1 like Mac OS X) AppleWebKit/605.1.15 (KHTML, like Gecko) GSA/429.1.942703598 Mobile/15E148 Safari/604.1"
92.40.185.26 - - [16/Jul/2026:17:18:49 +0000] "GET /wp-content/plugins/razzi-addons//assets/js/plugins/jquery.coundown.js?ver=1.0 HTTP/2" 200 495 "https://angelsurchins.co.uk/product/alora-cot-bed/" "Mozilla/5.0 (iPhone; CPU iPhone OS 26_5_1 like Mac OS X) AppleWebKit/605.1.15 (KHTML, like Gecko) GSA/429.1.942703598 Mobile/15E148 Safari/604.1"
92.40.185.26 - - [16/Jul/2026:17:18:49 +0000] "GET /wp-content/themes/razzi/inc/mobile/assets/scripts.js?ver=20220127 HTTP/2" 200 859 "https://angelsurchins.co.uk/product/alora-cot-bed/" "Mozilla/5.0 (iPhone; CPU iPhone OS 26_5_1 like Mac OS X) AppleWebKit/605.1.15 (KHTML, like Gecko) GSA/429.1.942703598 Mobile/15E148 Safari/604.1"
92.40.185.26 - - [16/Jul/2026:17:18:49 +0000] "GET /wp-content/themes/razzi/assets/js/plugins/isInViewport.min.js?ver=20201012 HTTP/2" 200 1036 "https://angelsurchins.co.uk/product/alora-cot-bed/" "Mozilla/5.0 (iPhone; CPU iPhone OS 26_5_1 like Mac OS X) AppleWebKit/605.1.15 (KHTML, like Gecko) GSA/429.1.942703598 Mobile/15E148 Safari/604.1"
92.40.185.26 - - [16/Jul/2026:17:18:49 +0000] "GET /wp-content/themes/razzi/assets/js/plugins/notify.min.js?ver=1.0.0 HTTP/2" 200 7000 "https://angelsurchins.co.uk/product/alora-cot-bed/" "Mozilla/5.0 (iPhone; CPU iPhone OS 26_5_1 like Mac OS X) AppleWebKit/605.1.15 (KHTML, like Gecko) GSA/429.1.942703598 Mobile/15E148 Safari/604.1"
92.40.185.26 - - [16/Jul/2026:17:18:49 +0000] "GET /wp-includes/js/imagesloaded.min.js?ver=5.0.0 HTTP/2" 200 1687 "https://angelsurchins.co.uk/product/alora-cot-bed/" "Mozilla/5.0 (iPhone; CPU iPhone OS 26_5_1 like Mac OS X) AppleWebKit/605.1.15 (KHTML, like Gecko) GSA/429.1.942703598 Mobile/15E148 Safari/604.1"
92.40.185.26 - - [16/Jul/2026:17:18:49 +0000] "GET /wp-content/themes/razzi/assets/js/scripts.min.js?ver=20221220 HTTP/2" 200 10926 "https://angelsurchins.co.uk/product/alora-cot-bed/" "Mozilla/5.0 (iPhone; CPU iPhone OS 26_5_1 like Mac OS X) AppleWebKit/605.1.15 (KHTML, like Gecko) GSA/429.1.942703598 Mobile/15E148 Safari/604.1"
92.40.185.26 - - [16/Jul/2026:17:18:49 +0000] "GET /wp-includes/js/jquery/jquery.serialize-object.js?ver=0.2-wp HTTP/2" 200 390 "https://angelsurchins.co.uk/product/alora-cot-bed/" "Mozilla/5.0 (iPhone; CPU iPhone OS 26_5_1 like Mac OS X) AppleWebKit/605.1.15 (KHTML, like Gecko) GSA/429.1.942703598 Mobile/15E148 Safari/604.1"
92.40.185.26 - - [16/Jul/2026:17:18:49 +0000] "GET /wp-content/plugins/razzi-addons/modules/products-filter/assets/js/products-filter.js?ver=20210223 HTTP/2" 200 3207 "https://angelsurchins.co.uk/product/alora-cot-bed/" "Mozilla/5.0 (iPhone; CPU iPhone OS 26_5_1 like Mac OS X) AppleWebKit/605.1.15 (KHTML, like Gecko) GSA/429.1.942703598 Mobile/15E148 Safari/604.1"
92.40.185.26 - - [16/Jul/2026:17:18:49 +0000] "GET /wp-content/plugins/woocommerce/assets/js/sourcebuster/sourcebuster.min.js?ver=10.9.4 HTTP/2" 200 4609 "https://angelsurchins.co.uk/product/alora-cot-bed/" "Mozilla/5.0 (iPhone; CPU iPhone OS 26_5_1 like Mac OS X) AppleWebKit/605.1.15 (KHTML, like Gecko) GSA/429.1.942703598 Mobile/15E148 Safari/604.1"
92.40.185.26 - - [16/Jul/2026:17:18:49 +0000] "GET /wp-content/plugins/woocommerce/assets/js/frontend/order-attribution.min.js?ver=10.9.4 HTTP/2" 200 1020 "https://angelsurchins.co.uk/product/alora-cot-bed/" "Mozilla/5.0 (iPhone; CPU iPhone OS 26_5_1 like Mac OS X) AppleWebKit/605.1.15 (KHTML, like Gecko) GSA/429.1.942703598 Mobile/15E148 Safari/604.1"
92.40.185.26 - - [16/Jul/2026:17:18:49 +0000] "GET /wp-content/themes/razzi/assets/js/woocommerce/single-product.min.js?ver=20220610 HTTP/2" 200 3319 "https://angelsurchins.co.uk/product/alora-cot-bed/" "Mozilla/5.0 (iPhone; CPU iPhone OS 26_5_1 like Mac OS X) AppleWebKit/605.1.15 (KHTML, like Gecko) GSA/429.1.942703598 Mobile/15E148 Safari/604.1"
92.40.185.26 - - [16/Jul/2026:17:18:49 +0000] "GET /wp-content/plugins/gallery-slider-for-woocommerce/public/js/jquery.fancybox.min.js?ver=2.1.3 HTTP/2" 200 20999 "https://angelsurchins.co.uk/product/alora-cot-bed/" "Mozilla/5.0 (iPhone; CPU iPhone OS 26_5_1 like Mac OS X) AppleWebKit/605.1.15 (KHTML, like Gecko) GSA/429.1.942703598 Mobile/15E148 Safari/604.1"
92.40.185.26 - - [16/Jul/2026:17:18:49 +0000] "GET /wp-content/plugins/gallery-slider-for-woocommerce/public/js/woo-gallery-slider-public.min.js?ver=2.1.3 HTTP/2" 200 4654 "https://angelsurchins.co.uk/product/alora-cot-bed/" "Mozilla/5.0 (iPhone; CPU iPhone OS 26_5_1 like Mac OS X) AppleWebKit/605.1.15 (KHTML, like Gecko) GSA/429.1.942703598 Mobile/15E148 Safari/604.1"
92.40.185.26 - - [16/Jul/2026:17:18:49 +0000] "GET /wp-includes/js/dist/dom-ready.min.js?ver=f77871ff7694fffea381 HTTP/2" 200 275 "https://angelsurchins.co.uk/product/alora-cot-bed/" "Mozilla/5.0 (iPhone; CPU iPhone OS 26_5_1 like Mac OS X) AppleWebKit/605.1.15 (KHTML, like Gecko) GSA/429.1.942703598 Mobile/15E148 Safari/604.1"
92.40.185.26 - - [16/Jul/2026:17:18:49 +0000] "GET /wp-includes/js/dist/vendor/wp-polyfill.min.js?ver=3.15.0 HTTP/2" 200 11540 "https://angelsurchins.co.uk/product/alora-cot-bed/" "Mozilla/5.0 (iPhone; CPU iPhone OS 26_5_1 like Mac OS X) AppleWebKit/605.1.15 (KHTML, like Gecko) GSA/429.1.942703598 Mobile/15E148 Safari/604.1"
92.40.185.26 - - [16/Jul/2026:17:18:49 +0000] "GET /wp-content/plugins/woocommerce-payments/dist/frontend-tracks.js?ver=8.4.0 HTTP/2" 200 780 "https://angelsurchins.co.uk/product/alora-cot-bed/" "Mozilla/5.0 (iPhone; CPU iPhone OS 26_5_1 like Mac OS X) AppleWebKit/605.1.15 (KHTML, like Gecko) GSA/429.1.942703598 Mobile/15E148 Safari/604.1"
92.40.185.26 - - [16/Jul/2026:17:18:48 +0000] "GET /wp-content/plugins/elementor-pro/assets/css/frontend.min.css?ver=3.9.2 HTTP/2" 200 35836 "https://angelsurchins.co.uk/product/alora-cot-bed/" "Mozilla/5.0 (iPhone; CPU iPhone OS 26_5_1 like Mac OS X) AppleWebKit/605.1.15 (KHTML, like Gecko) GSA/429.1.942703598 Mobile/15E148 Safari/604.1"
92.40.185.26 - - [16/Jul/2026:17:18:48 +0000] "GET /wp-content/themes/razzi/inc/mobile/assets/style.css?ver=20230712 HTTP/2" 200 46336 "https://angelsurchins.co.uk/product/alora-cot-bed/" "Mozilla/5.0 (iPhone; CPU iPhone OS 26_5_1 like Mac OS X) AppleWebKit/605.1.15 (KHTML, like Gecko) GSA/429.1.942703598 Mobile/15E148 Safari/604.1"
92.40.185.26 - - [16/Jul/2026:17:18:48 +0000] "GET /wp-includes/js/jquery/jquery.min.js?ver=3.7.1 HTTP/2" 200 29744 "https://angelsurchins.co.uk/product/alora-cot-bed/" "Mozilla/5.0 (iPhone; CPU iPhone OS 26_5_1 like Mac OS X) AppleWebKit/605.1.15 (KHTML, like Gecko) GSA/429.1.942703598 Mobile/15E148 Safari/604.1"
92.40.185.26 - - [16/Jul/2026:17:18:48 +0000] "GET /wp-content/plugins/photo-gallery/js/scripts.min.js?ver=1.8.30 HTTP/2" 200 32255 "https://angelsurchins.co.uk/product/alora-cot-bed/" "Mozilla/5.0 (iPhone; CPU iPhone OS 26_5_1 like Mac OS X) AppleWebKit/605.1.15 (KHTML, like Gecko) GSA/429.1.942703598 Mobile/15E148 Safari/604.1"
92.40.185.26 - - [16/Jul/2026:17:18:48 +0000] "GET /wp-content/plugins/woocommerce/assets/js/selectWoo/selectWoo.full.min.js?ver=1.0.9-wc.10.9.4 HTTP/2" 200 20246 "https://angelsurchins.co.uk/product/alora-cot-bed/" "Mozilla/5.0 (iPhone; CPU iPhone OS 26_5_1 like Mac OS X) AppleWebKit/605.1.15 (KHTML, like Gecko) GSA/429.1.942703598 Mobile/15E148 Safari/604.1"
92.40.185.26 - - [16/Jul/2026:17:18:49 +0000] "GET /wp-content/plugins/woocommerce/assets/js/select2/select2.full.min.js?ver=4.0.3-wc.10.9.4 HTTP/2" 200 19579 "https://angelsurchins.co.uk/product/alora-cot-bed/" "Mozilla/5.0 (iPhone; CPU iPhone OS 26_5_1 like Mac OS X) AppleWebKit/605.1.15 (KHTML, like Gecko) GSA/429.1.942703598 Mobile/15E148 Safari/604.1"
92.40.185.26 - - [16/Jul/2026:17:18:49 +0000] "GET /wp-content/plugins/gallery-slider-for-woocommerce/public/js/swiper-bundle.min.js?ver=2.1.3 HTTP/2" 200 39243 "https://angelsurchins.co.uk/product/alora-cot-bed/" "Mozilla/5.0 (iPhone; CPU iPhone OS 26_5_1 like Mac OS X) AppleWebKit/605.1.15 (KHTML, like Gecko) GSA/429.1.942703598 Mobile/15E148 Safari/604.1"
92.40.185.26 - - [16/Jul/2026:17:18:48 +0000] "GET /wp-content/uploads/2024/09/bb40ce_beaa28e14ec84f85a22b510e5e8d796amv2.jpg HTTP/2" 200 68164 "https://angelsurchins.co.uk/product/alora-cot-bed/" "Mozilla/5.0 (iPhone; CPU iPhone OS 26_5_1 like Mac OS X) AppleWebKit/605.1.15 (KHTML, like Gecko) GSA/429.1.942703598 Mobile/15E148 Safari/604.1"
92.40.185.26 - - [16/Jul/2026:17:18:49 +0000] "GET /wp-content/themes/razzi/assets/js/plugins/swiper.min.js?ver=5.3.8 HTTP/2" 200 34194 "https://angelsurchins.co.uk/product/alora-cot-bed/" "Mozilla/5.0 (iPhone; CPU iPhone OS 26_5_1 like Mac OS X) AppleWebKit/605.1.15 (KHTML, like Gecko) GSA/429.1.942703598 Mobile/15E148 Safari/604.1"
92.40.185.26 - - [16/Jul/2026:17:18:50 +0000] "GET /wp-content/fonts/quicksand/6xKtdSZaM9iE8KbpRA_hK1QN.woff2 HTTP/2" 200 28244 "https://angelsurchins.co.uk/product/alora-cot-bed/" "Mozilla/5.0 (iPhone; CPU iPhone OS 26_5_1 like Mac OS X) AppleWebKit/605.1.15 (KHTML, like Gecko) GSA/429.1.942703598 Mobile/15E148 Safari/604.1"
92.40.185.26 - - [16/Jul/2026:17:18:50 +0000] "GET /wp-content/plugins/gallery-slider-for-woocommerce/public/font/fontello.woff2?86892453 HTTP/2" 200 2800 "https://angelsurchins.co.uk/product/alora-cot-bed/" "Mozilla/5.0 (iPhone; CPU iPhone OS 26_5_1 like Mac OS X) AppleWebKit/605.1.15 (KHTML, like Gecko) GSA/429.1.942703598 Mobile/15E148 Safari/604.1"
92.40.185.26 - - [16/Jul/2026:17:18:50 +0000] "GET /wp-content/plugins/gallery-slider-for-woocommerce/public/images/spinner.svg HTTP/2" 200 381 "https://angelsurchins.co.uk/product/alora-cot-bed/" "Mozilla/5.0 (iPhone; CPU iPhone OS 26_5_1 like Mac OS X) AppleWebKit/605.1.15 (KHTML, like Gecko) GSA/429.1.942703598 Mobile/15E148 Safari/604.1"
92.40.185.26 - - [16/Jul/2026:17:18:50 +0000] "GET /wp-content/uploads/2024/09/bb40ce_d8f210d9dd0d464b8acf1dd1f6003378mv2.jpg HTTP/2" 200 43352 "https://angelsurchins.co.uk/product/alora-cot-bed/" "Mozilla/5.0 (iPhone; CPU iPhone OS 26_5_1 like Mac OS X) AppleWebKit/605.1.15 (KHTML, like Gecko) GSA/429.1.942703598 Mobile/15E148 Safari/604.1"
92.40.185.26 - - [16/Jul/2026:17:18:50 +0000] "GET /wp-content/uploads/2024/09/bb40ce_33fe90f8f8fc443a81fab687503052cemv2.jpg HTTP/2" 200 23368 "https://angelsurchins.co.uk/product/alora-cot-bed/" "Mozilla/5.0 (iPhone; CPU iPhone OS 26_5_1 like Mac OS X) AppleWebKit/605.1.15 (KHTML, like Gecko) GSA/429.1.942703598 Mobile/15E148 Safari/604.1"
92.40.185.26 - - [16/Jul/2026:17:18:50 +0000] "GET /wp-content/uploads/2024/09/bb40ce_9d32dbb2364a45e1a7ffd9a7856b2b9amv2.jpg HTTP/2" 200 29240 "https://angelsurchins.co.uk/product/alora-cot-bed/" "Mozilla/5.0 (iPhone; CPU iPhone OS 26_5_1 like Mac OS X) AppleWebKit/605.1.15 (KHTML, like Gecko) GSA/429.1.942703598 Mobile/15E148 Safari/604.1"
92.40.185.26 - - [16/Jul/2026:17:18:50 +0000] "GET /wp-content/uploads/woocommerce-placeholder.png HTTP/2" 200 48149 "https://angelsurchins.co.uk/product/alora-cot-bed/" "Mozilla/5.0 (iPhone; CPU iPhone OS 26_5_1 like Mac OS X) AppleWebKit/605.1.15 (KHTML, like Gecko) GSA/429.1.942703598 Mobile/15E148 Safari/604.1"
92.40.185.26 - - [16/Jul/2026:17:18:50 +0000] "GET /wp-content/uploads/2024/09/bb40ce_6796bc4fbc234c7db612954242398fcbmv2.jpg HTTP/2" 200 69195 "https://angelsurchins.co.uk/product/alora-cot-bed/" "Mozilla/5.0 (iPhone; CPU iPhone OS 26_5_1 like Mac OS X) AppleWebKit/605.1.15 (KHTML, like Gecko) GSA/429.1.942703598 Mobile/15E148 Safari/604.1"
92.40.185.26 - - [16/Jul/2026:17:18:50 +0000] "GET /wp-content/uploads/2024/09/bb40ce_beaa28e14ec84f85a22b510e5e8d796amv2.jpg HTTP/2" 200 68164 "https://angelsurchins.co.uk/product/alora-cot-bed/" "Mozilla/5.0 (iPhone; CPU iPhone OS 26_5_1 like Mac OS X) AppleWebKit/605.1.15 (KHTML, like Gecko) GSA/429.1.942703598 Mobile/15E148 Safari/604.1"
92.40.185.26 - - [16/Jul/2026:17:18:50 +0000] "GET /wp-content/uploads/2024/09/bb40ce_4d9e33d1d11840f792948ddb61555b7dmv2.jpg HTTP/2" 200 66256 "https://angelsurchins.co.uk/product/alora-cot-bed/" "Mozilla/5.0 (iPhone; CPU iPhone OS 26_5_1 like Mac OS X) AppleWebKit/605.1.15 (KHTML, like Gecko) GSA/429.1.942703598 Mobile/15E148 Safari/604.1"
92.40.185.26 - - [16/Jul/2026:17:18:50 +0000] "GET /wp-includes/js/wp-emoji-release.min.js?ver=6.9.4 HTTP/2" 200 4949 "https://angelsurchins.co.uk/product/alora-cot-bed/" "Mozilla/5.0 (iPhone; CPU iPhone OS 26_5_1 like Mac OS X) AppleWebKit/605.1.15 (KHTML, like Gecko) GSA/429.1.942703598 Mobile/15E148 Safari/604.1"
92.40.185.26 - - [16/Jul/2026:17:18:50 +0000] "POST /?wc-ajax=get_refreshed_fragments&elementor_page_id=11481 HTTP/2" 200 0 "https://angelsurchins.co.uk/product/alora-cot-bed/" "Mozilla/5.0 (iPhone; CPU iPhone OS 26_5_1 like Mac OS X) AppleWebKit/605.1.15 (KHTML, like Gecko) GSA/429.1.942703598 Mobile/15E148 Safari/604.1"
194.39.149.53 - - [16/Jul/2026:17:18:50 +0000] "POST /wp-admin/admin-ajax.php HTTP/1.1" 200 0 "-" "WordPress/6.9.4; https://angelsurchins.co.uk"
92.40.185.26 - - [16/Jul/2026:17:18:50 +0000] "POST /?wc-ajax=get_wishlist_fragments&elementor_page_id=11481 HTTP/2" 200 242 "https://angelsurchins.co.uk/product/alora-cot-bed/" "Mozilla/5.0 (iPhone; CPU iPhone OS 26_5_1 like Mac OS X) AppleWebKit/605.1.15 (KHTML, like Gecko) GSA/429.1.942703598 Mobile/15E148 Safari/604.1"
92.40.185.26 - - [16/Jul/2026:17:18:50 +0000] "POST /?wc-ajax=get_compare_fragments&elementor_page_id=11481 HTTP/2" 200 210 "https://angelsurchins.co.uk/product/alora-cot-bed/" "Mozilla/5.0 (iPhone; CPU iPhone OS 26_5_1 like Mac OS X) AppleWebKit/605.1.15 (KHTML, like Gecko) GSA/429.1.942703598 Mobile/15E148 Safari/604.1"
92.40.185.26 - - [16/Jul/2026:17:18:56 +0000] "GET /wp-content/uploads/2024/09/bb40ce_4d9e33d1d11840f792948ddb61555b7dmv2.jpg HTTP/2" 200 66256 "https://angelsurchins.co.uk/product/alora-cot-bed/" "Mozilla/5.0 (iPhone; CPU iPhone OS 26_5_1 like Mac OS X) AppleWebKit/605.1.15 (KHTML, like Gecko) GSA/429.1.942703598 Mobile/15E148 Safari/604.1"
92.40.185.26 - - [16/Jul/2026:17:18:50 +0000] "POST /product/alora-cot-bed/null HTTP/2" 404 20079 "https://angelsurchins.co.uk/product/alora-cot-bed/" "Mozilla/5.0 (iPhone; CPU iPhone OS 26_5_1 like Mac OS X) AppleWebKit/605.1.15 (KHTML, like Gecko) GSA/429.1.942703598 Mobile/15E148 Safari/604.1"
92.40.185.26 - - [16/Jul/2026:17:18:57 +0000] "GET /wp-content/uploads/2024/09/bb40ce_6796bc4fbc234c7db612954242398fcbmv2.jpg HTTP/2" 200 69195 "https://angelsurchins.co.uk/product/alora-cot-bed/" "Mozilla/5.0 (iPhone; CPU iPhone OS 26_5_1 like Mac OS X) AppleWebKit/605.1.15 (KHTML, like Gecko) GSA/429.1.942703598 Mobile/15E148 Safari/604.1"
92.40.185.26 - - [16/Jul/2026:17:18:57 +0000] "GET /wp-content/uploads/2024/09/bb40ce_1dd6979419ac4e0891944cebf498c669mv2.jpg HTTP/2" 200 40651 "https://angelsurchins.co.uk/product/alora-cot-bed/" "Mozilla/5.0 (iPhone; CPU iPhone OS 26_5_1 like Mac OS X) AppleWebKit/605.1.15 (KHTML, like Gecko) GSA/429.1.942703598 Mobile/15E148 Safari/604.1"
92.40.185.26 - - [16/Jul/2026:17:18:57 +0000] "GET /wp-content/uploads/2024/09/ophelia-cot-bed_-smaller-.jpg HTTP/2" 200 174737 "https://angelsurchins.co.uk/product/alora-cot-bed/" "Mozilla/5.0 (iPhone; CPU iPhone OS 26_5_1 like Mac OS X) AppleWebKit/605.1.15 (KHTML, like Gecko) GSA/429.1.942703598 Mobile/15E148 Safari/604.1"
92.40.185.26 - - [16/Jul/2026:17:18:57 +0000] "GET /wp-includes/js/comment-reply.min.js?ver=6.9.4 HTTP/2" 200 1247 "https://angelsurchins.co.uk/product/alora-cot-bed/" "Mozilla/5.0 (iPhone; CPU iPhone OS 26_5_1 like Mac OS X) AppleWebKit/605.1.15 (KHTML, like Gecko) GSA/429.1.942703598 Mobile/15E148 Safari/604.1"
14.227.231.141 - - [16/Jul/2026:17:18:59 +0000] "GET /product/castle-bed-bunk-bed/?add-to-wishlist=11688 HTTP/1.1" 200 37862 "-" "Mozilla/5.0 (Windows NT 10.0; Win64; x64) AppleWebKit/537.36 (KHTML, like Gecko) Chrome/80.0.3987.122 Safari/537.36"
191.99.48.19 - - [16/Jul/2026:17:19:17 +0000] "GET /product/laurent-four-poster-bed/ HTTP/1.1" 500 15819 "-" "Mozilla/5.0 (Macintosh; Intel Mac OS X 10_15_7) AppleWebKit/537.36 (KHTML, like Gecko) Chrome/88.0.4324.192 Safari/537.36"
116.203.117.103 - - [16/Jul/2026:17:19:33 +0000] "HEAD / HTTP/1.1" 200 0 "-" "Mozilla/5.0 (Windows NT 10.0; Win64; x64) AppleWebKit/537.36 (KHTML, like Gecko) Chrome/143.0.7499.110 Safari/537.36"
116.203.117.103 - - [16/Jul/2026:17:19:36 +0000] "GET / HTTP/1.1" 200 42644 "-" "Mozilla/5.0 (Windows NT 10.0; Win64; x64) AppleWebKit/537.36 (KHTML, like Gecko) Chrome/143.0.7499.110 Safari/537.36"
194.39.149.53 - - [16/Jul/2026:17:19:40 +0000] "POST /wp-cron.php?doing_wp_cron=1784222380.5005071163177490234375 HTTP/1.1" 200 0 "-" "WordPress/6.9.4; https://angelsurchins.co.uk"
116.203.117.103 - - [16/Jul/2026:17:19:38 +0000] "GET /ads.txt HTTP/1.1" 404 24356 "-" "Mozilla/5.0 (Windows NT 10.0; Win64; x64) AppleWebKit/537.36 (KHTML, like Gecko) Chrome/143.0.7499.110 Safari/537.36"
116.203.117.103 - - [16/Jul/2026:17:19:40 +0000] "GET /llms.txt HTTP/1.1" 404 24366 "-" "Mozilla/5.0 (Windows NT 10.0; Win64; x64) AppleWebKit/537.36 (KHTML, like Gecko) Chrome/143.0.7499.110 Safari/537.36"
116.203.117.103 - - [16/Jul/2026:17:19:41 +0000] "GET /.well-known/llms.txt HTTP/1.1" 404 24366 "-" "Mozilla/5.0 (Windows NT 10.0; Win64; x64) AppleWebKit/537.36 (KHTML, like Gecko) Chrome/143.0.7499.110 Safari/537.36"
116.203.117.103 - - [16/Jul/2026:17:19:41 +0000] "GET /robots.txt HTTP/1.1" 200 225 "-" "Mozilla/5.0 (Windows NT 10.0; Win64; x64) AppleWebKit/537.36 (KHTML, like Gecko) Chrome/143.0.7499.110 Safari/537.36"
194.39.149.53 - - [16/Jul/2026:17:21:14 +0000] "POST /wp-cron.php?doing_wp_cron=1784222474.1818349361419677734375 HTTP/1.1" 200 0 "-" "WordPress/6.9.4; https://angelsurchins.co.uk"
197.248.96.77 - - [16/Jul/2026:17:21:12 +0000] "GET /product/taille-cot-bed/ HTTP/1.1" 200 37787 "-" "Mozilla/5.0 (Macintosh; Intel Mac OS X 10_15_3) AppleWebKit/537.36 (KHTML, like Gecko) Brave Chrome/80.0.3987.87 Safari/537.36"
194.39.149.53 - - [16/Jul/2026:17:21:15 +0000] "POST /wp-admin/admin-ajax.php HTTP/1.1" 200 0 "-" "WordPress/6.9.4; https://angelsurchins.co.uk"
187.103.244.132 - - [16/Jul/2026:17:21:35 +0000] "GET /product-category/baby/cots/?add-to-wishlist=11467 HTTP/1.1" 200 39088 "-" "Mozilla/5.0 (Macintosh; Intel Mac OS X 10_15_7) AppleWebKit/537.36 (KHTML, like Gecko) Chrome/94.0.4606.61 Safari/537.36"
194.39.149.53 - - [16/Jul/2026:17:22:46 +0000] "POST /wp-cron.php?doing_wp_cron=1784222566.7560560703277587890625 HTTP/1.1" 200 0 "-" "WordPress/6.9.4; https://angelsurchins.co.uk"
190.57.208.71 - - [16/Jul/2026:17:22:45 +0000] "GET /product/vintage-flower-print/?add-to-wishlist=11894 HTTP/1.1" 200 38243 "-" "Mozilla/5.0 (Windows NT 6.1; Win64; x64) AppleWebKit/537.36 (KHTML, like Gecko) Chrome/85.0.4183.121 Safari/537.36"
194.39.149.53 - - [16/Jul/2026:17:22:48 +0000] "GET /wp-json/jetpack/v4/sync/spawn-sync?time=1784222568&request_lock_id=1784222568.5449 HTTP/1.1" 200 37 "-" "WordPress/6.9.4; https://angelsurchins.co.uk"
9.160.164.143 - - [16/Jul/2026:17:23:01 +0000] "GET / HTTP/2" 200 34648 "-" "Mozilla/5.0 AppleWebKit/537.36 (KHTML, like Gecko); compatible; ChatGPT-User/1.0; +https://openai.com/bot"
194.39.149.53 - - [16/Jul/2026:17:25:20 +0000] "POST /wp-cron.php?doing_wp_cron=1784222720.6636409759521484375000 HTTP/1.1" 200 0 "-" "WordPress/6.9.4; https://angelsurchins.co.uk"
14.175.138.105 - - [16/Jul/2026:17:25:19 +0000] "GET /product/baby-chic-print/?add-to-wishlist=11881 HTTP/1.1" 200 38140 "-" "Mozilla/5.0 (Windows NT 10.0; Win64; x64) AppleWebKit/537.36 (KHTML, like Gecko) Chrome/80.0.3987.122 Safari/537.36"
194.39.149.53 - - [16/Jul/2026:17:25:22 +0000] "POST /wp-admin/admin-ajax.php HTTP/1.1" 200 0 "-" "WordPress/6.9.4; https://angelsurchins.co.uk"
194.39.149.53 - - [16/Jul/2026:17:26:30 +0000] "POST /wp-cron.php?doing_wp_cron=1784222790.4731049537658691406250 HTTP/1.1" 200 0 "-" "WordPress/6.9.4; https://angelsurchins.co.uk"
113.162.225.195 - - [16/Jul/2026:17:26:28 +0000] "GET /product/bunny-dreams-wallpaper/?add-to-wishlist=11861 HTTP/1.1" 200 38541 "-" "Mozilla/5.0 (Macintosh; Intel Mac OS X 10_13_3) AppleWebKit/537.36 (KHTML, like Gecko) Chrome/66.0.3359.1 Safari/537.36"
156.231.203.155 - - [16/Jul/2026:17:26:34 +0000] "GET /product/vintage-hot-air-ballon-print/?add-to-wishlist=11925 HTTP/1.1" 200 38338 "-" "Mozilla/5.0 (Macintosh; Intel Mac OS X 10_11_6) AppleWebKit/537.36 (KHTML, like Gecko) Chrome/101.0.4951.64 Safari/537.36"
194.39.149.53 - - [16/Jul/2026:17:27:16 +0000] "POST /wp-cron.php?doing_wp_cron=1784222836.3747730255126953125000 HTTP/1.1" 200 0 "-" "WordPress/6.9.4; https://angelsurchins.co.uk"
187.246.13.76 - - [16/Jul/2026:17:27:14 +0000] "GET /product/hand-painted-flowers/?add-to-wishlist=11916 HTTP/1.1" 200 37972 "-" "Mozilla/5.0 (Macintosh; Intel Mac OS X 10_15_4) AppleWebKit/537.36 (KHTML, like Gecko) Chrome/100.0.4896.127 Safari/537.36"
194.39.149.53 - - [16/Jul/2026:17:29:31 +0000] "POST /wp-cron.php?doing_wp_cron=1784222970.9792330265045166015625 HTTP/1.1" 200 0 "-" "WordPress/6.9.4; https://angelsurchins.co.uk"
176.105.238.156 - - [16/Jul/2026:17:29:28 +0000] "GET /product-category/accesories/wallpaper/page/4/?add-to-wishlist=12658 HTTP/1.1" 200 34133 "-" "Mozilla/5.0 (Windows NT 10.0; WOW64) AppleWebKit/537.36 (KHTML, like Gecko) Chrome/80.0.3987.106 Safari/537.36"
194.39.149.53 - - [16/Jul/2026:17:29:32 +0000] "POST /wp-admin/admin-ajax.php HTTP/1.1" 200 0 "-" "WordPress/6.9.4; https://angelsurchins.co.uk"
194.39.149.53 - - [16/Jul/2026:17:29:49 +0000] "POST /wp-cron.php?doing_wp_cron=1784222989.7260251045227050781250 HTTP/1.1" 200 0 "-" "WordPress/6.9.4; https://angelsurchins.co.uk"
104.43.48.106 - - [16/Jul/2026:17:29:46 +0000] "GET /wp-login.php HTTP/2" 200 2457 "-" "Mozilla/5.0 (Linux; Android 10; K) AppleWebKit/537.36 (KHTML, like Gecko) Chrome/148.0.0.0 Mobile Safari/537.36"
104.43.48.106 - - [16/Jul/2026:17:29:50 +0000] "POST /wp-login.php HTTP/2" 401 1289 "https://angelsurchins.co.uk/wp-login.php" "Mozilla/5.0 (Linux; Android 10; K) AppleWebKit/537.36 (KHTML, like Gecko) Chrome/148.0.0.0 Mobile Safari/537.36"
199.189.225.167 - - [16/Jul/2026:17:29:55 +0000] "GET /wp-login.php HTTP/2" 200 2455 "-" "Mozilla/5.0 (Linux; Android 10; K) AppleWebKit/537.36 (KHTML, like Gecko) Chrome/147.0.0.0 Mobile Safari/537.36"
199.189.225.167 - - [16/Jul/2026:17:29:59 +0000] "POST /wp-login.php HTTP/2" 401 1289 "https://angelsurchins.co.uk/wp-login.php" "Mozilla/5.0 (Linux; Android 10; K) AppleWebKit/537.36 (KHTML, like Gecko) Chrome/147.0.0.0 Mobile Safari/537.36"
154.208.42.41 - - [16/Jul/2026:17:30:18 +0000] "GET /shop/page/2/?add-to-wishlist=12061 HTTP/1.1" 200 39084 "-" "Mozilla/5.0 (Macintosh; Intel Mac OS X 11.7; rv:130.0) Gecko/20100101 Firefox/130.0"
194.39.149.53 - - [16/Jul/2026:17:31:39 +0000] "POST /wp-cron.php?doing_wp_cron=1784223099.6509909629821777343750 HTTP/1.1" 200 0 "-" "WordPress/6.9.4; https://angelsurchins.co.uk"
185.223.152.117 - - [16/Jul/2026:17:31:37 +0000] "POST /wp-login.php HTTP/1.1" 401 1500 "-" "Mozilla/5.0 (X11; U; Linux x86_64; en-US) AppleWebKit/532.0 (KHTML, like Gecko) Chrome/3.0.195.24 Safari/532.0"
194.39.149.53 - - [16/Jul/2026:17:31:41 +0000] "POST /wp-admin/admin-ajax.php HTTP/1.1" 200 0 "-" "WordPress/6.9.4; https://angelsurchins.co.uk"
113.168.126.6 - - [16/Jul/2026:17:32:19 +0000] "GET /product/floral-wallpaper/?add-to-wishlist=11886 HTTP/1.1" 200 38699 "-" "Mozilla/5.0 (Windows NT 6.3; WOW64) AppleWebKit/537.36 (KHTML, like Gecko) Chrome/92.0.4515.131 Safari/537.36"
194.39.149.53 - - [16/Jul/2026:17:34:25 +0000] "POST /wp-cron.php?doing_wp_cron=1784223265.6461908817291259765625 HTTP/1.1" 200 0 "-" "WordPress/6.9.4; https://angelsurchins.co.uk"
88.245.5.115 - - [16/Jul/2026:17:34:23 +0000] "GET /product-category/baby/cots/?add-to-wishlist=11479 HTTP/1.1" 200 39263 "-" "Mozilla/5.0 (Macintosh; Intel Mac OS X 10_13_3) AppleWebKit/537.36 (KHTML, like Gecko) Chrome/65.0.3325.181 Safari/537.36"
194.39.149.53 - - [16/Jul/2026:17:34:27 +0000] "POST /wp-admin/admin-ajax.php HTTP/1.1" 200 0 "-" "WordPress/6.9.4; https://angelsurchins.co.uk"
194.39.149.53 - - [16/Jul/2026:17:35:46 +0000] "POST /wp-cron.php?doing_wp_cron=1784223345.9400389194488525390625 HTTP/1.1" 200 0 "-" "WordPress/6.9.4; https://angelsurchins.co.uk"
190.21.108.150 - - [16/Jul/2026:17:35:44 +0000] "GET /product/3-in-1-reve-cot-bed/?add-to-wishlist=11537 HTTP/1.1" 200 37911 "-" "Mozilla/5.0 (Macintosh; Intel Mac OS X 10_15_2) AppleWebKit/537.36 (KHTML, like Gecko) Chrome/98.0.4758.80 Safari/537.36"
62.60.201.34 - - [16/Jul/2026:17:36:08 +0000] "GET /wp-login.php HTTP/2" 200 2455 "-" "Mozilla/5.0 (Linux; Android 10; K) AppleWebKit/537.36 (KHTML, like Gecko) Chrome/143.0.0.0 Mobile Safari/537.36"
62.60.201.34 - - [16/Jul/2026:17:36:11 +0000] "POST /wp-login.php HTTP/2" 401 1290 "https://angelsurchins.co.uk/wp-login.php" "Mozilla/5.0 (Linux; Android 10; K) AppleWebKit/537.36 (KHTML, like Gecko) Chrome/143.0.0.0 Mobile Safari/537.36"
103.74.116.219 - - [16/Jul/2026:17:36:19 +0000] "GET /wp-login.php HTTP/2" 200 2454 "-" "Mozilla/5.0 (Windows NT 10.0; Win64; x64) AppleWebKit/537.36 (KHTML, like Gecko) Chrome/145.0.0.0 Safari/537.36"
103.74.116.219 - - [16/Jul/2026:17:36:21 +0000] "POST /wp-login.php HTTP/2" 401 1287 "https://angelsurchins.co.uk/wp-login.php" "Mozilla/5.0 (Windows NT 10.0; Win64; x64) AppleWebKit/537.36 (KHTML, like Gecko) Chrome/145.0.0.0 Safari/537.36"
194.39.149.53 - - [16/Jul/2026:17:36:42 +0000] "POST /wp-admin/admin-ajax.php HTTP/1.1" 200 0 "-" "WordPress/6.9.4; https://angelsurchins.co.uk"
40.77.167.158 - - [16/Jul/2026:17:36:48 +0000] "GET /?post_type=product&product_cat=0&s=2026 HTTP/2" 200 22326 "-" "Mozilla/5.0 AppleWebKit/537.36 (KHTML, like Gecko; compatible; bingbot/2.0; +http://www.bing.com/bingbot.htm) Chrome/116.0.1938.76 Safari/537.36"
185.191.171.1 - - [16/Jul/2026:17:37:34 +0000] "GET /robots.txt HTTP/1.1" 200 225 "-" "Mozilla/5.0 (compatible; SemrushBot/7~bl; +http://www.semrush.com/bot.html)"
185.191.171.12 - - [16/Jul/2026:17:37:36 +0000] "GET /product/turned-table-lamp-with-shade/ HTTP/1.1" 200 36271 "-" "Mozilla/5.0 (compatible; SemrushBot/7~bl; +http://www.semrush.com/bot.html)"
194.39.149.53 - - [16/Jul/2026:17:38:03 +0000] "POST /wp-cron.php?doing_wp_cron=1784223483.3942449092864990234375 HTTP/1.1" 200 0 "-" "WordPress/6.9.4; https://angelsurchins.co.uk"
103.62.140.219 - - [16/Jul/2026:17:38:01 +0000] "GET /product/doe-and-deer-wallpaper/?add-to-wishlist=11884 HTTP/1.1" 200 38675 "-" "Mozilla/5.0 (Windows NT 4.0; WOW64) AppleWebKit/537.36 (KHTML, like Gecko) Chrome/37.0.2049.0 Safari/537.36"
194.39.149.53 - - [16/Jul/2026:17:40:36 +0000] "POST /wp-cron.php?doing_wp_cron=1784223636.3717861175537109375000 HTTP/1.1" 200 0 "-" "WordPress/6.9.4; https://angelsurchins.co.uk"
45.131.194.122 - - [16/Jul/2026:17:40:32 +0000] "POST /wp-login.php HTTP/1.1" 401 1501 "-" "Dalvik/2.1.0 (Linux; U; Android 7.1.2; SUGAR Y12 MAX Build/N2G47H)"
194.39.149.53 - - [16/Jul/2026:17:40:37 +0000] "POST /wp-admin/admin-ajax.php HTTP/1.1" 200 0 "-" "WordPress/6.9.4; https://angelsurchins.co.uk"
194.39.149.53 - - [16/Jul/2026:17:41:22 +0000] "POST /wp-cron.php?doing_wp_cron=1784223682.4466540813446044921875 HTTP/1.1" 200 0 "-" "WordPress/6.9.4; https://angelsurchins.co.uk"
189.241.193.102 - - [16/Jul/2026:17:41:21 +0000] "GET /product/floral-animal-bundle/ HTTP/1.1" 200 37953 "-" "Mozilla/5.0 (Windows NT 6.2; WOW64) AppleWebKit/537.36 (KHTML, like Gecko) Chrome/75.0.3770.100 ADG/11.0.2510 AOLBUILD/11.0.2510 Safari/537.36"
194.39.149.53 - - [16/Jul/2026:17:42:08 +0000] "POST /wp-cron.php?doing_wp_cron=1784223728.7879579067230224609375 HTTP/1.1" 200 0 "-" "WordPress/6.9.4; https://angelsurchins.co.uk"
66.249.79.8 - - [16/Jul/2026:17:42:07 +0000] "GET /product/baby-chic-print/ HTTP/1.1" 200 29539 "-" "Mozilla/5.0 (Linux; Android 6.0.1; Nexus 5X Build/MMB29P) AppleWebKit/537.36 (KHTML, like Gecko) Chrome/150.0.7871.124 Mobile Safari/537.36 (compatible; Googlebot/2.1; +http://www.google.com/bot.html)"
66.249.79.8 - - [16/Jul/2026:17:42:14 +0000] "GET /wp-content/plugins/wcboost-products-compare/assets/css/compare.css?ver=1.0.7 HTTP/1.1" 200 1294 "https://angelsurchins.co.uk/product/baby-chic-print/" "Mozilla/5.0 (Linux; Android 6.0.1; Nexus 5X Build/MMB29P) AppleWebKit/537.36 (KHTML, like Gecko) Chrome/150.0.7871.124 Mobile Safari/537.36 (compatible; Googlebot/2.1; +http://www.google.com/bot.html)"
66.249.79.8 - - [16/Jul/2026:17:42:14 +0000] "GET /wp-includes/js/dist/hooks.min.js?ver=dd5603f07f9220ed27f1 HTTP/1.1" 200 1852 "https://angelsurchins.co.uk/product/baby-chic-print/" "Mozilla/5.0 (Linux; Android 6.0.1; Nexus 5X Build/MMB29P) AppleWebKit/537.36 (KHTML, like Gecko) Chrome/150.0.7871.124 Mobile Safari/537.36 (compatible; Googlebot/2.1; +http://www.google.com/bot.html)"
66.249.79.8 - - [16/Jul/2026:17:42:14 +0000] "GET /wp-content/plugins/photo-gallery/css/jquery.mCustomScrollbar.min.css?ver=3.1.5 HTTP/1.1" 200 3799 "https://angelsurchins.co.uk/product/baby-chic-print/" "Mozilla/5.0 (Linux; Android 6.0.1; Nexus 5X Build/MMB29P) AppleWebKit/537.36 (KHTML, like Gecko) Chrome/150.0.7871.124 Mobile Safari/537.36 (compatible; Googlebot/2.1; +http://www.google.com/bot.html)"
66.249.79.7 - - [16/Jul/2026:17:42:15 +0000] "POST /product/baby-chic-print/null HTTP/1.1" 404 20084 "https://angelsurchins.co.uk/product/baby-chic-print/" "Mozilla/5.0 (Linux; Android 6.0.1; Nexus 5X Build/MMB29P) AppleWebKit/537.36 (KHTML, like Gecko) Chrome/150.0.7871.124 Mobile Safari/537.36 (compatible; Googlebot/2.1; +http://www.google.com/bot.html)"
66.249.79.7 - - [16/Jul/2026:17:42:18 +0000] "POST /?wc-ajax=get_compare_fragments&elementor_page_id=12061 HTTP/1.1" 200 210 "https://angelsurchins.co.uk/product/baby-chic-print/" "Mozilla/5.0 (Linux; Android 6.0.1; Nexus 5X Build/MMB29P) AppleWebKit/537.36 (KHTML, like Gecko) Chrome/150.0.7871.124 Mobile Safari/537.36 (compatible; Googlebot/2.1; +http://www.google.com/bot.html)"
216.73.217.24 - - [16/Jul/2026:17:42:18 +0000] "GET /robots.txt HTTP/2" 200 206 "-" "Mozilla/5.0 AppleWebKit/537.36 (KHTML, like Gecko; compatible; ClaudeBot/1.0; +claudebot@anthropic.com)"
66.249.79.7 - - [16/Jul/2026:17:42:18 +0000] "POST /?wc-ajax=get_wishlist_fragments&elementor_page_id=12061 HTTP/1.1" 200 242 "https://angelsurchins.co.uk/product/baby-chic-print/" "Mozilla/5.0 (Linux; Android 6.0.1; Nexus 5X Build/MMB29P) AppleWebKit/537.36 (KHTML, like Gecko) Chrome/150.0.7871.124 Mobile Safari/537.36 (compatible; Googlebot/2.1; +http://www.google.com/bot.html)"
66.249.79.7 - - [16/Jul/2026:17:42:20 +0000] "POST /?wc-ajax=get_refreshed_fragments&elementor_page_id=12061 HTTP/1.1" 200 398 "https://angelsurchins.co.uk/product/baby-chic-print/" "Mozilla/5.0 (Linux; Android 6.0.1; Nexus 5X Build/MMB29P) AppleWebKit/537.36 (KHTML, like Gecko) Chrome/150.0.7871.124 Mobile Safari/537.36 (compatible; Googlebot/2.1; +http://www.google.com/bot.html)"
216.73.217.24 - - [16/Jul/2026:17:42:21 +0000] "GET /sitemap_index.xml HTTP/2" 200 408 "-" "Mozilla/5.0 AppleWebKit/537.36 (KHTML, like Gecko; compatible; ClaudeBot/1.0; +claudebot@anthropic.com)"
181.85.210.26 - - [16/Jul/2026:17:42:23 +0000] "GET /product/vintage-hot-air-ballon-print/?add-to-wishlist=11897 HTTP/1.1" 200 38243 "-" "Mozilla/5.0 (Macintosh; Intel Mac OS X 10_15_5) AppleWebKit/537.36 (KHTML, like Gecko) Chrome/90.0.4430.93 Safari/537.36"
194.39.149.53 - - [16/Jul/2026:17:44:23 +0000] "POST /wp-cron.php?doing_wp_cron=1784223863.6598780155181884765625 HTTP/1.1" 200 0 "-" "WordPress/6.9.4; https://angelsurchins.co.uk"
