45.128.121.89 - - [16/Jul/2026:13:49:22 +0000] "GET /product-category/baby/page/3/ HTTP/1.1" 200 34100 "-" "Mozilla/5.0 (Windows NT 6.3; Win64; x64) AppleWebKit/537.36 (KHTML, like Gecko) Chrome/91.0.4472.114 Safari/537.36"
194.39.149.53 - - [16/Jul/2026:13:49:28 +0000] "POST /wp-admin/admin-ajax.php HTTP/1.1" 200 0 "-" "WordPress/6.9.4; https://angelsurchins.co.uk"
194.39.149.53 - - [16/Jul/2026:13:49:56 +0000] "POST /wp-cron.php?doing_wp_cron=1784209796.6302790641784667968750 HTTP/1.1" 200 0 "-" "WordPress/6.9.4; https://angelsurchins.co.uk"
185.223.152.111 - - [16/Jul/2026:13:49:54 +0000] "POST /wp-login.php HTTP/1.1" 401 1500 "-" "Mozilla/5.0 (Windows; U; Windows NT 6.0; en-US) AppleWebKit/533.2 (KHTML, like Gecko) Chrome/5.0.342.1 Safari/533.2"
194.39.149.53 - - [16/Jul/2026:13:52:45 +0000] "POST /wp-cron.php?doing_wp_cron=1784209965.3477509021759033203125 HTTP/1.1" 200 0 "-" "WordPress/6.9.4; https://angelsurchins.co.uk"
45.164.104.124 - - [16/Jul/2026:13:52:43 +0000] "GET /product/princess-magic-mirror/?add-to-wishlist=11910 HTTP/1.1" 200 37910 "-" "Mozilla/5.0 (Windows NT 10.0; Win64; x64) AppleWebKit/537.36 (KHTML, like Gecko) Chrome/91.0.4472.124 Safari/537.36"
194.39.149.53 - - [16/Jul/2026:13:52:46 +0000] "POST /wp-admin/admin-ajax.php HTTP/1.1" 200 0 "-" "WordPress/6.9.4; https://angelsurchins.co.uk"
36.37.211.138 - - [16/Jul/2026:13:55:23 +0000] "GET /product-category/accesories/wallpaper/page/3/?add-to-wishlist=11916 HTTP/1.1" 200 41152 "-" "Mozilla/5.0 (Macintosh; Intel Mac OS X 10_13_6) AppleWebKit/537.36 (KHTML, like Gecko) Brave Chrome/80.0.3987.162 Safari/537.36"
194.39.149.53 - - [16/Jul/2026:13:56:11 +0000] "POST /wp-admin/admin-ajax.php HTTP/1.1" 200 0 "-" "WordPress/6.9.4; https://angelsurchins.co.uk"
194.39.149.53 - - [16/Jul/2026:13:57:24 +0000] "POST /wp-cron.php?doing_wp_cron=1784210244.6506850719451904296875 HTTP/1.1" 200 0 "-" "WordPress/6.9.4; https://angelsurchins.co.uk"
186.32.255.155 - - [16/Jul/2026:13:57:23 +0000] "GET /product/pink-clouds-wallpaper/?add-to-wishlist=11863 HTTP/1.1" 200 38692 "-" "Mozilla/5.0 (Windows NT 10.0; Win64; x64) AppleWebKit/537.36 (KHTML, like Gecko) Chrome/76.0.3790.0 Safari/537.36"
194.39.149.53 - - [16/Jul/2026:13:57:59 +0000] "POST /wp-cron.php?doing_wp_cron=1784210279.2893240451812744140625 HTTP/1.1" 200 0 "-" "WordPress/6.9.4; https://angelsurchins.co.uk"
123.20.56.203 - - [16/Jul/2026:13:57:57 +0000] "GET /product/spiral-shells-chandelier/?add-to-wishlist=11855 HTTP/1.1" 200 38230 "-" "Mozilla/5.0 (Windows NT 6.3; Win64; x64) AppleWebKit/537.36 (KHTML, like Gecko) Chrome/105.0.0.0 Safari/537.36"
194.39.149.53 - - [16/Jul/2026:13:59:45 +0000] "POST /wp-cron.php?doing_wp_cron=1784210385.5128641128540039062500 HTTP/1.1" 200 0 "-" "WordPress/6.9.4; https://angelsurchins.co.uk"
160.187.108.71 - - [16/Jul/2026:13:59:43 +0000] "GET /product/vintage-butterfly-print/?add-to-wishlist=11849 HTTP/1.1" 200 38134 "-" "Mozilla/5.0 (Windows NT 10.0; Win64; x64) AppleWebKit/537.36 (KHTML, like Gecko) Chrome/78.0.3904.63 Safari/537.36"
194.39.149.53 - - [16/Jul/2026:13:59:47 +0000] "POST /wp-admin/admin-ajax.php HTTP/1.1" 200 0 "-" "WordPress/6.9.4; https://angelsurchins.co.uk"
194.39.149.53 - - [16/Jul/2026:14:03:35 +0000] "POST /wp-cron.php?doing_wp_cron=1784210614.9981939792633056640625 HTTP/1.1" 200 0 "-" "WordPress/6.9.4; https://angelsurchins.co.uk"
114.119.143.177 - - [16/Jul/2026:14:03:33 +0000] "GET /product-hover-style/ HTTP/1.1" 200 26008 "https://angelsurchins.co.uk/product-hover-style" "Mozilla/5.0 (Linux; Android 7.0;) AppleWebKit/537.36 (HTML, like Gecko) Mobile Safari/537.36 (compatible; PetalBot;+https://webmaster.petalsearch.com/site/petalbot)"
194.39.149.53 - - [16/Jul/2026:14:03:36 +0000] "POST /wp-admin/admin-ajax.php HTTP/1.1" 200 0 "-" "WordPress/6.9.4; https://angelsurchins.co.uk"
194.39.149.53 - - [16/Jul/2026:14:03:44 +0000] "POST /wp-cron.php?doing_wp_cron=1784210624.6396510601043701171875 HTTP/1.1" 200 0 "-" "WordPress/6.9.4; https://angelsurchins.co.uk"
194.39.149.53 - - [16/Jul/2026:14:03:38 +0000] "POST /wp-admin/admin-ajax.php?action=as_async_request_queue_runner&nonce=3429380fc3 HTTP/1.1" 200 0 "-" "WordPress/6.9.4; https://angelsurchins.co.uk"
216.73.163.120 - - [16/Jul/2026:14:04:34 +0000] "POST /wp-login.php HTTP/1.1" 401 1501 "-" "Mozilla/5.0 (X11; Linux x86_64) AppleWebKit/537.36 (KHTML, like Gecko) Chrome/86.0.4240.183 Safari/537.36"
194.39.149.53 - - [16/Jul/2026:14:04:58 +0000] "POST /wp-cron.php?doing_wp_cron=1784210697.9125430583953857421875 HTTP/1.1" 200 0 "-" "WordPress/6.9.4; https://angelsurchins.co.uk"
114.119.143.177 - - [16/Jul/2026:14:04:56 +0000] "GET /cart HTTP/1.1" 301 0 "https://angelsurchins.co.uk/product/walnut-wave-cradle" "Mozilla/5.0 (Linux; Android 7.0;) AppleWebKit/537.36 (HTML, like Gecko) Mobile Safari/537.36 (compatible; PetalBot;+https://webmaster.petalsearch.com/site/petalbot)"
114.119.143.177 - - [16/Jul/2026:14:04:58 +0000] "GET /cart/ HTTP/1.1" 200 78255 "https://angelsurchins.co.uk/product/walnut-wave-cradle" "Mozilla/5.0 (Linux; Android 7.0;) AppleWebKit/537.36 (HTML, like Gecko) Mobile Safari/537.36 (compatible; PetalBot;+https://webmaster.petalsearch.com/site/petalbot)"
179.60.74.72 - - [16/Jul/2026:14:05:17 +0000] "GET /product/birds-and-butterflies-wallpaper/?add-to-wishlist=11881 HTTP/1.1" 200 38848 "-" "Mozilla/5.0 (Macintosh; Intel Mac OS X 10_12_6) AppleWebKit/537.36 (KHTML, like Gecko) Chrome/95.0.4638.69 Safari/537.36"
194.39.149.53 - - [16/Jul/2026:14:07:46 +0000] "POST /wp-cron.php?doing_wp_cron=1784210866.4620459079742431640625 HTTP/1.1" 200 0 "-" "WordPress/6.9.4; https://angelsurchins.co.uk"
102.205.85.121 - - [16/Jul/2026:14:07:44 +0000] "GET /product/alora-cot-bed/?add-to-wishlist=11537 HTTP/1.1" 200 37942 "-" "Mozilla/5.0 (Macintosh; Intel Mac OS X 10_15_4) AppleWebKit/537.36 (KHTML, like Gecko) Brave Chrome/80.0.3987.149 Safari/537.36"
194.39.149.53 - - [16/Jul/2026:14:07:48 +0000] "POST /wp-admin/admin-ajax.php HTTP/1.1" 200 0 "-" "WordPress/6.9.4; https://angelsurchins.co.uk"
1.54.23.155 - - [16/Jul/2026:14:07:52 +0000] "GET /shop/page/3/?add-to-wishlist=11539 HTTP/1.1" 200 39196 "-" "Mozilla/5.0 (Macintosh; Intel Mac OS X 10_15_7) AppleWebKit/537.36 (KHTML, like Gecko) Chrome/93.0.4577.63 Safari/537.36"
194.39.149.53 - - [16/Jul/2026:14:08:56 +0000] "POST /wp-cron.php?doing_wp_cron=1784210935.9539959430694580078125 HTTP/1.1" 200 0 "-" "WordPress/6.9.4; https://angelsurchins.co.uk"
185.223.152.93 - - [16/Jul/2026:14:08:54 +0000] "POST /wp-login.php HTTP/1.1" 401 1502 "-" "android|Mozilla/5.0 (Linux; U; Android 7.1.1; SAMSUNG GT-I9700 Build/KTU84P) AppleWebKit/601.27 (KHTML, like Gecko) Chrome/47.0.3296.173 Mobile Safari/600.5"
194.39.149.53 - - [16/Jul/2026:14:10:52 +0000] "POST /wp-cron.php?doing_wp_cron=1784211052.6142249107360839843750 HTTP/1.1" 200 0 "-" "WordPress/6.9.4; https://angelsurchins.co.uk"
154.58.165.171 - - [16/Jul/2026:14:10:48 +0000] "GET /product/pumpkin-bed/?add-to-wishlist=11654 HTTP/1.1" 200 37516 "-" "Mozilla/5.0 (Windows NT 10.0; Win64; x64) AppleWebKit/537.36 (KHTML, like Gecko) Chrome/71.0.3578.98 Safari/537.36"
205.169.39.11 - - [16/Jul/2026:14:10:54 +0000] "GET / HTTP/1.1" 200 42644 "-" "Mozilla/5.0 (Windows NT 10.0) AppleWebKit/537.36 (KHTML, like Gecko) Chrome/106.0.0.0 Safari/537.36"
194.39.149.53 - - [16/Jul/2026:14:10:56 +0000] "POST /wp-admin/admin-ajax.php HTTP/1.1" 200 0 "-" "WordPress/6.9.4; https://angelsurchins.co.uk"
116.204.228.203 - - [16/Jul/2026:14:11:11 +0000] "GET /shop/page/4/?add-to-wishlist=11910 HTTP/1.1" 200 39633 "-" "Mozilla/5.0 (Macintosh; Intel Mac OS X 10_15_7) AppleWebKit/537.36 (KHTML, like Gecko) Chrome/94.0.4606.71 Safari/537.36"
194.39.149.53 - - [16/Jul/2026:14:14:15 +0000] "POST /wp-cron.php?doing_wp_cron=1784211254.9515450000762939453125 HTTP/1.1" 200 0 "-" "WordPress/6.9.4; https://angelsurchins.co.uk"
54.39.210.145 - - [16/Jul/2026:14:14:12 +0000] "GET /product-category/adults/wardrobe/ HTTP/2" 200 27688 "-" "Mozilla/5.0 (compatible; AhrefsBot/7.0; +http://ahrefs.com/robot/)"
194.39.149.53 - - [16/Jul/2026:14:14:17 +0000] "POST /wp-admin/admin-ajax.php HTTP/1.1" 200 0 "-" "WordPress/6.9.4; https://angelsurchins.co.uk"
194.39.149.53 - - [16/Jul/2026:14:15:04 +0000] "POST /wp-cron.php?doing_wp_cron=1784211304.5193190574645996093750 HTTP/1.1" 200 0 "-" "WordPress/6.9.4; https://angelsurchins.co.uk"
105.112.23.36 - - [16/Jul/2026:14:15:02 +0000] "GET /product/hanging-monkey-wallpaper/?add-to-wishlist=11904 HTTP/1.1" 200 38639 "-" "Mozilla/5.0 (Macintosh; Intel Mac OS X 10_11_3) AppleWebKit/537.36 (KHTML, like Gecko) Chrome/68.0.3409.1 Safari/537.36"
194.39.149.53 - - [16/Jul/2026:14:16:46 +0000] "POST /wp-cron.php?doing_wp_cron=1784211406.6465470790863037109375 HTTP/1.1" 200 0 "-" "WordPress/6.9.4; https://angelsurchins.co.uk"
185.139.138.110 - - [16/Jul/2026:14:16:45 +0000] "GET /product/vintage-flower-print/?add-to-wishlist=11861 HTTP/1.1" 200 38054 "-" "Mozilla/5.0 (Windows NT 10.0; Win64; x64) AppleWebKit/537.36 (KHTML, like Gecko) Chrome/100.0.4896.60 Safari/537.36"
194.39.149.53 - - [16/Jul/2026:14:16:48 +0000] "POST /wp-admin/admin-ajax.php HTTP/1.1" 200 0 "-" "WordPress/6.9.4; https://angelsurchins.co.uk"
20.48.236.161 - - [16/Jul/2026:14:17:54 +0000] "GET /wp-content/plugins/hellopress/wp_filemanager.php HTTP/1.1" 401 36 "-" "-"
20.48.236.161 - - [16/Jul/2026:14:17:54 +0000] "GET /this_is_a_new_hello_world.php HTTP/1.1" 401 36 "-" "-"
20.48.236.161 - - [16/Jul/2026:14:17:55 +0000] "GET /x.php HTTP/1.1" 401 36 "-" "-"
20.48.236.161 - - [16/Jul/2026:14:17:55 +0000] "GET /mgrr.php HTTP/1.1" 401 36 "-" "-"
20.48.236.161 - - [16/Jul/2026:14:17:55 +0000] "GET /stdin.php HTTP/1.1" 401 36 "-" "-"
20.48.236.161 - - [16/Jul/2026:14:17:55 +0000] "GET /BDKR28.php HTTP/1.1" 401 36 "-" "-"
20.48.236.161 - - [16/Jul/2026:14:17:55 +0000] "GET /001.php HTTP/1.1" 401 36 "-" "-"
20.48.236.161 - - [16/Jul/2026:14:17:55 +0000] "GET /dZ3wP5.php HTTP/1.1" 401 36 "-" "-"
20.48.236.161 - - [16/Jul/2026:14:17:55 +0000] "GET /yup.php HTTP/1.1" 401 36 "-" "-"
20.48.236.161 - - [16/Jul/2026:14:17:55 +0000] "GET /ts.php HTTP/1.1" 401 36 "-" "-"
20.48.236.161 - - [16/Jul/2026:14:17:56 +0000] "GET /X.php HTTP/1.1" 401 36 "-" "-"
20.48.236.161 - - [16/Jul/2026:14:17:56 +0000] "GET /1polka.php HTTP/1.1" 401 36 "-" "-"
20.48.236.161 - - [16/Jul/2026:14:17:56 +0000] "GET /gec.php HTTP/1.1" 401 36 "-" "-"
20.48.236.161 - - [16/Jul/2026:14:17:56 +0000] "GET /sky.php HTTP/1.1" 401 36 "-" "-"
20.48.236.161 - - [16/Jul/2026:14:17:56 +0000] "GET /fffm.php HTTP/1.1" 401 36 "-" "-"
20.48.236.161 - - [16/Jul/2026:14:17:56 +0000] "GET /sixxis.php HTTP/1.1" 401 36 "-" "-"
20.48.236.161 - - [16/Jul/2026:14:17:56 +0000] "GET /yj09.php HTTP/1.1" 401 36 "-" "-"
20.48.236.161 - - [16/Jul/2026:14:17:56 +0000] "GET /f900.php HTTP/1.1" 401 36 "-" "-"
20.48.236.161 - - [16/Jul/2026:14:17:56 +0000] "GET /ups.php HTTP/1.1" 401 36 "-" "-"
20.48.236.161 - - [16/Jul/2026:14:17:57 +0000] "GET /k.php HTTP/1.1" 401 36 "-" "-"
20.48.236.161 - - [16/Jul/2026:14:17:57 +0000] "GET /k2.php HTTP/1.1" 401 36 "-" "-"
20.48.236.161 - - [16/Jul/2026:14:17:57 +0000] "GET /w.php HTTP/1.1" 401 36 "-" "-"
20.48.236.161 - - [16/Jul/2026:14:17:57 +0000] "GET /fpwch.php HTTP/1.1" 401 36 "-" "-"
20.48.236.161 - - [16/Jul/2026:14:17:57 +0000] "GET /w2025.php HTTP/1.1" 401 36 "-" "-"
20.48.236.161 - - [16/Jul/2026:14:17:57 +0000] "GET /scxy.php HTTP/1.1" 401 36 "-" "-"
20.48.236.161 - - [16/Jul/2026:14:17:57 +0000] "GET /FWAZ.php HTTP/1.1" 401 36 "-" "-"
20.48.236.161 - - [16/Jul/2026:14:17:57 +0000] "GET /qterm.php HTTP/1.1" 401 36 "-" "-"
20.48.236.161 - - [16/Jul/2026:14:17:58 +0000] "GET /blurbs.php HTTP/1.1" 401 36 "-" "-"
20.48.236.161 - - [16/Jul/2026:14:17:58 +0000] "GET /v543.php HTTP/1.1" 401 36 "-" "-"
20.48.236.161 - - [16/Jul/2026:14:17:58 +0000] "GET /w3lls.php HTTP/1.1" 401 36 "-" "-"
20.48.236.161 - - [16/Jul/2026:14:17:58 +0000] "GET /wp-ws68.php HTTP/1.1" 401 36 "-" "-"
20.48.236.161 - - [16/Jul/2026:14:17:58 +0000] "GET /xyn.php HTTP/1.1" 401 36 "-" "-"
20.48.236.161 - - [16/Jul/2026:14:17:58 +0000] "GET /green3.php HTTP/1.1" 401 36 "-" "-"
20.48.236.161 - - [16/Jul/2026:14:17:58 +0000] "GET /ccc.php HTTP/1.1" 401 36 "-" "-"
20.48.236.161 - - [16/Jul/2026:14:17:58 +0000] "GET /get.php HTTP/1.1" 401 36 "-" "-"
20.48.236.161 - - [16/Jul/2026:14:17:58 +0000] "GET /images.php HTTP/1.1" 401 36 "-" "-"
20.48.236.161 - - [16/Jul/2026:14:17:59 +0000] "GET /alls.php HTTP/1.1" 401 36 "-" "-"
20.48.236.161 - - [16/Jul/2026:14:17:59 +0000] "GET /coffexium.php HTTP/1.1" 401 36 "-" "-"
20.48.236.161 - - [16/Jul/2026:14:17:59 +0000] "GET /red.php HTTP/1.1" 401 36 "-" "-"
20.48.236.161 - - [16/Jul/2026:14:17:59 +0000] "GET /wp-includes/sodium_compat/ HTTP/1.1" 401 36 "-" "-"
20.48.236.161 - - [16/Jul/2026:14:17:59 +0000] "GET /wp-admin/css/colors/coffee/wp-adochan.php HTTP/1.1" 401 36 "-" "-"
20.48.236.161 - - [16/Jul/2026:14:17:59 +0000] "GET /wp-includes/Text/ HTTP/1.1" 401 36 "-" "-"
20.48.236.161 - - [16/Jul/2026:14:17:59 +0000] "GET /footer.php HTTP/1.1" 401 36 "-" "-"
20.48.236.161 - - [16/Jul/2026:14:17:59 +0000] "GET /wp-content/uploads/ HTTP/1.1" 401 36 "-" "-"
20.48.236.161 - - [16/Jul/2026:14:17:59 +0000] "GET /wp-content/index.php HTTP/1.1" 401 36 "-" "-"
20.48.236.161 - - [16/Jul/2026:14:18:00 +0000] "GET /zoro.php HTTP/1.1" 401 36 "-" "-"
20.48.236.161 - - [16/Jul/2026:14:18:00 +0000] "GET /admin.php HTTP/1.1" 401 36 "-" "-"
20.48.236.161 - - [16/Jul/2026:14:18:00 +0000] "GET /177.php HTTP/1.1" 401 36 "-" "-"
20.48.236.161 - - [16/Jul/2026:14:18:00 +0000] "GET /199.php HTTP/1.1" 401 36 "-" "-"
20.48.236.161 - - [16/Jul/2026:14:18:00 +0000] "GET /file52.php HTTP/1.1" 401 36 "-" "-"
20.48.236.161 - - [16/Jul/2026:14:18:00 +0000] "GET /geck.php HTTP/1.1" 401 36 "-" "-"
20.48.236.161 - - [16/Jul/2026:14:18:00 +0000] "GET /biufile.php HTTP/1.1" 401 36 "-" "-"
20.48.236.161 - - [16/Jul/2026:14:18:00 +0000] "GET /mosty.php HTTP/1.1" 401 36 "-" "-"
20.48.236.161 - - [16/Jul/2026:14:18:01 +0000] "GET /dejavu.php HTTP/1.1" 401 36 "-" "-"
20.48.236.161 - - [16/Jul/2026:14:18:01 +0000] "GET /aaf.php HTTP/1.1" 401 36 "-" "-"
20.48.236.161 - - [16/Jul/2026:14:18:01 +0000] "GET /term.php HTTP/1.1" 401 36 "-" "-"
20.48.236.161 - - [16/Jul/2026:14:18:01 +0000] "GET /ha.php HTTP/1.1" 401 36 "-" "-"
20.48.236.161 - - [16/Jul/2026:14:18:01 +0000] "GET /hur.php HTTP/1.1" 401 36 "-" "-"
20.48.236.161 - - [16/Jul/2026:14:18:01 +0000] "GET /h02ugyh.php HTTP/1.1" 401 36 "-" "-"
20.48.236.161 - - [16/Jul/2026:14:18:01 +0000] "GET /155.php HTTP/1.1" 401 36 "-" "-"
20.48.236.161 - - [16/Jul/2026:14:18:01 +0000] "GET /pp.php HTTP/1.1" 401 36 "-" "-"
20.48.236.161 - - [16/Jul/2026:14:18:01 +0000] "GET /201.php HTTP/1.1" 401 36 "-" "-"
20.48.236.161 - - [16/Jul/2026:14:18:02 +0000] "GET /ops.php HTTP/1.1" 401 36 "-" "-"
20.48.236.161 - - [16/Jul/2026:14:18:02 +0000] "GET /ingfo.php HTTP/1.1" 401 36 "-" "-"
20.48.236.161 - - [16/Jul/2026:14:18:02 +0000] "GET /error_log.php HTTP/1.1" 401 36 "-" "-"
20.48.236.161 - - [16/Jul/2026:14:18:02 +0000] "GET /test10.php HTTP/1.1" 401 36 "-" "-"
20.48.236.161 - - [16/Jul/2026:14:18:02 +0000] "GET /koala.php HTTP/1.1" 401 36 "-" "-"
20.48.236.161 - - [16/Jul/2026:14:18:02 +0000] "GET /mac.php HTTP/1.1" 401 36 "-" "-"
20.48.236.161 - - [16/Jul/2026:14:18:02 +0000] "GET /wefile.php HTTP/1.1" 401 36 "-" "-"
20.48.236.161 - - [16/Jul/2026:14:18:02 +0000] "GET /wp-includes/blocks/post-comments-form/ HTTP/1.1" 401 36 "-" "-"
20.48.236.161 - - [16/Jul/2026:14:18:03 +0000] "GET /wp-admin/js/ HTTP/1.1" 401 36 "-" "-"
20.48.236.161 - - [16/Jul/2026:14:18:03 +0000] "GET /makeasmtp.php HTTP/1.1" 401 36 "-" "-"
20.48.236.161 - - [16/Jul/2026:14:18:03 +0000] "GET /2P.php HTTP/1.1" 401 36 "-" "-"
20.48.236.161 - - [16/Jul/2026:14:18:03 +0000] "GET /.well-known/about.php HTTP/1.1" 401 36 "-" "-"
20.48.236.161 - - [16/Jul/2026:14:18:03 +0000] "GET /wp-includes/ID3/about.php HTTP/1.1" 401 36 "-" "-"
20.48.236.161 - - [16/Jul/2026:14:18:03 +0000] "GET /system_log.php HTTP/1.1" 401 36 "-" "-"
20.48.236.161 - - [16/Jul/2026:14:18:03 +0000] "GET /wp-admin/css/ HTTP/1.1" 401 36 "-" "-"
20.48.236.161 - - [16/Jul/2026:14:18:03 +0000] "GET /wp-admin/css/colors/modern/ HTTP/1.1" 401 36 "-" "-"
20.48.236.161 - - [16/Jul/2026:14:18:04 +0000] "GET /crgio.php HTTP/1.1" 401 36 "-" "-"
20.48.236.161 - - [16/Jul/2026:14:18:04 +0000] "GET /pucci.php HTTP/1.1" 401 36 "-" "-"
20.48.236.161 - - [16/Jul/2026:14:18:04 +0000] "GET /wp-includes/blocks/details/ HTTP/1.1" 401 36 "-" "-"
20.48.236.161 - - [16/Jul/2026:14:18:04 +0000] "GET /wp-includes/blocks/audio/ HTTP/1.1" 401 36 "-" "-"
20.48.236.161 - - [16/Jul/2026:14:18:04 +0000] "GET /wp-temp.php HTTP/1.1" 401 36 "-" "-"
20.48.236.161 - - [16/Jul/2026:14:18:04 +0000] "GET /wp-includes/blocks/buttons/ HTTP/1.1" 401 36 "-" "-"
20.48.236.161 - - [16/Jul/2026:14:18:04 +0000] "GET /wp-admin/js/index.php HTTP/1.1" 401 36 "-" "-"
20.48.236.161 - - [16/Jul/2026:14:18:05 +0000] "GET /puc.php HTTP/1.1" 401 36 "-" "-"
20.48.236.161 - - [16/Jul/2026:14:18:05 +0000] "GET /dx.php HTTP/1.1" 401 36 "-" "-"
20.48.236.161 - - [16/Jul/2026:14:18:05 +0000] "GET /wp-includes/Requests/ HTTP/1.1" 401 36 "-" "-"
20.48.236.161 - - [16/Jul/2026:14:18:05 +0000] "GET /bthil.php HTTP/1.1" 401 36 "-" "-"
20.48.236.161 - - [16/Jul/2026:14:18:05 +0000] "GET /7.php HTTP/1.1" 401 36 "-" "-"
20.48.236.161 - - [16/Jul/2026:14:18:05 +0000] "GET /8.php HTTP/1.1" 401 36 "-" "-"
20.48.236.161 - - [16/Jul/2026:14:18:05 +0000] "GET /1.php HTTP/1.1" 401 36 "-" "-"
20.48.236.161 - - [16/Jul/2026:14:18:05 +0000] "GET /100.php HTTP/1.1" 401 36 "-" "-"
20.48.236.161 - - [16/Jul/2026:14:18:06 +0000] "GET /about.php HTTP/1.1" 401 36 "-" "-"
20.48.236.161 - - [16/Jul/2026:14:18:06 +0000] "GET /admin.php HTTP/1.1" 401 36 "-" "-"
20.48.236.161 - - [16/Jul/2026:14:18:06 +0000] "GET /edit.php HTTP/1.1" 401 36 "-" "-"
20.48.236.161 - - [16/Jul/2026:14:18:06 +0000] "GET /wp-content/admin.php HTTP/1.1" 401 36 "-" "-"
20.48.236.161 - - [16/Jul/2026:14:18:06 +0000] "GET /ss.php HTTP/1.1" 401 36 "-" "-"
20.48.236.161 - - [16/Jul/2026:14:18:06 +0000] "GET /inputs.php HTTP/1.1" 401 36 "-" "-"
20.48.236.161 - - [16/Jul/2026:14:18:06 +0000] "GET /av.php HTTP/1.1" 401 36 "-" "-"
20.48.236.161 - - [16/Jul/2026:14:18:06 +0000] "GET /classwithtostring.php HTTP/1.1" 401 36 "-" "-"
20.48.236.161 - - [16/Jul/2026:14:18:07 +0000] "GET /wp-content/themes/index.php HTTP/1.1" 401 36 "-" "-"
20.48.236.161 - - [16/Jul/2026:14:18:07 +0000] "GET /wp-blog.php HTTP/1.1" 401 36 "-" "-"
20.48.236.161 - - [16/Jul/2026:14:18:07 +0000] "GET /wp-includes/js/jquery/ HTTP/1.1" 401 36 "-" "-"
20.48.236.161 - - [16/Jul/2026:14:18:07 +0000] "GET /wp-content/admin.php HTTP/1.1" 401 36 "-" "-"
20.48.236.161 - - [16/Jul/2026:14:18:07 +0000] "GET /adminfuns.php HTTP/1.1" 401 36 "-" "-"
20.48.236.161 - - [16/Jul/2026:14:18:07 +0000] "GET /goods.php HTTP/1.1" 401 36 "-" "-"
20.48.236.161 - - [16/Jul/2026:14:18:07 +0000] "GET /ms-edit.php HTTP/1.1" 401 36 "-" "-"
20.48.236.161 - - [16/Jul/2026:14:18:07 +0000] "GET /222.php HTTP/1.1" 401 36 "-" "-"
20.48.236.161 - - [16/Jul/2026:14:18:07 +0000] "GET /cgi-bin/index.php HTTP/1.1" 401 36 "-" "-"
20.48.236.161 - - [16/Jul/2026:14:18:08 +0000] "GET /wp-includes/css/dist/ HTTP/1.1" 401 36 "-" "-"
20.48.236.161 - - [16/Jul/2026:14:18:08 +0000] "GET /BDKR28WP.php HTTP/1.1" 401 36 "-" "-"
20.48.236.161 - - [16/Jul/2026:14:18:08 +0000] "GET /wp-includes/l10n/ HTTP/1.1" 401 36 "-" "-"
20.48.236.161 - - [16/Jul/2026:14:18:08 +0000] "GET /wp-content/uploads/ HTTP/1.1" 401 36 "-" "-"
20.48.236.161 - - [16/Jul/2026:14:18:08 +0000] "GET /wp.php HTTP/1.1" 401 36 "-" "-"
20.48.236.161 - - [16/Jul/2026:14:18:08 +0000] "GET /abcd.php HTTP/1.1" 401 36 "-" "-"
20.48.236.161 - - [16/Jul/2026:14:18:08 +0000] "GET /a1.php HTTP/1.1" 401 36 "-" "-"
20.48.236.161 - - [16/Jul/2026:14:18:08 +0000] "GET /wp-includes/Text/Diff/Engine/about.php HTTP/1.1" 401 36 "-" "-"
20.48.236.161 - - [16/Jul/2026:14:18:09 +0000] "GET /cgi-bin/admin.php HTTP/1.1" 401 36 "-" "-"
20.48.236.161 - - [16/Jul/2026:14:18:09 +0000] "GET /gettest.php HTTP/1.1" 401 36 "-" "-"
20.48.236.161 - - [16/Jul/2026:14:18:09 +0000] "GET /wp-content/ HTTP/1.1" 401 36 "-" "-"
20.48.236.161 - - [16/Jul/2026:14:18:09 +0000] "GET /simple.php HTTP/1.1" 401 36 "-" "-"
20.48.236.161 - - [16/Jul/2026:14:18:09 +0000] "GET /xxx.php HTTP/1.1" 401 36 "-" "-"
20.48.236.161 - - [16/Jul/2026:14:18:09 +0000] "GET /hypo.php HTTP/1.1" 401 36 "-" "-"
20.48.236.161 - - [16/Jul/2026:14:18:09 +0000] "GET /wp-admin/css/colors/blue/ HTTP/1.1" 401 36 "-" "-"
20.48.236.161 - - [16/Jul/2026:14:18:09 +0000] "GET /chosen.php HTTP/1.1" 401 36 "-" "-"
20.48.236.161 - - [16/Jul/2026:14:18:10 +0000] "GET /wp-includes/block-bindings/ HTTP/1.1" 401 36 "-" "-"
20.48.236.161 - - [16/Jul/2026:14:18:10 +0000] "GET /als.php HTTP/1.1" 401 36 "-" "-"
20.48.236.161 - - [16/Jul/2026:14:18:10 +0000] "GET /pol.php HTTP/1.1" 401 36 "-" "-"
20.48.236.161 - - [16/Jul/2026:14:18:10 +0000] "GET /file5.php HTTP/1.1" 401 36 "-" "-"
20.48.236.161 - - [16/Jul/2026:14:18:10 +0000] "GET /file.php HTTP/1.1" 401 36 "-" "-"
20.48.236.161 - - [16/Jul/2026:14:18:10 +0000] "GET /cfile.php HTTP/1.1" 401 36 "-" "-"
20.48.236.161 - - [16/Jul/2026:14:18:10 +0000] "GET /admin.php HTTP/1.1" 401 36 "-" "-"
20.48.236.161 - - [16/Jul/2026:14:18:10 +0000] "GET /aa2.php HTTP/1.1" 401 36 "-" "-"
20.48.236.161 - - [16/Jul/2026:14:18:11 +0000] "GET /ccou.php HTTP/1.1" 401 36 "-" "-"
20.48.236.161 - - [16/Jul/2026:14:18:11 +0000] "GET /dr.php HTTP/1.1" 401 36 "-" "-"
20.48.236.161 - - [16/Jul/2026:14:18:11 +0000] "GET /xamp.php HTTP/1.1" 401 36 "-" "-"
20.48.236.161 - - [16/Jul/2026:14:18:11 +0000] "GET /bless.php HTTP/1.1" 401 36 "-" "-"
20.48.236.161 - - [16/Jul/2026:14:18:11 +0000] "GET /file25.php HTTP/1.1" 401 36 "-" "-"
20.48.236.161 - - [16/Jul/2026:14:18:11 +0000] "GET /file6.php HTTP/1.1" 401 36 "-" "-"
20.48.236.161 - - [16/Jul/2026:14:18:11 +0000] "GET /a2.php HTTP/1.1" 401 36 "-" "-"
20.48.236.161 - - [16/Jul/2026:14:18:11 +0000] "GET /file15.php HTTP/1.1" 401 36 "-" "-"
20.48.236.161 - - [16/Jul/2026:14:18:11 +0000] "GET /f35.php HTTP/1.1" 401 36 "-" "-"
20.48.236.161 - - [16/Jul/2026:14:18:12 +0000] "GET /wp-load.php HTTP/1.1" 401 36 "-" "-"
20.48.236.161 - - [16/Jul/2026:14:18:12 +0000] "GET /xwpg.php HTTP/1.1" 401 36 "-" "-"
20.48.236.161 - - [16/Jul/2026:14:18:12 +0000] "GET /wp-includes/assets/ HTTP/1.1" 401 36 "-" "-"
20.48.236.161 - - [16/Jul/2026:14:18:12 +0000] "GET /wp-admin/css/colors/sunrise/ HTTP/1.1" 401 36 "-" "-"
20.48.236.161 - - [16/Jul/2026:14:18:12 +0000] "GET /xstelth.php HTTP/1.1" 401 36 "-" "-"
20.48.236.161 - - [16/Jul/2026:14:18:12 +0000] "GET /wp-admin/network/plugins.php HTTP/1.1" 401 36 "-" "-"
20.48.236.161 - - [16/Jul/2026:14:18:12 +0000] "GET /aaa.php HTTP/1.1" 401 36 "-" "-"
20.48.236.161 - - [16/Jul/2026:14:18:12 +0000] "GET /gecko.php HTTP/1.1" 401 36 "-" "-"
20.48.236.161 - - [16/Jul/2026:14:18:12 +0000] "GET /sh3ll.php HTTP/1.1" 401 36 "-" "-"
20.48.236.161 - - [16/Jul/2026:14:18:13 +0000] "GET /wp-includes/Requests/library/ HTTP/1.1" 401 36 "-" "-"
20.48.236.161 - - [16/Jul/2026:14:18:13 +0000] "GET /pbck.php HTTP/1.1" 401 36 "-" "-"
20.48.236.161 - - [16/Jul/2026:14:18:13 +0000] "GET /xiugai.php HTTP/1.1" 401 36 "-" "-"
20.48.236.161 - - [16/Jul/2026:14:18:13 +0000] "GET /son1.php HTTP/1.1" 401 36 "-" "-"
20.48.236.161 - - [16/Jul/2026:14:18:13 +0000] "GET /e.php HTTP/1.1" 401 36 "-" "-"
20.48.236.161 - - [16/Jul/2026:14:18:13 +0000] "GET /hg.php HTTP/1.1" 401 36 "-" "-"
20.48.236.161 - - [16/Jul/2026:14:18:13 +0000] "GET /ah25.php HTTP/1.1" 401 36 "-" "-"
20.48.236.161 - - [16/Jul/2026:14:18:13 +0000] "GET /mg2.php HTTP/1.1" 401 36 "-" "-"
20.48.236.161 - - [16/Jul/2026:14:18:14 +0000] "GET /for.php HTTP/1.1" 401 36 "-" "-"
194.39.149.53 - - [16/Jul/2026:14:18:37 +0000] "POST /wp-cron.php?doing_wp_cron=1784211517.1781430244445800781250 HTTP/1.1" 200 0 "-" "WordPress/6.9.4; https://angelsurchins.co.uk"
179.160.67.12 - - [16/Jul/2026:14:18:35 +0000] "GET /product/baby-rabbit-print/?add-to-wishlist=11912 HTTP/1.1" 200 38065 "-" "Mozilla/5.0 (Windows NT 6.1) AppleWebKit/537.36 (KHTML, like Gecko) Chrome/98.0.4758.81 Safari/537.36"
194.39.149.53 - - [16/Jul/2026:14:21:24 +0000] "POST /wp-admin/admin-ajax.php HTTP/1.1" 200 0 "-" "WordPress/6.9.4; https://angelsurchins.co.uk"
103.131.71.30 - - [16/Jul/2026:14:21:36 +0000] "GET /wp-content/uploads/2024/09/bb40ce_eae571cefed449e7b9bc600cbd59a95cmv2.jpg HTTP/1.1" 304 0 "-" "Mozilla/5.0 (compatible; coccocbot-image/1.0; +http://help.coccoc.com/searchengine)"
194.39.149.53 - - [16/Jul/2026:14:28:07 +0000] "POST /wp-cron.php?doing_wp_cron=1784212087.6140561103820800781250 HTTP/1.1" 200 0 "-" "WordPress/6.9.4; https://angelsurchins.co.uk"
185.223.152.96 - - [16/Jul/2026:14:28:05 +0000] "POST /wp-login.php HTTP/1.1" 401 1501 "-" "Dalvik/2.1.0 (Linux; U; Android 10; Redmi Note 5 Build/QQ3A.200705.002)"
194.39.149.53 - - [16/Jul/2026:14:28:09 +0000] "POST /wp-admin/admin-ajax.php HTTP/1.1" 200 0 "-" "WordPress/6.9.4; https://angelsurchins.co.uk"
194.39.149.53 - - [16/Jul/2026:14:29:45 +0000] "POST /wp-cron.php?doing_wp_cron=1784212185.3214190006256103515625 HTTP/1.1" 200 0 "-" "WordPress/6.9.4; https://angelsurchins.co.uk"
77.91.182.85 - - [16/Jul/2026:14:29:43 +0000] "GET /product-category/accesories/page/2/?add-to-wishlist=12057 HTTP/1.1" 200 39639 "-" "Mozilla/5.0 (Windows NT 6.1; WOW64) AppleWebKit/537.36 (KHTML, like Gecko) Chrome/89.0.4389.114 Safari/537.36"
134.209.223.164 - - [16/Jul/2026:14:30:00 +0000] "GET /wp-content/uploads/2024/09/bb40ce_d0a8630ccb73484db19b00e17ab0dafamv2.jpg HTTP/1.1" 200 39634 "https://angelsurchins.co.uk/" "Mozilla/5.0 (Windows NT 10.0; Win64; x64) AppleWebKit/537.36 (KHTML, like Gecko) Chrome/103.0.0.0 Safari/537.36"
194.39.149.53 - - [16/Jul/2026:14:32:26 +0000] "POST /wp-cron.php?doing_wp_cron=1784212346.2384209632873535156250 HTTP/1.1" 200 0 "-" "WordPress/6.9.4; https://angelsurchins.co.uk"
14.232.207.250 - - [16/Jul/2026:14:32:24 +0000] "GET /product-category/kids/toyboxes/?add-to-wishlist=11797 HTTP/1.1" 200 33868 "-" "Mozilla/5.0 (Macintosh; Intel Mac OS X 10_15_3) AppleWebKit/537.36 (KHTML, like Gecko) Chrome/76.0.3809.132 Safari/537.36"
194.39.149.53 - - [16/Jul/2026:14:32:27 +0000] "POST /wp-admin/admin-ajax.php HTTP/1.1" 200 0 "-" "WordPress/6.9.4; https://angelsurchins.co.uk"
201.220.137.122 - - [16/Jul/2026:14:32:47 +0000] "GET /product/pink-clouds-wallpaper/?add-to-wishlist=11884 HTTP/1.1" 200 38458 "-" "Mozilla/5.0 (Macintosh; Intel Mac OS X 10_10_4) AppleWebKit/537.36 (KHTML, like Gecko) Chrome/65.0.3325.779 Safari/537.36"
194.39.149.53 - - [16/Jul/2026:14:39:14 +0000] "POST /wp-admin/admin-ajax.php HTTP/1.1" 200 0 "-" "WordPress/6.9.4; https://angelsurchins.co.uk"
114.119.142.12 - - [16/Jul/2026:14:39:33 +0000] "GET /product/named-butterfly-wall-sticker HTTP/1.1" 301 0 "https://angelsurchins.co.uk/product/named-butterfly-wall-sticker" "Mozilla/5.0 (Linux; Android 7.0;) AppleWebKit/537.36 (HTML, like Gecko) Mobile Safari/537.36 (compatible; PetalBot;+https://webmaster.petalsearch.com/site/petalbot)"
114.119.142.12 - - [16/Jul/2026:14:39:35 +0000] "GET /product/named-butterfly-wall-sticker/ HTTP/1.1" 200 30084 "https://angelsurchins.co.uk/product/named-butterfly-wall-sticker" "Mozilla/5.0 (Linux; Android 7.0;) AppleWebKit/537.36 (HTML, like Gecko) Mobile Safari/537.36 (compatible; PetalBot;+https://webmaster.petalsearch.com/site/petalbot)"
194.39.149.53 - - [16/Jul/2026:14:40:01 +0000] "POST /wp-cron.php?doing_wp_cron=1784212800.9998669624328613281250 HTTP/1.1" 200 0 "-" "WordPress/6.9.4; https://angelsurchins.co.uk"
91.92.241.196 - - [16/Jul/2026:14:39:58 +0000] "GET /.env HTTP/1.1" 404 24362 "-" "Mozilla/5.0 (Windows NT 10.0; Win64; x64) AppleWebKit/537.36"
91.92.241.196 - - [16/Jul/2026:14:39:58 +0000] "GET /.env HTTP/1.1" 404 24366 "-" "Mozilla/5.0 (Windows NT 10.0; Win64; x64) AppleWebKit/537.36"
37.152.156.155 - - [16/Jul/2026:14:39:59 +0000] "GET /author-sitemap.xml HTTP/1.1" 200 386 "-" "Mozilla/5.0 (Macintosh; Intel Mac OS X 11_5_2) AppleWebKit/537.36 (KHTML, like Gecko) Chrome/124.0.6367.82 Safari/537.36"
91.92.241.196 - - [16/Jul/2026:14:40:04 +0000] "GET /.env.production HTTP/1.1" 404 24372 "-" "Mozilla/5.0 (Windows NT 10.0; Win64; x64) AppleWebKit/537.36"
91.92.241.196 - - [16/Jul/2026:14:40:04 +0000] "GET /.env.production HTTP/1.1" 404 24366 "-" "Mozilla/5.0 (Windows NT 10.0; Win64; x64) AppleWebKit/537.36"
91.92.241.196 - - [16/Jul/2026:14:40:10 +0000] "GET /api/.env HTTP/1.1" 404 24372 "-" "Mozilla/5.0 (Windows NT 10.0; Win64; x64) AppleWebKit/537.36"
91.92.241.196 - - [16/Jul/2026:14:40:10 +0000] "GET /api/.env HTTP/1.1" 404 24366 "-" "Mozilla/5.0 (Windows NT 10.0; Win64; x64) AppleWebKit/537.36"
91.92.241.196 - - [16/Jul/2026:14:40:16 +0000] "GET /.aws/credentials HTTP/1.1" 404 24372 "-" "Mozilla/5.0 (Windows NT 10.0; Win64; x64) AppleWebKit/537.36"
91.92.241.196 - - [16/Jul/2026:14:40:16 +0000] "GET /.aws/credentials HTTP/1.1" 404 24366 "-" "Mozilla/5.0 (Windows NT 10.0; Win64; x64) AppleWebKit/537.36"
114.119.130.240 - - [16/Jul/2026:14:40:54 +0000] "GET /bwg_gallery/home-gallry HTTP/1.1" 301 0 "https://angelsurchins.co.uk/bwg_gallery/home-gallry" "Mozilla/5.0 (Linux; Android 7.0;) AppleWebKit/537.36 (HTML, like Gecko) Mobile Safari/537.36 (compatible; PetalBot;+https://webmaster.petalsearch.com/site/petalbot)"
114.119.130.240 - - [16/Jul/2026:14:40:56 +0000] "GET /bwg_gallery/home-gallry/ HTTP/1.1" 200 23697 "https://angelsurchins.co.uk/bwg_gallery/home-gallry" "Mozilla/5.0 (Linux; Android 7.0;) AppleWebKit/537.36 (HTML, like Gecko) Mobile Safari/537.36 (compatible; PetalBot;+https://webmaster.petalsearch.com/site/petalbot)"
216.73.163.131 - - [16/Jul/2026:14:41:28 +0000] "POST /wp-login.php HTTP/1.1" 401 1500 "-" "Mozilla/5.0 (Windows; U; Windows NT 5.1; ja; rv:1.9.1b2) Gecko/20081201 Firefox/3.1b2"
194.39.149.53 - - [16/Jul/2026:14:43:27 +0000] "POST /wp-admin/admin-ajax.php HTTP/1.1" 200 0 "-" "WordPress/6.9.4; https://angelsurchins.co.uk"
173.252.95.47 - - [16/Jul/2026:14:44:22 +0000] "GET /robots.txt HTTP/2" 200 447 "-" "facebookexternalhit/1.1 (+http://www.facebook.com/externalhit_uatext.php)"
173.252.82.24 - - [16/Jul/2026:14:44:23 +0000] "GET /wp-content/uploads/2024/09/bb40ce_2deddb9513684d1ebe29a405311203ecmv2-1.jpg HTTP/2" 200 50079 "-" "meta-externalagent/1.1 (+https://developers.facebook.com/docs/sharing/webmasters/crawler)"
173.252.95.36 - - [16/Jul/2026:14:44:23 +0000] "GET /robots.txt HTTP/2" 200 447 "-" "facebookexternalhit/1.1 (+http://www.facebook.com/externalhit_uatext.php)"
194.39.149.53 - - [16/Jul/2026:14:45:49 +0000] "POST /wp-cron.php?doing_wp_cron=1784213149.7919950485229492187500 HTTP/1.1" 200 0 "-" "WordPress/6.9.4; https://angelsurchins.co.uk"
131.196.110.132 - - [16/Jul/2026:14:45:46 +0000] "GET /product/cherry-blossom-wallsticker/?add-to-wishlist=11901 HTTP/1.1" 200 38093 "-" "Mozilla/5.0 (Macintosh; Intel Mac OS X 10_10_5) AppleWebKit/537.36 (KHTML, like Gecko) Chrome/87.0.4280.88 Safari/537.36"
194.39.149.53 - - [16/Jul/2026:14:45:51 +0000] "POST /wp-admin/admin-ajax.php HTTP/1.1" 200 0 "-" "WordPress/6.9.4; https://angelsurchins.co.uk"
194.39.149.53 - - [16/Jul/2026:14:47:14 +0000] "POST /wp-cron.php?doing_wp_cron=1784213233.9883890151977539062500 HTTP/1.1" 200 0 "-" "WordPress/6.9.4; https://angelsurchins.co.uk"
185.223.152.93 - - [16/Jul/2026:14:47:11 +0000] "POST /wp-login.php HTTP/1.1" 401 1504 "-" "Mozilla/5.0 (Linux; Android 11; IN2013) AppleWebKit/537.36 (KHTML, like Gecko) Chrome/93.0.4577.82 Mobile Safari/537.36"
194.39.149.53 - - [16/Jul/2026:14:48:03 +0000] "POST /wp-admin/admin-ajax.php HTTP/1.1" 200 0 "-" "WordPress/6.9.4; https://angelsurchins.co.uk"
194.39.149.53 - - [16/Jul/2026:14:48:57 +0000] "POST /wp-admin/admin-ajax.php?action=wp_1_wc_privacy_cleanup&nonce=5d98df99d2 HTTP/1.1" 200 0 "-" "WordPress/6.9.4; https://angelsurchins.co.uk"
190.183.81.11 - - [16/Jul/2026:14:49:13 +0000] "GET /product/bunny-toybox/?add-to-wishlist=11675 HTTP/1.1" 200 37636 "-" "Mozilla/5.0 (Windows NT 5.1) AppleWebKit/537.36 (KHTML, like Gecko) Chrome/41.0.2224.3 Safari/537.36"
194.39.149.53 - - [16/Jul/2026:14:56:11 +0000] "POST /wp-cron.php?doing_wp_cron=1784213771.8100259304046630859375 HTTP/1.1" 200 0 "-" "WordPress/6.9.4; https://angelsurchins.co.uk"
169.224.124.48 - - [16/Jul/2026:14:56:10 +0000] "GET /product/forest-babies-nursery-gallery-set/?add-to-wishlist=11894 HTTP/1.1" 200 38408 "-" "Mozilla/5.0 (Windows NT 10.0; WOW64) AppleWebKit/537.36 (KHTML, like Gecko) Chrome/89.0.4389.90 Safari/537.36"
194.39.149.53 - - [16/Jul/2026:14:56:13 +0000] "POST /wp-admin/admin-ajax.php HTTP/1.1" 200 0 "-" "WordPress/6.9.4; https://angelsurchins.co.uk"
194.39.149.53 - - [16/Jul/2026:14:56:47 +0000] "POST /wp-cron.php?doing_wp_cron=1784213807.7075519561767578125000 HTTP/1.1" 200 0 "-" "WordPress/6.9.4; https://angelsurchins.co.uk"
188.66.219.231 - - [16/Jul/2026:14:56:45 +0000] "GET /product/vintage-ballerina-print/?add-to-wishlist=11914 HTTP/1.1" 200 38081 "-" "Mozilla/5.0 (Macintosh; Intel Mac OS X 10_13_4) AppleWebKit/537.36 (KHTML, like Gecko) Chrome/65.0.3325.19 Safari/537.36"
197.185.200.114 - - [16/Jul/2026:14:57:32 +0000] "GET /product/jungle-walk-wallpape/ HTTP/1.1" 200 38553 "-" "Mozilla/5.0 (Windows NT 10.0; WOW64) AppleWebKit/537.36 (KHTML, like Gecko) Chrome/89.0.4389.90 Safari/537.36"
194.39.149.53 - - [16/Jul/2026:14:58:01 +0000] "POST /wp-cron.php?doing_wp_cron=1784213881.7617819309234619140625 HTTP/1.1" 200 0 "-" "WordPress/6.9.4; https://angelsurchins.co.uk"
129.222.147.32 - - [16/Jul/2026:14:58:00 +0000] "GET /product/hand-drawn-english-forest-4/?add-to-wishlist=11865 HTTP/1.1" 200 39114 "-" "Mozilla/5.0 (Macintosh; Intel Mac OS X 11_2_3) AppleWebKit/537.36 (KHTML, like Gecko) Chrome/88.0.4324.192 Safari/537.36"
114.119.143.177 - - [16/Jul/2026:14:58:14 +0000] "GET /product/white-table-lamp-with-boucle-shade/ HTTP/1.1" 200 28322 "https://angelsurchins.co.uk/product-category/table-lights" "Mozilla/5.0 (Linux; Android 7.0;) AppleWebKit/537.36 (HTML, like Gecko) Mobile Safari/537.36 (compatible; PetalBot;+https://webmaster.petalsearch.com/site/petalbot)"
194.39.149.53 - - [16/Jul/2026:15:00:00 +0000] "POST /wp-cron.php?doing_wp_cron=1784214000.1970720291137695312500 HTTP/1.1" 200 0 "-" "WordPress/6.9.4; https://angelsurchins.co.uk"
40.77.167.59 - - [16/Jul/2026:14:59:58 +0000] "GET /product/luna-star-wardrobe/ HTTP/2" 200 32075 "-" "Mozilla/5.0 AppleWebKit/537.36 (KHTML, like Gecko; compatible; bingbot/2.0; +http://www.bing.com/bingbot.htm) Chrome/116.0.1938.76 Safari/537.36"
194.39.149.53 - - [16/Jul/2026:15:00:01 +0000] "POST /wp-admin/admin-ajax.php HTTP/1.1" 200 0 "-" "WordPress/6.9.4; https://angelsurchins.co.uk"
194.39.149.53 - - [16/Jul/2026:15:01:41 +0000] "POST /wp-cron.php?doing_wp_cron=1784214101.7004530429840087890625 HTTP/1.1" 200 0 "-" "WordPress/6.9.4; https://angelsurchins.co.uk"
186.132.235.136 - - [16/Jul/2026:15:01:39 +0000] "GET /product/vintage-butterfly-print/?add-to-wishlist=11925 HTTP/1.1" 200 37935 "-" "Mozilla/5.0 (Macintosh; Intel Mac OS X 10_12_6) AppleWebKit/537.36 (KHTML, like Gecko) Brave Chrome/87.0.4280.67 Safari/537.36"
132.148.72.88 - - [16/Jul/2026:15:04:53 +0000] "GET /wp-login.php HTTP/2" 200 2455 "-" "Mozilla/5.0 (Linux; Android 10; K) AppleWebKit/537.36 (KHTML, like Gecko) Chrome/143.0.0.0 Mobile Safari/537.36"
194.39.149.53 - - [16/Jul/2026:15:04:56 +0000] "POST /wp-cron.php?doing_wp_cron=1784214296.5208270549774169921875 HTTP/1.1" 200 0 "-" "WordPress/6.9.4; https://angelsurchins.co.uk"
152.228.213.32 - - [16/Jul/2026:15:04:53 +0000] "GET /wp-login.php HTTP/2" 200 2452 "-" "Mozilla/5.0 (iPhone; CPU iPhone OS 26_4_2 like Mac OS X) AppleWebKit/605.1.15 (KHTML, like Gecko) CriOS/148.0.7778.47 Mobile/15E148 Safari/604.1"
132.148.72.88 - - [16/Jul/2026:15:04:56 +0000] "POST /wp-login.php HTTP/2" 401 1289 "https://angelsurchins.co.uk/wp-login.php" "Mozilla/5.0 (Linux; Android 10; K) AppleWebKit/537.36 (KHTML, like Gecko) Chrome/143.0.0.0 Mobile Safari/537.36"
152.228.213.32 - - [16/Jul/2026:15:04:56 +0000] "POST /wp-login.php HTTP/2" 401 1289 "https://angelsurchins.co.uk/wp-login.php" "Mozilla/5.0 (iPhone; CPU iPhone OS 26_4_2 like Mac OS X) AppleWebKit/605.1.15 (KHTML, like Gecko) CriOS/148.0.7778.47 Mobile/15E148 Safari/604.1"
194.39.149.53 - - [16/Jul/2026:15:04:58 +0000] "POST /wp-admin/admin-ajax.php HTTP/1.1" 200 0 "-" "WordPress/6.9.4; https://angelsurchins.co.uk"
194.39.149.53 - - [16/Jul/2026:15:05:00 +0000] "POST /wp-admin/admin-ajax.php?action=as_async_request_queue_runner&nonce=3429380fc3 HTTP/1.1" 200 0 "-" "WordPress/6.9.4; https://angelsurchins.co.uk"
14.244.65.70 - - [16/Jul/2026:15:05:15 +0000] "GET /product-category/accesories/page/4/?add-to-wishlist=12155 HTTP/1.1" 200 39629 "-" "Mozilla/5.0 (Windows NT 6.3; Win64; x64) AppleWebKit/537.36 (KHTML, like Gecko) Chrome/96.0.4664.45 Safari/537.36"
194.39.149.53 - - [16/Jul/2026:15:06:24 +0000] "POST /wp-cron.php?doing_wp_cron=1784214384.0238509178161621093750 HTTP/1.1" 200 0 "-" "WordPress/6.9.4; https://angelsurchins.co.uk"
185.223.152.118 - - [16/Jul/2026:15:06:20 +0000] "POST /wp-login.php HTTP/1.1" 401 1500 "-" "firefox|Mozilla/5.0 (U; Linux i643 ; en-US) Gecko/20130401 Firefox/55.5"
194.39.149.53 - - [16/Jul/2026:15:07:20 +0000] "POST /wp-cron.php?doing_wp_cron=1784214440.0961298942565917968750 HTTP/1.1" 200 0 "-" "WordPress/6.9.4; https://angelsurchins.co.uk"
181.41.112.84 - - [16/Jul/2026:15:07:18 +0000] "GET /product/colourful-birds-wallpaper/?add-to-wishlist=11925 HTTP/1.1" 200 38526 "-" "Mozilla/5.0 (Windows NT 6.1) AppleWebKit/537.36 (KHTML, like Gecko) Chrome/74.0.3729.131 Safari/537.36"
194.39.149.53 - - [16/Jul/2026:15:07:21 +0000] "POST /wp-admin/admin-ajax.php HTTP/1.1" 200 0 "-" "WordPress/6.9.4; https://angelsurchins.co.uk"
177.53.6.2 - - [16/Jul/2026:15:07:27 +0000] "GET /shop/page/3/?add-to-wishlist=12755 HTTP/1.1" 200 39211 "-" "Mozilla/5.0 (Macintosh; Intel Mac OS X 10_15_5) AppleWebKit/537.36 (KHTML, like Gecko) Chrome/90.0.4430.93 Safari/537.36"
194.39.149.53 - - [16/Jul/2026:15:09:31 +0000] "POST /wp-cron.php?doing_wp_cron=1784214571.2961280345916748046875 HTTP/1.1" 200 0 "-" "WordPress/6.9.4; https://angelsurchins.co.uk"
176.88.123.240 - - [16/Jul/2026:15:09:29 +0000] "GET /product/birds-and-butterflies-wallpaper/?add-to-wishlist=11916 HTTP/1.1" 200 38714 "-" "Mozilla/5.0 (Windows NT 6.3; Win64; x64) AppleWebKit/537.36 (KHTML, like Gecko) Chrome/75.0.3770.100 Safari/537.36"
194.39.149.53 - - [16/Jul/2026:15:09:32 +0000] "POST /wp-admin/admin-ajax.php HTTP/1.1" 200 0 "-" "WordPress/6.9.4; https://angelsurchins.co.uk"
194.39.149.53 - - [16/Jul/2026:15:10:46 +0000] "POST /wp-cron.php?doing_wp_cron=1784214646.2870581150054931640625 HTTP/1.1" 200 0 "-" "WordPress/6.9.4; https://angelsurchins.co.uk"
85.114.221.215 - - [16/Jul/2026:15:10:44 +0000] "GET /product/graphic-elephant-print/?add-to-wishlist=11849 HTTP/1.1" 200 37866 "-" "Mozilla/5.0 (Macintosh; Intel Mac OS X 10_14_4) AppleWebKit/537.36 (KHTML, like Gecko) Chrome/88.0.4324.192 Safari/537.36"
194.39.149.53 - - [16/Jul/2026:15:16:47 +0000] "POST /wp-cron.php?doing_wp_cron=1784215007.0751609802246093750000 HTTP/1.1" 200 0 "-" "WordPress/6.9.4; https://angelsurchins.co.uk"
37.236.56.13 - - [16/Jul/2026:15:16:44 +0000] "GET /product/vintage-ballerina-print/?add-to-wishlist=11853 HTTP/1.1" 200 37918 "-" "Mozilla/5.0 (Macintosh; Intel Mac OS X 10_15_6) AppleWebKit/537.36 (KHTML, like Gecko) Brave Chrome/88.0.4324.152 Safari/537.36"
194.39.149.53 - - [16/Jul/2026:15:16:48 +0000] "POST /wp-admin/admin-ajax.php HTTP/1.1" 200 0 "-" "WordPress/6.9.4; https://angelsurchins.co.uk"
114.119.130.240 - - [16/Jul/2026:15:17:02 +0000] "GET /wp-content/uploads/2024/09/bb40ce_986f04aaa7bf4b4783ad2a5499d330famv2.jpg HTTP/1.1" 200 17327 "https://angelsurchins.co.uk/product/bunny-dreams-wallpaper" "Mozilla/5.0 (Linux; Android 7.0;) AppleWebKit/537.36 (HTML, like Gecko) Mobile Safari/537.36 (compatible; PetalBot;+https://webmaster.petalsearch.com/site/petalbot)"
45.146.54.132 - - [16/Jul/2026:15:17:50 +0000] "POST /wp-login.php HTTP/1.1" 401 1502 "-" "Mozilla/5.0 (X11; U; Linux x86_64; de; rv:1.9) Gecko/2008061017 Firefox/3.0"
92.115.79.245 - - [16/Jul/2026:15:19:03 +0000] "GET /product/vintage-ballerina-print/?add-to-wishlist=11867 HTTP/1.1" 200 38162 "-" "Mozilla/5.0 (Macintosh; Intel Mac OS X 10_15_2) AppleWebKit/537.36 (KHTML, like Gecko) Brave Chrome/78.0.3904.97 Safari/537.36"
15.235.98.127 - - [16/Jul/2026:15:19:12 +0000] "GET /product-category/baby/bookcases/ HTTP/2" 200 27635 "-" "Mozilla/5.0 (compatible; AhrefsBot/7.0; +http://ahrefs.com/robot/)"
57.141.0.71 - - [16/Jul/2026:15:19:39 +0000] "GET /product/florentine-triple-dresser/?add-to-wishlist=11479 HTTP/2" 200 196389 "-" "Mozilla/5.0 (Windows NT 10.0; Win64; x64) AppleWebKit/537.36 (KHTML, like Gecko) Chrome/145.0.0.0 Safari/537.36 (compatible; meta-externalagent/1.1 (+https://developers.facebook.com/docs/sharing/webmasters/crawler))"
194.39.149.53 - - [16/Jul/2026:15:19:42 +0000] "POST /wp-admin/admin-ajax.php HTTP/1.1" 200 0 "-" "WordPress/6.9.4; https://angelsurchins.co.uk"
172.224.226.37 - - [16/Jul/2026:15:21:26 +0000] "GET / HTTP/2" 200 34639 "-" "Mozilla/5.0 (Macintosh; Intel Mac OS X 10_11_1) AppleWebKit/601.2.4 (KHTML, like Gecko) Version/9.0.1 Safari/601.2.4 facebookexternalhit/1.1 Facebot Twitterbot/1.0"
194.39.149.53 - - [16/Jul/2026:15:22:43 +0000] "POST /wp-admin/admin-ajax.php HTTP/1.1" 200 0 "-" "WordPress/6.9.4; https://angelsurchins.co.uk"
189.156.92.49 - - [16/Jul/2026:15:22:45 +0000] "GET /product/ornate-carved-5-arm-chandelier/?add-to-wishlist=11855 HTTP/1.1" 200 38040 "-" "Mozilla/5.0 (Macintosh; Intel Mac OS X 10_15_7) AppleWebKit/537.36 (KHTML, like Gecko) Chrome/94.0.4606.61 Safari/537.36"
23.98.66.17 - - [16/Jul/2026:15:24:59 +0000] "GET /wp-login.php HTTP/1.1" 200 8684 "-" "-"
194.39.149.53 - - [16/Jul/2026:15:25:43 +0000] "POST /wp-admin/admin-ajax.php HTTP/1.1" 200 0 "-" "WordPress/6.9.4; https://angelsurchins.co.uk"
185.223.152.95 - - [16/Jul/2026:15:25:45 +0000] "POST /wp-login.php HTTP/1.1" 401 1502 "-" "Mozilla/5.0 (Linux; 8.1.0; C20 Pro) AppleWebKit/537.36 (KHTML, like Gecko) Chrome/96.0.4664.45 Mobile Safari/537.36"
34.148.94.211 - - [16/Jul/2026:15:26:29 +0000] "GET / HTTP/2" 200 42644 "http://www.angelsurchins.co.uk.keeloil.com" "Mozilla/5.0 (compatible; CMS-Checker/1.0; +https://example.com)"
222.254.218.109 - - [16/Jul/2026:15:26:30 +0000] "GET /product/pink-clouds-wallpaper/?add-to-wishlist=11865 HTTP/1.1" 200 38704 "-" "Mozilla/5.0 (Macintosh; Intel Mac OS X 11_2_3) AppleWebKit/537.36 (KHTML, like Gecko) Chrome/88.0.4324.152 Safari/537.36"
34.148.94.211 - - [16/Jul/2026:15:26:31 +0000] "GET / HTTP/2" 200 42637 "http://www.angelsurchins.co.uk" "Mozilla/5.0 (compatible; CMS-Checker/1.0; +https://example.com)"
194.39.149.53 - - [16/Jul/2026:15:26:51 +0000] "POST /wp-cron.php?doing_wp_cron=1784215611.4981610774993896484375 HTTP/1.1" 200 0 "-" "WordPress/6.9.4; https://angelsurchins.co.uk"
188.236.169.182 - - [16/Jul/2026:15:26:49 +0000] "GET /product/distressed-gold-leaf-6-arm-chandelier/?add-to-wishlist=11897 HTTP/1.1" 200 38080 "-" "Mozilla/5.0 (Macintosh; Intel Mac OS X 10_13_3) AppleWebKit/537.36 (KHTML, like Gecko) Chrome/66.0.3359.1 Safari/537.36"
194.39.149.53 - - [16/Jul/2026:15:31:25 +0000] "POST /wp-cron.php?doing_wp_cron=1784215884.8971579074859619140625 HTTP/1.1" 200 0 "-" "WordPress/6.9.4; https://angelsurchins.co.uk"
139.135.241.117 - - [16/Jul/2026:15:31:23 +0000] "GET /product/forest-babies-nursery-gallery-set/?add-to-wishlist=11881 HTTP/1.1" 200 38406 "-" "Mozilla/5.0 (Windows NT 6.1) AppleWebKit/537.36 (KHTML, like Gecko) Chrome/73.0.3683.75 Safari/537.36"
194.39.149.53 - - [16/Jul/2026:15:31:26 +0000] "POST /wp-admin/admin-ajax.php HTTP/1.1" 200 0 "-" "WordPress/6.9.4; https://angelsurchins.co.uk"
194.39.149.53 - - [16/Jul/2026:15:32:49 +0000] "POST /wp-cron.php?doing_wp_cron=1784215969.2216598987579345703125 HTTP/1.1" 200 0 "-" "WordPress/6.9.4; https://angelsurchins.co.uk"
179.60.74.220 - - [16/Jul/2026:15:32:47 +0000] "GET /product-sitemap.xml HTTP/1.1" 200 7712 "-" "Opera/9.99 (X11; U; sk)"
194.39.149.53 - - [16/Jul/2026:15:33:55 +0000] "POST /wp-cron.php?doing_wp_cron=1784216035.4567329883575439453125 HTTP/1.1" 200 0 "-" "WordPress/6.9.4; https://angelsurchins.co.uk"
41.140.94.156 - - [16/Jul/2026:15:33:53 +0000] "GET /product-category/accesories/page/3/?add-to-wishlist=11897 HTTP/1.1" 200 39644 "-" "Mozilla/5.0 (Macintosh; Intel Mac OS X 10_15_7) AppleWebKit/537.36 (KHTML, like Gecko) Chrome/102.0.0.0 Safari/537.36"
194.39.149.53 - - [16/Jul/2026:15:33:57 +0000] "POST /wp-admin/admin-ajax.php HTTP/1.1" 200 0 "-" "WordPress/6.9.4; https://angelsurchins.co.uk"
34.23.159.202 - - [16/Jul/2026:15:34:07 +0000] "GET / HTTP/2" 401 53 "http://webdisk.angelsurchins.co.uk" "Mozilla/5.0 (compatible; CMS-Checker/1.0; +https://example.com)"
34.85.236.242 - - [16/Jul/2026:15:38:41 +0000] "GET / HTTP/2" 200 0 "http://mail.angelsurchins.co.uk" "Mozilla/5.0 (compatible; CMS-Checker/1.0; +https://example.com)"
194.39.149.53 - - [16/Jul/2026:15:38:43 +0000] "POST /wp-admin/admin-ajax.php HTTP/1.1" 200 0 "-" "WordPress/6.9.4; https://angelsurchins.co.uk"
194.39.149.53 - - [16/Jul/2026:15:41:12 +0000] "POST /wp-cron.php?doing_wp_cron=1784216472.7017350196838378906250 HTTP/1.1" 200 0 "-" "WordPress/6.9.4; https://angelsurchins.co.uk"
222.253.97.68 - - [16/Jul/2026:15:41:10 +0000] "GET /product/belle-footstool/?add-to-wishlist=11456 HTTP/1.1" 200 37393 "-" "Mozilla/5.0 (Macintosh; Intel Mac OS X 10_15_5) AppleWebKit/537.36 (KHTML, like Gecko) Chrome/89.0.4389.114 Safari/537.36"
194.39.149.53 - - [16/Jul/2026:15:41:14 +0000] "POST /wp-admin/admin-ajax.php HTTP/1.1" 200 0 "-" "WordPress/6.9.4; https://angelsurchins.co.uk"
194.39.149.53 - - [16/Jul/2026:15:43:12 +0000] "POST /wp-cron.php?doing_wp_cron=1784216591.9128038883209228515625 HTTP/1.1" 200 0 "-" "WordPress/6.9.4; https://angelsurchins.co.uk"
85.208.96.210 - - [16/Jul/2026:15:43:10 +0000] "GET /robots.txt HTTP/1.1" 200 225 "-" "Mozilla/5.0 (compatible; SemrushBot/7~bl; +http://www.semrush.com/bot.html)"
85.208.96.197 - - [16/Jul/2026:15:43:12 +0000] "GET /product/beaufort-hooded-bed/ HTTP/1.1" 500 14930 "-" "Mozilla/5.0 (compatible; SemrushBot/7~bl; +http://www.semrush.com/bot.html)"
194.39.149.53 - - [16/Jul/2026:15:43:34 +0000] "POST /wp-cron.php?doing_wp_cron=1784216614.1592190265655517578125 HTTP/1.1" 200 0 "-" "WordPress/6.9.4; https://angelsurchins.co.uk"
103.83.243.3 - - [16/Jul/2026:15:43:32 +0000] "GET /product/beaufort-changing-top/?add-to-wishlist=11594 HTTP/1.1" 200 37284 "-" "Mozilla/5.0 (Windows NT 6.1; Win64; x64) AppleWebKit/537.36 (KHTML, like Gecko) Chrome/80.0.3987.132 Safari/537.36"
194.39.149.53 - - [16/Jul/2026:15:44:28 +0000] "POST /wp-cron.php?doing_wp_cron=1784216668.7419519424438476562500 HTTP/1.1" 200 0 "-" "WordPress/6.9.4; https://angelsurchins.co.uk"
216.73.217.24 - - [16/Jul/2026:15:44:27 +0000] "GET /robots.txt HTTP/2" 200 206 "-" "Mozilla/5.0 AppleWebKit/537.36 (KHTML, like Gecko; compatible; ClaudeBot/1.0; +claudebot@anthropic.com)"
194.39.149.53 - - [16/Jul/2026:15:44:30 +0000] "POST /wp-admin/admin-ajax.php HTTP/1.1" 200 0 "-" "WordPress/6.9.4; https://angelsurchins.co.uk"
216.73.217.24 - - [16/Jul/2026:15:44:32 +0000] "GET /sitemap_index.xml HTTP/2" 200 408 "-" "Mozilla/5.0 AppleWebKit/537.36 (KHTML, like Gecko; compatible; ClaudeBot/1.0; +claudebot@anthropic.com)"
194.39.149.53 - - [16/Jul/2026:15:45:01 +0000] "POST /wp-cron.php?doing_wp_cron=1784216700.9775109291076660156250 HTTP/1.1" 200 0 "-" "WordPress/6.9.4; https://angelsurchins.co.uk"
105.98.194.186 - - [16/Jul/2026:15:44:56 +0000] "GET /product/carriage-bed/?add-to-wishlist=11685 HTTP/1.1" 200 37705 "-" "Mozilla/5.0 (Macintosh; Intel Mac OS X 10_14_6) AppleWebKit/537.36 (KHTML, like Gecko) Brave Chrome/80.0.3987.122 Safari/537.36"
187.190.178.154 - - [16/Jul/2026:15:44:59 +0000] "GET /product/cherry-blossom-wallsticker/?add-to-wishlist=11870 HTTP/1.1" 200 38152 "-" "Mozilla/5.0 (Windows NT 6.3; Win64; x64) AppleWebKit/537.36 (KHTML, like Gecko) Chrome/83.0.4103.97 Safari/537.36"
185.223.152.97 - - [16/Jul/2026:15:45:18 +0000] "POST /wp-login.php HTTP/1.1" 401 1500 "-" "firefox|Mozilla/5.0 (Windows; U; Windows NT 10.3; WOW64; en-US) Gecko/20100101 Firefox/52.6"
194.39.149.53 - - [16/Jul/2026:15:47:19 +0000] "POST /wp-cron.php?doing_wp_cron=1784216839.5518119335174560546875 HTTP/1.1" 200 0 "-" "WordPress/6.9.4; https://angelsurchins.co.uk"
114.119.130.240 - - [16/Jul/2026:15:47:17 +0000] "GET /product/jungle-wallpaper/ HTTP/1.1" 200 30158 "https://angelsurchins.co.uk/product-category/accesories/wallpaper/page/2/" "Mozilla/5.0 (Linux; Android 7.0;) AppleWebKit/537.36 (HTML, like Gecko) Mobile Safari/537.36 (compatible; PetalBot;+https://webmaster.petalsearch.com/site/petalbot)"
194.39.149.53 - - [16/Jul/2026:15:47:22 +0000] "POST /wp-admin/admin-ajax.php HTTP/1.1" 200 0 "-" "WordPress/6.9.4; https://angelsurchins.co.uk"
194.39.149.53 - - [16/Jul/2026:15:49:45 +0000] "POST /wp-admin/admin-ajax.php HTTP/1.1" 200 0 "-" "WordPress/6.9.4; https://angelsurchins.co.uk"
38.171.69.133 - - [16/Jul/2026:15:50:26 +0000] "GET /product/fairy-hand-drawn-print/?add-to-wishlist=11857 HTTP/1.1" 200 38227 "-" "Mozilla/5.0 (Windows NT 10.0) AppleWebKit/537.36 (KHTML, like Gecko) Brave Chrome/78.0.3904.108 Safari/537.36"
41.10.91.228 - - [16/Jul/2026:15:50:43 +0000] "GET /product/cherry-blossom-wallsticker/?add-to-wishlist=11857 HTTP/1.1" 200 38037 "-" "Mozilla/5.0 (Macintosh; Intel Mac OS X 10_15_7) AppleWebKit/537.36 (KHTML, like Gecko) Chrome/102.0.5005.40 Safari/537.36"
20.197.192.193 - - [16/Jul/2026:15:51:00 +0000] "GET /wp-login.php?action=register HTTP/1.1" 302 0 "-" "-"
20.197.192.193 - - [16/Jul/2026:15:51:01 +0000] "GET /wp-login.php?registration=disabled HTTP/1.1" 200 8876 "-" "-"
