194.39.149.53 - - [17/Jul/2026:01:37:18 +0000] "POST /wp-cron.php?doing_wp_cron=1784252238.6632180213928222656250 HTTP/1.1" 200 0 "-" "WordPress/6.9.4; https://angelsurchins.co.uk"
87.250.224.87 - - [17/Jul/2026:01:37:16 +0000] "GET /robots.txt HTTP/1.1" 200 447 "-" "Mozilla/5.0 (compatible; YandexBot/3.0; +http://yandex.com/bots)"
87.250.224.8 - - [17/Jul/2026:01:37:19 +0000] "GET /product/cherry-blossom-wallsticker/ HTTP/2" 200 38297 "-" "Mozilla/5.0 (compatible; YaDirectFetcher/1.0; +http://yandex.com/bots)"
194.39.149.53 - - [17/Jul/2026:01:38:58 +0000] "POST /wp-cron.php?doing_wp_cron=1784252338.7440009117126464843750 HTTP/1.1" 200 0 "-" "WordPress/6.9.4; https://angelsurchins.co.uk"
14.227.224.119 - - [17/Jul/2026:01:38:56 +0000] "GET /product/fairy-hand-drawn-print/?add-to-wishlist=11865 HTTP/1.1" 200 37966 "-" "Mozilla/5.0 (Windows NT 10.0; Win64; x64) AppleWebKit/537.36 (KHTML, like Gecko) Chrome/100.0.4896.60 Safari/537.36"
194.39.149.53 - - [17/Jul/2026:01:39:01 +0000] "POST /wp-admin/admin-ajax.php HTTP/1.1" 200 0 "-" "WordPress/6.9.4; https://angelsurchins.co.uk"
194.39.149.53 - - [17/Jul/2026:01:40:24 +0000] "POST /wp-cron.php?doing_wp_cron=1784252424.7938380241394042968750 HTTP/1.1" 200 0 "-" "WordPress/6.9.4; https://angelsurchins.co.uk"
123.28.232.185 - - [17/Jul/2026:01:40:22 +0000] "GET /product/under-the-sea-spaceman-wallpaper/?add-to-wishlist=11907 HTTP/1.1" 200 38718 "-" "Mozilla/5.0 (Macintosh; Intel Mac OS X 10_13_6) AppleWebKit/537.36 (KHTML, like Gecko) Chrome/80.0.3987.106 Safari/537.36"
194.39.149.53 - - [17/Jul/2026:01:41:09 +0000] "POST /wp-cron.php?doing_wp_cron=1784252469.7975339889526367187500 HTTP/1.1" 200 0 "-" "WordPress/6.9.4; https://angelsurchins.co.uk"
13.219.121.241 - - [17/Jul/2026:01:41:05 +0000] "GET / HTTP/1.1" 200 42634 "-" "RecordedFuture Global Inventory Crawler"
194.39.149.53 - - [17/Jul/2026:01:41:12 +0000] "POST /wp-admin/admin-ajax.php HTTP/1.1" 200 0 "-" "WordPress/6.9.4; https://angelsurchins.co.uk"
188.164.197.230 - - [17/Jul/2026:01:41:20 +0000] "GET /wp-login.php HTTP/2" 200 2453 "-" "Mozilla/5.0 (iPhone; CPU iPhone OS 18_0 like Mac OS X) AppleWebKit/605.1.15 (KHTML, like Gecko) CriOS/144.0.6917.0 Mobile/15E148 Safari/604.1"
57.141.0.43 - - [17/Jul/2026:01:41:23 +0000] "GET /product/florentine-triple-dresser/?add-to-wishlist=11475&add-to-cart=11520 HTTP/2" 200 207351 "-" "Mozilla/5.0 (Windows NT 10.0; Win64; x64) AppleWebKit/537.36 (KHTML, like Gecko) Chrome/145.0.0.0 Safari/537.36 (compatible; meta-externalagent/1.1 (+https://developers.facebook.com/docs/sharing/webmasters/crawler))"
188.164.197.230 - - [17/Jul/2026:01:41:26 +0000] "POST /wp-login.php HTTP/2" 401 1288 "https://angelsurchins.co.uk/wp-login.php" "Mozilla/5.0 (iPhone; CPU iPhone OS 18_0 like Mac OS X) AppleWebKit/605.1.15 (KHTML, like Gecko) CriOS/144.0.6917.0 Mobile/15E148 Safari/604.1"
160.187.68.214 - - [17/Jul/2026:01:41:27 +0000] "GET /wp-login.php HTTP/2" 200 0 "-" "Mozilla/5.0 (Macintosh; Intel Mac OS X 10_15_7) AppleWebKit/605.1.15 (KHTML, like Gecko) Version/18.0 Safari/605.1.15"
132.184.129.135 - - [17/Jul/2026:01:41:35 +0000] "GET /product/luna-desk/?add-to-wishlist=11688 HTTP/1.1" 200 37691 "-" "Mozilla/5.0 (Macintosh; Intel Mac OS X 11_2_3) AppleWebKit/537.36 (KHTML, like Gecko) Brave Chrome/88.0.4324.96 Safari/537.36"
194.39.149.53 - - [17/Jul/2026:01:42:21 +0000] "POST /wp-cron.php?doing_wp_cron=1784252541.3800010681152343750000 HTTP/1.1" 200 0 "-" "WordPress/6.9.4; https://angelsurchins.co.uk"
142.44.233.49 - - [17/Jul/2026:01:42:18 +0000] "GET /product-category/baby/dresser-changer/ HTTP/2" 200 30025 "-" "Mozilla/5.0 (compatible; AhrefsBot/7.0; +http://ahrefs.com/robot/)"
54.39.203.86 - - [17/Jul/2026:01:44:09 +0000] "GET /wp-content/uploads/2024/09/bb40ce_4bbecfdd1fa0497e9d20eecfd5080c4bmv2-570x570.jpg HTTP/2" 200 29847 "-" "Mozilla/5.0 (compatible; AhrefsBot/7.0; +http://ahrefs.com/robot/)"
167.114.139.237 - - [17/Jul/2026:01:44:10 +0000] "GET /wp-content/uploads/2024/09/bb40ce_8cefbd5208194c2e8ad8d892550b22f7mv2-570x570.jpg HTTP/2" 200 25118 "-" "Mozilla/5.0 (compatible; AhrefsBot/7.0; +http://ahrefs.com/robot/)"
194.39.149.53 - - [17/Jul/2026:01:45:35 +0000] "POST /wp-cron.php?doing_wp_cron=1784252735.2927091121673583984375 HTTP/1.1" 200 0 "-" "WordPress/6.9.4; https://angelsurchins.co.uk"
181.94.224.85 - - [17/Jul/2026:01:45:33 +0000] "GET /product-category/accesories/page/2/?add-to-wishlist=12036 HTTP/1.1" 200 39681 "-" "Mozilla/5.0 (Windows NT 10.0; Win64; x64) AppleWebKit/537.36 (KHTML, like Gecko) Chrome/91.0.4472.123 Safari/537.36"
194.39.149.53 - - [17/Jul/2026:01:45:36 +0000] "POST /wp-admin/admin-ajax.php HTTP/1.1" 200 0 "-" "WordPress/6.9.4; https://angelsurchins.co.uk"
194.39.149.53 - - [17/Jul/2026:01:47:26 +0000] "POST /wp-cron.php?doing_wp_cron=1784252846.6992568969726562500000 HTTP/1.1" 200 0 "-" "WordPress/6.9.4; https://angelsurchins.co.uk"
103.58.75.249 - - [17/Jul/2026:01:47:25 +0000] "GET /product/woodland-animals-wallpaper/?add-to-wishlist=11904 HTTP/1.1" 200 38665 "-" "Mozilla/5.0 (Windows NT 6.1; ) AppleWebKit/537.36 (KHTML, like Gecko) Chrome/83.0.4103.116 Safari/537.36 AOLShield/83.0.4103.0"
194.39.149.53 - - [17/Jul/2026:01:47:53 +0000] "POST /wp-cron.php?doing_wp_cron=1784252873.1473300457000732421875 HTTP/1.1" 200 0 "-" "WordPress/6.9.4; https://angelsurchins.co.uk"
14.182.116.8 - - [17/Jul/2026:01:47:51 +0000] "GET /product/gustavian-oval-cot/?add-to-wishlist=11539 HTTP/1.1" 200 37438 "-" "Mozilla/5.0 (Macintosh; Intel Mac OS X 10_13_6) AppleWebKit/537.36 (KHTML, like Gecko) Brave Chrome/87.0.4280.141 Safari/537.36"
194.39.149.53 - - [17/Jul/2026:01:47:55 +0000] "POST /wp-admin/admin-ajax.php HTTP/1.1" 200 0 "-" "WordPress/6.9.4; https://angelsurchins.co.uk"
194.39.149.53 - - [17/Jul/2026:01:48:26 +0000] "POST /wp-cron.php?doing_wp_cron=1784252906.5079970359802246093750 HTTP/1.1" 200 0 "-" "WordPress/6.9.4; https://angelsurchins.co.uk"
190.203.208.147 - - [17/Jul/2026:01:48:24 +0000] "GET /product/house-bed/?add-to-wishlist=11654 HTTP/1.1" 200 37693 "-" "Mozilla/5.0 (Macintosh; Intel Mac OS X 10_13_6) AppleWebKit/537.36 (KHTML, like Gecko) Chrome/99.0.3538.77 Safari/537.36"
194.39.149.53 - - [17/Jul/2026:01:52:28 +0000] "POST /wp-cron.php?doing_wp_cron=1784253148.5791699886322021484375 HTTP/1.1" 200 0 "-" "WordPress/6.9.4; https://angelsurchins.co.uk"
190.176.222.101 - - [17/Jul/2026:01:52:27 +0000] "GET /product/3-in-1-reve-cot-bed/?add-to-wishlist=11528 HTTP/1.1" 200 37804 "-" "Mozilla/5.0 (Windows NT 6.1) AppleWebKit/537.36 (KHTML, like Gecko) Chrome/73.0.3683.75 Safari/537.36"
194.39.149.53 - - [17/Jul/2026:01:52:30 +0000] "POST /wp-admin/admin-ajax.php HTTP/1.1" 200 0 "-" "WordPress/6.9.4; https://angelsurchins.co.uk"
194.39.149.53 - - [17/Jul/2026:01:52:47 +0000] "POST /wp-cron.php?doing_wp_cron=1784253167.1617410182952880859375 HTTP/1.1" 200 0 "-" "WordPress/6.9.4; https://angelsurchins.co.uk"
57.141.0.11 - - [17/Jul/2026:01:52:45 +0000] "GET /product/florentine-triple-dresser/?add-to-cart=11537 HTTP/2" 200 208532 "-" "Mozilla/5.0 (Macintosh; Intel Mac OS X 10_15_7) AppleWebKit/537.36 (KHTML, like Gecko) Chrome/145.0.0.0 Safari/537.36 (compatible; meta-externalagent/1.1 (+https://developers.facebook.com/docs/sharing/webmasters/crawler))"
57.141.0.14 - - [17/Jul/2026:01:53:14 +0000] "GET /wp-content/uploads/2024/09/bb40ce_cb1c22a69208402db10c545517ce1dd5mv2-130x130.jpg HTTP/2" 200 3661 "-" "Mozilla/5.0 (Windows NT 10.0; Win64; x64) AppleWebKit/537.36 (KHTML, like Gecko) Chrome/144.0.0.0 Safari/537.36 Edg/144.0.0.0 (compatible; meta-externalagent/1.1 (+https://developers.facebook.com/docs/sharing/webmasters/crawler))"
57.141.0.41 - - [17/Jul/2026:01:55:04 +0000] "GET /wp-content/uploads/2024/09/bb40ce_f1cb1c5ebfd9466cabe9213b7660cce3mv2-1-300x300.jpg HTTP/2" 200 30772 "-" "Mozilla/5.0 (Macintosh; Intel Mac OS X 10_15_7) AppleWebKit/537.36 (KHTML, like Gecko) Chrome/145.0.0.0 Safari/537.36 (compatible; meta-externalagent/1.1 (+https://developers.facebook.com/docs/sharing/webmasters/crawler))"
194.39.149.53 - - [17/Jul/2026:01:55:21 +0000] "POST /wp-cron.php?doing_wp_cron=1784253320.9438350200653076171875 HTTP/1.1" 200 0 "-" "WordPress/6.9.4; https://angelsurchins.co.uk"
176.29.229.0 - - [17/Jul/2026:01:55:19 +0000] "GET /product/unicorn-floral-sticker-set/?add-to-wishlist=11894 HTTP/1.1" 200 38914 "-" "Mozilla/5.0 (Windows NT 10.0; WOW64) AppleWebKit/537.36 (KHTML, like Gecko) Chrome/87.0.4280.66 Safari/537.36"
194.39.149.53 - - [17/Jul/2026:01:55:22 +0000] "POST /wp-admin/admin-ajax.php HTTP/1.1" 200 0 "-" "WordPress/6.9.4; https://angelsurchins.co.uk"
143.244.57.90 - - [17/Jul/2026:01:55:46 +0000] "GET / HTTP/1.1" 200 264443 "-" "Mozilla/5.0 (Windows NT 10.0; Win64; x64) AppleWebKit/537.36 (KHTML, like Gecko) Chrome/78.0.3904.108 Safari/537.36"
143.244.57.90 - - [17/Jul/2026:01:55:49 +0000] "GET //wp-includes/wlwmanifest.xml HTTP/1.1" 403 19352 "-" "Mozilla/5.0 (Windows NT 10.0; Win64; x64) AppleWebKit/537.36 (KHTML, like Gecko) Chrome/78.0.3904.108 Safari/537.36"
143.244.57.90 - - [17/Jul/2026:01:55:49 +0000] "GET //xmlrpc.php?rsd HTTP/1.1" 403 1242 "-" "Mozilla/5.0 (Windows NT 10.0; Win64; x64) AppleWebKit/537.36 (KHTML, like Gecko) Chrome/78.0.3904.108 Safari/537.36"
143.244.57.90 - - [17/Jul/2026:01:55:49 +0000] "GET / HTTP/1.1" 200 264442 "-" "Mozilla/5.0 (Windows NT 10.0; Win64; x64) AppleWebKit/537.36 (KHTML, like Gecko) Chrome/78.0.3904.108 Safari/537.36"
143.244.57.90 - - [17/Jul/2026:01:55:53 +0000] "GET //?author=1 HTTP/1.1" 301 0 "-" "Mozilla/5.0 (Windows NT 10.0; Win64; x64) AppleWebKit/537.36 (KHTML, like Gecko) Chrome/78.0.3904.108 Safari/537.36"
143.244.57.90 - - [17/Jul/2026:01:55:55 +0000] "GET //?author=2 HTTP/1.1" 301 0 "-" "Mozilla/5.0 (Windows NT 10.0; Win64; x64) AppleWebKit/537.36 (KHTML, like Gecko) Chrome/78.0.3904.108 Safari/537.36"
143.244.57.90 - - [17/Jul/2026:01:55:56 +0000] "GET //wp-json/wp/v2/users/ HTTP/1.1" 200 8704 "-" "Mozilla/5.0 (Windows NT 10.0; Win64; x64) AppleWebKit/537.36 (KHTML, like Gecko) Chrome/78.0.3904.108 Safari/537.36"
143.244.57.90 - - [17/Jul/2026:01:56:06 +0000] "POST //xmlrpc.php HTTP/1.1" 403 1242 "-" "Mozilla/5.0 (Windows NT 10.0; Win64; x64) AppleWebKit/537.36 (KHTML, like Gecko) Chrome/78.0.3904.108 Safari/537.36"
143.244.57.90 - - [17/Jul/2026:01:56:06 +0000] "POST //xmlrpc.php HTTP/1.1" 403 1242 "-" "Mozilla/5.0 (Windows NT 10.0; Win64; x64) AppleWebKit/537.36 (KHTML, like Gecko) Chrome/78.0.3904.108 Safari/537.36"
194.39.149.53 - - [17/Jul/2026:01:57:21 +0000] "POST /wp-cron.php?doing_wp_cron=1784253441.0184800624847412109375 HTTP/1.1" 200 0 "-" "WordPress/6.9.4; https://angelsurchins.co.uk"
97.74.93.24 - - [17/Jul/2026:01:57:17 +0000] "GET /wp-login.php HTTP/2" 200 2454 "-" "Mozilla/5.0 (X11; Linux x86_64) AppleWebKit/537.36 (KHTML, like Gecko) Chrome/149.0.0.0 Safari/537.36"
103.57.220.209 - - [17/Jul/2026:01:57:20 +0000] "GET /wp-login.php HTTP/2" 200 0 "-" "Mozilla/5.0 (Macintosh; Intel Mac OS X 10_15_7) AppleWebKit/537.36 (KHTML, like Gecko) Chrome/146.0.0.0 Safari/537.36"
194.39.149.53 - - [17/Jul/2026:01:57:44 +0000] "POST /wp-cron.php?doing_wp_cron=1784253463.9295289516448974609375 HTTP/1.1" 200 0 "-" "WordPress/6.9.4; https://angelsurchins.co.uk"
201.190.251.44 - - [17/Jul/2026:01:57:41 +0000] "GET /product/diora-oval-cot/?add-to-wishlist=11539 HTTP/1.1" 200 37850 "-" "Mozilla/5.0 (Macintosh; Intel Mac OS X 11_2_0) AppleWebKit/537.36 (KHTML, like Gecko) Brave Chrome/88.0.4324.152 Safari/537.36"
194.39.149.53 - - [17/Jul/2026:01:57:45 +0000] "POST /wp-admin/admin-ajax.php HTTP/1.1" 200 0 "-" "WordPress/6.9.4; https://angelsurchins.co.uk"
194.39.149.53 - - [17/Jul/2026:01:59:34 +0000] "POST /wp-cron.php?doing_wp_cron=1784253574.1008450984954833984375 HTTP/1.1" 200 0 "-" "WordPress/6.9.4; https://angelsurchins.co.uk"
216.73.163.144 - - [17/Jul/2026:01:59:30 +0000] "POST /wp-login.php HTTP/1.1" 401 1500 "-" "Mozilla/5.0 (Windows NT 6.1; Trident/7.0; yie8; rv:11.0) like Gecko"
194.39.149.53 - - [17/Jul/2026:02:02:24 +0000] "POST /wp-cron.php?doing_wp_cron=1784253744.8236160278320312500000 HTTP/1.1" 200 0 "-" "WordPress/6.9.4; https://angelsurchins.co.uk"
27.3.65.61 - - [17/Jul/2026:02:02:23 +0000] "GET /product/iliana-3-in-1-cot-bed/?add-to-wishlist=11527 HTTP/1.1" 200 38333 "-" "Mozilla/5.0 (Windows NT 6.3; Win64; x64) AppleWebKit/537.36 (KHTML, like Gecko) Chrome/100.0.4896.127 Safari/537.36"
194.39.149.53 - - [17/Jul/2026:02:02:26 +0000] "POST /wp-admin/admin-ajax.php HTTP/1.1" 200 0 "-" "WordPress/6.9.4; https://angelsurchins.co.uk"
195.178.110.211 - - [17/Jul/2026:02:03:36 +0000] "GET /wp-json/gravitysmtp/v1/tests/mock-data?page=gravitysmtp-settings HTTP/1.1" 404 3421 "http://webmail.angelsurchins.co.uk/wp-json/gravitysmtp/v1/tests/mock-data?page=gravitysmtp-settings" "Mozilla/5.0 (compatible; SecurityResearch/1.0; )"
194.39.149.53 - - [17/Jul/2026:02:04:05 +0000] "POST /wp-cron.php?doing_wp_cron=1784253845.7760310173034667968750 HTTP/1.1" 200 0 "-" "WordPress/6.9.4; https://angelsurchins.co.uk"
57.141.0.20 - - [17/Jul/2026:02:04:03 +0000] "GET /product/florentine-triple-dresser/?add-to-wishlist=11535&add-to-cart=11422 HTTP/2" 200 207971 "-" "Mozilla/5.0 (Windows NT 10.0; Win64; x64) AppleWebKit/537.36 (KHTML, like Gecko) Chrome/145.0.0.0 Safari/537.36 (compatible; meta-externalagent/1.1 (+https://developers.facebook.com/docs/sharing/webmasters/crawler))"
162.243.79.174 - - [17/Jul/2026:02:04:27 +0000] "GET / HTTP/1.1" 301 0 "-" "Mozilla/5.0 (Windows NT 10.0; Win64; x64) AppleWebKit/537.36 (KHTML, like Gecko) Chrome/122.0.0.0 Safari/537.36"
162.243.79.174 - - [17/Jul/2026:02:04:26 +0000] "GET / HTTP/1.1" 200 42640 "-" "Mozilla/5.0 (Windows NT 10.0; Win64; x64) AppleWebKit/537.36 (KHTML, like Gecko) Chrome/122.0.0.0 Safari/537.36"
162.243.79.174 - - [17/Jul/2026:02:04:30 +0000] "GET /.env HTTP/1.1" 403 5812 "-" "Mozilla/5.0 (Windows NT 10.0; Win64; x64) AppleWebKit/537.36 (KHTML, like Gecko) Chrome/122.0.0.0 Safari/537.36"
162.243.79.174 - - [17/Jul/2026:02:04:29 +0000] "GET / HTTP/1.1" 200 42643 "-" "Mozilla/5.0 (Windows NT 10.0; Win64; x64) AppleWebKit/537.36 (KHTML, like Gecko) Chrome/122.0.0.0 Safari/537.36"
162.243.79.174 - - [17/Jul/2026:02:04:33 +0000] "GET /_profiler/phpinfo HTTP/1.1" 404 24366 "-" "Mozilla/5.0 (Windows NT 10.0; Win64; x64) AppleWebKit/537.36 (KHTML, like Gecko) Chrome/122.0.0.0 Safari/537.36"
162.243.79.174 - - [17/Jul/2026:02:04:34 +0000] "GET /.env HTTP/1.1" 403 5812 "-" "Mozilla/5.0 (Windows NT 10.0; Win64; x64) AppleWebKit/537.36 (KHTML, like Gecko) Chrome/122.0.0.0 Safari/537.36"
162.243.79.174 - - [17/Jul/2026:02:04:35 +0000] "GET /_profiler/open?file=config/packages/swiftmailer.yaml HTTP/1.1" 404 24366 "-" "Mozilla/5.0 (Windows NT 10.0; Win64; x64) AppleWebKit/537.36 (KHTML, like Gecko) Chrome/122.0.0.0 Safari/537.36"
162.243.79.174 - - [17/Jul/2026:02:04:37 +0000] "GET /_profiler/phpinfo HTTP/1.1" 404 24371 "-" "Mozilla/5.0 (Windows NT 10.0; Win64; x64) AppleWebKit/537.36 (KHTML, like Gecko) Chrome/122.0.0.0 Safari/537.36"
194.39.149.53 - - [17/Jul/2026:02:04:42 +0000] "POST /wp-cron.php?doing_wp_cron=1784253882.0808179378509521484375 HTTP/1.1" 200 0 "-" "WordPress/6.9.4; https://angelsurchins.co.uk"
162.243.79.174 - - [17/Jul/2026:02:04:40 +0000] "GET /_profiler/open?file=.env HTTP/1.1" 404 24366 "-" "Mozilla/5.0 (Windows NT 10.0; Win64; x64) AppleWebKit/537.36 (KHTML, like Gecko) Chrome/122.0.0.0 Safari/537.36"
162.243.79.174 - - [17/Jul/2026:02:04:42 +0000] "GET /_profiler/open?file=config/packages/swiftmailer.yaml HTTP/1.1" 404 24371 "-" "Mozilla/5.0 (Windows NT 10.0; Win64; x64) AppleWebKit/537.36 (KHTML, like Gecko) Chrome/122.0.0.0 Safari/537.36"
194.39.149.53 - - [17/Jul/2026:02:04:43 +0000] "POST /wp-admin/admin-ajax.php HTTP/1.1" 200 0 "-" "WordPress/6.9.4; https://angelsurchins.co.uk"
162.243.79.174 - - [17/Jul/2026:02:04:44 +0000] "GET /_profiler/open?file=config/services.yaml HTTP/1.1" 404 24366 "-" "Mozilla/5.0 (Windows NT 10.0; Win64; x64) AppleWebKit/537.36 (KHTML, like Gecko) Chrome/122.0.0.0 Safari/537.36"
162.243.79.174 - - [17/Jul/2026:02:04:48 +0000] "GET /_profiler/open?file=.env HTTP/1.1" 404 24371 "-" "Mozilla/5.0 (Windows NT 10.0; Win64; x64) AppleWebKit/537.36 (KHTML, like Gecko) Chrome/122.0.0.0 Safari/537.36"
162.243.79.174 - - [17/Jul/2026:02:04:52 +0000] "GET /_profiler/open?file=config/services.yaml HTTP/1.1" 404 24371 "-" "Mozilla/5.0 (Windows NT 10.0; Win64; x64) AppleWebKit/537.36 (KHTML, like Gecko) Chrome/122.0.0.0 Safari/537.36"
57.141.0.50 - - [17/Jul/2026:02:05:44 +0000] "GET /wp-content/uploads/2024/09/bb40ce_870c2d0c42ac4d60be4b5c2639ff2056mv2-300x300.jpg HTTP/2" 200 21502 "-" "Mozilla/5.0 (X11; Linux x86_64) AppleWebKit/537.36 (KHTML, like Gecko) Chrome/145.0.0.0 Safari/537.36 (compatible; meta-externalagent/1.1 (+https://developers.facebook.com/docs/sharing/webmasters/crawler))"
194.39.149.53 - - [17/Jul/2026:02:06:40 +0000] "POST /wp-cron.php?doing_wp_cron=1784253999.9206390380859375000000 HTTP/1.1" 200 0 "-" "WordPress/6.9.4; https://angelsurchins.co.uk"
45.225.44.184 - - [17/Jul/2026:02:06:38 +0000] "GET /product/fairy-garden-wall-sticker/ HTTP/1.1" 200 37982 "-" "Mozilla/5.0 (Macintosh; Intel Mac OS X 10_15_3) AppleWebKit/537.36 (KHTML, like Gecko) Brave Chrome/86.0.4240.99 Safari/537.36"
195.178.110.211 - - [17/Jul/2026:02:07:51 +0000] "GET /wp-json/gravitysmtp/v1/tests/mock-data?page=gravitysmtp-settings HTTP/1.1" 404 3421 "http://webmail.angelsurchins.co.uk/wp-json/gravitysmtp/v1/tests/mock-data?page=gravitysmtp-settings" "Mozilla/5.0 (compatible; SecurityResearch/1.0; )"
194.39.149.53 - - [17/Jul/2026:02:08:44 +0000] "POST /wp-cron.php?doing_wp_cron=1784254124.1578149795532226562500 HTTP/1.1" 200 0 "-" "WordPress/6.9.4; https://angelsurchins.co.uk"
45.226.224.116 - - [17/Jul/2026:02:08:40 +0000] "GET /shop/page/4/?add-to-wishlist=11851 HTTP/1.1" 200 39511 "-" "Mozilla/5.0 (Macintosh; Intel Mac OS X 10_15_6) AppleWebKit/537.36 (KHTML, like Gecko) Chrome/101.0.4951.54 Safari/537.36"
194.39.149.53 - - [17/Jul/2026:02:08:45 +0000] "POST /wp-admin/admin-ajax.php HTTP/1.1" 200 0 "-" "WordPress/6.9.4; https://angelsurchins.co.uk"
59.153.220.96 - - [17/Jul/2026:02:08:46 +0000] "GET /product/twila-star-bed/?add-to-wishlist=11762 HTTP/1.1" 200 37291 "-" "Mozilla/5.0 (Windows NT 5.1) AppleWebKit/537.36 (KHTML, like Gecko) Chrome/27.0.1453.93 Safari/537.36"
57.141.0.14 - - [17/Jul/2026:02:09:14 +0000] "GET /product/florentine-triple-dresser/?add-to-wishlist=11475&add-to-cart=11445 HTTP/2" 200 207129 "-" "Mozilla/5.0 (Windows NT 10.0; Win64; x64) AppleWebKit/537.36 (KHTML, like Gecko) Chrome/145.0.0.0 Safari/537.36 (compatible; meta-externalagent/1.1 (+https://developers.facebook.com/docs/sharing/webmasters/crawler))"
194.39.149.53 - - [17/Jul/2026:02:10:16 +0000] "POST /wp-cron.php?doing_wp_cron=1784254216.4366619586944580078125 HTTP/1.1" 200 0 "-" "WordPress/6.9.4; https://angelsurchins.co.uk"
41.123.100.0 - - [17/Jul/2026:02:10:14 +0000] "GET /product/unicorn-floral-sticker-set/?add-to-wishlist=11853 HTTP/1.1" 200 38834 "-" "Mozilla/5.0 (Windows NT 10.0; Win64; x64) AppleWebKit/537.36 (KHTML, like Gecko) Brave Chrome/80.0.3987.162 Safari/537.36"
57.141.0.41 - - [17/Jul/2026:02:12:29 +0000] "GET /wp-content/uploads/2024/09/bb40ce_9919437b626047a4a5482ac135795234mv2-300x225.jpg HTTP/2" 200 10993 "-" "Mozilla/5.0 (Windows NT 10.0; Win64; x64) AppleWebKit/537.36 (KHTML, like Gecko) Chrome/145.0.0.0 Safari/537.36 (compatible; meta-externalagent/1.1 (+https://developers.facebook.com/docs/sharing/webmasters/crawler))"
194.39.149.53 - - [17/Jul/2026:02:12:46 +0000] "POST /wp-cron.php?doing_wp_cron=1784254366.6892468929290771484375 HTTP/1.1" 200 0 "-" "WordPress/6.9.4; https://angelsurchins.co.uk"
194.39.149.53 - - [17/Jul/2026:02:12:37 +0000] "POST /wp-admin/admin-ajax.php HTTP/1.1" 200 0 "-" "WordPress/6.9.4; https://angelsurchins.co.uk"
194.39.149.53 - - [17/Jul/2026:02:14:19 +0000] "POST /wp-cron.php?doing_wp_cron=1784254458.9075450897216796875000 HTTP/1.1" 200 0 "-" "WordPress/6.9.4; https://angelsurchins.co.uk"
38.51.218.140 - - [17/Jul/2026:02:14:17 +0000] "GET /product/baby-rabbit-print/?add-to-wishlist=11914 HTTP/1.1" 200 37965 "-" "Mozilla/5.0 (Macintosh; Intel Mac OS X 10_15_6) AppleWebKit/537.36 (KHTML, like Gecko) Chrome/88.0.4324.150 Safari/537.36"
17.246.19.213 - - [17/Jul/2026:02:14:24 +0000] "GET /robots.txt HTTP/2" 200 225 "-" "Mozilla/5.0 (Macintosh; Intel Mac OS X 10_15_7) AppleWebKit/605.1.15 (KHTML, like Gecko) Version/17.4 Safari/605.1.15 (Applebot/0.1; +http://www.apple.com/go/applebot)"
17.246.19.213 - - [17/Jul/2026:02:14:26 +0000] "GET /product-category/accesories/lights/feed/ HTTP/2" 200 2510 "-" "Mozilla/5.0 (Macintosh; Intel Mac OS X 10_15_7) AppleWebKit/605.1.15 (KHTML, like Gecko) Version/17.4 Safari/605.1.15 (Applebot/0.1; +http://www.apple.com/go/applebot)"
194.39.149.53 - - [17/Jul/2026:02:14:50 +0000] "POST /wp-admin/admin-ajax.php HTTP/1.1" 200 0 "-" "WordPress/6.9.4; https://angelsurchins.co.uk"
195.178.110.211 - - [17/Jul/2026:02:15:11 +0000] "GET /wp-json/gravitysmtp/v1/tests/mock-data?page=gravitysmtp-settings HTTP/1.1" 404 3421 "http://webmail.angelsurchins.co.uk/wp-json/gravitysmtp/v1/tests/mock-data?page=gravitysmtp-settings" "Mozilla/5.0 (compatible; SecurityResearch/1.0; )"
194.39.149.53 - - [17/Jul/2026:02:15:50 +0000] "POST /wp-cron.php?doing_wp_cron=1784254550.5922861099243164062500 HTTP/1.1" 200 0 "-" "WordPress/6.9.4; https://angelsurchins.co.uk"
57.141.0.51 - - [17/Jul/2026:02:15:48 +0000] "GET /product/florentine-triple-dresser/?add-to-cart=11525 HTTP/2" 200 206850 "-" "Mozilla/5.0 (Windows NT 10.0; Win64; x64) AppleWebKit/537.36 (KHTML, like Gecko) Chrome/145.0.0.0 Safari/537.36 (compatible; meta-externalagent/1.1 (+https://developers.facebook.com/docs/sharing/webmasters/crawler))"
113.189.68.135 - - [17/Jul/2026:02:16:10 +0000] "GET /product/carriage-bed/?add-to-wishlist=11688 HTTP/1.1" 200 37517 "-" "Mozilla/5.0 (Windows NT 6.1; Win64; x64) AppleWebKit/537.36 (KHTML, like Gecko) Chrome/66.0.3359.117 Safari/537.36"
194.39.149.53 - - [17/Jul/2026:02:17:29 +0000] "POST /wp-cron.php?doing_wp_cron=1784254649.6892590522766113281250 HTTP/1.1" 200 0 "-" "WordPress/6.9.4; https://angelsurchins.co.uk"
179.222.190.191 - - [17/Jul/2026:02:17:27 +0000] "GET /product/woodland-animals-wallpaper/?add-to-wishlist=11853 HTTP/1.1" 200 38752 "-" "Mozilla/5.0 (Macintosh; Intel Mac OS X 10_13_6) AppleWebKit/537.36 (KHTML, like Gecko) Chrome/89.0.4389.90 Safari/537.36"
194.39.149.53 - - [17/Jul/2026:02:17:32 +0000] "POST /wp-admin/admin-ajax.php HTTP/1.1" 200 0 "-" "WordPress/6.9.4; https://angelsurchins.co.uk"
194.39.149.53 - - [17/Jul/2026:02:21:47 +0000] "POST /wp-cron.php?doing_wp_cron=1784254906.9257259368896484375000 HTTP/1.1" 200 0 "-" "WordPress/6.9.4; https://angelsurchins.co.uk"
14.239.111.239 - - [17/Jul/2026:02:21:44 +0000] "GET /product/wisteria-butterflies/?add-to-wishlist=11851 HTTP/1.1" 200 38816 "-" "Mozilla/5.0 (Windows NT 6.1) AppleWebKit/537.36 (KHTML, like Gecko) Chrome/41.0.2228.0 Safari/537.36"
194.39.149.53 - - [17/Jul/2026:02:21:48 +0000] "POST /wp-admin/admin-ajax.php HTTP/1.1" 200 0 "-" "WordPress/6.9.4; https://angelsurchins.co.uk"
194.39.149.53 - - [17/Jul/2026:02:23:05 +0000] "POST /wp-cron.php?doing_wp_cron=1784254985.6758730411529541015625 HTTP/1.1" 200 0 "-" "WordPress/6.9.4; https://angelsurchins.co.uk"
179.26.58.95 - - [17/Jul/2026:02:23:02 +0000] "GET /product/vintage-ballerina-print/?add-to-wishlist=11853 HTTP/1.1" 200 37840 "-" "Mozilla/5.0 (Macintosh; Intel Mac OS X 10_15_1) AppleWebKit/537.36 (KHTML, like Gecko) Chrome/80.0.3987.122 Safari/537.36"
194.39.149.53 - - [17/Jul/2026:02:24:26 +0000] "POST /wp-cron.php?doing_wp_cron=1784255065.8842248916625976562500 HTTP/1.1" 200 0 "-" "WordPress/6.9.4; https://angelsurchins.co.uk"
197.2.175.228 - - [17/Jul/2026:02:24:21 +0000] "GET /product/vintage-plane-wallpaper/?add-to-wishlist=11886 HTTP/1.1" 200 38630 "-" "Mozilla/5.0 (Macintosh; Intel Mac OS X 10_15_2) AppleWebKit/537.36 (KHTML, like Gecko) Chrome/79.0.3945.79 Safari/537.36"
194.39.149.53 - - [17/Jul/2026:02:24:28 +0000] "POST /wp-admin/admin-ajax.php HTTP/1.1" 200 0 "-" "WordPress/6.9.4; https://angelsurchins.co.uk"
194.39.149.53 - - [17/Jul/2026:02:25:22 +0000] "POST /wp-cron.php?doing_wp_cron=1784255122.1820991039276123046875 HTTP/1.1" 200 0 "-" "WordPress/6.9.4; https://angelsurchins.co.uk"
38.248.169.180 - - [17/Jul/2026:02:25:20 +0000] "GET /product/hand-drawn-english-forest-4/?add-to-wishlist=11870 HTTP/1.1" 200 39235 "-" "Mozilla/5.0 (Windows NT 10.0; Win64; x64) AppleWebKit/537.36 (KHTML, like Gecko) Chrome/96.0.4664.45 Safari/537.36"
64.23.211.57 - - [17/Jul/2026:02:25:23 +0000] "GET / HTTP/1.1" 200 42644 "-" "Mozilla/5.0 (X11; Linux x86_64) AppleWebKit/537.36 (KHTML, like Gecko) Chrome/142.0.0.0 Safari/537.36"
64.23.211.57 - - [17/Jul/2026:02:25:27 +0000] "GET /wp-content/uploads/2024/09/cropped-bb40ce_49a85995259f4978899b56bbe7174342mv2-32x32.jpg HTTP/1.1" 200 1015 "https://angelsurchins.co.uk/" "Mozilla/5.0 (X11; Linux x86_64) AppleWebKit/537.36 (KHTML, like Gecko) Chrome/142.0.0.0 Safari/537.36"
194.39.149.53 - - [17/Jul/2026:02:27:03 +0000] "POST /wp-cron.php?doing_wp_cron=1784255223.3149828910827636718750 HTTP/1.1" 200 0 "-" "WordPress/6.9.4; https://angelsurchins.co.uk"
57.141.0.13 - - [17/Jul/2026:02:27:01 +0000] "GET /product/mermaid-shell-bed/ HTTP/2" 500 71967 "-" "Mozilla/5.0 (X11; Linux x86_64; rv:147.0) Gecko/20100101 Firefox/147.0 (compatible; meta-externalagent/1.1 (+https://developers.facebook.com/docs/sharing/webmasters/crawler))"
194.39.149.53 - - [17/Jul/2026:02:27:05 +0000] "POST /wp-admin/admin-ajax.php HTTP/1.1" 200 0 "-" "WordPress/6.9.4; https://angelsurchins.co.uk"
194.39.149.53 - - [17/Jul/2026:02:28:00 +0000] "POST /wp-cron.php?doing_wp_cron=1784255280.5871191024780273437500 HTTP/1.1" 200 0 "-" "WordPress/6.9.4; https://angelsurchins.co.uk"
66.132.172.203 - - [17/Jul/2026:02:27:58 +0000] "GET /wp-json/?_fields=name,description,home,gmt_offset,timezone_string,namespaces HTTP/1.1" 200 425 "-" "Mozilla/5.0 (compatible; CensysInspect/1.1; +https://about.censys.io/)"
194.39.149.53 - - [17/Jul/2026:02:28:42 +0000] "POST /wp-cron.php?doing_wp_cron=1784255322.5087230205535888671875 HTTP/1.1" 200 0 "-" "WordPress/6.9.4; https://angelsurchins.co.uk"
157.100.140.205 - - [17/Jul/2026:02:28:40 +0000] "GET /product/hand-drawn-english-forest-4/?add-to-wishlist=13005 HTTP/1.1" 200 39128 "-" "Mozilla/5.0 (Windows NT 6.1; Win64; x64) AppleWebKit/537.36 (KHTML, like Gecko) Chrome/80.0.3987.132 Safari/537.36"
194.39.149.53 - - [17/Jul/2026:02:29:50 +0000] "POST /wp-cron.php?doing_wp_cron=1784255390.3749229907989501953125 HTTP/1.1" 200 0 "-" "WordPress/6.9.4; https://angelsurchins.co.uk"
116.99.249.96 - - [17/Jul/2026:02:29:48 +0000] "GET /product-category/adults/?add-to-wishlist=11747 HTTP/1.1" 200 36056 "-" "Mozilla/5.0 (Macintosh; Intel Mac OS X 10_15_6) AppleWebKit/537.36 (KHTML, like Gecko) Chrome/101.0.4951.54 Safari/537.36"
194.39.149.53 - - [17/Jul/2026:02:29:52 +0000] "POST /wp-admin/admin-ajax.php HTTP/1.1" 200 0 "-" "WordPress/6.9.4; https://angelsurchins.co.uk"
194.39.149.53 - - [17/Jul/2026:02:31:34 +0000] "POST /wp-cron.php?doing_wp_cron=1784255494.1890830993652343750000 HTTP/1.1" 200 0 "-" "WordPress/6.9.4; https://angelsurchins.co.uk"
31.223.143.39 - - [17/Jul/2026:02:31:32 +0000] "GET /product/forest-animal-bundle/?add-to-wishlist=11904 HTTP/1.1" 200 38052 "-" "Mozilla/5.0 (Windows NT 10.0; Win64; x64) AppleWebKit/537.36 (KHTML, like Gecko) Chrome/85.0.4183.121 Safari/537.36"
194.39.149.53 - - [17/Jul/2026:02:31:44 +0000] "POST /wp-cron.php?doing_wp_cron=1784255504.1961688995361328125000 HTTP/1.1" 200 0 "-" "WordPress/6.9.4; https://angelsurchins.co.uk"
190.114.43.103 - - [17/Jul/2026:02:31:41 +0000] "GET /product/house-bunk-bed/?add-to-wishlist=11685 HTTP/1.1" 200 37384 "-" "Mozilla/5.0 (Windows NT 10.0; Win64; x64) AppleWebKit/537.36 (KHTML, like Gecko) Chrome/62.0.3202.89 Safari/537.36"
38.191.202.174 - - [17/Jul/2026:02:31:53 +0000] "GET /product/baby-chic-print/?add-to-wishlist=11884 HTTP/1.1" 200 37870 "-" "Mozilla/5.0 (Macintosh; Intel Mac OS X 10_15_6) AppleWebKit/537.36 (KHTML, like Gecko) Chrome/88.0.4324.150 Safari/537.36"
194.39.149.53 - - [17/Jul/2026:02:33:16 +0000] "POST /wp-cron.php?doing_wp_cron=1784255596.8094539642333984375000 HTTP/1.1" 200 0 "-" "WordPress/6.9.4; https://angelsurchins.co.uk"
20.151.7.119 - - [17/Jul/2026:02:33:15 +0000] "GET /adminfuns.php HTTP/1.1" 404 19734 "-" "Mozilla/5.0 (Windows NT 10.0; Win64; x64) AppleWebKit/537.36 (KHTML, like Gecko) Chrome/120.0.0.0 Safari/537.36"
20.151.7.119 - - [17/Jul/2026:02:33:17 +0000] "GET /file.php HTTP/1.1" 404 19734 "-" "Mozilla/5.0 (Windows NT 10.0; Win64; x64) AppleWebKit/537.36 (KHTML, like Gecko) Chrome/120.0.0.0 Safari/537.36"
20.151.7.119 - - [17/Jul/2026:02:33:19 +0000] "GET /m.php HTTP/1.1" 404 19734 "-" "Mozilla/5.0 (Windows NT 10.0; Win64; x64) AppleWebKit/537.36 (KHTML, like Gecko) Chrome/120.0.0.0 Safari/537.36"
194.39.149.53 - - [17/Jul/2026:02:33:19 +0000] "POST /wp-admin/admin-ajax.php HTTP/1.1" 200 0 "-" "WordPress/6.9.4; https://angelsurchins.co.uk"
194.39.149.53 - - [17/Jul/2026:02:33:23 +0000] "POST /wp-cron.php?doing_wp_cron=1784255603.8638689517974853515625 HTTP/1.1" 200 0 "-" "WordPress/6.9.4; https://angelsurchins.co.uk"
20.151.7.119 - - [17/Jul/2026:02:33:22 +0000] "GET /wp-admin/css/wp-login.php HTTP/1.1" 404 19734 "-" "Mozilla/5.0 (Windows NT 10.0; Win64; x64) AppleWebKit/537.36 (KHTML, like Gecko) Chrome/120.0.0.0 Safari/537.36"
20.151.7.119 - - [17/Jul/2026:02:33:24 +0000] "GET /wk/index.php HTTP/1.1" 301 0 "-" "Mozilla/5.0 (Windows NT 10.0; Win64; x64) AppleWebKit/537.36 (KHTML, like Gecko) Chrome/120.0.0.0 Safari/537.36"
20.151.7.119 - - [17/Jul/2026:02:33:26 +0000] "GET /mini.php HTTP/1.1" 403 5137 "-" "Mozilla/5.0 (Windows NT 10.0; Win64; x64) AppleWebKit/537.36 (KHTML, like Gecko) Chrome/120.0.0.0 Safari/537.36"
20.151.7.119 - - [17/Jul/2026:02:33:26 +0000] "GET /w.php HTTP/1.1" 404 19734 "-" "Mozilla/5.0 (Windows NT 10.0; Win64; x64) AppleWebKit/537.36 (KHTML, like Gecko) Chrome/120.0.0.0 Safari/537.36"
20.151.7.119 - - [17/Jul/2026:02:33:28 +0000] "GET /admin.php HTTP/1.1" 404 19734 "-" "Mozilla/5.0 (Windows NT 10.0; Win64; x64) AppleWebKit/537.36 (KHTML, like Gecko) Chrome/120.0.0.0 Safari/537.36"
20.151.7.119 - - [17/Jul/2026:02:33:31 +0000] "GET /init.php HTTP/1.1" 404 19734 "-" "Mozilla/5.0 (Windows NT 10.0; Win64; x64) AppleWebKit/537.36 (KHTML, like Gecko) Chrome/120.0.0.0 Safari/537.36"
20.151.7.119 - - [17/Jul/2026:02:33:33 +0000] "GET /options.php HTTP/1.1" 404 19734 "-" "Mozilla/5.0 (Windows NT 10.0; Win64; x64) AppleWebKit/537.36 (KHTML, like Gecko) Chrome/120.0.0.0 Safari/537.36"
20.151.7.119 - - [17/Jul/2026:02:33:34 +0000] "GET /wp-includes/js/codemirror/about.php HTTP/1.1" 404 19734 "-" "Mozilla/5.0 (Windows NT 10.0; Win64; x64) AppleWebKit/537.36 (KHTML, like Gecko) Chrome/120.0.0.0 Safari/537.36"
20.151.7.119 - - [17/Jul/2026:02:33:36 +0000] "GET /wp-admin/css/colors/blue/ HTTP/1.1" 404 1251 "-" "Mozilla/5.0 (Windows NT 10.0; Win64; x64) AppleWebKit/537.36 (KHTML, like Gecko) Chrome/120.0.0.0 Safari/537.36"
20.151.7.119 - - [17/Jul/2026:02:33:36 +0000] "GET /wp-includes/Requests/library/ HTTP/1.1" 404 1251 "-" "Mozilla/5.0 (Windows NT 10.0; Win64; x64) AppleWebKit/537.36 (KHTML, like Gecko) Chrome/120.0.0.0 Safari/537.36"
20.151.7.119 - - [17/Jul/2026:02:33:36 +0000] "GET /wp-content/admin.php HTTP/1.1" 404 19734 "-" "Mozilla/5.0 (Windows NT 10.0; Win64; x64) AppleWebKit/537.36 (KHTML, like Gecko) Chrome/120.0.0.0 Safari/537.36"
194.39.149.53 - - [17/Jul/2026:02:33:39 +0000] "POST /wp-cron.php?doing_wp_cron=1784255619.4682540893554687500000 HTTP/1.1" 200 0 "-" "WordPress/6.9.4; https://angelsurchins.co.uk"
20.151.7.119 - - [17/Jul/2026:02:33:38 +0000] "GET /wp-configs.php HTTP/1.1" 404 19734 "-" "Mozilla/5.0 (Windows NT 10.0; Win64; x64) AppleWebKit/537.36 (KHTML, like Gecko) Chrome/120.0.0.0 Safari/537.36"
20.151.7.119 - - [17/Jul/2026:02:33:39 +0000] "GET /php.php HTTP/1.1" 404 19734 "-" "Mozilla/5.0 (Windows NT 10.0; Win64; x64) AppleWebKit/537.36 (KHTML, like Gecko) Chrome/120.0.0.0 Safari/537.36"
20.151.7.119 - - [17/Jul/2026:02:33:43 +0000] "GET /wp-includes/index.php HTTP/1.1" 301 0 "-" "Mozilla/5.0 (Windows NT 10.0; Win64; x64) AppleWebKit/537.36 (KHTML, like Gecko) Chrome/120.0.0.0 Safari/537.36"
20.151.7.119 - - [17/Jul/2026:02:33:44 +0000] "GET /wp-content/themes/admin.php HTTP/1.1" 404 19734 "-" "Mozilla/5.0 (Windows NT 10.0; Win64; x64) AppleWebKit/537.36 (KHTML, like Gecko) Chrome/120.0.0.0 Safari/537.36"
20.151.7.119 - - [17/Jul/2026:02:33:46 +0000] "GET /wp-admin/a.php HTTP/1.1" 404 19734 "-" "Mozilla/5.0 (Windows NT 10.0; Win64; x64) AppleWebKit/537.36 (KHTML, like Gecko) Chrome/120.0.0.0 Safari/537.36"
20.151.7.119 - - [17/Jul/2026:02:33:48 +0000] "GET /wp-includes/sitemaps/providers/ HTTP/1.1" 404 1251 "-" "Mozilla/5.0 (Windows NT 10.0; Win64; x64) AppleWebKit/537.36 (KHTML, like Gecko) Chrome/120.0.0.0 Safari/537.36"
20.151.7.119 - - [17/Jul/2026:02:33:48 +0000] "GET /wp-includes/block-bindings/ HTTP/1.1" 404 1251 "-" "Mozilla/5.0 (Windows NT 10.0; Win64; x64) AppleWebKit/537.36 (KHTML, like Gecko) Chrome/120.0.0.0 Safari/537.36"
20.151.7.119 - - [17/Jul/2026:02:33:48 +0000] "GET /wp-includes/Text/about.php HTTP/1.1" 404 19734 "-" "Mozilla/5.0 (Windows NT 10.0; Win64; x64) AppleWebKit/537.36 (KHTML, like Gecko) Chrome/120.0.0.0 Safari/537.36"
20.151.7.119 - - [17/Jul/2026:02:33:49 +0000] "GET /wp-admin.php HTTP/1.1" 404 19734 "-" "Mozilla/5.0 (Windows NT 10.0; Win64; x64) AppleWebKit/537.36 (KHTML, like Gecko) Chrome/120.0.0.0 Safari/537.36"
20.151.7.119 - - [17/Jul/2026:02:33:51 +0000] "GET /size.php HTTP/1.1" 404 19734 "-" "Mozilla/5.0 (Windows NT 10.0; Win64; x64) AppleWebKit/537.36 (KHTML, like Gecko) Chrome/120.0.0.0 Safari/537.36"
20.151.7.119 - - [17/Jul/2026:02:33:52 +0000] "GET /wp-includes/wp-class.php HTTP/1.1" 404 19734 "-" "Mozilla/5.0 (Windows NT 10.0; Win64; x64) AppleWebKit/537.36 (KHTML, like Gecko) Chrome/120.0.0.0 Safari/537.36"
20.151.7.119 - - [17/Jul/2026:02:33:54 +0000] "GET /403.php HTTP/1.1" 404 19734 "-" "Mozilla/5.0 (Windows NT 10.0; Win64; x64) AppleWebKit/537.36 (KHTML, like Gecko) Chrome/120.0.0.0 Safari/537.36"
20.151.7.119 - - [17/Jul/2026:02:33:55 +0000] "GET /wp-includes/IXR/wp-login.php HTTP/1.1" 404 19734 "-" "Mozilla/5.0 (Windows NT 10.0; Win64; x64) AppleWebKit/537.36 (KHTML, like Gecko) Chrome/120.0.0.0 Safari/537.36"
20.151.7.119 - - [17/Jul/2026:02:33:58 +0000] "GET /wp-admin/includes/index.php HTTP/1.1" 301 0 "-" "Mozilla/5.0 (Windows NT 10.0; Win64; x64) AppleWebKit/537.36 (KHTML, like Gecko) Chrome/120.0.0.0 Safari/537.36"
20.151.7.119 - - [17/Jul/2026:02:33:59 +0000] "GET /wp-admin/js/widgets/index.php HTTP/1.1" 301 0 "-" "Mozilla/5.0 (Windows NT 10.0; Win64; x64) AppleWebKit/537.36 (KHTML, like Gecko) Chrome/120.0.0.0 Safari/537.36"
20.151.7.119 - - [17/Jul/2026:02:34:00 +0000] "GET /plugins.php HTTP/1.1" 404 19734 "-" "Mozilla/5.0 (Windows NT 10.0; Win64; x64) AppleWebKit/537.36 (KHTML, like Gecko) Chrome/120.0.0.0 Safari/537.36"
20.151.7.119 - - [17/Jul/2026:02:34:02 +0000] "GET /wp-includes/js/index.php HTTP/1.1" 301 0 "-" "Mozilla/5.0 (Windows NT 10.0; Win64; x64) AppleWebKit/537.36 (KHTML, like Gecko) Chrome/120.0.0.0 Safari/537.36"
20.151.7.119 - - [17/Jul/2026:02:34:03 +0000] "GET /go.php HTTP/1.1" 404 19734 "-" "Mozilla/5.0 (Windows NT 10.0; Win64; x64) AppleWebKit/537.36 (KHTML, like Gecko) Chrome/120.0.0.0 Safari/537.36"
20.151.7.119 - - [17/Jul/2026:02:34:05 +0000] "GET /aaa.php HTTP/1.1" 404 19734 "-" "Mozilla/5.0 (Windows NT 10.0; Win64; x64) AppleWebKit/537.36 (KHTML, like Gecko) Chrome/120.0.0.0 Safari/537.36"
20.151.7.119 - - [17/Jul/2026:02:34:06 +0000] "GET /getid3-core.php HTTP/1.1" 404 19734 "-" "Mozilla/5.0 (Windows NT 10.0; Win64; x64) AppleWebKit/537.36 (KHTML, like Gecko) Chrome/120.0.0.0 Safari/537.36"
20.151.7.119 - - [17/Jul/2026:02:34:08 +0000] "GET /adminer.php HTTP/1.1" 404 19734 "-" "Mozilla/5.0 (Windows NT 10.0; Win64; x64) AppleWebKit/537.36 (KHTML, like Gecko) Chrome/120.0.0.0 Safari/537.36"
20.151.7.119 - - [17/Jul/2026:02:34:09 +0000] "GET /wp-admin/maint/index.php HTTP/1.1" 301 0 "-" "Mozilla/5.0 (Windows NT 10.0; Win64; x64) AppleWebKit/537.36 (KHTML, like Gecko) Chrome/120.0.0.0 Safari/537.36"
20.151.7.119 - - [17/Jul/2026:02:34:11 +0000] "GET /wp-content/uploads/2024/ HTTP/1.1" 404 1251 "-" "Mozilla/5.0 (Windows NT 10.0; Win64; x64) AppleWebKit/537.36 (KHTML, like Gecko) Chrome/120.0.0.0 Safari/537.36"
20.151.7.119 - - [17/Jul/2026:02:34:11 +0000] "GET /alfa.php HTTP/1.1" 403 5137 "-" "Mozilla/5.0 (Windows NT 10.0; Win64; x64) AppleWebKit/537.36 (KHTML, like Gecko) Chrome/120.0.0.0 Safari/537.36"
20.151.7.119 - - [17/Jul/2026:02:34:11 +0000] "GET /wp-content/uploads/ HTTP/1.1" 404 1251 "-" "Mozilla/5.0 (Windows NT 10.0; Win64; x64) AppleWebKit/537.36 (KHTML, like Gecko) Chrome/120.0.0.0 Safari/537.36"
20.151.7.119 - - [17/Jul/2026:02:34:11 +0000] "GET /wp-content/themes/alera/alpha.php HTTP/1.1" 404 19734 "-" "Mozilla/5.0 (Windows NT 10.0; Win64; x64) AppleWebKit/537.36 (KHTML, like Gecko) Chrome/120.0.0.0 Safari/537.36"
20.151.7.119 - - [17/Jul/2026:02:34:12 +0000] "GET /wp-includes/SimplePie/about.php HTTP/1.1" 404 19734 "-" "Mozilla/5.0 (Windows NT 10.0; Win64; x64) AppleWebKit/537.36 (KHTML, like Gecko) Chrome/120.0.0.0 Safari/537.36"
20.151.7.119 - - [17/Jul/2026:02:34:14 +0000] "GET /wp-content/plugins/linkpreview/index.php HTTP/1.1" 403 5137 "-" "Mozilla/5.0 (Windows NT 10.0; Win64; x64) AppleWebKit/537.36 (KHTML, like Gecko) Chrome/120.0.0.0 Safari/537.36"
20.151.7.119 - - [17/Jul/2026:02:34:14 +0000] "GET /edit.php HTTP/1.1" 404 19734 "-" "Mozilla/5.0 (Windows NT 10.0; Win64; x64) AppleWebKit/537.36 (KHTML, like Gecko) Chrome/120.0.0.0 Safari/537.36"
20.151.7.119 - - [17/Jul/2026:02:34:15 +0000] "GET /wp-includes/block-supports/ HTTP/1.1" 404 1251 "-" "Mozilla/5.0 (Windows NT 10.0; Win64; x64) AppleWebKit/537.36 (KHTML, like Gecko) Chrome/120.0.0.0 Safari/537.36"
20.151.7.119 - - [17/Jul/2026:02:34:16 +0000] "GET /wp-content/ HTTP/1.1" 200 0 "-" "Mozilla/5.0 (Windows NT 10.0; Win64; x64) AppleWebKit/537.36 (KHTML, like Gecko) Chrome/120.0.0.0 Safari/537.36"
20.151.7.119 - - [17/Jul/2026:02:34:16 +0000] "GET /file5.php HTTP/1.1" 404 19734 "-" "Mozilla/5.0 (Windows NT 10.0; Win64; x64) AppleWebKit/537.36 (KHTML, like Gecko) Chrome/120.0.0.0 Safari/537.36"
20.151.7.119 - - [17/Jul/2026:02:34:18 +0000] "GET /sf.php HTTP/1.1" 404 19734 "-" "Mozilla/5.0 (Windows NT 10.0; Win64; x64) AppleWebKit/537.36 (KHTML, like Gecko) Chrome/120.0.0.0 Safari/537.36"
20.151.7.119 - - [17/Jul/2026:02:34:19 +0000] "GET /404.php HTTP/1.1" 404 19734 "-" "Mozilla/5.0 (Windows NT 10.0; Win64; x64) AppleWebKit/537.36 (KHTML, like Gecko) Chrome/120.0.0.0 Safari/537.36"
20.151.7.119 - - [17/Jul/2026:02:34:20 +0000] "GET /wp-admin/js/widgets/ HTTP/1.1" 404 1251 "-" "Mozilla/5.0 (Windows NT 10.0; Win64; x64) AppleWebKit/537.36 (KHTML, like Gecko) Chrome/120.0.0.0 Safari/537.36"
20.151.7.119 - - [17/Jul/2026:02:34:20 +0000] "GET /wso.php HTTP/1.1" 403 5137 "-" "Mozilla/5.0 (Windows NT 10.0; Win64; x64) AppleWebKit/537.36 (KHTML, like Gecko) Chrome/120.0.0.0 Safari/537.36"
20.151.7.119 - - [17/Jul/2026:02:34:20 +0000] "GET /ioxi-o.php HTTP/1.1" 404 19734 "-" "Mozilla/5.0 (Windows NT 10.0; Win64; x64) AppleWebKit/537.36 (KHTML, like Gecko) Chrome/120.0.0.0 Safari/537.36"
20.151.7.119 - - [17/Jul/2026:02:34:22 +0000] "GET /file56.php HTTP/1.1" 404 19734 "-" "Mozilla/5.0 (Windows NT 10.0; Win64; x64) AppleWebKit/537.36 (KHTML, like Gecko) Chrome/120.0.0.0 Safari/537.36"
20.151.7.119 - - [17/Jul/2026:02:34:23 +0000] "GET /wp-includes/PHPMailer/admin.php HTTP/1.1" 404 19734 "-" "Mozilla/5.0 (Windows NT 10.0; Win64; x64) AppleWebKit/537.36 (KHTML, like Gecko) Chrome/120.0.0.0 Safari/537.36"
20.151.7.119 - - [17/Jul/2026:02:34:25 +0000] "GET /wp-admin/css/index.php HTTP/1.1" 301 0 "-" "Mozilla/5.0 (Windows NT 10.0; Win64; x64) AppleWebKit/537.36 (KHTML, like Gecko) Chrome/120.0.0.0 Safari/537.36"
20.151.7.119 - - [17/Jul/2026:02:34:26 +0000] "GET /wp-content/edit.php HTTP/1.1" 404 19734 "-" "Mozilla/5.0 (Windows NT 10.0; Win64; x64) AppleWebKit/537.36 (KHTML, like Gecko) Chrome/120.0.0.0 Safari/537.36"
20.151.7.119 - - [17/Jul/2026:02:34:28 +0000] "GET /2.php HTTP/1.1" 404 19734 "-" "Mozilla/5.0 (Windows NT 10.0; Win64; x64) AppleWebKit/537.36 (KHTML, like Gecko) Chrome/120.0.0.0 Safari/537.36"
20.151.7.119 - - [17/Jul/2026:02:34:29 +0000] "GET /wp-content/uploads/admin.php HTTP/1.1" 404 19734 "-" "Mozilla/5.0 (Windows NT 10.0; Win64; x64) AppleWebKit/537.36 (KHTML, like Gecko) Chrome/120.0.0.0 Safari/537.36"
20.151.7.119 - - [17/Jul/2026:02:34:31 +0000] "GET /mah.php HTTP/1.1" 403 5137 "-" "Mozilla/5.0 (Windows NT 10.0; Win64; x64) AppleWebKit/537.36 (KHTML, like Gecko) Chrome/120.0.0.0 Safari/537.36"
20.151.7.119 - - [17/Jul/2026:02:34:31 +0000] "GET /send.php HTTP/1.1" 404 19734 "-" "Mozilla/5.0 (Windows NT 10.0; Win64; x64) AppleWebKit/537.36 (KHTML, like Gecko) Chrome/120.0.0.0 Safari/537.36"
20.151.7.119 - - [17/Jul/2026:02:34:32 +0000] "GET /wp-content/plugins/dummyyummy/wp-signup.php HTTP/1.1" 403 5137 "-" "Mozilla/5.0 (Windows NT 10.0; Win64; x64) AppleWebKit/537.36 (KHTML, like Gecko) Chrome/120.0.0.0 Safari/537.36"
20.151.7.119 - - [17/Jul/2026:02:34:33 +0000] "GET /wp-includes/js/crop/ HTTP/1.1" 404 1251 "-" "Mozilla/5.0 (Windows NT 10.0; Win64; x64) AppleWebKit/537.36 (KHTML, like Gecko) Chrome/120.0.0.0 Safari/537.36"
20.151.7.119 - - [17/Jul/2026:02:34:33 +0000] "GET /about.php HTTP/1.1" 404 19734 "-" "Mozilla/5.0 (Windows NT 10.0; Win64; x64) AppleWebKit/537.36 (KHTML, like Gecko) Chrome/120.0.0.0 Safari/537.36"
20.151.7.119 - - [17/Jul/2026:02:34:34 +0000] "GET /wp-content/themes/index.php HTTP/1.1" 200 0 "-" "Mozilla/5.0 (Windows NT 10.0; Win64; x64) AppleWebKit/537.36 (KHTML, like Gecko) Chrome/120.0.0.0 Safari/537.36"
20.151.7.119 - - [17/Jul/2026:02:34:35 +0000] "GET /wp-file.php HTTP/1.1" 404 19734 "-" "Mozilla/5.0 (Windows NT 10.0; Win64; x64) AppleWebKit/537.36 (KHTML, like Gecko) Chrome/120.0.0.0 Safari/537.36"
20.151.7.119 - - [17/Jul/2026:02:34:36 +0000] "GET /sid3.php HTTP/1.1" 404 19734 "-" "Mozilla/5.0 (Windows NT 10.0; Win64; x64) AppleWebKit/537.36 (KHTML, like Gecko) Chrome/120.0.0.0 Safari/537.36"
194.39.149.53 - - [17/Jul/2026:02:34:39 +0000] "POST /wp-cron.php?doing_wp_cron=1784255679.0381360054016113281250 HTTP/1.1" 200 0 "-" "WordPress/6.9.4; https://angelsurchins.co.uk"
20.151.7.119 - - [17/Jul/2026:02:34:37 +0000] "GET /themes.php HTTP/1.1" 404 19734 "-" "Mozilla/5.0 (Windows NT 10.0; Win64; x64) AppleWebKit/537.36 (KHTML, like Gecko) Chrome/120.0.0.0 Safari/537.36"
20.151.7.119 - - [17/Jul/2026:02:34:39 +0000] "GET /wp-content/plugins/index.php HTTP/1.1" 200 0 "-" "Mozilla/5.0 (Windows NT 10.0; Win64; x64) AppleWebKit/537.36 (KHTML, like Gecko) Chrome/120.0.0.0 Safari/537.36"
20.151.7.119 - - [17/Jul/2026:02:34:39 +0000] "GET /admin/controller/extension/extension/ HTTP/1.1" 404 19734 "-" "Mozilla/5.0 (Windows NT 10.0; Win64; x64) AppleWebKit/537.36 (KHTML, like Gecko) Chrome/120.0.0.0 Safari/537.36"
20.151.7.119 - - [17/Jul/2026:02:34:41 +0000] "GET /wp-includes/css/dist/widgets/ HTTP/1.1" 404 1251 "-" "Mozilla/5.0 (Windows NT 10.0; Win64; x64) AppleWebKit/537.36 (KHTML, like Gecko) Chrome/120.0.0.0 Safari/537.36"
20.151.7.119 - - [17/Jul/2026:02:34:41 +0000] "GET /wp-admin/images/index.php HTTP/1.1" 301 0 "-" "Mozilla/5.0 (Windows NT 10.0; Win64; x64) AppleWebKit/537.36 (KHTML, like Gecko) Chrome/120.0.0.0 Safari/537.36"
20.151.7.119 - - [17/Jul/2026:02:34:44 +0000] "GET /num.php HTTP/1.1" 404 19734 "-" "Mozilla/5.0 (Windows NT 10.0; Win64; x64) AppleWebKit/537.36 (KHTML, like Gecko) Chrome/120.0.0.0 Safari/537.36"
20.151.7.119 - - [17/Jul/2026:02:34:46 +0000] "GET /wp-admin/css/colors/ocean/ HTTP/1.1" 404 1251 "-" "Mozilla/5.0 (Windows NT 10.0; Win64; x64) AppleWebKit/537.36 (KHTML, like Gecko) Chrome/120.0.0.0 Safari/537.36"
20.151.7.119 - - [17/Jul/2026:02:34:46 +0000] "GET /wp-content/et-cache/ HTTP/1.1" 404 19734 "-" "Mozilla/5.0 (Windows NT 10.0; Win64; x64) AppleWebKit/537.36 (KHTML, like Gecko) Chrome/120.0.0.0 Safari/537.36"
20.151.7.119 - - [17/Jul/2026:02:34:48 +0000] "GET /wp-admin/images/admin.php HTTP/1.1" 404 19734 "-" "Mozilla/5.0 (Windows NT 10.0; Win64; x64) AppleWebKit/537.36 (KHTML, like Gecko) Chrome/120.0.0.0 Safari/537.36"
20.151.7.119 - - [17/Jul/2026:02:34:49 +0000] "GET /wp-content/upgrade/index.php HTTP/1.1" 301 0 "-" "Mozilla/5.0 (Windows NT 10.0; Win64; x64) AppleWebKit/537.36 (KHTML, like Gecko) Chrome/120.0.0.0 Safari/537.36"
20.151.7.119 - - [17/Jul/2026:02:34:51 +0000] "GET /wp-includes/SimplePie/index.php HTTP/1.1" 301 0 "-" "Mozilla/5.0 (Windows NT 10.0; Win64; x64) AppleWebKit/537.36 (KHTML, like Gecko) Chrome/120.0.0.0 Safari/537.36"
20.151.7.119 - - [17/Jul/2026:02:34:53 +0000] "GET /gifclass.php HTTP/1.1" 404 19734 "-" "Mozilla/5.0 (Windows NT 10.0; Win64; x64) AppleWebKit/537.36 (KHTML, like Gecko) Chrome/120.0.0.0 Safari/537.36"
20.151.7.119 - - [17/Jul/2026:02:34:54 +0000] "GET /wp-includes/certificates/ HTTP/1.1" 404 1251 "-" "Mozilla/5.0 (Windows NT 10.0; Win64; x64) AppleWebKit/537.36 (KHTML, like Gecko) Chrome/120.0.0.0 Safari/537.36"
20.151.7.119 - - [17/Jul/2026:02:34:54 +0000] "GET /222.php HTTP/1.1" 404 19734 "-" "Mozilla/5.0 (Windows NT 10.0; Win64; x64) AppleWebKit/537.36 (KHTML, like Gecko) Chrome/120.0.0.0 Safari/537.36"
20.151.7.119 - - [17/Jul/2026:02:34:56 +0000] "GET /wp-content/plugins/admin.php HTTP/1.1" 404 19734 "-" "Mozilla/5.0 (Windows NT 10.0; Win64; x64) AppleWebKit/537.36 (KHTML, like Gecko) Chrome/120.0.0.0 Safari/537.36"
57.141.0.7 - - [17/Jul/2026:02:34:57 +0000] "GET /wp-content/uploads/2024/09/bb40ce_5ac82797704c436cab1ee1339ce6dfbbmv2-130x130.jpg HTTP/2" 200 3392 "-" "Mozilla/5.0 (Windows NT 10.0; Win64; x64) AppleWebKit/537.36 (KHTML, like Gecko) Chrome/145.0.0.0 Safari/537.36 (compatible; meta-externalagent/1.1 (+https://developers.facebook.com/docs/sharing/webmasters/crawler))"
20.151.7.119 - - [17/Jul/2026:02:34:57 +0000] "GET /css/index.php HTTP/1.1" 301 0 "-" "Mozilla/5.0 (Windows NT 10.0; Win64; x64) AppleWebKit/537.36 (KHTML, like Gecko) Chrome/120.0.0.0 Safari/537.36"
20.151.7.119 - - [17/Jul/2026:02:34:58 +0000] "GET /wp-cron.php HTTP/1.1" 200 0 "-" "Mozilla/5.0 (Windows NT 10.0; Win64; x64) AppleWebKit/537.36 (KHTML, like Gecko) Chrome/120.0.0.0 Safari/537.36"
20.151.7.119 - - [17/Jul/2026:02:34:58 +0000] "GET /wp-block.php HTTP/1.1" 404 19734 "-" "Mozilla/5.0 (Windows NT 10.0; Win64; x64) AppleWebKit/537.36 (KHTML, like Gecko) Chrome/120.0.0.0 Safari/537.36"
20.151.7.119 - - [17/Jul/2026:02:35:00 +0000] "GET /wp-includes/fonts/admin.php HTTP/1.1" 404 19734 "-" "Mozilla/5.0 (Windows NT 10.0; Win64; x64) AppleWebKit/537.36 (KHTML, like Gecko) Chrome/120.0.0.0 Safari/537.36"
20.151.7.119 - - [17/Jul/2026:02:35:02 +0000] "GET /wp-admin/css/colors/modern/ HTTP/1.1" 404 1251 "-" "Mozilla/5.0 (Windows NT 10.0; Win64; x64) AppleWebKit/537.36 (KHTML, like Gecko) Chrome/120.0.0.0 Safari/537.36"
20.151.7.119 - - [17/Jul/2026:02:35:02 +0000] "GET /classwithtostring.php HTTP/1.1" 404 19734 "-" "Mozilla/5.0 (Windows NT 10.0; Win64; x64) AppleWebKit/537.36 (KHTML, like Gecko) Chrome/120.0.0.0 Safari/537.36"
20.151.7.119 - - [17/Jul/2026:02:35:03 +0000] "GET /test1.php HTTP/1.1" 404 19734 "-" "Mozilla/5.0 (Windows NT 10.0; Win64; x64) AppleWebKit/537.36 (KHTML, like Gecko) Chrome/120.0.0.0 Safari/537.36"
20.151.7.119 - - [17/Jul/2026:02:35:05 +0000] "GET /wp-admin/images/ HTTP/1.1" 404 1251 "-" "Mozilla/5.0 (Windows NT 10.0; Win64; x64) AppleWebKit/537.36 (KHTML, like Gecko) Chrome/120.0.0.0 Safari/537.36"
20.151.7.119 - - [17/Jul/2026:02:35:05 +0000] "GET /images/index.php HTTP/1.1" 301 0 "-" "Mozilla/5.0 (Windows NT 10.0; Win64; x64) AppleWebKit/537.36 (KHTML, like Gecko) Chrome/120.0.0.0 Safari/537.36"
20.151.7.119 - - [17/Jul/2026:02:35:06 +0000] "GET /wp-includes/rest-api/fields/ HTTP/1.1" 404 1251 "-" "Mozilla/5.0 (Windows NT 10.0; Win64; x64) AppleWebKit/537.36 (KHTML, like Gecko) Chrome/120.0.0.0 Safari/537.36"
20.151.7.119 - - [17/Jul/2026:02:35:07 +0000] "GET /asd.php HTTP/1.1" 404 19734 "-" "Mozilla/5.0 (Windows NT 10.0; Win64; x64) AppleWebKit/537.36 (KHTML, like Gecko) Chrome/120.0.0.0 Safari/537.36"
20.151.7.119 - - [17/Jul/2026:02:35:08 +0000] "GET /wp-includes/customize/index.php HTTP/1.1" 301 0 "-" "Mozilla/5.0 (Windows NT 10.0; Win64; x64) AppleWebKit/537.36 (KHTML, like Gecko) Chrome/120.0.0.0 Safari/537.36"
20.151.7.119 - - [17/Jul/2026:02:35:10 +0000] "GET /wp-content/plugins/core-plugin/include.php HTTP/1.1" 403 5137 "-" "Mozilla/5.0 (Windows NT 10.0; Win64; x64) AppleWebKit/537.36 (KHTML, like Gecko) Chrome/120.0.0.0 Safari/537.36"
20.151.7.119 - - [17/Jul/2026:02:35:10 +0000] "GET /atomlib.php HTTP/1.1" 404 19734 "-" "Mozilla/5.0 (Windows NT 10.0; Win64; x64) AppleWebKit/537.36 (KHTML, like Gecko) Chrome/120.0.0.0 Safari/537.36"
20.151.7.119 - - [17/Jul/2026:02:35:12 +0000] "GET /wp-includes/html-api/ HTTP/1.1" 404 1251 "-" "Mozilla/5.0 (Windows NT 10.0; Win64; x64) AppleWebKit/537.36 (KHTML, like Gecko) Chrome/120.0.0.0 Safari/537.36"
20.151.7.119 - - [17/Jul/2026:02:35:12 +0000] "GET /wp-admin/js/ HTTP/1.1" 404 1251 "-" "Mozilla/5.0 (Windows NT 10.0; Win64; x64) AppleWebKit/537.36 (KHTML, like Gecko) Chrome/120.0.0.0 Safari/537.36"
20.151.7.119 - - [17/Jul/2026:02:35:12 +0000] "GET /wp-includes/IXR/chosen.php HTTP/1.1" 403 5137 "-" "Mozilla/5.0 (Windows NT 10.0; Win64; x64) AppleWebKit/537.36 (KHTML, like Gecko) Chrome/120.0.0.0 Safari/537.36"
20.151.7.119 - - [17/Jul/2026:02:35:12 +0000] "GET /wp-admin/css/colors/ectoplasm/ HTTP/1.1" 404 1251 "-" "Mozilla/5.0 (Windows NT 10.0; Win64; x64) AppleWebKit/537.36 (KHTML, like Gecko) Chrome/120.0.0.0 Safari/537.36"
