20.226.26.5 - - [16/Jul/2026:22:56:43 +0000] "GET /autodiscover/autodiscover.xml HTTP/1.1" 400 52 "-" "-"
20.226.26.5 - - [16/Jul/2026:22:56:44 +0000] "GET /autodiscover/autodiscover.xml HTTP/1.1" 400 52 "-" "-"
20.226.26.5 - - [16/Jul/2026:22:56:44 +0000] "GET /autodiscover/autodiscover.xml HTTP/1.1" 400 52 "-" "-"
20.226.26.5 - - [16/Jul/2026:22:56:44 +0000] "GET /autodiscover/autodiscover.xml HTTP/1.1" 400 52 "-" "-"
20.226.26.5 - - [16/Jul/2026:22:56:44 +0000] "GET /autodiscover/autodiscover.xml HTTP/1.1" 400 52 "-" "-"
20.226.26.5 - - [16/Jul/2026:22:56:44 +0000] "GET /autodiscover/autodiscover.xml HTTP/1.1" 400 52 "-" "-"
20.226.26.5 - - [16/Jul/2026:22:56:45 +0000] "GET /autodiscover/autodiscover.xml HTTP/1.1" 400 52 "-" "-"
20.226.26.5 - - [16/Jul/2026:22:56:45 +0000] "GET /autodiscover/autodiscover.xml HTTP/1.1" 400 52 "-" "-"
20.226.26.5 - - [16/Jul/2026:22:56:45 +0000] "GET /autodiscover/autodiscover.xml HTTP/1.1" 400 52 "-" "-"
20.226.26.5 - - [16/Jul/2026:22:56:45 +0000] "GET /autodiscover/autodiscover.xml HTTP/1.1" 400 52 "-" "-"
20.226.26.5 - - [16/Jul/2026:22:56:46 +0000] "GET /autodiscover/autodiscover.xml HTTP/1.1" 400 52 "-" "-"
20.226.26.5 - - [16/Jul/2026:22:56:46 +0000] "GET /autodiscover/autodiscover.xml HTTP/1.1" 400 52 "-" "-"
20.226.26.5 - - [16/Jul/2026:22:56:46 +0000] "GET /autodiscover/autodiscover.xml HTTP/1.1" 400 52 "-" "-"
20.226.26.5 - - [16/Jul/2026:22:56:46 +0000] "GET /autodiscover/autodiscover.xml HTTP/1.1" 400 52 "-" "-"
20.226.26.5 - - [16/Jul/2026:22:56:47 +0000] "GET /autodiscover/autodiscover.xml HTTP/1.1" 400 52 "-" "-"
20.226.26.5 - - [16/Jul/2026:22:56:47 +0000] "GET /autodiscover/autodiscover.xml HTTP/1.1" 400 52 "-" "-"
20.226.26.5 - - [16/Jul/2026:22:56:47 +0000] "GET /autodiscover/autodiscover.xml HTTP/1.1" 400 52 "-" "-"
20.226.26.5 - - [16/Jul/2026:22:56:47 +0000] "GET /autodiscover/autodiscover.xml HTTP/1.1" 400 52 "-" "-"
20.226.26.5 - - [16/Jul/2026:22:56:48 +0000] "GET /autodiscover/autodiscover.xml HTTP/1.1" 400 52 "-" "-"
20.226.26.5 - - [16/Jul/2026:22:56:48 +0000] "GET /autodiscover/autodiscover.xml HTTP/1.1" 400 52 "-" "-"
20.226.26.5 - - [16/Jul/2026:22:56:48 +0000] "GET /autodiscover/autodiscover.xml HTTP/1.1" 400 52 "-" "-"
20.226.26.5 - - [16/Jul/2026:22:56:48 +0000] "GET /autodiscover/autodiscover.xml HTTP/1.1" 400 52 "-" "-"
20.226.26.5 - - [16/Jul/2026:22:56:48 +0000] "GET /autodiscover/autodiscover.xml HTTP/1.1" 400 52 "-" "-"
20.226.26.5 - - [16/Jul/2026:22:56:49 +0000] "GET /autodiscover/autodiscover.xml HTTP/1.1" 400 52 "-" "-"
20.226.26.5 - - [16/Jul/2026:22:56:49 +0000] "GET /autodiscover/autodiscover.xml HTTP/1.1" 400 52 "-" "-"
20.226.26.5 - - [16/Jul/2026:22:56:49 +0000] "GET /autodiscover/autodiscover.xml HTTP/1.1" 400 52 "-" "-"
20.226.26.5 - - [16/Jul/2026:22:56:49 +0000] "GET /autodiscover/autodiscover.xml HTTP/1.1" 400 52 "-" "-"
20.226.26.5 - - [16/Jul/2026:22:56:50 +0000] "GET /autodiscover/autodiscover.xml HTTP/1.1" 400 52 "-" "-"
20.226.26.5 - - [16/Jul/2026:22:56:50 +0000] "GET /autodiscover/autodiscover.xml HTTP/1.1" 400 52 "-" "-"
20.226.26.5 - - [16/Jul/2026:22:56:50 +0000] "GET /autodiscover/autodiscover.xml HTTP/1.1" 400 52 "-" "-"
20.226.26.5 - - [16/Jul/2026:22:56:50 +0000] "GET /autodiscover/autodiscover.xml HTTP/1.1" 400 52 "-" "-"
20.226.26.5 - - [16/Jul/2026:22:56:51 +0000] "GET /autodiscover/autodiscover.xml HTTP/1.1" 400 52 "-" "-"
20.226.26.5 - - [16/Jul/2026:22:56:51 +0000] "GET /autodiscover/autodiscover.xml HTTP/1.1" 400 52 "-" "-"
20.226.26.5 - - [16/Jul/2026:22:56:51 +0000] "GET /autodiscover/autodiscover.xml HTTP/1.1" 400 52 "-" "-"
20.226.26.5 - - [16/Jul/2026:22:56:51 +0000] "GET /autodiscover/autodiscover.xml HTTP/1.1" 400 52 "-" "-"
20.226.26.5 - - [16/Jul/2026:22:56:51 +0000] "GET /autodiscover/autodiscover.xml HTTP/1.1" 400 52 "-" "-"
20.226.26.5 - - [16/Jul/2026:22:56:52 +0000] "GET /autodiscover/autodiscover.xml HTTP/1.1" 400 52 "-" "-"
20.226.26.5 - - [16/Jul/2026:22:56:52 +0000] "GET /autodiscover/autodiscover.xml HTTP/1.1" 400 52 "-" "-"
20.226.26.5 - - [16/Jul/2026:22:56:52 +0000] "GET /autodiscover/autodiscover.xml HTTP/1.1" 400 52 "-" "-"
20.226.26.5 - - [16/Jul/2026:22:56:52 +0000] "GET /autodiscover/autodiscover.xml HTTP/1.1" 400 52 "-" "-"
20.226.26.5 - - [16/Jul/2026:22:56:53 +0000] "GET /autodiscover/autodiscover.xml HTTP/1.1" 400 52 "-" "-"
20.226.26.5 - - [16/Jul/2026:22:56:53 +0000] "GET /autodiscover/autodiscover.xml HTTP/1.1" 400 52 "-" "-"
20.226.26.5 - - [16/Jul/2026:22:56:53 +0000] "GET /autodiscover/autodiscover.xml HTTP/1.1" 400 52 "-" "-"
20.226.26.5 - - [16/Jul/2026:22:56:53 +0000] "GET /autodiscover/autodiscover.xml HTTP/1.1" 400 52 "-" "-"
20.226.26.5 - - [16/Jul/2026:22:56:54 +0000] "GET /autodiscover/autodiscover.xml HTTP/1.1" 400 52 "-" "-"
20.226.26.5 - - [16/Jul/2026:22:56:54 +0000] "GET /autodiscover/autodiscover.xml HTTP/1.1" 400 52 "-" "-"
20.226.26.5 - - [16/Jul/2026:22:56:54 +0000] "GET /autodiscover/autodiscover.xml HTTP/1.1" 400 52 "-" "-"
20.226.26.5 - - [16/Jul/2026:22:56:54 +0000] "GET /autodiscover/autodiscover.xml HTTP/1.1" 400 52 "-" "-"
20.226.26.5 - - [16/Jul/2026:22:56:55 +0000] "GET /autodiscover/autodiscover.xml HTTP/1.1" 400 52 "-" "-"
20.226.26.5 - - [16/Jul/2026:22:56:55 +0000] "GET /autodiscover/autodiscover.xml HTTP/1.1" 400 52 "-" "-"
20.226.26.5 - - [16/Jul/2026:22:56:55 +0000] "GET /autodiscover/autodiscover.xml HTTP/1.1" 400 52 "-" "-"
20.226.26.5 - - [16/Jul/2026:22:56:55 +0000] "GET /autodiscover/autodiscover.xml HTTP/1.1" 400 52 "-" "-"
20.226.26.5 - - [16/Jul/2026:22:56:55 +0000] "GET /autodiscover/autodiscover.xml HTTP/1.1" 400 52 "-" "-"
20.226.26.5 - - [16/Jul/2026:22:56:56 +0000] "GET /autodiscover/autodiscover.xml HTTP/1.1" 400 52 "-" "-"
20.226.26.5 - - [16/Jul/2026:22:56:56 +0000] "GET /autodiscover/autodiscover.xml HTTP/1.1" 400 52 "-" "-"
20.226.26.5 - - [16/Jul/2026:22:56:56 +0000] "GET /autodiscover/autodiscover.xml HTTP/1.1" 400 52 "-" "-"
20.226.26.5 - - [16/Jul/2026:22:56:56 +0000] "GET /autodiscover/autodiscover.xml HTTP/1.1" 400 52 "-" "-"
20.226.26.5 - - [16/Jul/2026:22:56:57 +0000] "GET /autodiscover/autodiscover.xml HTTP/1.1" 400 52 "-" "-"
20.226.26.5 - - [16/Jul/2026:22:56:57 +0000] "GET /autodiscover/autodiscover.xml HTTP/1.1" 400 52 "-" "-"
20.226.26.5 - - [16/Jul/2026:22:56:57 +0000] "GET /autodiscover/autodiscover.xml HTTP/1.1" 400 52 "-" "-"
20.226.26.5 - - [16/Jul/2026:22:56:57 +0000] "GET /autodiscover/autodiscover.xml HTTP/1.1" 400 52 "-" "-"
20.226.26.5 - - [16/Jul/2026:22:56:57 +0000] "GET /autodiscover/autodiscover.xml HTTP/1.1" 400 52 "-" "-"
20.226.26.5 - - [16/Jul/2026:22:56:58 +0000] "GET /autodiscover/autodiscover.xml HTTP/1.1" 400 52 "-" "-"
20.226.26.5 - - [16/Jul/2026:22:56:58 +0000] "GET /autodiscover/autodiscover.xml HTTP/1.1" 400 52 "-" "-"
20.226.26.5 - - [16/Jul/2026:22:56:58 +0000] "GET /autodiscover/autodiscover.xml HTTP/1.1" 400 52 "-" "-"
20.226.26.5 - - [16/Jul/2026:22:56:58 +0000] "GET /autodiscover/autodiscover.xml HTTP/1.1" 400 52 "-" "-"
20.226.26.5 - - [16/Jul/2026:22:56:59 +0000] "GET /autodiscover/autodiscover.xml HTTP/1.1" 400 52 "-" "-"
20.226.26.5 - - [16/Jul/2026:22:56:59 +0000] "GET /autodiscover/autodiscover.xml HTTP/1.1" 400 52 "-" "-"
20.226.26.5 - - [16/Jul/2026:22:56:59 +0000] "GET /autodiscover/autodiscover.xml HTTP/1.1" 400 52 "-" "-"
20.226.26.5 - - [16/Jul/2026:22:56:59 +0000] "GET /autodiscover/autodiscover.xml HTTP/1.1" 400 52 "-" "-"
20.226.26.5 - - [16/Jul/2026:22:57:00 +0000] "GET /autodiscover/autodiscover.xml HTTP/1.1" 400 52 "-" "-"
20.226.26.5 - - [16/Jul/2026:22:57:00 +0000] "GET /autodiscover/autodiscover.xml HTTP/1.1" 400 52 "-" "-"
20.226.26.5 - - [16/Jul/2026:22:57:00 +0000] "GET /autodiscover/autodiscover.xml HTTP/1.1" 400 52 "-" "-"
20.226.26.5 - - [16/Jul/2026:22:57:00 +0000] "GET /autodiscover/autodiscover.xml HTTP/1.1" 400 52 "-" "-"
20.226.26.5 - - [16/Jul/2026:22:57:01 +0000] "GET /autodiscover/autodiscover.xml HTTP/1.1" 400 52 "-" "-"
20.226.26.5 - - [16/Jul/2026:22:57:01 +0000] "GET /autodiscover/autodiscover.xml HTTP/1.1" 400 52 "-" "-"
20.226.26.5 - - [16/Jul/2026:22:57:01 +0000] "GET /autodiscover/autodiscover.xml HTTP/1.1" 400 52 "-" "-"
20.226.26.5 - - [16/Jul/2026:22:57:01 +0000] "GET /autodiscover/autodiscover.xml HTTP/1.1" 400 52 "-" "-"
20.226.26.5 - - [16/Jul/2026:22:57:02 +0000] "GET /autodiscover/autodiscover.xml HTTP/1.1" 400 52 "-" "-"
20.226.26.5 - - [16/Jul/2026:22:57:02 +0000] "GET /autodiscover/autodiscover.xml HTTP/1.1" 400 52 "-" "-"
20.226.26.5 - - [16/Jul/2026:22:57:02 +0000] "GET /autodiscover/autodiscover.xml HTTP/1.1" 400 52 "-" "-"
20.226.26.5 - - [16/Jul/2026:22:57:02 +0000] "GET /autodiscover/autodiscover.xml HTTP/1.1" 400 52 "-" "-"
20.226.26.5 - - [16/Jul/2026:22:57:02 +0000] "GET /autodiscover/autodiscover.xml HTTP/1.1" 400 52 "-" "-"
20.226.26.5 - - [16/Jul/2026:22:57:03 +0000] "GET /autodiscover/autodiscover.xml HTTP/1.1" 400 52 "-" "-"
20.226.26.5 - - [16/Jul/2026:22:57:03 +0000] "GET /autodiscover/autodiscover.xml HTTP/1.1" 400 52 "-" "-"
20.226.26.5 - - [16/Jul/2026:22:57:03 +0000] "GET /autodiscover/autodiscover.xml HTTP/1.1" 400 52 "-" "-"
20.226.26.5 - - [16/Jul/2026:22:57:04 +0000] "GET /autodiscover/autodiscover.xml HTTP/1.1" 400 52 "-" "-"
20.226.26.5 - - [16/Jul/2026:22:57:04 +0000] "GET /autodiscover/autodiscover.xml HTTP/1.1" 400 52 "-" "-"
20.226.26.5 - - [16/Jul/2026:22:57:05 +0000] "GET /autodiscover/autodiscover.xml HTTP/1.1" 400 52 "-" "-"
20.226.26.5 - - [16/Jul/2026:22:57:05 +0000] "GET /autodiscover/autodiscover.xml HTTP/1.1" 400 52 "-" "-"
20.226.26.5 - - [16/Jul/2026:22:57:06 +0000] "GET /autodiscover/autodiscover.xml HTTP/1.1" 400 52 "-" "-"
20.226.26.5 - - [16/Jul/2026:22:57:07 +0000] "GET /autodiscover/autodiscover.xml HTTP/1.1" 400 52 "-" "-"
20.226.26.5 - - [16/Jul/2026:22:57:07 +0000] "GET /autodiscover/autodiscover.xml HTTP/1.1" 400 52 "-" "-"
20.226.26.5 - - [16/Jul/2026:22:57:08 +0000] "GET /autodiscover/autodiscover.xml HTTP/1.1" 400 52 "-" "-"
20.226.26.5 - - [16/Jul/2026:22:57:09 +0000] "GET /autodiscover/autodiscover.xml HTTP/1.1" 400 52 "-" "-"
20.226.26.5 - - [16/Jul/2026:22:57:09 +0000] "GET /autodiscover/autodiscover.xml HTTP/1.1" 400 52 "-" "-"
20.226.26.5 - - [16/Jul/2026:22:57:10 +0000] "GET /autodiscover/autodiscover.xml HTTP/1.1" 400 52 "-" "-"
20.226.26.5 - - [16/Jul/2026:22:57:10 +0000] "GET /autodiscover/autodiscover.xml HTTP/1.1" 400 52 "-" "-"
20.226.26.5 - - [16/Jul/2026:22:57:11 +0000] "GET /autodiscover/autodiscover.xml HTTP/1.1" 400 52 "-" "-"
20.226.26.5 - - [16/Jul/2026:22:57:12 +0000] "GET /autodiscover/autodiscover.xml HTTP/1.1" 400 52 "-" "-"
20.226.26.5 - - [16/Jul/2026:22:57:12 +0000] "GET /autodiscover/autodiscover.xml HTTP/1.1" 400 52 "-" "-"
20.226.26.5 - - [16/Jul/2026:22:57:13 +0000] "GET /autodiscover/autodiscover.xml HTTP/1.1" 400 52 "-" "-"
20.226.26.5 - - [16/Jul/2026:22:57:13 +0000] "GET /autodiscover/autodiscover.xml HTTP/1.1" 400 52 "-" "-"
20.226.26.5 - - [16/Jul/2026:22:57:14 +0000] "GET /autodiscover/autodiscover.xml HTTP/1.1" 400 52 "-" "-"
20.226.26.5 - - [16/Jul/2026:22:57:15 +0000] "GET /autodiscover/autodiscover.xml HTTP/1.1" 400 52 "-" "-"
20.226.26.5 - - [16/Jul/2026:22:57:15 +0000] "GET /autodiscover/autodiscover.xml HTTP/1.1" 400 52 "-" "-"
20.226.26.5 - - [16/Jul/2026:22:57:16 +0000] "GET /autodiscover/autodiscover.xml HTTP/1.1" 400 52 "-" "-"
20.226.26.5 - - [16/Jul/2026:22:57:16 +0000] "GET /autodiscover/autodiscover.xml HTTP/1.1" 400 52 "-" "-"
20.226.26.5 - - [16/Jul/2026:22:57:17 +0000] "GET /autodiscover/autodiscover.xml HTTP/1.1" 400 52 "-" "-"
20.226.26.5 - - [16/Jul/2026:22:57:17 +0000] "GET /autodiscover/autodiscover.xml HTTP/1.1" 400 52 "-" "-"
20.226.26.5 - - [16/Jul/2026:22:57:18 +0000] "GET /autodiscover/autodiscover.xml HTTP/1.1" 400 52 "-" "-"
20.226.26.5 - - [16/Jul/2026:22:57:19 +0000] "GET /autodiscover/autodiscover.xml HTTP/1.1" 400 52 "-" "-"
20.226.26.5 - - [16/Jul/2026:22:57:19 +0000] "GET /autodiscover/autodiscover.xml HTTP/1.1" 400 52 "-" "-"
91.80.16.84 - - [16/Jul/2026:22:59:54 +0000] "GET /wp-content/uploads/2024/09/bb40ce_c5a1d93cae04457aae880a13bea4c72amv2.jpg HTTP/2" 200 53535 "https://angelsurchins.co.uk/product/baby-calf-print/" "Mozilla/5.0 (Windows NT 6.0; WOW64) AppleWebKit/535.11 (KHTML, like Gecko) Chrome/17.0.963.56 Safari/535.11"
194.39.149.53 - - [16/Jul/2026:23:00:19 +0000] "POST /wp-cron.php?doing_wp_cron=1784242819.4526638984680175781250 HTTP/1.1" 200 0 "-" "WordPress/6.9.4; https://angelsurchins.co.uk"
31.203.178.56 - - [16/Jul/2026:23:00:16 +0000] "GET /product/hand-drawn-english-forest-3/?add-to-wishlist=11875 HTTP/1.1" 200 38945 "-" "Mozilla/5.0 (Windows NT 6.3; Win64; x64) AppleWebKit/537.36 (KHTML, like Gecko) Chrome/89.0.4389.114 Safari/537.36"
194.39.149.53 - - [16/Jul/2026:23:00:21 +0000] "POST /wp-admin/admin-ajax.php HTTP/1.1" 200 0 "-" "WordPress/6.9.4; https://angelsurchins.co.uk"
194.39.149.53 - - [16/Jul/2026:23:01:33 +0000] "POST /wp-cron.php?doing_wp_cron=1784242893.8651449680328369140625 HTTP/1.1" 200 0 "-" "WordPress/6.9.4; https://angelsurchins.co.uk"
185.223.152.104 - - [16/Jul/2026:23:01:31 +0000] "POST /wp-login.php HTTP/1.1" 401 1503 "-" "Mozilla/5.0 (Windows; U; Windows NT 6.0; sv-SE; rv:1.9.0.18) Gecko/2010020220 Firefox/3.0.18 (.NET CLR 3.5.30729)"
194.39.149.53 - - [16/Jul/2026:23:02:10 +0000] "POST /wp-cron.php?doing_wp_cron=1784242930.8523850440979003906250 HTTP/1.1" 200 0 "-" "WordPress/6.9.4; https://angelsurchins.co.uk"
20.153.140.50 - - [16/Jul/2026:23:02:05 +0000] "GET /wp-login.php HTTP/2" 200 2453 "-" "Mozilla/5.0 (iPhone; CPU iPhone OS 18_0 like Mac OS X) AppleWebKit/605.1.15 (KHTML, like Gecko) CriOS/145.0.6917.0 Mobile/15E148 Safari/604.1"
114.34.90.9 - - [16/Jul/2026:23:02:05 +0000] "GET /wp-login.php HTTP/2" 200 2453 "-" "Mozilla/5.0 (X11; Linux x86_64) AppleWebKit/537.36 (KHTML, like Gecko) Chrome/133.0.0.0 Safari/537.36"
160.187.68.132 - - [16/Jul/2026:23:02:06 +0000] "GET /wp-login.php HTTP/2" 200 2453 "-" "Mozilla/5.0 (X11; Linux x86_64) AppleWebKit/537.36 (KHTML, like Gecko) Chrome/146.0.0.0 Safari/537.36"
20.153.140.50 - - [16/Jul/2026:23:02:11 +0000] "POST /wp-login.php HTTP/2" 401 1288 "https://angelsurchins.co.uk/wp-login.php" "Mozilla/5.0 (iPhone; CPU iPhone OS 18_0 like Mac OS X) AppleWebKit/605.1.15 (KHTML, like Gecko) CriOS/145.0.6917.0 Mobile/15E148 Safari/604.1"
114.34.90.9 - - [16/Jul/2026:23:02:12 +0000] "POST /wp-login.php HTTP/2" 401 1287 "https://angelsurchins.co.uk/wp-login.php" "Mozilla/5.0 (X11; Linux x86_64) AppleWebKit/537.36 (KHTML, like Gecko) Chrome/133.0.0.0 Safari/537.36"
160.187.68.132 - - [16/Jul/2026:23:02:13 +0000] "POST /wp-login.php HTTP/2" 401 1288 "https://angelsurchins.co.uk/wp-login.php" "Mozilla/5.0 (X11; Linux x86_64) AppleWebKit/537.36 (KHTML, like Gecko) Chrome/146.0.0.0 Safari/537.36"
34.90.222.110 - - [16/Jul/2026:23:02:28 +0000] "GET / HTTP/1.1" 200 12485 "-" "Scrapy/2.16.0 (+https://scrapy.org)"
194.39.149.53 - - [16/Jul/2026:23:02:50 +0000] "POST /wp-cron.php?doing_wp_cron=1784242970.8689210414886474609375 HTTP/1.1" 200 0 "-" "WordPress/6.9.4; https://angelsurchins.co.uk"
216.73.163.160 - - [16/Jul/2026:23:02:49 +0000] "POST /wp-login.php HTTP/1.1" 401 1500 "-" "edge|Mozilla/5.0 (Windows; Windows NT 10.0;; en-US) AppleWebKit/601.31 (KHTML, like Gecko) Chrome/51.0.2168.100 Safari/534.8 Edge/8.52806"
194.39.149.53 - - [16/Jul/2026:23:02:52 +0000] "POST /wp-admin/admin-ajax.php HTTP/1.1" 200 0 "-" "WordPress/6.9.4; https://angelsurchins.co.uk"
194.39.149.53 - - [16/Jul/2026:23:06:28 +0000] "POST /wp-cron.php?doing_wp_cron=1784243188.3942439556121826171875 HTTP/1.1" 200 0 "-" "WordPress/6.9.4; https://angelsurchins.co.uk"
113.186.188.163 - - [16/Jul/2026:23:06:26 +0000] "GET /product/iliana-3-in-1-cot-bed/?add-to-wishlist=11481 HTTP/1.1" 200 38240 "-" "Mozilla/5.0 (Macintosh; Intel Mac OS X 10_11_6) AppleWebKit/537.36 (KHTML, like Gecko) Chrome/86.0.4240.111 Safari/537.36"
194.39.149.53 - - [16/Jul/2026:23:06:29 +0000] "POST /wp-admin/admin-ajax.php HTTP/1.1" 200 0 "-" "WordPress/6.9.4; https://angelsurchins.co.uk"
194.39.149.53 - - [16/Jul/2026:23:07:36 +0000] "POST /wp-cron.php?doing_wp_cron=1784243256.1632618904113769531250 HTTP/1.1" 200 0 "-" "WordPress/6.9.4; https://angelsurchins.co.uk"
57.141.0.49 - - [16/Jul/2026:23:07:34 +0000] "GET /category-sitemap.xml HTTP/2" 200 748 "-" "Mozilla/5.0 (X11; Linux x86_64) AppleWebKit/537.36 (KHTML, like Gecko) Chrome/145.0.0.0 Safari/537.36 (compatible; meta-externalagent/1.1 (+https://developers.facebook.com/docs/sharing/webmasters/crawler))"
194.39.149.53 - - [16/Jul/2026:23:08:48 +0000] "POST /wp-cron.php?doing_wp_cron=1784243328.7555940151214599609375 HTTP/1.1" 200 0 "-" "WordPress/6.9.4; https://angelsurchins.co.uk"
179.189.42.99 - - [16/Jul/2026:23:08:46 +0000] "GET /product/forest-babies-nursery-gallery-set/?add-to-wishlist=11914 HTTP/1.1" 200 38307 "-" "Mozilla/5.0 (Macintosh; Intel Mac OS X 10_15_4) AppleWebKit/537.36 (KHTML, like Gecko) Chrome/87.0.4280.88 Safari/537.36"
194.39.149.53 - - [16/Jul/2026:23:08:51 +0000] "POST /wp-admin/admin-ajax.php HTTP/1.1" 200 0 "-" "WordPress/6.9.4; https://angelsurchins.co.uk"
194.39.149.53 - - [16/Jul/2026:23:10:14 +0000] "POST /wp-cron.php?doing_wp_cron=1784243414.5172290802001953125000 HTTP/1.1" 200 0 "-" "WordPress/6.9.4; https://angelsurchins.co.uk"
223.123.115.115 - - [16/Jul/2026:23:10:05 +0000] "GET /product/jungle-life-wallpaper/?add-to-wishlist=11886 HTTP/1.1" 200 38859 "-" "Mozilla/5.0 (Macintosh; Intel Mac OS X 10_11_3) AppleWebKit/537.36 (KHTML, like Gecko) Chrome/68.0.3409.1 Safari/537.36"
34.91.229.116 - - [16/Jul/2026:23:10:33 +0000] "GET /data:image/x-icon;base64,AAABAAEAICAAAAEAIADSAgAAFgAAAIlQTkcNChoKAAAADUlIRFIAAAAgAAAAIAgGAAAAc3p69AAAAplJREFUWIXt1j2IHGUYB/DfOzdnjIKFkECIVWIKvUFsIkRExa9KJCLaWAgWJx4DilZWgpDDiI0wiViIoGATP1CCEDYHSeCwUBBkgiiKURQJFiLo4d0eOxYzC8nsO9m9XcXC+8MW+3z+9/l6l2383xH+iSBpElyTdoda26xsDqp/h0CVZ3vwKm7tMBngAs7h7eRYebG6hMtMBHbMBX89vfARHprQ5U8cwdFQlIOZCVR5di1+w/wWXT/EY6EoN5NZCODuKZLDwzgSMCuBe2fwfX6QZwtpWzqfBBtLC3txF/ZhxKbBGx0EfsTJS77vwmGjlZrD4mUzUOXZjVjGI65cnTXchB8iupdDUb7QinsQZ7GzZftdQj2JVZ49iC/w6JjksIo7OnS9tiA5Vn6GtyK2+1MY5NkhfGDygVrBAxH5WkPuMjR7/3UsUFLl2Q68s4XkA3ws3v9zoSjX28Kr5wL1xrTxa6ou+f6OZGvqPg9v1wZeaUjcELE/DVfNhWFSvy/enOIZ9eq1sTokEMNLWI79oirP8g6fXpVnh7GEvY1sV/OJ4f0UhyKKk6EoX4x5pEkgXv6L6OM99YqNw/c4kXSwG5nkIfpLCynuiahW1GWeJHkfT4aiXO9atz1XcD6I6yLyHu6bIPk6Hg9FeYZ63y9EjBarPDvQ8VJ1nd9V3D4m+RncForyxFCQ4hSeahlej88Hefauurdwaufr5z/F/ZHAX6nL+mZE18e36IWiHLkFocqzW9QXcNz1+wUHxJ/f10JRPjvGP4pk/vj5L3F8AtufdD+/p6dJDknzX+05fDLGtife/766t9MRgFCUffWTudwE3AqBlVCUf0xLYGTQqzzbhydwJ3Y34g318J1tmX+DPBTlz9MS2MY2/nP8DTGaqeTDf30rAAAAAElFTkSuQmCC HTTP/1.1" 404 3418 "-" "Scrapy/2.16.0 (+https://scrapy.org)"
194.39.149.53 - - [16/Jul/2026:23:10:40 +0000] "POST /wp-cron.php?doing_wp_cron=1784243440.7118549346923828125000 HTTP/1.1" 200 0 "-" "WordPress/6.9.4; https://angelsurchins.co.uk"
123.25.50.148 - - [16/Jul/2026:23:10:38 +0000] "GET /product-category/kids/kids-beds/page/2/?add-to-wishlist=11733 HTTP/1.1" 200 35985 "-" "Mozilla/5.0 (Windows NT 6.1) AppleWebKit/537.36 (KHTML, like Gecko) Brave Chrome/78.0.3904.108 Safari/537.36"
194.39.149.53 - - [16/Jul/2026:23:15:29 +0000] "POST /wp-cron.php?doing_wp_cron=1784243729.3530519008636474609375 HTTP/1.1" 200 0 "-" "WordPress/6.9.4; https://angelsurchins.co.uk"
102.91.71.137 - - [16/Jul/2026:23:15:27 +0000] "GET /product/baby-piglet-print/?add-to-wishlist=11851 HTTP/1.1" 200 38063 "-" "Mozilla/5.0 (Macintosh; Intel Mac OS X 10_15_7) AppleWebKit/537.36 (KHTML, like Gecko) Brave Chrome/83.0.4103.116 Safari/537.36"
194.39.149.53 - - [16/Jul/2026:23:15:32 +0000] "POST /wp-admin/admin-ajax.php HTTP/1.1" 200 0 "-" "WordPress/6.9.4; https://angelsurchins.co.uk"
194.39.149.53 - - [16/Jul/2026:23:16:52 +0000] "POST /wp-cron.php?doing_wp_cron=1784243812.0697319507598876953125 HTTP/1.1" 200 0 "-" "WordPress/6.9.4; https://angelsurchins.co.uk"
37.65.39.56 - - [16/Jul/2026:23:16:49 +0000] "GET /shop/page/2/?add-to-wishlist=11463 HTTP/1.1" 200 39396 "-" "Mozilla/5.0 (Macintosh; Intel Mac OS X 12_4_0) AppleWebKit/537.36 (KHTML, like Gecko) Chrome/126.0.6478.126 Safari/537.36"
15.235.27.68 - - [16/Jul/2026:23:17:27 +0000] "GET /product-category/kids/kids-beds/ HTTP/2" 200 32298 "-" "Mozilla/5.0 (compatible; AhrefsBot/7.0; +http://ahrefs.com/robot/)"
66.249.79.1 - - [16/Jul/2026:23:17:35 +0000] "GET /wp-content/plugins/gallery-slider-for-woocommerce/public/css/swiper-bundle.min.css?ver=2.1.3 HTTP/1.1" 200 4510 "https://angelsurchins.co.uk/product/diora-oval-cot/" "Mozilla/5.0 (Linux; Android 6.0.1; Nexus 5X Build/MMB29P) AppleWebKit/537.36 (KHTML, like Gecko) Chrome/150.0.7871.124 Mobile Safari/537.36 (compatible; Googlebot/2.1; +http://www.google.com/bot.html)"
66.249.79.1 - - [16/Jul/2026:23:17:37 +0000] "GET /wp-includes/js/dist/dom-ready.min.js?ver=f77871ff7694fffea381 HTTP/1.1" 200 275 "https://angelsurchins.co.uk/product/diora-oval-cot/" "Mozilla/5.0 (Linux; Android 6.0.1; Nexus 5X Build/MMB29P) AppleWebKit/537.36 (KHTML, like Gecko) Chrome/150.0.7871.124 Mobile Safari/537.36 (compatible; Googlebot/2.1; +http://www.google.com/bot.html)"
194.39.149.53 - - [16/Jul/2026:23:17:39 +0000] "POST /wp-cron.php?doing_wp_cron=1784243859.4097480773925781250000 HTTP/1.1" 200 0 "-" "WordPress/6.9.4; https://angelsurchins.co.uk"
66.249.79.1 - - [16/Jul/2026:23:17:37 +0000] "POST /product/diora-oval-cot/null HTTP/1.1" 404 20082 "https://angelsurchins.co.uk/product/diora-oval-cot/" "Mozilla/5.0 (Linux; Android 6.0.1; Nexus 5X Build/MMB29P) AppleWebKit/537.36 (KHTML, like Gecko) Chrome/150.0.7871.124 Mobile Safari/537.36 (compatible; Googlebot/2.1; +http://www.google.com/bot.html)"
66.249.79.7 - - [16/Jul/2026:23:17:40 +0000] "POST /?wc-ajax=get_compare_fragments&elementor_page_id=11422 HTTP/1.1" 200 210 "https://angelsurchins.co.uk/product/diora-oval-cot/" "Mozilla/5.0 (Linux; Android 6.0.1; Nexus 5X Build/MMB29P) AppleWebKit/537.36 (KHTML, like Gecko) Chrome/150.0.7871.124 Mobile Safari/537.36 (compatible; Googlebot/2.1; +http://www.google.com/bot.html)"
66.249.79.8 - - [16/Jul/2026:23:17:40 +0000] "POST /?wc-ajax=get_refreshed_fragments&elementor_page_id=11422 HTTP/1.1" 200 398 "https://angelsurchins.co.uk/product/diora-oval-cot/" "Mozilla/5.0 (Linux; Android 6.0.1; Nexus 5X Build/MMB29P) AppleWebKit/537.36 (KHTML, like Gecko) Chrome/150.0.7871.124 Mobile Safari/537.36 (compatible; Googlebot/2.1; +http://www.google.com/bot.html)"
194.39.149.53 - - [16/Jul/2026:23:17:41 +0000] "POST /wp-admin/admin-ajax.php HTTP/1.1" 200 0 "-" "WordPress/6.9.4; https://angelsurchins.co.uk"
66.249.79.7 - - [16/Jul/2026:23:17:42 +0000] "POST /?wc-ajax=get_wishlist_fragments&elementor_page_id=11422 HTTP/1.1" 200 242 "https://angelsurchins.co.uk/product/diora-oval-cot/" "Mozilla/5.0 (Linux; Android 6.0.1; Nexus 5X Build/MMB29P) AppleWebKit/537.36 (KHTML, like Gecko) Chrome/150.0.7871.124 Mobile Safari/537.36 (compatible; Googlebot/2.1; +http://www.google.com/bot.html)"
194.39.149.53 - - [16/Jul/2026:23:18:27 +0000] "POST /wp-cron.php?doing_wp_cron=1784243907.3864469528198242187500 HTTP/1.1" 200 0 "-" "WordPress/6.9.4; https://angelsurchins.co.uk"
45.7.141.160 - - [16/Jul/2026:23:18:25 +0000] "GET /product/falling-flowers-wallpaper/?add-to-wishlist=11892 HTTP/1.1" 200 38693 "-" "Mozilla/5.0 (Macintosh; Intel Mac OS X 10_15_3) AppleWebKit/537.36 (KHTML, like Gecko) Chrome/97.0.4692.71 Safari/537.36"
194.39.149.53 - - [16/Jul/2026:23:20:43 +0000] "POST /wp-cron.php?doing_wp_cron=1784244043.6821889877319335937500 HTTP/1.1" 200 0 "-" "WordPress/6.9.4; https://angelsurchins.co.uk"
102.135.174.96 - - [16/Jul/2026:23:20:41 +0000] "GET /product/hanging-monkey-wallpaper/?add-to-wishlist=11894 HTTP/1.1" 200 38579 "-" "Mozilla/5.0 (Windows NT 6.3; Win64; x64) AppleWebKit/537.36 (KHTML, like Gecko) Brave Chrome/88.0.4324.182 Safari/537.36"
194.39.149.53 - - [16/Jul/2026:23:20:47 +0000] "POST /wp-admin/admin-ajax.php HTTP/1.1" 200 0 "-" "WordPress/6.9.4; https://angelsurchins.co.uk"
79.116.217.138 - - [16/Jul/2026:23:22:13 +0000] "GET /wp-content/uploads/2024/09/cherry-blossom-unicorn-sticker-set--scaled.jpg HTTP/2" 200 455074 "https://angelsurchins.co.uk/product/unicorn-wallsticker/" "Mozilla/5.0 (Macintosh; U; Intel Mac OS X 10.5; en-US; rv:1.9.2.20) Gecko/20110803 Firefox/3.6.20"
9.151.192.115 - - [16/Jul/2026:23:22:58 +0000] "GET /wp-content/uploads/2024/10/jungle-toile-wallpaper--scaled.jpg HTTP/1.1" 200 435370 "-" "Mozilla/5.0 (compatible; crawler)"
194.39.149.53 - - [16/Jul/2026:23:26:26 +0000] "POST /wp-cron.php?doing_wp_cron=1784244386.4992160797119140625000 HTTP/1.1" 200 0 "-" "WordPress/6.9.4; https://angelsurchins.co.uk"
52.167.144.183 - - [16/Jul/2026:23:26:22 +0000] "GET /sitemap_index.xml HTTP/2" 200 408 "-" "Mozilla/5.0 AppleWebKit/537.36 (KHTML, like Gecko; compatible; bingbot/2.0; +http://www.bing.com/bingbot.htm) Chrome/116.0.1938.76 Safari/537.36"
194.39.149.53 - - [16/Jul/2026:23:26:27 +0000] "POST /wp-admin/admin-ajax.php HTTP/1.1" 200 0 "-" "WordPress/6.9.4; https://angelsurchins.co.uk"
194.39.149.53 - - [16/Jul/2026:23:28:44 +0000] "POST /wp-cron.php?doing_wp_cron=1784244524.5041840076446533203125 HTTP/1.1" 200 0 "-" "WordPress/6.9.4; https://angelsurchins.co.uk"
216.73.217.24 - - [16/Jul/2026:23:28:43 +0000] "GET /robots.txt HTTP/2" 200 206 "-" "Mozilla/5.0 AppleWebKit/537.36 (KHTML, like Gecko; compatible; ClaudeBot/1.0; +claudebot@anthropic.com)"
194.39.149.53 - - [16/Jul/2026:23:28:46 +0000] "POST /wp-admin/admin-ajax.php HTTP/1.1" 200 0 "-" "WordPress/6.9.4; https://angelsurchins.co.uk"
216.73.217.24 - - [16/Jul/2026:23:28:48 +0000] "GET /sitemap_index.xml HTTP/2" 200 408 "-" "Mozilla/5.0 AppleWebKit/537.36 (KHTML, like Gecko; compatible; ClaudeBot/1.0; +claudebot@anthropic.com)"
194.39.149.53 - - [16/Jul/2026:23:30:00 +0000] "POST /wp-cron.php?doing_wp_cron=1784244600.6917738914489746093750 HTTP/1.1" 200 0 "-" "WordPress/6.9.4; https://angelsurchins.co.uk"
160.250.255.151 - - [16/Jul/2026:23:29:59 +0000] "GET /product/space-man-wallpaper/?add-to-wishlist=11851 HTTP/1.1" 200 39234 "-" "Mozilla/5.0 (Windows NT 6.3; Win64; x64) AppleWebKit/537.36 (KHTML, like Gecko) Chrome/100.0.4896.127 Safari/537.36"
194.39.149.53 - - [16/Jul/2026:23:31:31 +0000] "POST /wp-cron.php?doing_wp_cron=1784244691.0968730449676513671875 HTTP/1.1" 200 0 "-" "WordPress/6.9.4; https://angelsurchins.co.uk"
41.66.39.152 - - [16/Jul/2026:23:31:29 +0000] "GET /product/vintage-flower-print/?add-to-wishlist=11870 HTTP/1.1" 200 38103 "-" "Mozilla/5.0 (Windows NT 10.0; Win64; x64) AppleWebKit/537.36 (KHTML, like Gecko) Chrome/93.0.4564.0 Safari/537.36"
194.39.149.53 - - [16/Jul/2026:23:31:32 +0000] "POST /wp-admin/admin-ajax.php HTTP/1.1" 200 0 "-" "WordPress/6.9.4; https://angelsurchins.co.uk"
181.47.194.22 - - [16/Jul/2026:23:32:02 +0000] "GET /wp-content/uploads/2024/09/bb40ce_3f92861bafba413d9c319bf836c2e106mv2.jpg HTTP/2" 200 21211 "https://angelsurchins.co.uk/product/white-ribbon-print/" "Mozilla/5.0 (Windows; U; Windows NT 6.1; de-DE) AppleWebKit/534.10 (KHTML, like Gecko) Chrome/8.0.552.224 Safari/534.10"
194.39.149.53 - - [16/Jul/2026:23:33:37 +0000] "POST /wp-cron.php?doing_wp_cron=1784244817.5882959365844726562500 HTTP/1.1" 200 0 "-" "WordPress/6.9.4; https://angelsurchins.co.uk"
154.208.43.177 - - [16/Jul/2026:23:33:35 +0000] "GET /product/beaufort-changing-top/?add-to-wishlist=11463 HTTP/1.1" 200 36990 "-" "Mozilla/5.0 (Macintosh; Intel Mac OS X 10_9_5) AppleWebKit/537.36 (KHTML, like Gecko) Chrome/67.0.3396.87 Safari/537.36"
194.39.149.53 - - [16/Jul/2026:23:33:40 +0000] "POST /wp-admin/admin-ajax.php HTTP/1.1" 200 0 "-" "WordPress/6.9.4; https://angelsurchins.co.uk"
205.147.22.18 - - [16/Jul/2026:23:33:55 +0000] "GET /product-category/accesories/wallpaper/page/4/?add-to-wishlist=12660 HTTP/1.1" 200 34140 "-" "Mozilla/5.0 (Macintosh; Intel Mac OS X 10_12_6) AppleWebKit/537.36 (KHTML, like Gecko) Brave Chrome/86.0.4240.75 Safari/537.36"
103.10.28.175 - - [16/Jul/2026:23:34:20 +0000] "GET /product/12660/?add-to-wishlist=11901 HTTP/1.1" 200 39606 "-" "Mozilla/5.0 (Macintosh; Intel Mac OS X 10_11_6) AppleWebKit/537.36 (KHTML, like Gecko) Brave Chrome/84.0.4147.135 Safari/537.36"
194.39.149.53 - - [16/Jul/2026:23:35:41 +0000] "POST /wp-cron.php?doing_wp_cron=1784244941.1466970443725585937500 HTTP/1.1" 200 0 "-" "WordPress/6.9.4; https://angelsurchins.co.uk"
181.45.24.22 - - [16/Jul/2026:23:35:39 +0000] "GET /product/hammered-brass-dresser/?add-to-wishlist=11456 HTTP/1.1" 200 37536 "-" "Mozilla/5.0 (Macintosh; Intel Mac OS X 10_11_3) AppleWebKit/537.36 (KHTML, like Gecko) Chrome/68.0.3409.1 Safari/537.36"
194.39.149.53 - - [16/Jul/2026:23:36:41 +0000] "POST /wp-cron.php?doing_wp_cron=1784245000.9663050174713134765625 HTTP/1.1" 200 0 "-" "WordPress/6.9.4; https://angelsurchins.co.uk"
85.208.96.208 - - [16/Jul/2026:23:36:39 +0000] "GET /robots.txt HTTP/1.1" 200 225 "-" "Mozilla/5.0 (compatible; SemrushBot/7~bl; +http://www.semrush.com/bot.html)"
85.208.96.194 - - [16/Jul/2026:23:36:41 +0000] "GET /product/belle-box-bed/ HTTP/1.1" 500 14952 "-" "Mozilla/5.0 (compatible; SemrushBot/7~bl; +http://www.semrush.com/bot.html)"
194.39.149.53 - - [16/Jul/2026:23:36:43 +0000] "POST /wp-admin/admin-ajax.php HTTP/1.1" 200 0 "-" "WordPress/6.9.4; https://angelsurchins.co.uk"
194.39.149.53 - - [16/Jul/2026:23:38:32 +0000] "POST /wp-cron.php?doing_wp_cron=1784245112.6943650245666503906250 HTTP/1.1" 200 0 "-" "WordPress/6.9.4; https://angelsurchins.co.uk"
45.146.54.134 - - [16/Jul/2026:23:38:30 +0000] "POST /wp-login.php HTTP/1.1" 401 1502 "-" "Mozilla/5.0 (X11; U; Linux i686; fr-FR; rv:1.7.10) Gecko/20050925 Firefox/1.0.4 (Debian package 1.0.4-2sarge5)"
194.39.149.53 - - [16/Jul/2026:23:42:33 +0000] "POST /wp-cron.php?doing_wp_cron=1784245353.4470839500427246093750 HTTP/1.1" 200 0 "-" "WordPress/6.9.4; https://angelsurchins.co.uk"
52.167.144.21 - - [16/Jul/2026:23:42:27 +0000] "GET /product/birds-and-butterflies-wallpaper/ HTTP/2" 200 32524 "-" "Mozilla/5.0 AppleWebKit/537.36 (KHTML, like Gecko; compatible; bingbot/2.0; +http://www.bing.com/bingbot.htm) Chrome/116.0.1938.76 Safari/537.36"
194.39.149.53 - - [16/Jul/2026:23:42:36 +0000] "POST /wp-admin/admin-ajax.php HTTP/1.1" 200 0 "-" "WordPress/6.9.4; https://angelsurchins.co.uk"
194.39.149.53 - - [16/Jul/2026:23:46:32 +0000] "POST /wp-cron.php?doing_wp_cron=1784245591.9444320201873779296875 HTTP/1.1" 200 0 "-" "WordPress/6.9.4; https://angelsurchins.co.uk"
179.124.17.90 - - [16/Jul/2026:23:46:29 +0000] "GET /product/vintage-giraffe-print/?add-to-wishlist=11914 HTTP/1.1" 200 37898 "-" "Mozilla/5.0 (Windows NT 6.1) AppleWebKit/537.36 (KHTML, like Gecko) Chrome/69.0.3497.100 Safari/537.36"
194.39.149.53 - - [16/Jul/2026:23:46:33 +0000] "POST /wp-admin/admin-ajax.php HTTP/1.1" 200 0 "-" "WordPress/6.9.4; https://angelsurchins.co.uk"
194.39.149.53 - - [16/Jul/2026:23:46:52 +0000] "POST /wp-cron.php?doing_wp_cron=1784245612.1052041053771972656250 HTTP/1.1" 200 0 "-" "WordPress/6.9.4; https://angelsurchins.co.uk"
90.168.15.186 - - [16/Jul/2026:23:46:50 +0000] "GET /shop/page/2/?add-to-wishlist=12057 HTTP/1.1" 200 39085 "-" "Mozilla/5.0 (Macintosh; Intel Mac OS X 13_5_2) AppleWebKit/537.36 (KHTML, like Gecko) Chrome/132.0.6834.110 Safari/537.36"
194.39.149.53 - - [16/Jul/2026:23:48:19 +0000] "POST /wp-cron.php?doing_wp_cron=1784245699.8402640819549560546875 HTTP/1.1" 200 0 "-" "WordPress/6.9.4; https://angelsurchins.co.uk"
173.225.243.244 - - [16/Jul/2026:23:48:18 +0000] "GET /product/3-in-1-reve-cot-bed/?add-to-wishlist=11475 HTTP/1.1" 200 38063 "-" "Mozilla/5.0 (Windows NT 6.1; WOW64) AppleWebKit/537.36 (KHTML, like Gecko) Chrome/67.0.3396.62 Safari/537.36"
194.39.149.53 - - [16/Jul/2026:23:49:53 +0000] "POST /wp-cron.php?doing_wp_cron=1784245793.7274799346923828125000 HTTP/1.1" 200 0 "-" "WordPress/6.9.4; https://angelsurchins.co.uk"
113.163.27.245 - - [16/Jul/2026:23:49:51 +0000] "GET /product/unicorn-wallsticker/?add-to-wishlist=11897 HTTP/1.1" 200 38146 "-" "Mozilla/5.0 (Macintosh; Intel Mac OS X 11_2_3) AppleWebKit/537.36 (KHTML, like Gecko) Chrome/87.0.4280.67 Safari/537.36"
194.39.149.53 - - [16/Jul/2026:23:49:55 +0000] "POST /wp-admin/admin-ajax.php HTTP/1.1" 200 0 "-" "WordPress/6.9.4; https://angelsurchins.co.uk"
194.39.149.53 - - [16/Jul/2026:23:50:54 +0000] "POST /wp-cron.php?doing_wp_cron=1784245854.0911419391632080078125 HTTP/1.1" 200 0 "-" "WordPress/6.9.4; https://angelsurchins.co.uk"
103.189.159.148 - - [16/Jul/2026:23:50:51 +0000] "GET /product/leora-3-in-1/?add-to-wishlist=11479 HTTP/1.1" 200 38906 "-" "Mozilla/5.0 (Macintosh; Intel Mac OS X 10_9_5) AppleWebKit/537.36 (KHTML, like Gecko) Chrome/65.0.3325.181 Safari/537.36"
173.252.82.36 - - [16/Jul/2026:23:51:45 +0000] "GET /wp-content/uploads/2024/09/bb40ce_b413a0d1cb7340148f0f27fba0d7e0b7mv2.jpg HTTP/2" 200 36544 "-" "meta-externalagent/1.1 (+https://developers.facebook.com/docs/sharing/webmasters/crawler)"
194.39.149.53 - - [16/Jul/2026:23:53:53 +0000] "POST /wp-cron.php?doing_wp_cron=1784246033.5774559974670410156250 HTTP/1.1" 200 0 "-" "WordPress/6.9.4; https://angelsurchins.co.uk"
57.141.0.31 - - [16/Jul/2026:23:53:50 +0000] "GET /product/princess-castle-bed/ HTTP/2" 500 73189 "-" "Mozilla/5.0 (Windows NT 10.0; Win64; x64) AppleWebKit/537.36 (KHTML, like Gecko) Chrome/145.0.0.0 Safari/537.36 Edg/145.0.0.0 (compatible; meta-externalagent/1.1 (+https://developers.facebook.com/docs/sharing/webmasters/crawler))"
194.39.149.53 - - [16/Jul/2026:23:53:55 +0000] "POST /wp-admin/admin-ajax.php HTTP/1.1" 200 0 "-" "WordPress/6.9.4; https://angelsurchins.co.uk"
179.26.41.5 - - [16/Jul/2026:23:54:16 +0000] "GET /product/unicorn-toybox/?add-to-wishlist=11755 HTTP/1.1" 200 37637 "-" "Mozilla/5.0 (Macintosh; Intel Mac OS X 10_13_6) AppleWebKit/537.36 (KHTML, like Gecko) Chrome/99.0.4844.84 Safari/537.36"
103.104.87.213 - - [16/Jul/2026:23:54:20 +0000] "GET /shop/page/2/?add-to-wishlist=12041 HTTP/1.1" 200 39088 "-" "Mozilla/5.0 (Macintosh; Intel Mac OS X 10_13_6) AppleWebKit/537.36 (KHTML, like Gecko) Chrome/74.0.3729.169 Safari/524.34"
14.191.99.61 - - [16/Jul/2026:23:54:27 +0000] "GET /product/space-man-wallpaper/?add-to-wishlist=11875 HTTP/1.1" 200 39484 "-" "Mozilla/5.0 (X11; Linux x86_64) AppleWebKit/537.36 (KHTML, like Gecko) Chrome/33.0.1750.517 Safari/537.36"
194.39.149.53 - - [16/Jul/2026:23:55:05 +0000] "POST /wp-cron.php?doing_wp_cron=1784246104.9104819297790527343750 HTTP/1.1" 200 0 "-" "WordPress/6.9.4; https://angelsurchins.co.uk"
38.188.48.164 - - [16/Jul/2026:23:55:03 +0000] "GET /product/vintage-rabbit-print/?add-to-wishlist=11853 HTTP/1.1" 200 37884 "-" "Mozilla/5.0 (Windows NT 6.1; Win64; x64) AppleWebKit/537.36 (KHTML, like Gecko) Chrome/92.0.4515.159 Safari/537.36"
194.39.149.53 - - [16/Jul/2026:23:55:47 +0000] "POST /wp-cron.php?doing_wp_cron=1784246147.2933859825134277343750 HTTP/1.1" 200 0 "-" "WordPress/6.9.4; https://angelsurchins.co.uk"
164.163.36.43 - - [16/Jul/2026:23:55:43 +0000] "GET /product-category/baby/page/3/?add-to-wishlist=11475 HTTP/1.1" 200 34146 "-" "Mozilla/5.0 (Macintosh; Intel Mac OS X 10_14_6) AppleWebKit/537.36 (KHTML, like Gecko) Chrome/88.0.4324.182 Safari/537.36"
20.226.26.5 - - [16/Jul/2026:23:56:01 +0000] "GET /wp-content/plugins/hellopress/wp_filemanager.php HTTP/1.1" 401 36 "-" "-"
20.226.26.5 - - [16/Jul/2026:23:56:02 +0000] "GET /this_is_a_new_hello_world.php HTTP/1.1" 401 36 "-" "-"
20.226.26.5 - - [16/Jul/2026:23:56:02 +0000] "GET /wp-der.php HTTP/1.1" 401 36 "-" "-"
20.226.26.5 - - [16/Jul/2026:23:56:02 +0000] "GET /wp-slss.php HTTP/1.1" 401 36 "-" "-"
20.226.26.5 - - [16/Jul/2026:23:56:02 +0000] "GET /min.php HTTP/1.1" 401 36 "-" "-"
20.226.26.5 - - [16/Jul/2026:23:56:03 +0000] "GET /wp-thi.php HTTP/1.1" 401 36 "-" "-"
20.226.26.5 - - [16/Jul/2026:23:56:03 +0000] "GET /noe.php HTTP/1.1" 401 36 "-" "-"
20.226.26.5 - - [16/Jul/2026:23:56:03 +0000] "GET /wp-file.php HTTP/1.1" 401 36 "-" "-"
20.226.26.5 - - [16/Jul/2026:23:56:04 +0000] "GET /edit-tags.php HTTP/1.1" 401 36 "-" "-"
20.226.26.5 - - [16/Jul/2026:23:56:04 +0000] "GET /wp-b0rk5oy.php HTTP/1.1" 401 36 "-" "-"
20.226.26.5 - - [16/Jul/2026:23:56:04 +0000] "GET /bless24.php HTTP/1.1" 401 36 "-" "-"
20.226.26.5 - - [16/Jul/2026:23:56:05 +0000] "GET /punah.php HTTP/1.1" 401 36 "-" "-"
20.226.26.5 - - [16/Jul/2026:23:56:05 +0000] "GET /min.php HTTP/1.1" 401 36 "-" "-"
20.226.26.5 - - [16/Jul/2026:23:56:05 +0000] "GET /dass.php HTTP/1.1" 401 36 "-" "-"
20.226.26.5 - - [16/Jul/2026:23:56:06 +0000] "GET /wander.php HTTP/1.1" 401 36 "-" "-"
20.226.26.5 - - [16/Jul/2026:23:56:06 +0000] "GET /cc13.php HTTP/1.1" 401 36 "-" "-"
20.226.26.5 - - [16/Jul/2026:23:56:06 +0000] "GET /des.php HTTP/1.1" 401 36 "-" "-"
20.226.26.5 - - [16/Jul/2026:23:56:06 +0000] "GET /avcqlevnbk.php HTTP/1.1" 401 36 "-" "-"
20.226.26.5 - - [16/Jul/2026:23:56:07 +0000] "GET /wp-ppoxua4.php HTTP/1.1" 401 36 "-" "-"
20.226.26.5 - - [16/Jul/2026:23:56:07 +0000] "GET /drykl.php HTTP/1.1" 401 36 "-" "-"
20.226.26.5 - - [16/Jul/2026:23:56:07 +0000] "GET /f35.php HTTP/1.1" 401 36 "-" "-"
20.226.26.5 - - [16/Jul/2026:23:56:08 +0000] "GET /wp-link-szoppm.php HTTP/1.1" 401 36 "-" "-"
20.226.26.5 - - [16/Jul/2026:23:56:08 +0000] "GET /x.php HTTP/1.1" 401 36 "-" "-"
20.226.26.5 - - [16/Jul/2026:23:56:08 +0000] "GET /xa.php HTTP/1.1" 401 36 "-" "-"
20.226.26.5 - - [16/Jul/2026:23:56:09 +0000] "GET /ms-edit.php HTTP/1.1" 401 36 "-" "-"
20.226.26.5 - - [16/Jul/2026:23:56:09 +0000] "GET /as.php HTTP/1.1" 401 36 "-" "-"
20.226.26.5 - - [16/Jul/2026:23:56:09 +0000] "GET /wen.php HTTP/1.1" 401 36 "-" "-"
20.226.26.5 - - [16/Jul/2026:23:56:09 +0000] "GET /dex.php HTTP/1.1" 401 36 "-" "-"
20.226.26.5 - - [16/Jul/2026:23:56:10 +0000] "GET /f.php HTTP/1.1" 401 36 "-" "-"
20.226.26.5 - - [16/Jul/2026:23:56:10 +0000] "GET /333.php HTTP/1.1" 401 36 "-" "-"
20.226.26.5 - - [16/Jul/2026:23:56:10 +0000] "GET /a4.php HTTP/1.1" 401 36 "-" "-"
20.226.26.5 - - [16/Jul/2026:23:56:11 +0000] "GET /wp-the.php HTTP/1.1" 401 36 "-" "-"
20.226.26.5 - - [16/Jul/2026:23:56:11 +0000] "GET /classwithtostring.php HTTP/1.1" 401 36 "-" "-"
20.226.26.5 - - [16/Jul/2026:23:56:11 +0000] "GET /fun.php HTTP/1.1" 401 36 "-" "-"
20.226.26.5 - - [16/Jul/2026:23:56:12 +0000] "GET /wp-content/languages/index.php HTTP/1.1" 401 36 "-" "-"
20.226.26.5 - - [16/Jul/2026:23:56:12 +0000] "GET /file.php HTTP/1.1" 401 36 "-" "-"
20.226.26.5 - - [16/Jul/2026:23:56:12 +0000] "GET /pass4.php HTTP/1.1" 401 36 "-" "-"
20.226.26.5 - - [16/Jul/2026:23:56:13 +0000] "GET /666.php HTTP/1.1" 401 36 "-" "-"
20.226.26.5 - - [16/Jul/2026:23:56:13 +0000] "GET /wp-access.php HTTP/1.1" 401 36 "-" "-"
20.226.26.5 - - [16/Jul/2026:23:56:13 +0000] "GET /jj.php HTTP/1.1" 401 36 "-" "-"
20.226.26.5 - - [16/Jul/2026:23:56:13 +0000] "GET /wp-x7.php HTTP/1.1" 401 36 "-" "-"
20.226.26.5 - - [16/Jul/2026:23:56:14 +0000] "GET /wpxml.php HTTP/1.1" 401 36 "-" "-"
20.226.26.5 - - [16/Jul/2026:23:56:14 +0000] "GET /inputs.php HTTP/1.1" 401 36 "-" "-"
20.226.26.5 - - [16/Jul/2026:23:56:14 +0000] "GET /file4.php HTTP/1.1" 401 36 "-" "-"
20.226.26.5 - - [16/Jul/2026:23:56:15 +0000] "GET /wp-firewall.php HTTP/1.1" 401 36 "-" "-"
20.226.26.5 - - [16/Jul/2026:23:56:15 +0000] "GET /data.php HTTP/1.1" 401 36 "-" "-"
20.226.26.5 - - [16/Jul/2026:23:56:15 +0000] "GET /wp-wpbak.php HTTP/1.1" 401 36 "-" "-"
20.226.26.5 - - [16/Jul/2026:23:56:16 +0000] "GET /002.php HTTP/1.1" 401 36 "-" "-"
20.226.26.5 - - [16/Jul/2026:23:56:16 +0000] "GET /class-t.api.php HTTP/1.1" 401 36 "-" "-"
20.226.26.5 - - [16/Jul/2026:23:56:16 +0000] "GET /file5.php HTTP/1.1" 401 36 "-" "-"
20.226.26.5 - - [16/Jul/2026:23:56:16 +0000] "GET /cache.php HTTP/1.1" 401 36 "-" "-"
20.226.26.5 - - [16/Jul/2026:23:56:17 +0000] "GET /error.php HTTP/1.1" 401 36 "-" "-"
20.226.26.5 - - [16/Jul/2026:23:56:17 +0000] "GET /wp-content/themes/about.php HTTP/1.1" 401 36 "-" "-"
20.226.26.5 - - [16/Jul/2026:23:56:17 +0000] "GET /wp-conflg.php HTTP/1.1" 401 36 "-" "-"
20.226.26.5 - - [16/Jul/2026:23:56:18 +0000] "GET /f35.php HTTP/1.1" 401 36 "-" "-"
20.226.26.5 - - [16/Jul/2026:23:56:18 +0000] "GET /plugins.php HTTP/1.1" 401 36 "-" "-"
20.226.26.5 - - [16/Jul/2026:23:56:19 +0000] "GET /wp-signup.php HTTP/1.1" 401 36 "-" "-"
20.226.26.5 - - [16/Jul/2026:23:56:19 +0000] "GET /la.php HTTP/1.1" 401 36 "-" "-"
20.226.26.5 - - [16/Jul/2026:23:56:20 +0000] "GET /yas.php HTTP/1.1" 401 36 "-" "-"
20.226.26.5 - - [16/Jul/2026:23:56:20 +0000] "GET /system.php HTTP/1.1" 401 36 "-" "-"
20.226.26.5 - - [16/Jul/2026:23:56:20 +0000] "GET /wp-fileesx-449.php HTTP/1.1" 401 36 "-" "-"
20.226.26.5 - - [16/Jul/2026:23:56:21 +0000] "GET /wp-good.php HTTP/1.1" 401 36 "-" "-"
20.226.26.5 - - [16/Jul/2026:23:56:21 +0000] "GET /shx.php HTTP/1.1" 401 36 "-" "-"
20.226.26.5 - - [16/Jul/2026:23:56:22 +0000] "GET /dropdown.php HTTP/1.1" 401 36 "-" "-"
20.226.26.5 - - [16/Jul/2026:23:56:22 +0000] "GET /revealability.php HTTP/1.1" 401 36 "-" "-"
20.226.26.5 - - [16/Jul/2026:23:56:22 +0000] "GET /wp.php HTTP/1.1" 401 36 "-" "-"
20.226.26.5 - - [16/Jul/2026:23:56:23 +0000] "GET /wp-wz.php HTTP/1.1" 401 36 "-" "-"
20.226.26.5 - - [16/Jul/2026:23:56:23 +0000] "GET /06.php HTTP/1.1" 401 36 "-" "-"
20.226.26.5 - - [16/Jul/2026:23:56:24 +0000] "GET /chomu.php HTTP/1.1" 401 36 "-" "-"
20.226.26.5 - - [16/Jul/2026:23:56:24 +0000] "GET /ff.php HTTP/1.1" 401 36 "-" "-"
20.226.26.5 - - [16/Jul/2026:23:56:25 +0000] "GET /xex.php HTTP/1.1" 401 36 "-" "-"
20.226.26.5 - - [16/Jul/2026:23:56:25 +0000] "GET /wp-sing.php HTTP/1.1" 401 36 "-" "-"
20.226.26.5 - - [16/Jul/2026:23:56:25 +0000] "GET /txets.php HTTP/1.1" 401 36 "-" "-"
20.226.26.5 - - [16/Jul/2026:23:56:26 +0000] "GET /xml.php HTTP/1.1" 401 36 "-" "-"
20.226.26.5 - - [16/Jul/2026:23:56:26 +0000] "GET /bgymj.php HTTP/1.1" 401 36 "-" "-"
20.226.26.5 - - [16/Jul/2026:23:56:27 +0000] "GET /t.php HTTP/1.1" 401 36 "-" "-"
20.226.26.5 - - [16/Jul/2026:23:56:27 +0000] "GET /wp.php HTTP/1.1" 401 36 "-" "-"
20.226.26.5 - - [16/Jul/2026:23:56:28 +0000] "GET /mini.php HTTP/1.1" 401 36 "-" "-"
20.226.26.5 - - [16/Jul/2026:23:56:28 +0000] "GET /19.php HTTP/1.1" 401 36 "-" "-"
20.226.26.5 - - [16/Jul/2026:23:56:29 +0000] "GET /db.php HTTP/1.1" 401 36 "-" "-"
20.226.26.5 - - [16/Jul/2026:23:56:29 +0000] "GET /wmore1.php HTTP/1.1" 401 36 "-" "-"
20.226.26.5 - - [16/Jul/2026:23:56:30 +0000] "GET /amax.php HTTP/1.1" 401 36 "-" "-"
20.226.26.5 - - [16/Jul/2026:23:56:30 +0000] "GET /wp-admin/index.php HTTP/1.1" 401 36 "-" "-"
20.226.26.5 - - [16/Jul/2026:23:56:30 +0000] "GET /b.php HTTP/1.1" 401 36 "-" "-"
20.226.26.5 - - [16/Jul/2026:23:56:31 +0000] "GET /8.php HTTP/1.1" 401 36 "-" "-"
20.226.26.5 - - [16/Jul/2026:23:56:31 +0000] "GET /wp-is.php HTTP/1.1" 401 36 "-" "-"
20.226.26.5 - - [16/Jul/2026:23:56:32 +0000] "GET /yanz.php HTTP/1.1" 401 36 "-" "-"
20.226.26.5 - - [16/Jul/2026:23:56:32 +0000] "GET /term.php HTTP/1.1" 401 36 "-" "-"
20.226.26.5 - - [16/Jul/2026:23:56:33 +0000] "GET /wp-block.php HTTP/1.1" 401 36 "-" "-"
20.226.26.5 - - [16/Jul/2026:23:56:33 +0000] "GET /file88.php HTTP/1.1" 401 36 "-" "-"
20.226.26.5 - - [16/Jul/2026:23:56:34 +0000] "GET /wp-content/uploads/admin.php HTTP/1.1" 401 36 "-" "-"
20.226.26.5 - - [16/Jul/2026:23:56:34 +0000] "GET /sid3.php HTTP/1.1" 401 36 "-" "-"
20.226.26.5 - - [16/Jul/2026:23:56:35 +0000] "GET /wp-blink.php HTTP/1.1" 401 36 "-" "-"
20.226.26.5 - - [16/Jul/2026:23:56:35 +0000] "GET /i.php HTTP/1.1" 401 36 "-" "-"
20.226.26.5 - - [16/Jul/2026:23:56:37 +0000] "GET /wp-admin/zoko.php HTTP/1.1" 401 36 "-" "-"
20.226.26.5 - - [16/Jul/2026:23:56:37 +0000] "GET /wp-tivate.php HTTP/1.1" 401 36 "-" "-"
20.226.26.5 - - [16/Jul/2026:23:56:37 +0000] "GET /shell.php HTTP/1.1" 401 36 "-" "-"
20.226.26.5 - - [16/Jul/2026:23:56:38 +0000] "GET /new.php HTTP/1.1" 401 36 "-" "-"
20.226.26.5 - - [16/Jul/2026:23:56:39 +0000] "GET /lp6.php HTTP/1.1" 401 36 "-" "-"
20.226.26.5 - - [16/Jul/2026:23:56:40 +0000] "GET /dex.php HTTP/1.1" 401 36 "-" "-"
20.226.26.5 - - [16/Jul/2026:23:56:40 +0000] "GET /wp-term.php HTTP/1.1" 401 36 "-" "-"
20.226.26.5 - - [16/Jul/2026:23:56:41 +0000] "GET /wp-xx.php HTTP/1.1" 401 36 "-" "-"
20.226.26.5 - - [16/Jul/2026:23:56:41 +0000] "GET /cilus.php HTTP/1.1" 401 36 "-" "-"
20.226.26.5 - - [16/Jul/2026:23:56:42 +0000] "GET /ccou.php HTTP/1.1" 401 36 "-" "-"
20.226.26.5 - - [16/Jul/2026:23:56:42 +0000] "GET /edit.php HTTP/1.1" 401 36 "-" "-"
20.226.26.5 - - [16/Jul/2026:23:56:43 +0000] "GET /shell20211028.php HTTP/1.1" 401 36 "-" "-"
20.226.26.5 - - [16/Jul/2026:23:56:43 +0000] "GET /ccc.php HTTP/1.1" 401 36 "-" "-"
20.226.26.5 - - [16/Jul/2026:23:56:44 +0000] "GET /wp-links-opml.php HTTP/1.1" 401 36 "-" "-"
20.226.26.5 - - [16/Jul/2026:23:56:45 +0000] "GET /atkno.php HTTP/1.1" 401 36 "-" "-"
20.226.26.5 - - [16/Jul/2026:23:56:45 +0000] "GET /1.php HTTP/1.1" 401 36 "-" "-"
20.226.26.5 - - [16/Jul/2026:23:56:46 +0000] "GET /sql.php HTTP/1.1" 401 36 "-" "-"
20.226.26.5 - - [16/Jul/2026:23:56:47 +0000] "GET /xxx.php HTTP/1.1" 401 36 "-" "-"
20.226.26.5 - - [16/Jul/2026:23:56:47 +0000] "GET /shell.php HTTP/1.1" 401 36 "-" "-"
20.226.26.5 - - [16/Jul/2026:23:56:48 +0000] "GET /r.php HTTP/1.1" 401 36 "-" "-"
20.226.26.5 - - [16/Jul/2026:23:56:48 +0000] "GET /wso.php HTTP/1.1" 401 36 "-" "-"
20.226.26.5 - - [16/Jul/2026:23:56:48 +0000] "GET /wp-ws68.php HTTP/1.1" 401 36 "-" "-"
20.226.26.5 - - [16/Jul/2026:23:56:49 +0000] "GET /x.php HTTP/1.1" 401 36 "-" "-"
20.226.26.5 - - [16/Jul/2026:23:56:50 +0000] "GET /v2.php HTTP/1.1" 401 36 "-" "-"
20.226.26.5 - - [16/Jul/2026:23:56:50 +0000] "GET /atomlib.php HTTP/1.1" 401 36 "-" "-"
20.226.26.5 - - [16/Jul/2026:23:56:51 +0000] "GET /wp-ver.php HTTP/1.1" 401 36 "-" "-"
20.226.26.5 - - [16/Jul/2026:23:56:51 +0000] "GET /z.php HTTP/1.1" 401 36 "-" "-"
20.226.26.5 - - [16/Jul/2026:23:56:51 +0000] "GET /thoms.php HTTP/1.1" 401 36 "-" "-"
20.226.26.5 - - [16/Jul/2026:23:56:52 +0000] "GET /bthil.php HTTP/1.1" 401 36 "-" "-"
20.226.26.5 - - [16/Jul/2026:23:56:53 +0000] "GET /crgio.php HTTP/1.1" 401 36 "-" "-"
20.226.26.5 - - [16/Jul/2026:23:56:53 +0000] "GET /file11.php HTTP/1.1" 401 36 "-" "-"
57.141.0.69 - - [16/Jul/2026:23:57:08 +0000] "GET /wp-content/uploads/2024/09/bb40ce_2deddb9513684d1ebe29a405311203ecmv2-1-600x600.jpg HTTP/2" 200 40154 "-" "Mozilla/5.0 (Macintosh; Intel Mac OS X 10_15_7) AppleWebKit/537.36 (KHTML, like Gecko) Chrome/145.0.0.0 Safari/537.36 (compatible; meta-externalagent/1.1 (+https://developers.facebook.com/docs/sharing/webmasters/crawler))"
194.39.149.53 - - [16/Jul/2026:23:57:34 +0000] "POST /wp-cron.php?doing_wp_cron=1784246254.7530069351196289062500 HTTP/1.1" 200 0 "-" "WordPress/6.9.4; https://angelsurchins.co.uk"
37.111.236.243 - - [16/Jul/2026:23:57:31 +0000] "GET /product/round-gold-wall-mirror/?add-to-wishlist=13092 HTTP/1.1" 200 35939 "-" "Mozilla/5.0 (Windows NT 6.1) AppleWebKit/537.36 (KHTML, like Gecko) Chrome/80.0.3987.132 Safari/537.36"
190.77.78.25 - - [16/Jul/2026:23:57:33 +0000] "GET /product/beaufort-changing-top/?add-to-wishlist=11471 HTTP/1.1" 200 37238 "-" "Mozilla/5.0 (Macintosh; Intel Mac OS X 10_13_6) AppleWebKit/537.36 (KHTML, like Gecko) Chrome/73.0.3683.103 Safari/537.36"
194.39.149.53 - - [16/Jul/2026:23:57:36 +0000] "POST /wp-admin/admin-ajax.php HTTP/1.1" 200 0 "-" "WordPress/6.9.4; https://angelsurchins.co.uk"
194.39.149.53 - - [16/Jul/2026:23:58:10 +0000] "POST /wp-cron.php?doing_wp_cron=1784246289.8955860137939453125000 HTTP/1.1" 200 0 "-" "WordPress/6.9.4; https://angelsurchins.co.uk"
181.225.83.71 - - [16/Jul/2026:23:58:08 +0000] "GET /product/vintage-bird-ceramic-night-light/?add-to-wishlist=11907 HTTP/1.1" 200 38456 "-" "Mozilla/5.0 (Windows NT 6.2; WOW64) AppleWebKit/537.36 (KHTML, like Gecko) Chrome/30.0.1599.17 Safari/537.36"
194.39.149.53 - - [17/Jul/2026:00:00:16 +0000] "POST /wp-cron.php?doing_wp_cron=1784246415.9167909622192382812500 HTTP/1.1" 200 0 "-" "WordPress/6.9.4; https://angelsurchins.co.uk"
14.185.239.54 - - [17/Jul/2026:00:00:13 +0000] "GET /product/hand-drawn-english-forest-3/?add-to-wishlist=11925 HTTP/1.1" 200 39006 "-" "Mozilla/5.0 (Macintosh; Intel Mac OS X 10_11_6) AppleWebKit/537.36 (KHTML, like Gecko) Brave Chrome/86.0.4240.75 Safari/537.36"
194.39.149.53 - - [17/Jul/2026:00:00:17 +0000] "POST /wp-admin/admin-ajax.php HTTP/1.1" 200 0 "-" "WordPress/6.9.4; https://angelsurchins.co.uk"
194.39.149.53 - - [17/Jul/2026:00:01:37 +0000] "POST /wp-cron.php?doing_wp_cron=1784246497.5521209239959716796875 HTTP/1.1" 200 0 "-" "WordPress/6.9.4; https://angelsurchins.co.uk"
148.222.118.109 - - [17/Jul/2026:00:01:33 +0000] "GET /product/florentine-cot-bed/?add-to-wishlist=11425 HTTP/1.1" 200 37936 "-" "Mozilla/5.0 (Macintosh; Intel Mac OS X 10_15_7) AppleWebKit/537.36 (KHTML, like Gecko) Chrome/102.0.0.0 Safari/537.36"
194.39.149.53 - - [17/Jul/2026:00:03:07 +0000] "POST /wp-cron.php?doing_wp_cron=1784246587.5267729759216308593750 HTTP/1.1" 200 0 "-" "WordPress/6.9.4; https://angelsurchins.co.uk"
114.130.181.26 - - [17/Jul/2026:00:03:04 +0000] "GET /product/diora-oval-cot/?add-to-wishlist=11517 HTTP/1.1" 200 37357 "-" "Mozilla/5.0 (Windows NT 10.0; Win64; x64) AppleWebKit/537.36 (KHTML, like Gecko) Chrome/90.0.4430.41 Safari/537.36"
77.127.31.70 - - [17/Jul/2026:00:03:08 +0000] "GET /product/bunny-toybox/?add-to-wishlist=11705 HTTP/1.1" 200 37649 "-" "Mozilla/5.0 (Windows NT 10.0; Win64; x64) AppleWebKit/537.36 (KHTML, like Gecko) Chrome/80.0.3987.132 Safari/537.36"
201.206.191.74 - - [17/Jul/2026:00:03:10 +0000] "GET /product/dinosaurs-on-the-run-wallpaper/?add-to-wishlist=11865 HTTP/1.1" 200 38703 "-" "Mozilla/5.0 (Windows NT 6.1; Win64; x64) AppleWebKit/537.36 (KHTML, like Gecko) Chrome/86.0.4240.198 Safari/537.36"
194.39.149.53 - - [17/Jul/2026:00:03:10 +0000] "POST /wp-admin/admin-ajax.php HTTP/1.1" 200 0 "-" "WordPress/6.9.4; https://angelsurchins.co.uk"
