190.77.230.106 - - [16/Jul/2026:17:44:20 +0000] "GET /product/deer-and-bunny-wallpaper/?add-to-wishlist=11886 HTTP/1.1" 200 38939 "-" "Mozilla/5.0 (Macintosh; Intel Mac OS X 10_14_6) AppleWebKit/537.36 (KHTML, like Gecko) Chrome/101.0.4951.54 Safari/537.36"
194.39.149.53 - - [16/Jul/2026:17:44:25 +0000] "POST /wp-admin/admin-ajax.php HTTP/1.1" 200 0 "-" "WordPress/6.9.4; https://angelsurchins.co.uk"
92.40.185.25 - - [16/Jul/2026:17:46:52 +0000] "GET /wp-content/uploads/2024/09/bb40ce_beaa28e14ec84f85a22b510e5e8d796amv2-570x570.jpg HTTP/3" 200 47923 "https://www.google.com/" "Mozilla/5.0 (iPhone; CPU iPhone OS 26_5_1 like Mac OS X) AppleWebKit/605.1.15 (KHTML, like Gecko) GoogleLens/429.1 Mobile/23F81 Safari/604.1 [WebViewInline]"
194.39.149.53 - - [16/Jul/2026:17:46:57 +0000] "POST /wp-cron.php?doing_wp_cron=1784224017.2730879783630371093750 HTTP/1.1" 200 0 "-" "WordPress/6.9.4; https://angelsurchins.co.uk"
92.40.185.25 - - [16/Jul/2026:17:46:57 +0000] "GET /wp-content/uploads/elementor/css/post-12504.css?ver=1729868575 HTTP/3" 200 523 "https://angelsurchins.co.uk/product-category/baby/" "Mozilla/5.0 (iPhone; CPU iPhone OS 26_5_1 like Mac OS X) AppleWebKit/605.1.15 (KHTML, like Gecko) GSA/429.1.942703598 Mobile/15E148 Safari/604.1"
92.40.185.25 - - [16/Jul/2026:17:46:54 +0000] "GET /product-category/baby/ HTTP/3" 200 29183 "-" "Mozilla/5.0 (iPhone; CPU iPhone OS 26_5_1 like Mac OS X) AppleWebKit/605.1.15 (KHTML, like Gecko) GSA/429.1.942703598 Mobile/15E148 Safari/604.1"
92.40.185.25 - - [16/Jul/2026:17:46:57 +0000] "GET /wp-content/plugins/elementor/assets/css/widget-heading.min.css?ver=3.24.7 HTTP/3" 200 154 "https://angelsurchins.co.uk/product-category/baby/" "Mozilla/5.0 (iPhone; CPU iPhone OS 26_5_1 like Mac OS X) AppleWebKit/605.1.15 (KHTML, like Gecko) GSA/429.1.942703598 Mobile/15E148 Safari/604.1"
92.40.185.25 - - [16/Jul/2026:17:46:57 +0000] "GET /wp-content/plugins/elementor/assets/css/widget-spacer.min.css?ver=3.24.7 HTTP/3" 200 296 "https://angelsurchins.co.uk/product-category/baby/" "Mozilla/5.0 (iPhone; CPU iPhone OS 26_5_1 like Mac OS X) AppleWebKit/605.1.15 (KHTML, like Gecko) GSA/429.1.942703598 Mobile/15E148 Safari/604.1"
92.40.185.25 - - [16/Jul/2026:17:46:57 +0000] "GET /wp-content/themes/razzi/assets/js/plugins/sticky-kit.min.js?ver=1.1.3 HTTP/3" 200 1307 "https://angelsurchins.co.uk/product-category/baby/" "Mozilla/5.0 (iPhone; CPU iPhone OS 26_5_1 like Mac OS X) AppleWebKit/605.1.15 (KHTML, like Gecko) GSA/429.1.942703598 Mobile/15E148 Safari/604.1"
92.40.185.25 - - [16/Jul/2026:17:46:57 +0000] "GET /wp-content/uploads/2024/09/bb40ce_96cc1733499941b3b2399d4673af93f7mv2.jpg HTTP/3" 200 50137 "https://angelsurchins.co.uk/product-category/baby/" "Mozilla/5.0 (iPhone; CPU iPhone OS 26_5_1 like Mac OS X) AppleWebKit/605.1.15 (KHTML, like Gecko) GSA/429.1.942703598 Mobile/15E148 Safari/604.1"
92.40.185.25 - - [16/Jul/2026:17:46:57 +0000] "GET /wp-content/themes/razzi/assets/js/woocommerce/product-catalog.min.js?ver=20211209 HTTP/3" 200 3134 "https://angelsurchins.co.uk/product-category/baby/" "Mozilla/5.0 (iPhone; CPU iPhone OS 26_5_1 like Mac OS X) AppleWebKit/605.1.15 (KHTML, like Gecko) GSA/429.1.942703598 Mobile/15E148 Safari/604.1"
92.40.185.25 - - [16/Jul/2026:17:46:57 +0000] "GET /wp-content/plugins/elementor-pro/assets/js/webpack-pro.runtime.min.js?ver=3.9.2 HTTP/3" 200 2240 "https://angelsurchins.co.uk/product-category/baby/" "Mozilla/5.0 (iPhone; CPU iPhone OS 26_5_1 like Mac OS X) AppleWebKit/605.1.15 (KHTML, like Gecko) GSA/429.1.942703598 Mobile/15E148 Safari/604.1"
92.40.185.25 - - [16/Jul/2026:17:46:57 +0000] "GET /wp-content/plugins/elementor/assets/js/webpack.runtime.min.js?ver=3.24.7 HTTP/3" 200 2071 "https://angelsurchins.co.uk/product-category/baby/" "Mozilla/5.0 (iPhone; CPU iPhone OS 26_5_1 like Mac OS X) AppleWebKit/605.1.15 (KHTML, like Gecko) GSA/429.1.942703598 Mobile/15E148 Safari/604.1"
92.40.185.25 - - [16/Jul/2026:17:46:57 +0000] "GET /wp-content/plugins/elementor/assets/js/frontend-modules.min.js?ver=3.24.7 HTTP/3" 200 20275 "https://angelsurchins.co.uk/product-category/baby/" "Mozilla/5.0 (iPhone; CPU iPhone OS 26_5_1 like Mac OS X) AppleWebKit/605.1.15 (KHTML, like Gecko) GSA/429.1.942703598 Mobile/15E148 Safari/604.1"
92.40.185.25 - - [16/Jul/2026:17:46:57 +0000] "GET /wp-content/plugins/elementor-pro/assets/js/frontend.min.js?ver=3.9.2 HTTP/3" 200 5542 "https://angelsurchins.co.uk/product-category/baby/" "Mozilla/5.0 (iPhone; CPU iPhone OS 26_5_1 like Mac OS X) AppleWebKit/605.1.15 (KHTML, like Gecko) GSA/429.1.942703598 Mobile/15E148 Safari/604.1"
92.40.185.25 - - [16/Jul/2026:17:46:57 +0000] "GET /wp-includes/js/jquery/ui/core.min.js?ver=1.13.3 HTTP/3" 200 6812 "https://angelsurchins.co.uk/product-category/baby/" "Mozilla/5.0 (iPhone; CPU iPhone OS 26_5_1 like Mac OS X) AppleWebKit/605.1.15 (KHTML, like Gecko) GSA/429.1.942703598 Mobile/15E148 Safari/604.1"
92.40.185.25 - - [16/Jul/2026:17:46:57 +0000] "GET /wp-content/plugins/elementor/assets/js/frontend.min.js?ver=3.24.7 HTTP/3" 200 12152 "https://angelsurchins.co.uk/product-category/baby/" "Mozilla/5.0 (iPhone; CPU iPhone OS 26_5_1 like Mac OS X) AppleWebKit/605.1.15 (KHTML, like Gecko) GSA/429.1.942703598 Mobile/15E148 Safari/604.1"
92.40.185.25 - - [16/Jul/2026:17:46:57 +0000] "GET /wp-content/plugins/elementor-pro/assets/js/preloaded-elements-handlers.min.js?ver=3.9.2 HTTP/3" 200 32375 "https://angelsurchins.co.uk/product-category/baby/" "Mozilla/5.0 (iPhone; CPU iPhone OS 26_5_1 like Mac OS X) AppleWebKit/605.1.15 (KHTML, like Gecko) GSA/429.1.942703598 Mobile/15E148 Safari/604.1"
92.40.185.25 - - [16/Jul/2026:17:46:58 +0000] "GET /wp-content/uploads/2024/09/bb40ce_9919437b626047a4a5482ac135795234mv2.jpg HTTP/3" 200 37476 "https://angelsurchins.co.uk/product-category/baby/" "Mozilla/5.0 (iPhone; CPU iPhone OS 26_5_1 like Mac OS X) AppleWebKit/605.1.15 (KHTML, like Gecko) GSA/429.1.942703598 Mobile/15E148 Safari/604.1"
92.40.185.25 - - [16/Jul/2026:17:46:58 +0000] "GET /wp-content/uploads/2024/09/bb40ce_d0a8630ccb73484db19b00e17ab0dafamv2.jpg HTTP/3" 200 39634 "https://angelsurchins.co.uk/product-category/baby/" "Mozilla/5.0 (iPhone; CPU iPhone OS 26_5_1 like Mac OS X) AppleWebKit/605.1.15 (KHTML, like Gecko) GSA/429.1.942703598 Mobile/15E148 Safari/604.1"
92.40.185.25 - - [16/Jul/2026:17:46:58 +0000] "GET /wp-content/uploads/2024/09/bb40ce_945e4e7708744601866d65983891b5edmv2.jpeg HTTP/3" 200 26224 "https://angelsurchins.co.uk/product-category/baby/" "Mozilla/5.0 (iPhone; CPU iPhone OS 26_5_1 like Mac OS X) AppleWebKit/605.1.15 (KHTML, like Gecko) GSA/429.1.942703598 Mobile/15E148 Safari/604.1"
92.40.185.25 - - [16/Jul/2026:17:46:58 +0000] "GET /wp-content/uploads/2024/09/bb40ce_a3a6b21fe4524f4f9fe71b46e6feb620mv2.jpg HTTP/3" 200 67240 "https://angelsurchins.co.uk/product-category/baby/" "Mozilla/5.0 (iPhone; CPU iPhone OS 26_5_1 like Mac OS X) AppleWebKit/605.1.15 (KHTML, like Gecko) GSA/429.1.942703598 Mobile/15E148 Safari/604.1"
92.40.185.25 - - [16/Jul/2026:17:46:58 +0000] "GET /wp-content/uploads/2024/09/bb40ce_5ac82797704c436cab1ee1339ce6dfbbmv2.jpg HTTP/3" 200 48706 "https://angelsurchins.co.uk/product-category/baby/" "Mozilla/5.0 (iPhone; CPU iPhone OS 26_5_1 like Mac OS X) AppleWebKit/605.1.15 (KHTML, like Gecko) GSA/429.1.942703598 Mobile/15E148 Safari/604.1"
92.40.185.25 - - [16/Jul/2026:17:46:58 +0000] "GET /wp-content/uploads/2024/09/bb40ce_8cefbd5208194c2e8ad8d892550b22f7mv2-1.jpg HTTP/3" 200 32179 "https://angelsurchins.co.uk/product-category/baby/" "Mozilla/5.0 (iPhone; CPU iPhone OS 26_5_1 like Mac OS X) AppleWebKit/605.1.15 (KHTML, like Gecko) GSA/429.1.942703598 Mobile/15E148 Safari/604.1"
92.40.185.25 - - [16/Jul/2026:17:46:58 +0000] "GET /wp-content/uploads/2024/09/bb40ce_8cefbd5208194c2e8ad8d892550b22f7mv2.jpg HTTP/3" 200 32179 "https://angelsurchins.co.uk/product-category/baby/" "Mozilla/5.0 (iPhone; CPU iPhone OS 26_5_1 like Mac OS X) AppleWebKit/605.1.15 (KHTML, like Gecko) GSA/429.1.942703598 Mobile/15E148 Safari/604.1"
92.40.185.25 - - [16/Jul/2026:17:46:58 +0000] "GET /wp-content/uploads/2024/09/bb40ce_e0fd50e8b0bf4f8c8c4da731f6f25df1mv2.jpg HTTP/3" 200 41221 "https://angelsurchins.co.uk/product-category/baby/" "Mozilla/5.0 (iPhone; CPU iPhone OS 26_5_1 like Mac OS X) AppleWebKit/605.1.15 (KHTML, like Gecko) GSA/429.1.942703598 Mobile/15E148 Safari/604.1"
92.40.185.25 - - [16/Jul/2026:17:46:58 +0000] "GET /wp-content/uploads/2024/09/bb40ce_fa4f3e35c6614c29b7a4fd234dcfd770mv2.jpg HTTP/3" 200 28683 "https://angelsurchins.co.uk/product-category/baby/" "Mozilla/5.0 (iPhone; CPU iPhone OS 26_5_1 like Mac OS X) AppleWebKit/605.1.15 (KHTML, like Gecko) GSA/429.1.942703598 Mobile/15E148 Safari/604.1"
92.40.185.25 - - [16/Jul/2026:17:46:58 +0000] "GET /wp-content/uploads/2024/09/2ef3d9_59c27efa519e4343b9f84397f7b58b92mv2.jpg HTTP/3" 200 52726 "https://angelsurchins.co.uk/product-category/baby/" "Mozilla/5.0 (iPhone; CPU iPhone OS 26_5_1 like Mac OS X) AppleWebKit/605.1.15 (KHTML, like Gecko) GSA/429.1.942703598 Mobile/15E148 Safari/604.1"
92.40.185.25 - - [16/Jul/2026:17:46:58 +0000] "POST /?wc-ajax=get_compare_fragments&elementor_page_id=83 HTTP/3" 200 210 "https://angelsurchins.co.uk/product-category/baby/" "Mozilla/5.0 (iPhone; CPU iPhone OS 26_5_1 like Mac OS X) AppleWebKit/605.1.15 (KHTML, like Gecko) GSA/429.1.942703598 Mobile/15E148 Safari/604.1"
92.40.185.25 - - [16/Jul/2026:17:46:58 +0000] "POST /?wc-ajax=get_wishlist_fragments&elementor_page_id=83 HTTP/3" 200 242 "https://angelsurchins.co.uk/product-category/baby/" "Mozilla/5.0 (iPhone; CPU iPhone OS 26_5_1 like Mac OS X) AppleWebKit/605.1.15 (KHTML, like Gecko) GSA/429.1.942703598 Mobile/15E148 Safari/604.1"
92.40.185.25 - - [16/Jul/2026:17:46:58 +0000] "POST /?wc-ajax=get_refreshed_fragments&elementor_page_id=83 HTTP/3" 200 398 "https://angelsurchins.co.uk/product-category/baby/" "Mozilla/5.0 (iPhone; CPU iPhone OS 26_5_1 like Mac OS X) AppleWebKit/605.1.15 (KHTML, like Gecko) GSA/429.1.942703598 Mobile/15E148 Safari/604.1"
194.39.149.53 - - [16/Jul/2026:17:46:59 +0000] "POST /wp-admin/admin-ajax.php HTTP/1.1" 200 0 "-" "WordPress/6.9.4; https://angelsurchins.co.uk"
92.40.185.25 - - [16/Jul/2026:17:47:05 +0000] "GET /product-category/baby/page/2/ HTTP/3" 200 29227 "https://angelsurchins.co.uk/product-category/baby/" "Mozilla/5.0 (iPhone; CPU iPhone OS 26_5_1 like Mac OS X) AppleWebKit/605.1.15 (KHTML, like Gecko) GSA/429.1.942703598 Mobile/15E148 Safari/604.1"
92.40.185.25 - - [16/Jul/2026:17:47:10 +0000] "GET /wp-content/uploads/2024/09/bb40ce_6cae9b4fbc114e2bad328358a68f5d0bmv2.jpeg HTTP/3" 200 33934 "https://angelsurchins.co.uk/product-category/baby/" "Mozilla/5.0 (iPhone; CPU iPhone OS 26_5_1 like Mac OS X) AppleWebKit/605.1.15 (KHTML, like Gecko) GSA/429.1.942703598 Mobile/15E148 Safari/604.1"
92.40.185.25 - - [16/Jul/2026:17:47:10 +0000] "GET /wp-content/uploads/2024/09/bb40ce_cb1c22a69208402db10c545517ce1dd5mv2.jpg HTTP/3" 200 59525 "https://angelsurchins.co.uk/product-category/baby/" "Mozilla/5.0 (iPhone; CPU iPhone OS 26_5_1 like Mac OS X) AppleWebKit/605.1.15 (KHTML, like Gecko) GSA/429.1.942703598 Mobile/15E148 Safari/604.1"
92.40.185.25 - - [16/Jul/2026:17:47:10 +0000] "GET /wp-content/uploads/2024/09/bb40ce_ae7b9d455516496194da3c5dff280073mv2.jpg HTTP/3" 200 42462 "https://angelsurchins.co.uk/product-category/baby/" "Mozilla/5.0 (iPhone; CPU iPhone OS 26_5_1 like Mac OS X) AppleWebKit/605.1.15 (KHTML, like Gecko) GSA/429.1.942703598 Mobile/15E148 Safari/604.1"
92.40.185.25 - - [16/Jul/2026:17:47:10 +0000] "GET /wp-content/uploads/2024/09/bb40ce_aeacd1ef28a64a778657e1a0ac10be43mv2-1.jpg HTTP/3" 200 52420 "https://angelsurchins.co.uk/product-category/baby/" "Mozilla/5.0 (iPhone; CPU iPhone OS 26_5_1 like Mac OS X) AppleWebKit/605.1.15 (KHTML, like Gecko) GSA/429.1.942703598 Mobile/15E148 Safari/604.1"
92.40.185.25 - - [16/Jul/2026:17:47:10 +0000] "GET /wp-content/uploads/2024/09/bb40ce_51601f0de904415cb0bcce013beac45fmv2.jpg HTTP/3" 200 23357 "https://angelsurchins.co.uk/product-category/baby/" "Mozilla/5.0 (iPhone; CPU iPhone OS 26_5_1 like Mac OS X) AppleWebKit/605.1.15 (KHTML, like Gecko) GSA/429.1.942703598 Mobile/15E148 Safari/604.1"
92.40.185.25 - - [16/Jul/2026:17:47:10 +0000] "GET /wp-content/uploads/2024/09/bb40ce_7f734a9c80b6405781df3968130495eemv2.jpg HTTP/3" 200 62728 "https://angelsurchins.co.uk/product-category/baby/" "Mozilla/5.0 (iPhone; CPU iPhone OS 26_5_1 like Mac OS X) AppleWebKit/605.1.15 (KHTML, like Gecko) GSA/429.1.942703598 Mobile/15E148 Safari/604.1"
92.40.185.25 - - [16/Jul/2026:17:47:10 +0000] "GET /wp-content/uploads/2024/11/cherry-cot-smaller-1320x1320.jpg HTTP/3" 200 195143 "https://angelsurchins.co.uk/product-category/baby/" "Mozilla/5.0 (iPhone; CPU iPhone OS 26_5_1 like Mac OS X) AppleWebKit/605.1.15 (KHTML, like Gecko) GSA/429.1.942703598 Mobile/15E148 Safari/604.1"
92.40.185.25 - - [16/Jul/2026:17:47:10 +0000] "GET /wp-content/uploads/2024/09/bb40ce_2deddb9513684d1ebe29a405311203ecmv2-1.jpg HTTP/3" 200 50079 "https://angelsurchins.co.uk/product-category/baby/" "Mozilla/5.0 (iPhone; CPU iPhone OS 26_5_1 like Mac OS X) AppleWebKit/605.1.15 (KHTML, like Gecko) GSA/429.1.942703598 Mobile/15E148 Safari/604.1"
92.40.185.25 - - [16/Jul/2026:17:47:10 +0000] "GET /wp-content/uploads/2024/09/bb40ce_0805313755064e208dd8b6c015bdfb46mv2.png HTTP/3" 200 731671 "https://angelsurchins.co.uk/product-category/baby/" "Mozilla/5.0 (iPhone; CPU iPhone OS 26_5_1 like Mac OS X) AppleWebKit/605.1.15 (KHTML, like Gecko) GSA/429.1.942703598 Mobile/15E148 Safari/604.1"
92.40.185.25 - - [16/Jul/2026:17:47:10 +0000] "GET /wp-content/uploads/2024/09/bb40ce_870c2d0c42ac4d60be4b5c2639ff2056mv2.jpg HTTP/3" 200 97790 "https://angelsurchins.co.uk/product-category/baby/" "Mozilla/5.0 (iPhone; CPU iPhone OS 26_5_1 like Mac OS X) AppleWebKit/605.1.15 (KHTML, like Gecko) GSA/429.1.942703598 Mobile/15E148 Safari/604.1"
92.40.185.25 - - [16/Jul/2026:17:47:10 +0000] "GET /wp-content/uploads/2024/09/bb40ce_e0c845c5f61b4b73ac4c639f329cbeafmv2.jpg HTTP/3" 200 42348 "https://angelsurchins.co.uk/product-category/baby/" "Mozilla/5.0 (iPhone; CPU iPhone OS 26_5_1 like Mac OS X) AppleWebKit/605.1.15 (KHTML, like Gecko) GSA/429.1.942703598 Mobile/15E148 Safari/604.1"
92.40.185.25 - - [16/Jul/2026:17:47:10 +0000] "GET /wp-content/uploads/2024/09/bb40ce_12d9c9050f8b4737993e421e3a60a159mv2.jpg HTTP/3" 200 34062 "https://angelsurchins.co.uk/product-category/baby/" "Mozilla/5.0 (iPhone; CPU iPhone OS 26_5_1 like Mac OS X) AppleWebKit/605.1.15 (KHTML, like Gecko) GSA/429.1.942703598 Mobile/15E148 Safari/604.1"
92.40.185.25 - - [16/Jul/2026:17:47:10 +0000] "GET /wp-content/uploads/2024/09/bb40ce_24936ef81d8e4646bd10aea5e613ead0mv2.jpg HTTP/3" 200 43544 "https://angelsurchins.co.uk/product-category/baby/" "Mozilla/5.0 (iPhone; CPU iPhone OS 26_5_1 like Mac OS X) AppleWebKit/605.1.15 (KHTML, like Gecko) GSA/429.1.942703598 Mobile/15E148 Safari/604.1"
92.40.185.25 - - [16/Jul/2026:17:47:10 +0000] "GET /wp-content/uploads/2024/09/bb40ce_2e8ee430a2ed494bbd37bafa3d760b6emv2.jpg HTTP/3" 200 43620 "https://angelsurchins.co.uk/product-category/baby/" "Mozilla/5.0 (iPhone; CPU iPhone OS 26_5_1 like Mac OS X) AppleWebKit/605.1.15 (KHTML, like Gecko) GSA/429.1.942703598 Mobile/15E148 Safari/604.1"
194.39.149.53 - - [16/Jul/2026:17:48:53 +0000] "POST /wp-cron.php?doing_wp_cron=1784224133.1034409999847412109375 HTTP/1.1" 200 0 "-" "WordPress/6.9.4; https://angelsurchins.co.uk"
57.141.0.45 - - [16/Jul/2026:17:48:51 +0000] "GET /product/florentine-triple-dresser/?add-to-wishlist=11456 HTTP/2" 200 196500 "-" "Mozilla/5.0 (Macintosh; Intel Mac OS X 10_15_7) AppleWebKit/537.36 (KHTML, like Gecko) Chrome/145.0.0.0 Safari/537.36 (compatible; meta-externalagent/1.1 (+https://developers.facebook.com/docs/sharing/webmasters/crawler))"
50.67.36.231 - - [16/Jul/2026:17:49:31 +0000] "GET /wp-content/uploads/2024/09/UNICORN-BLOSSOM-SIZES.jpg HTTP/2" 200 640901 "https://angelsurchins.co.uk/product/unicorn-wallsticker/" "Mozilla/5.0 (Windows; U; Windows NT 6.1; en-GB) AppleWebKit/534.1 (KHTML, like Gecko) Chrome/6.0.428.0 Safari/534.1"
194.39.149.53 - - [16/Jul/2026:17:50:15 +0000] "POST /wp-cron.php?doing_wp_cron=1784224215.8457870483398437500000 HTTP/1.1" 200 0 "-" "WordPress/6.9.4; https://angelsurchins.co.uk"
52.167.144.140 - - [16/Jul/2026:17:50:14 +0000] "GET /product-category/rugs HTTP/2" 301 0 "-" "Mozilla/5.0 AppleWebKit/537.36 (KHTML, like Gecko; compatible; bingbot/2.0; +http://www.bing.com/bingbot.htm) Chrome/116.0.1938.76 Safari/537.36"
52.167.144.140 - - [16/Jul/2026:17:50:16 +0000] "GET /product-category/rugs/ HTTP/2" 200 29073 "-" "Mozilla/5.0 AppleWebKit/537.36 (KHTML, like Gecko; compatible; bingbot/2.0; +http://www.bing.com/bingbot.htm) Chrome/116.0.1938.76 Safari/537.36"
194.39.149.53 - - [16/Jul/2026:17:50:17 +0000] "POST /wp-admin/admin-ajax.php HTTP/1.1" 200 0 "-" "WordPress/6.9.4; https://angelsurchins.co.uk"
181.224.207.120 - - [16/Jul/2026:17:50:27 +0000] "GET /product/dinosaurs-on-the-run-wallpaper/?add-to-wishlist=11925 HTTP/1.1" 200 38619 "-" "Mozilla/5.0 (Macintosh; Intel Mac OS X 10_12_6) AppleWebKit/537.36 (KHTML, like Gecko) Chrome/94.0.4606.81 Safari/537.36"
194.39.149.53 - - [16/Jul/2026:17:50:43 +0000] "POST /wp-cron.php?doing_wp_cron=1784224243.8456149101257324218750 HTTP/1.1" 200 0 "-" "WordPress/6.9.4; https://angelsurchins.co.uk"
185.223.152.117 - - [16/Jul/2026:17:50:41 +0000] "POST /wp-login.php HTTP/1.1" 401 1500 "-" "Mozilla/5.0 (Linux; U; Android 9; es-es; Mi 9 Lite Build/PKQ1.181121.001) AppleWebKit/537.36 (KHTML, like Gecko) Version/4.0 Chrome/71.0.3578.141 Mobile Safari/537.36 XiaoMi/MiuiBrowser/12.2.6-g"
222.254.158.76 - - [16/Jul/2026:17:50:45 +0000] "GET /product/12660/?add-to-wishlist=11892 HTTP/1.1" 200 39432 "-" "Mozilla/5.0 (Macintosh; Intel Mac OS X 11_1_0) AppleWebKit/537.36 (KHTML, like Gecko) Brave Chrome/87.0.4280.67 Safari/537.36"
194.39.149.53 - - [16/Jul/2026:17:52:50 +0000] "POST /wp-cron.php?doing_wp_cron=1784224370.6433510780334472656250 HTTP/1.1" 200 0 "-" "WordPress/6.9.4; https://angelsurchins.co.uk"
114.119.159.37 - - [16/Jul/2026:17:52:48 +0000] "GET /shipping-policy HTTP/1.1" 301 0 "https://angelsurchins.co.uk/product/walnut-wave-cradle" "Mozilla/5.0 (Linux; Android 7.0;) AppleWebKit/537.36 (HTML, like Gecko) Mobile Safari/537.36 (compatible; PetalBot;+https://webmaster.petalsearch.com/site/petalbot)"
114.119.159.37 - - [16/Jul/2026:17:52:51 +0000] "GET /shipping-policy/ HTTP/1.1" 200 21253 "https://angelsurchins.co.uk/product/walnut-wave-cradle" "Mozilla/5.0 (Linux; Android 7.0;) AppleWebKit/537.36 (HTML, like Gecko) Mobile Safari/537.36 (compatible; PetalBot;+https://webmaster.petalsearch.com/site/petalbot)"
194.39.149.53 - - [16/Jul/2026:17:52:52 +0000] "POST /wp-admin/admin-ajax.php HTTP/1.1" 200 0 "-" "WordPress/6.9.4; https://angelsurchins.co.uk"
194.39.149.53 - - [16/Jul/2026:17:53:51 +0000] "POST /wp-cron.php?doing_wp_cron=1784224431.4866900444030761718750 HTTP/1.1" 200 0 "-" "WordPress/6.9.4; https://angelsurchins.co.uk"
57.141.0.45 - - [16/Jul/2026:17:53:49 +0000] "GET /cart/?remove_item=83e8fe6279ad25f15b23c6298c6a3584&_wpnonce=56487f4c19 HTTP/2" 200 367501 "-" "Mozilla/5.0 (Windows NT 10.0; Win64; x64) AppleWebKit/537.36 (KHTML, like Gecko) Chrome/145.0.0.0 Safari/537.36 (compatible; meta-externalagent/1.1 (+https://developers.facebook.com/docs/sharing/webmasters/crawler))"
114.119.143.177 - - [16/Jul/2026:17:54:12 +0000] "GET /product/vintage-butterfly-print/ HTTP/1.1" 200 29693 "https://angelsurchins.co.uk/product-category/accesories/page/7/" "Mozilla/5.0 (Linux; Android 7.0;) AppleWebKit/537.36 (HTML, like Gecko) Mobile Safari/537.36 (compatible; PetalBot;+https://webmaster.petalsearch.com/site/petalbot)"
142.44.228.208 - - [16/Jul/2026:17:54:20 +0000] "GET /product-category/baby/rocking-chairs/ HTTP/2" 200 26779 "-" "Mozilla/5.0 (compatible; AhrefsBot/7.0; +http://ahrefs.com/robot/)"
181.122.188.254 - - [16/Jul/2026:17:54:20 +0000] "GET /product/unicorn-wallsticker/?add-to-wishlist=11910 HTTP/1.1" 200 38114 "-" "Mozilla/5.0 (Windows NT 6.1) AppleWebKit/537.36 (KHTML, like Gecko) Chrome/74.0.3729.131 Safari/537.36"
194.39.149.53 - - [16/Jul/2026:17:55:41 +0000] "POST /wp-cron.php?doing_wp_cron=1784224541.5832099914550781250000 HTTP/1.1" 200 0 "-" "WordPress/6.9.4; https://angelsurchins.co.uk"
114.119.142.12 - - [16/Jul/2026:17:55:35 +0000] "GET /product/hammered-brass-dresser/ HTTP/1.1" 200 29624 "https://angelsurchins.co.uk/product-masonry/?product-page=6" "Mozilla/5.0 (Linux; Android 7.0;) AppleWebKit/537.36 (HTML, like Gecko) Mobile Safari/537.36 (compatible; PetalBot;+https://webmaster.petalsearch.com/site/petalbot)"
194.39.149.53 - - [16/Jul/2026:17:55:43 +0000] "POST /wp-admin/admin-ajax.php HTTP/1.1" 200 0 "-" "WordPress/6.9.4; https://angelsurchins.co.uk"
194.39.149.53 - - [16/Jul/2026:17:57:00 +0000] "POST /wp-cron.php?doing_wp_cron=1784224620.4174559116363525390625 HTTP/1.1" 200 0 "-" "WordPress/6.9.4; https://angelsurchins.co.uk"
114.119.153.161 - - [16/Jul/2026:17:56:58 +0000] "GET /product/flower-fairy-wallpaper/ HTTP/1.1" 200 30091 "https://angelsurchins.co.uk/product/graphic-elephant-print/" "Mozilla/5.0 (Linux; Android 7.0;) AppleWebKit/537.36 (HTML, like Gecko) Mobile Safari/537.36 (compatible; PetalBot;+https://webmaster.petalsearch.com/site/petalbot)"
194.39.149.53 - - [16/Jul/2026:17:58:24 +0000] "POST /wp-cron.php?doing_wp_cron=1784224704.1051430702209472656250 HTTP/1.1" 200 0 "-" "WordPress/6.9.4; https://angelsurchins.co.uk"
114.119.130.240 - - [16/Jul/2026:17:58:22 +0000] "GET /product-category/kids/ HTTP/1.1" 200 29026 "https://angelsurchins.co.uk/product-masonry/?product-page=1" "Mozilla/5.0 (Linux; Android 7.0;) AppleWebKit/537.36 (HTML, like Gecko) Mobile Safari/537.36 (compatible; PetalBot;+https://webmaster.petalsearch.com/site/petalbot)"
194.39.149.53 - - [16/Jul/2026:17:58:25 +0000] "POST /wp-admin/admin-ajax.php HTTP/1.1" 200 0 "-" "WordPress/6.9.4; https://angelsurchins.co.uk"
194.39.149.53 - - [16/Jul/2026:18:05:05 +0000] "POST /wp-cron.php?doing_wp_cron=1784225105.1704258918762207031250 HTTP/1.1" 200 0 "-" "WordPress/6.9.4; https://angelsurchins.co.uk"
45.166.143.181 - - [16/Jul/2026:18:05:02 +0000] "GET /product/deer-and-bunny-wallpaper/?add-to-wishlist=11865 HTTP/1.1" 200 39220 "-" "Mozilla/5.0 (Windows NT 6.3; Win64; x64) AppleWebKit/537.36 (KHTML, like Gecko) Chrome/89.0.4389.114 Safari/537.36"
194.39.149.53 - - [16/Jul/2026:18:05:06 +0000] "POST /wp-admin/admin-ajax.php HTTP/1.1" 200 0 "-" "WordPress/6.9.4; https://angelsurchins.co.uk"
194.39.149.53 - - [16/Jul/2026:18:05:09 +0000] "POST /wp-admin/admin-ajax.php?action=as_async_request_queue_runner&nonce=3429380fc3 HTTP/1.1" 200 0 "-" "WordPress/6.9.4; https://angelsurchins.co.uk"
194.39.149.53 - - [16/Jul/2026:18:06:53 +0000] "POST /wp-cron.php?doing_wp_cron=1784225213.5601370334625244140625 HTTP/1.1" 200 0 "-" "WordPress/6.9.4; https://angelsurchins.co.uk"
45.171.228.189 - - [16/Jul/2026:18:06:48 +0000] "GET /product/blossom-in-the-wind-wallpaper/?add-to-wishlist=11865 HTTP/1.1" 200 39229 "-" "Mozilla/5.0 (Windows NT 10.0; Win64; x64) AppleWebKit/537.36 (KHTML, like Gecko) Brave Chrome/87.0.4280.141 Safari/537.36"
194.39.149.53 - - [16/Jul/2026:18:08:24 +0000] "POST /wp-cron.php?doing_wp_cron=1784225304.6079359054565429687500 HTTP/1.1" 200 0 "-" "WordPress/6.9.4; https://angelsurchins.co.uk"
113.182.210.229 - - [16/Jul/2026:18:08:22 +0000] "GET /product/castle-dresser-bookcase/?add-to-wishlist=11479 HTTP/1.1" 200 37547 "-" "Mozilla/5.0 (Macintosh; Intel Mac OS X 10_11_6) AppleWebKit/537.36 (KHTML, like Gecko) Chrome/96.0.4664.93 Safari/537.36"
194.39.149.53 - - [16/Jul/2026:18:08:27 +0000] "POST /wp-admin/admin-ajax.php HTTP/1.1" 200 0 "-" "WordPress/6.9.4; https://angelsurchins.co.uk"
57.141.0.46 - - [16/Jul/2026:18:08:31 +0000] "GET /product/florentine-triple-dresser/?add-to-wishlist=11475&add-to-cart=11467 HTTP/2" 200 207416 "-" "Mozilla/5.0 (Windows NT 10.0; Win64; x64) AppleWebKit/537.36 (KHTML, like Gecko) Chrome/145.0.0.0 Safari/537.36 (compatible; meta-externalagent/1.1 (+https://developers.facebook.com/docs/sharing/webmasters/crawler))"
194.39.149.53 - - [16/Jul/2026:18:09:31 +0000] "POST /wp-cron.php?doing_wp_cron=1784225371.2134530544281005859375 HTTP/1.1" 200 0 "-" "WordPress/6.9.4; https://angelsurchins.co.uk"
185.223.152.95 - - [16/Jul/2026:18:09:28 +0000] "POST /wp-login.php HTTP/1.1" 401 1502 "-" "Mozilla/5.0 (Linux; Android 10; YAL-L21) AppleWebKit/537.36 (KHTML, like Gecko) Chrome/92.0.4515.166 Mobile Safari/537.36"
194.39.149.53 - - [16/Jul/2026:18:12:24 +0000] "POST /wp-cron.php?doing_wp_cron=1784225543.9938519001007080078125 HTTP/1.1" 200 0 "-" "WordPress/6.9.4; https://angelsurchins.co.uk"
168.228.193.47 - - [16/Jul/2026:18:12:22 +0000] "GET /product/ornate-carved-5-arm-chandelier/?add-to-wishlist=11863 HTTP/1.1" 200 38277 "-" "Mozilla/5.0 (Windows NT 10.0; WOW64) AppleWebKit/537.36 (KHTML, like Gecko) Chrome/87.0.4280.141 Safari/537.36"
194.39.149.53 - - [16/Jul/2026:18:12:25 +0000] "POST /wp-admin/admin-ajax.php HTTP/1.1" 200 0 "-" "WordPress/6.9.4; https://angelsurchins.co.uk"
194.39.149.53 - - [16/Jul/2026:18:12:27 +0000] "POST /wp-admin/admin-ajax.php?action=as_async_request_queue_runner&nonce=3429380fc3 HTTP/1.1" 200 0 "-" "WordPress/6.9.4; https://angelsurchins.co.uk"
173.252.82.49 - - [16/Jul/2026:18:13:27 +0000] "GET /wp-content/uploads/2024/09/bb40ce_56db0e5c19d44d32b9212635aab12277mv2-570x570.jpg HTTP/2" 200 56110 "-" "meta-externalagent/1.1 (+https://developers.facebook.com/docs/sharing/webmasters/crawler)"
194.39.149.53 - - [16/Jul/2026:18:15:05 +0000] "POST /wp-cron.php?doing_wp_cron=1784225705.7540230751037597656250 HTTP/1.1" 200 0 "-" "WordPress/6.9.4; https://angelsurchins.co.uk"
38.10.231.27 - - [16/Jul/2026:18:15:03 +0000] "GET /product/baby-calf-print/?add-to-wishlist=11851 HTTP/1.1" 200 37860 "-" "Mozilla/5.0 (Macintosh; Intel Mac OS X 10_12_6) AppleWebKit/537.36 (KHTML, like Gecko) Chrome/88.0.4324.192 Safari/537.36"
194.39.149.53 - - [16/Jul/2026:18:15:07 +0000] "POST /wp-admin/admin-ajax.php HTTP/1.1" 200 0 "-" "WordPress/6.9.4; https://angelsurchins.co.uk"
194.39.149.53 - - [16/Jul/2026:18:16:22 +0000] "POST /wp-cron.php?doing_wp_cron=1784225782.8539359569549560546875 HTTP/1.1" 200 0 "-" "WordPress/6.9.4; https://angelsurchins.co.uk"
186.194.35.161 - - [16/Jul/2026:18:16:18 +0000] "GET /product/lemon-tree-wallpaper/ HTTP/1.1" 200 39086 "-" "Mozilla/5.0 (Windows NT 6.1; WOW64) AppleWebKit/537.36 (KHTML, like Gecko) Chrome/63.0.3239.132 AOL/11.0 AOLBUILD/11.0.1839 Safari/537.36"
216.73.163.150 - - [16/Jul/2026:18:16:23 +0000] "POST /wp-login.php HTTP/1.1" 401 1501 "-" "Mozilla/5.0 (Macintosh; Intel Mac OS X 10_9_2) AppleWebKit/537.36 (KHTML, like Gecko) Chrome/36.0.1944.0 Safari/537.36"
194.39.149.53 - - [16/Jul/2026:18:18:15 +0000] "POST /wp-cron.php?doing_wp_cron=1784225895.8542358875274658203125 HTTP/1.1" 200 0 "-" "WordPress/6.9.4; https://angelsurchins.co.uk"
39.63.55.59 - - [16/Jul/2026:18:18:14 +0000] "GET /product/grey-6-arm-chandelier-with-shades/?add-to-wishlist=11849 HTTP/1.1" 200 38350 "-" "Mozilla/5.0 (Windows NT 10.0; Win64; x64) AppleWebKit/537.36 (KHTML, like Gecko) Chrome/66.0.3359.139 Safari/537.36"
194.39.149.53 - - [16/Jul/2026:18:18:17 +0000] "POST /wp-admin/admin-ajax.php HTTP/1.1" 200 0 "-" "WordPress/6.9.4; https://angelsurchins.co.uk"
194.39.149.53 - - [16/Jul/2026:18:18:25 +0000] "POST /wp-cron.php?doing_wp_cron=1784225905.2811019420623779296875 HTTP/1.1" 200 0 "-" "WordPress/6.9.4; https://angelsurchins.co.uk"
194.39.149.53 - - [16/Jul/2026:18:18:18 +0000] "POST /wp-admin/admin-ajax.php?action=as_async_request_queue_runner&nonce=3429380fc3 HTTP/1.1" 200 0 "-" "WordPress/6.9.4; https://angelsurchins.co.uk"
157.100.203.223 - - [16/Jul/2026:18:18:23 +0000] "GET /product/wisteria-butterflies/?add-to-wishlist=11855 HTTP/1.1" 200 38396 "-" "Mozilla/5.0 (Windows NT 6.1) AppleWebKit/537.36 (KHTML, like Gecko) Chrome/87.0.4280.88 Safari/537.36"
194.39.149.53 - - [16/Jul/2026:18:19:01 +0000] "POST /wp-cron.php?doing_wp_cron=1784225941.7048950195312500000000 HTTP/1.1" 200 0 "-" "WordPress/6.9.4; https://angelsurchins.co.uk"
185.140.193.9 - - [16/Jul/2026:18:18:59 +0000] "GET /product/vintage-butterfly-print/?add-to-wishlist=11914 HTTP/1.1" 200 37906 "-" "Mozilla/5.0 (Windows NT 10.0; WOW64) AppleWebKit/537.36 (KHTML, like Gecko) Chrome/62.0.3202.9 Safari/537.36"
194.39.149.53 - - [16/Jul/2026:18:21:45 +0000] "POST /wp-admin/admin-ajax.php HTTP/1.1" 200 0 "-" "WordPress/6.9.4; https://angelsurchins.co.uk"
20.153.140.50 - - [16/Jul/2026:18:21:55 +0000] "GET /wp-login.php HTTP/2" 200 2455 "-" "Mozilla/5.0 (X11; Linux x86_64; rv:148.0) Gecko/20100101 Firefox/148.0"
8.217.108.67 - - [16/Jul/2026:18:22:02 +0000] "GET /wp-login.php HTTP/2" 200 0 "-" "Mozilla/5.0 (iPhone; CPU iPhone OS 17_7 like Mac OS X) AppleWebKit/605.1.15 (KHTML, like Gecko) Version/17.7 Mobile/15E148 Safari/604.1"
20.153.140.50 - - [16/Jul/2026:18:22:03 +0000] "POST /wp-login.php HTTP/2" 401 1290 "https://angelsurchins.co.uk/wp-login.php" "Mozilla/5.0 (X11; Linux x86_64; rv:148.0) Gecko/20100101 Firefox/148.0"
187.190.186.189 - - [16/Jul/2026:18:22:07 +0000] "GET /product-category/accesories/?add-to-wishlist=12136 HTTP/1.1" 200 38692 "-" "Mozilla/5.0 (Macintosh; Intel Mac OS X 10_12_6) AppleWebKit/537.36 (KHTML, like Gecko) Chrome/89.0.4389.114 Safari/537.36"
194.39.149.53 - - [16/Jul/2026:18:23:15 +0000] "POST /wp-cron.php?doing_wp_cron=1784226195.5653541088104248046875 HTTP/1.1" 200 0 "-" "WordPress/6.9.4; https://angelsurchins.co.uk"
14.255.144.190 - - [16/Jul/2026:18:23:11 +0000] "GET /product/graphic-elephant-print/?add-to-wishlist=11863 HTTP/1.1" 200 38236 "-" "Mozilla/5.0 (Windows NT 10.0; Win64; x64) AppleWebKit/537.36 (KHTML, like Gecko) Chrome/92.0.4515.107 Safari/537.36"
194.39.149.53 - - [16/Jul/2026:18:25:32 +0000] "POST /wp-cron.php?doing_wp_cron=1784226332.7655711174011230468750 HTTP/1.1" 200 0 "-" "WordPress/6.9.4; https://angelsurchins.co.uk"
24.139.146.240 - - [16/Jul/2026:18:25:29 +0000] "GET /product/hand-drawn-english-forest-wallpaper-2/?add-to-wishlist=11881 HTTP/1.1" 200 38653 "-" "Mozilla/5.0 (Windows NT 10.0; Win64; x64) AppleWebKit/537.36 (KHTML, like Gecko) Chrome/74.0.3729.131 Safari/537.36"
194.39.149.53 - - [16/Jul/2026:18:25:38 +0000] "POST /wp-admin/admin-ajax.php HTTP/1.1" 200 0 "-" "WordPress/6.9.4; https://angelsurchins.co.uk"
194.39.149.53 - - [16/Jul/2026:18:26:25 +0000] "POST /wp-cron.php?doing_wp_cron=1784226385.5957999229431152343750 HTTP/1.1" 200 0 "-" "WordPress/6.9.4; https://angelsurchins.co.uk"
200.8.34.190 - - [16/Jul/2026:18:26:23 +0000] "GET /product/crest-top-wall-mirror/?add-to-wishlist=13109 HTTP/1.1" 200 37109 "-" "Mozilla/5.0 (Macintosh; Intel Mac OS X 10_15_5) AppleWebKit/537.36 (KHTML, like Gecko) Chrome/90.0.4430.93 Safari/537.36"
194.39.149.53 - - [16/Jul/2026:18:27:01 +0000] "POST /wp-cron.php?doing_wp_cron=1784226421.3111379146575927734375 HTTP/1.1" 200 0 "-" "WordPress/6.9.4; https://angelsurchins.co.uk"
162.243.79.174 - - [16/Jul/2026:18:26:57 +0000] "GET / HTTP/1.1" 301 0 "-" "Mozilla/5.0 (Windows NT 10.0; Win64; x64) AppleWebKit/537.36 (KHTML, like Gecko) Chrome/122.0.0.0 Safari/537.36"
162.243.79.174 - - [16/Jul/2026:18:26:57 +0000] "GET / HTTP/1.1" 200 42631 "-" "Mozilla/5.0 (Windows NT 10.0; Win64; x64) AppleWebKit/537.36 (KHTML, like Gecko) Chrome/122.0.0.0 Safari/537.36"
162.243.79.174 - - [16/Jul/2026:18:27:02 +0000] "GET / HTTP/1.1" 200 42642 "-" "Mozilla/5.0 (Windows NT 10.0; Win64; x64) AppleWebKit/537.36 (KHTML, like Gecko) Chrome/122.0.0.0 Safari/537.36"
162.243.79.174 - - [16/Jul/2026:18:27:07 +0000] "GET /.env HTTP/1.1" 404 24366 "-" "Mozilla/5.0 (Windows NT 10.0; Win64; x64) AppleWebKit/537.36 (KHTML, like Gecko) Chrome/122.0.0.0 Safari/537.36"
162.243.79.174 - - [16/Jul/2026:18:27:09 +0000] "GET /.env HTTP/1.1" 404 24372 "-" "Mozilla/5.0 (Windows NT 10.0; Win64; x64) AppleWebKit/537.36 (KHTML, like Gecko) Chrome/122.0.0.0 Safari/537.36"
162.243.79.174 - - [16/Jul/2026:18:27:13 +0000] "GET /_profiler/phpinfo HTTP/1.1" 404 24372 "-" "Mozilla/5.0 (Windows NT 10.0; Win64; x64) AppleWebKit/537.36 (KHTML, like Gecko) Chrome/122.0.0.0 Safari/537.36"
162.243.79.174 - - [16/Jul/2026:18:27:14 +0000] "GET /_profiler/phpinfo HTTP/1.1" 404 24366 "-" "Mozilla/5.0 (Windows NT 10.0; Win64; x64) AppleWebKit/537.36 (KHTML, like Gecko) Chrome/122.0.0.0 Safari/537.36"
162.243.79.174 - - [16/Jul/2026:18:27:22 +0000] "GET /_profiler/open?file=config/packages/swiftmailer.yaml HTTP/1.1" 404 24372 "-" "Mozilla/5.0 (Windows NT 10.0; Win64; x64) AppleWebKit/537.36 (KHTML, like Gecko) Chrome/122.0.0.0 Safari/537.36"
162.243.79.174 - - [16/Jul/2026:18:27:22 +0000] "GET /_profiler/open?file=config/packages/swiftmailer.yaml HTTP/1.1" 404 24366 "-" "Mozilla/5.0 (Windows NT 10.0; Win64; x64) AppleWebKit/537.36 (KHTML, like Gecko) Chrome/122.0.0.0 Safari/537.36"
162.243.79.174 - - [16/Jul/2026:18:27:30 +0000] "GET /_profiler/open?file=.env HTTP/1.1" 404 24372 "-" "Mozilla/5.0 (Windows NT 10.0; Win64; x64) AppleWebKit/537.36 (KHTML, like Gecko) Chrome/122.0.0.0 Safari/537.36"
162.243.79.174 - - [16/Jul/2026:18:27:32 +0000] "GET /_profiler/open?file=.env HTTP/1.1" 404 24366 "-" "Mozilla/5.0 (Windows NT 10.0; Win64; x64) AppleWebKit/537.36 (KHTML, like Gecko) Chrome/122.0.0.0 Safari/537.36"
194.39.149.53 - - [16/Jul/2026:18:27:39 +0000] "POST /wp-cron.php?doing_wp_cron=1784226459.0507030487060546875000 HTTP/1.1" 200 0 "-" "WordPress/6.9.4; https://angelsurchins.co.uk"
162.243.79.174 - - [16/Jul/2026:18:27:35 +0000] "GET /_profiler/open?file=config/services.yaml HTTP/1.1" 404 24372 "-" "Mozilla/5.0 (Windows NT 10.0; Win64; x64) AppleWebKit/537.36 (KHTML, like Gecko) Chrome/122.0.0.0 Safari/537.36"
162.243.79.174 - - [16/Jul/2026:18:27:37 +0000] "GET /_profiler/open?file=config/services.yaml HTTP/1.1" 404 24366 "-" "Mozilla/5.0 (Windows NT 10.0; Win64; x64) AppleWebKit/537.36 (KHTML, like Gecko) Chrome/122.0.0.0 Safari/537.36"
178.120.56.92 - - [16/Jul/2026:18:27:47 +0000] "GET /product/lebeau-princess-bed/ HTTP/1.1" 200 37343 "-" "Mozilla/5.0 (Windows NT 10.0; Win64; x64) AppleWebKit/537.36 (KHTML, like Gecko) Chrome/90.0.4430.93 Safari/537.36"
194.39.149.53 - - [16/Jul/2026:18:28:20 +0000] "POST /wp-cron.php?doing_wp_cron=1784226500.2326240539550781250000 HTTP/1.1" 200 0 "-" "WordPress/6.9.4; https://angelsurchins.co.uk"
185.223.152.102 - - [16/Jul/2026:18:28:17 +0000] "POST /wp-login.php HTTP/1.1" 401 1501 "-" "Mozilla/5.0 (X11; Ubuntu; Linux x86_64; rv:21.0) Gecko/20130331 Firefox/21.0"
194.39.149.53 - - [16/Jul/2026:18:28:34 +0000] "POST /wp-cron.php?doing_wp_cron=1784226514.0180189609527587890625 HTTP/1.1" 200 0 "-" "WordPress/6.9.4; https://angelsurchins.co.uk"
113.191.73.93 - - [16/Jul/2026:18:28:32 +0000] "GET /product/falling-flowers-wallpaper/?add-to-wishlist=11897 HTTP/1.1" 200 38669 "-" "Mozilla/5.0 (Windows NT 6.3; Win64; x64) AppleWebKit/537.36 (KHTML, like Gecko) Brave Chrome/88.0.4324.182 Safari/537.36"
194.39.149.53 - - [16/Jul/2026:18:29:16 +0000] "POST /wp-cron.php?doing_wp_cron=1784226556.7526900768280029296875 HTTP/1.1" 200 0 "-" "WordPress/6.9.4; https://angelsurchins.co.uk"
45.172.68.65 - - [16/Jul/2026:18:29:13 +0000] "GET /product-category/kids/page/2/?add-to-wishlist=11766 HTTP/1.1" 200 39145 "-" "Mozilla/5.0 (Macintosh; Intel Mac OS X 10_13_6) AppleWebKit/537.36 (KHTML, like Gecko) Chrome/101.0.4951.54 Safari/537.36"
194.39.149.53 - - [16/Jul/2026:18:29:23 +0000] "POST /wp-admin/admin-ajax.php HTTP/1.1" 200 0 "-" "WordPress/6.9.4; https://angelsurchins.co.uk"
194.39.149.53 - - [16/Jul/2026:18:31:40 +0000] "POST /wp-cron.php?doing_wp_cron=1784226700.6227660179138183593750 HTTP/1.1" 200 0 "-" "WordPress/6.9.4; https://angelsurchins.co.uk"
213.171.208.62 - - [16/Jul/2026:18:31:37 +0000] "GET /wp-login.php HTTP/2" 200 2456 "-" "Mozilla/5.0 (Windows NT 10.0; Win64; x64) AppleWebKit/537.36 (KHTML, like Gecko) Chrome/148.0.0.0 Safari/537.36"
213.171.208.62 - - [16/Jul/2026:18:31:41 +0000] "POST /wp-login.php HTTP/2" 401 1287 "https://angelsurchins.co.uk/wp-login.php" "Mozilla/5.0 (Windows NT 10.0; Win64; x64) AppleWebKit/537.36 (KHTML, like Gecko) Chrome/148.0.0.0 Safari/537.36"
194.39.149.53 - - [16/Jul/2026:18:31:42 +0000] "POST /wp-admin/admin-ajax.php HTTP/1.1" 200 0 "-" "WordPress/6.9.4; https://angelsurchins.co.uk"
132.148.72.88 - - [16/Jul/2026:18:31:43 +0000] "GET /wp-login.php HTTP/2" 200 0 "-" "Mozilla/5.0 (iPhone; CPU iPhone OS 17_7 like Mac OS X) AppleWebKit/605.1.15 (KHTML, like Gecko) CriOS/143.0.6917.0 Mobile/15E148 Safari/604.1"
194.39.149.53 - - [16/Jul/2026:18:32:45 +0000] "POST /wp-cron.php?doing_wp_cron=1784226765.3859651088714599609375 HTTP/1.1" 200 0 "-" "WordPress/6.9.4; https://angelsurchins.co.uk"
186.77.196.181 - - [16/Jul/2026:18:32:43 +0000] "GET /product/lucine-acrylic-cot-bed/?add-to-wishlist=11477 HTTP/1.1" 200 37473 "-" "Mozilla/5.0 (Macintosh; Intel Mac OS X 11_2) AppleWebKit/537.36 (KHTML, like Gecko) Chrome/96.0.4702.147 Safari/537.36"
24.232.57.58 - - [16/Jul/2026:18:32:45 +0000] "GET /product/vintage-flower-print/?add-to-wishlist=11907 HTTP/1.1" 200 37920 "-" "Mozilla/5.0 (Macintosh; Intel Mac OS X 10_15_4) AppleWebKit/537.36 (KHTML, like Gecko) Brave Chrome/81.0.4044.122 Safari/537.36"
194.39.149.53 - - [16/Jul/2026:18:35:15 +0000] "POST /wp-cron.php?doing_wp_cron=1784226915.8069629669189453125000 HTTP/1.1" 200 0 "-" "WordPress/6.9.4; https://angelsurchins.co.uk"
200.150.248.50 - - [16/Jul/2026:18:35:12 +0000] "GET /product/maela-applique-cherry-blossom-dresser/ HTTP/1.1" 200 37234 "-" "Mozilla/5.0 (Windows NT 10.0; Win64; x64) AppleWebKit/537.36 (KHTML, like Gecko) Chrome/97.0.4950.0 Iron Safari/537.36"
194.39.149.53 - - [16/Jul/2026:18:35:17 +0000] "POST /wp-admin/admin-ajax.php HTTP/1.1" 200 0 "-" "WordPress/6.9.4; https://angelsurchins.co.uk"
194.39.149.53 - - [16/Jul/2026:18:35:50 +0000] "POST /wp-cron.php?doing_wp_cron=1784226950.8816809654235839843750 HTTP/1.1" 200 0 "-" "WordPress/6.9.4; https://angelsurchins.co.uk"
223.123.105.0 - - [16/Jul/2026:18:35:47 +0000] "GET /product-category/accesories/?add-to-wishlist=11935 HTTP/1.1" 200 38933 "-" "Mozilla/5.0 (Macintosh; Intel Mac OS X 10_15_7) AppleWebKit/537.36 (KHTML, like Gecko) Chrome/101.0.0.0 Safari/537.36"
123.30.217.208 - - [16/Jul/2026:18:36:25 +0000] "GET /product/distressed-gold-leaf-6-arm-chandelier/?add-to-wishlist=11901 HTTP/1.1" 200 38342 "-" "Mozilla/5.0 (Windows NT 10.0; Win64; x64) AppleWebKit/537.36 (KHTML, like Gecko) Brave Chrome/86.0.4240.99 Safari/537.36"
154.159.238.120 - - [16/Jul/2026:18:36:27 +0000] "GET /product/baby-lamb-print/?add-to-wishlist=11853 HTTP/1.1" 200 37945 "-" "Mozilla/5.0 (Macintosh; Intel Mac OS X 10_14_5) AppleWebKit/537.36 (KHTML, like Gecko) Chrome/74.0.3729.169 Safari/537.36"
194.39.149.53 - - [16/Jul/2026:18:37:25 +0000] "POST /wp-cron.php?doing_wp_cron=1784227045.7493031024932861328125 HTTP/1.1" 200 0 "-" "WordPress/6.9.4; https://angelsurchins.co.uk"
200.4.96.100 - - [16/Jul/2026:18:37:23 +0000] "GET /product/toile-hot-airballon-wallpaper/?add-to-wishlist=11894 HTTP/1.1" 200 39190 "-" "Mozilla/5.0 (Windows NT 6.1; Win64; x64) AppleWebKit/537.36 (KHTML, like Gecko) Chrome/84.0.4147.135 Safari/537.36"
194.39.149.53 - - [16/Jul/2026:18:37:28 +0000] "POST /wp-admin/admin-ajax.php HTTP/1.1" 200 0 "-" "WordPress/6.9.4; https://angelsurchins.co.uk"
20.151.7.119 - - [16/Jul/2026:18:37:36 +0000] "GET /adminfuns.php HTTP/1.1" 404 19734 "-" "Mozilla/5.0 (Windows NT 10.0; Win64; x64) AppleWebKit/537.36 (KHTML, like Gecko) Chrome/120.0.0.0 Safari/537.36"
20.151.7.119 - - [16/Jul/2026:18:37:37 +0000] "GET /file.php HTTP/1.1" 404 19734 "-" "Mozilla/5.0 (Windows NT 10.0; Win64; x64) AppleWebKit/537.36 (KHTML, like Gecko) Chrome/120.0.0.0 Safari/537.36"
194.39.149.53 - - [16/Jul/2026:18:37:40 +0000] "POST /wp-cron.php?doing_wp_cron=1784227060.1838240623474121093750 HTTP/1.1" 200 0 "-" "WordPress/6.9.4; https://angelsurchins.co.uk"
20.151.7.119 - - [16/Jul/2026:18:37:38 +0000] "GET /m.php HTTP/1.1" 404 19734 "-" "Mozilla/5.0 (Windows NT 10.0; Win64; x64) AppleWebKit/537.36 (KHTML, like Gecko) Chrome/120.0.0.0 Safari/537.36"
20.151.7.119 - - [16/Jul/2026:18:37:40 +0000] "GET /wp-admin/css/wp-login.php HTTP/1.1" 404 19734 "-" "Mozilla/5.0 (Windows NT 10.0; Win64; x64) AppleWebKit/537.36 (KHTML, like Gecko) Chrome/120.0.0.0 Safari/537.36"
20.151.7.119 - - [16/Jul/2026:18:37:42 +0000] "GET /wk/index.php HTTP/1.1" 301 0 "-" "Mozilla/5.0 (Windows NT 10.0; Win64; x64) AppleWebKit/537.36 (KHTML, like Gecko) Chrome/120.0.0.0 Safari/537.36"
20.151.7.119 - - [16/Jul/2026:18:37:44 +0000] "GET /mini.php HTTP/1.1" 404 19734 "-" "Mozilla/5.0 (Windows NT 10.0; Win64; x64) AppleWebKit/537.36 (KHTML, like Gecko) Chrome/120.0.0.0 Safari/537.36"
20.151.7.119 - - [16/Jul/2026:18:37:45 +0000] "GET /w.php HTTP/1.1" 404 19734 "-" "Mozilla/5.0 (Windows NT 10.0; Win64; x64) AppleWebKit/537.36 (KHTML, like Gecko) Chrome/120.0.0.0 Safari/537.36"
20.151.7.119 - - [16/Jul/2026:18:37:47 +0000] "GET /admin.php HTTP/1.1" 404 19734 "-" "Mozilla/5.0 (Windows NT 10.0; Win64; x64) AppleWebKit/537.36 (KHTML, like Gecko) Chrome/120.0.0.0 Safari/537.36"
20.151.7.119 - - [16/Jul/2026:18:37:48 +0000] "GET /init.php HTTP/1.1" 404 19734 "-" "Mozilla/5.0 (Windows NT 10.0; Win64; x64) AppleWebKit/537.36 (KHTML, like Gecko) Chrome/120.0.0.0 Safari/537.36"
20.151.7.119 - - [16/Jul/2026:18:37:50 +0000] "GET /options.php HTTP/1.1" 404 19734 "-" "Mozilla/5.0 (Windows NT 10.0; Win64; x64) AppleWebKit/537.36 (KHTML, like Gecko) Chrome/120.0.0.0 Safari/537.36"
20.151.7.119 - - [16/Jul/2026:18:37:51 +0000] "GET /wp-includes/js/codemirror/about.php HTTP/1.1" 404 19734 "-" "Mozilla/5.0 (Windows NT 10.0; Win64; x64) AppleWebKit/537.36 (KHTML, like Gecko) Chrome/120.0.0.0 Safari/537.36"
20.151.7.119 - - [16/Jul/2026:18:37:54 +0000] "GET /wp-admin/css/colors/blue/ HTTP/1.1" 404 1251 "-" "Mozilla/5.0 (Windows NT 10.0; Win64; x64) AppleWebKit/537.36 (KHTML, like Gecko) Chrome/120.0.0.0 Safari/537.36"
20.151.7.119 - - [16/Jul/2026:18:37:54 +0000] "GET /wp-includes/Requests/library/ HTTP/1.1" 404 1251 "-" "Mozilla/5.0 (Windows NT 10.0; Win64; x64) AppleWebKit/537.36 (KHTML, like Gecko) Chrome/120.0.0.0 Safari/537.36"
20.151.7.119 - - [16/Jul/2026:18:37:54 +0000] "GET /wp-content/admin.php HTTP/1.1" 404 19734 "-" "Mozilla/5.0 (Windows NT 10.0; Win64; x64) AppleWebKit/537.36 (KHTML, like Gecko) Chrome/120.0.0.0 Safari/537.36"
20.151.7.119 - - [16/Jul/2026:18:37:56 +0000] "GET /wp-configs.php HTTP/1.1" 404 19734 "-" "Mozilla/5.0 (Windows NT 10.0; Win64; x64) AppleWebKit/537.36 (KHTML, like Gecko) Chrome/120.0.0.0 Safari/537.36"
20.151.7.119 - - [16/Jul/2026:18:37:58 +0000] "GET /php.php HTTP/1.1" 404 19734 "-" "Mozilla/5.0 (Windows NT 10.0; Win64; x64) AppleWebKit/537.36 (KHTML, like Gecko) Chrome/120.0.0.0 Safari/537.36"
20.151.7.119 - - [16/Jul/2026:18:38:00 +0000] "GET /wp-includes/index.php HTTP/1.1" 301 0 "-" "Mozilla/5.0 (Windows NT 10.0; Win64; x64) AppleWebKit/537.36 (KHTML, like Gecko) Chrome/120.0.0.0 Safari/537.36"
20.151.7.119 - - [16/Jul/2026:18:38:02 +0000] "GET /wp-content/themes/admin.php HTTP/1.1" 404 19734 "-" "Mozilla/5.0 (Windows NT 10.0; Win64; x64) AppleWebKit/537.36 (KHTML, like Gecko) Chrome/120.0.0.0 Safari/537.36"
20.151.7.119 - - [16/Jul/2026:18:38:04 +0000] "GET /wp-admin/a.php HTTP/1.1" 404 19734 "-" "Mozilla/5.0 (Windows NT 10.0; Win64; x64) AppleWebKit/537.36 (KHTML, like Gecko) Chrome/120.0.0.0 Safari/537.36"
20.151.7.119 - - [16/Jul/2026:18:38:06 +0000] "GET /wp-includes/sitemaps/providers/ HTTP/1.1" 404 1251 "-" "Mozilla/5.0 (Windows NT 10.0; Win64; x64) AppleWebKit/537.36 (KHTML, like Gecko) Chrome/120.0.0.0 Safari/537.36"
20.151.7.119 - - [16/Jul/2026:18:38:06 +0000] "GET /wp-includes/block-bindings/ HTTP/1.1" 404 1251 "-" "Mozilla/5.0 (Windows NT 10.0; Win64; x64) AppleWebKit/537.36 (KHTML, like Gecko) Chrome/120.0.0.0 Safari/537.36"
20.151.7.119 - - [16/Jul/2026:18:38:06 +0000] "GET /wp-includes/Text/about.php HTTP/1.1" 404 19734 "-" "Mozilla/5.0 (Windows NT 10.0; Win64; x64) AppleWebKit/537.36 (KHTML, like Gecko) Chrome/120.0.0.0 Safari/537.36"
20.151.7.119 - - [16/Jul/2026:18:38:07 +0000] "GET /wp-admin.php HTTP/1.1" 404 19734 "-" "Mozilla/5.0 (Windows NT 10.0; Win64; x64) AppleWebKit/537.36 (KHTML, like Gecko) Chrome/120.0.0.0 Safari/537.36"
20.151.7.119 - - [16/Jul/2026:18:38:08 +0000] "GET /size.php HTTP/1.1" 404 19734 "-" "Mozilla/5.0 (Windows NT 10.0; Win64; x64) AppleWebKit/537.36 (KHTML, like Gecko) Chrome/120.0.0.0 Safari/537.36"
20.151.7.119 - - [16/Jul/2026:18:38:10 +0000] "GET /wp-includes/wp-class.php HTTP/1.1" 404 19734 "-" "Mozilla/5.0 (Windows NT 10.0; Win64; x64) AppleWebKit/537.36 (KHTML, like Gecko) Chrome/120.0.0.0 Safari/537.36"
20.151.7.119 - - [16/Jul/2026:18:38:12 +0000] "GET /403.php HTTP/1.1" 404 19734 "-" "Mozilla/5.0 (Windows NT 10.0; Win64; x64) AppleWebKit/537.36 (KHTML, like Gecko) Chrome/120.0.0.0 Safari/537.36"
20.151.7.119 - - [16/Jul/2026:18:38:14 +0000] "GET /wp-includes/IXR/wp-login.php HTTP/1.1" 404 19734 "-" "Mozilla/5.0 (Windows NT 10.0; Win64; x64) AppleWebKit/537.36 (KHTML, like Gecko) Chrome/120.0.0.0 Safari/537.36"
20.151.7.119 - - [16/Jul/2026:18:38:15 +0000] "GET /wp-admin/includes/index.php HTTP/1.1" 301 0 "-" "Mozilla/5.0 (Windows NT 10.0; Win64; x64) AppleWebKit/537.36 (KHTML, like Gecko) Chrome/120.0.0.0 Safari/537.36"
20.151.7.119 - - [16/Jul/2026:18:38:17 +0000] "GET /wp-admin/js/widgets/index.php HTTP/1.1" 301 0 "-" "Mozilla/5.0 (Windows NT 10.0; Win64; x64) AppleWebKit/537.36 (KHTML, like Gecko) Chrome/120.0.0.0 Safari/537.36"
194.39.149.53 - - [16/Jul/2026:18:38:20 +0000] "POST /wp-cron.php?doing_wp_cron=1784227100.4092009067535400390625 HTTP/1.1" 200 0 "-" "WordPress/6.9.4; https://angelsurchins.co.uk"
20.151.7.119 - - [16/Jul/2026:18:38:18 +0000] "GET /plugins.php HTTP/1.1" 404 19734 "-" "Mozilla/5.0 (Windows NT 10.0; Win64; x64) AppleWebKit/537.36 (KHTML, like Gecko) Chrome/120.0.0.0 Safari/537.36"
20.151.7.119 - - [16/Jul/2026:18:38:20 +0000] "GET /wp-includes/js/index.php HTTP/1.1" 301 0 "-" "Mozilla/5.0 (Windows NT 10.0; Win64; x64) AppleWebKit/537.36 (KHTML, like Gecko) Chrome/120.0.0.0 Safari/537.36"
194.39.149.53 - - [16/Jul/2026:18:38:23 +0000] "POST /wp-cron.php?doing_wp_cron=1784227103.6053359508514404296875 HTTP/1.1" 200 0 "-" "WordPress/6.9.4; https://angelsurchins.co.uk"
20.151.7.119 - - [16/Jul/2026:18:38:22 +0000] "GET /go.php HTTP/1.1" 404 19734 "-" "Mozilla/5.0 (Windows NT 10.0; Win64; x64) AppleWebKit/537.36 (KHTML, like Gecko) Chrome/120.0.0.0 Safari/537.36"
20.151.7.119 - - [16/Jul/2026:18:38:23 +0000] "GET /aaa.php HTTP/1.1" 404 19734 "-" "Mozilla/5.0 (Windows NT 10.0; Win64; x64) AppleWebKit/537.36 (KHTML, like Gecko) Chrome/120.0.0.0 Safari/537.36"
20.151.7.119 - - [16/Jul/2026:18:38:25 +0000] "GET /getid3-core.php HTTP/1.1" 404 19734 "-" "Mozilla/5.0 (Windows NT 10.0; Win64; x64) AppleWebKit/537.36 (KHTML, like Gecko) Chrome/120.0.0.0 Safari/537.36"
20.151.7.119 - - [16/Jul/2026:18:38:27 +0000] "GET /adminer.php HTTP/1.1" 404 19734 "-" "Mozilla/5.0 (Windows NT 10.0; Win64; x64) AppleWebKit/537.36 (KHTML, like Gecko) Chrome/120.0.0.0 Safari/537.36"
20.151.7.119 - - [16/Jul/2026:18:38:28 +0000] "GET /wp-admin/maint/index.php HTTP/1.1" 301 0 "-" "Mozilla/5.0 (Windows NT 10.0; Win64; x64) AppleWebKit/537.36 (KHTML, like Gecko) Chrome/120.0.0.0 Safari/537.36"
20.151.7.119 - - [16/Jul/2026:18:38:30 +0000] "GET /wp-content/uploads/2024/ HTTP/1.1" 404 1251 "-" "Mozilla/5.0 (Windows NT 10.0; Win64; x64) AppleWebKit/537.36 (KHTML, like Gecko) Chrome/120.0.0.0 Safari/537.36"
20.151.7.119 - - [16/Jul/2026:18:38:30 +0000] "GET /alfa.php HTTP/1.1" 404 19734 "-" "Mozilla/5.0 (Windows NT 10.0; Win64; x64) AppleWebKit/537.36 (KHTML, like Gecko) Chrome/120.0.0.0 Safari/537.36"
20.151.7.119 - - [16/Jul/2026:18:38:32 +0000] "GET /wp-content/uploads/ HTTP/1.1" 404 1251 "-" "Mozilla/5.0 (Windows NT 10.0; Win64; x64) AppleWebKit/537.36 (KHTML, like Gecko) Chrome/120.0.0.0 Safari/537.36"
20.151.7.119 - - [16/Jul/2026:18:38:32 +0000] "GET /wp-content/themes/alera/alpha.php HTTP/1.1" 404 19734 "-" "Mozilla/5.0 (Windows NT 10.0; Win64; x64) AppleWebKit/537.36 (KHTML, like Gecko) Chrome/120.0.0.0 Safari/537.36"
20.151.7.119 - - [16/Jul/2026:18:38:33 +0000] "GET /wp-includes/SimplePie/about.php HTTP/1.1" 404 19734 "-" "Mozilla/5.0 (Windows NT 10.0; Win64; x64) AppleWebKit/537.36 (KHTML, like Gecko) Chrome/120.0.0.0 Safari/537.36"
20.151.7.119 - - [16/Jul/2026:18:38:35 +0000] "GET /wp-content/plugins/linkpreview/index.php HTTP/1.1" 301 0 "-" "Mozilla/5.0 (Windows NT 10.0; Win64; x64) AppleWebKit/537.36 (KHTML, like Gecko) Chrome/120.0.0.0 Safari/537.36"
194.39.149.53 - - [16/Jul/2026:18:38:39 +0000] "POST /wp-cron.php?doing_wp_cron=1784227119.1785418987274169921875 HTTP/1.1" 200 0 "-" "WordPress/6.9.4; https://angelsurchins.co.uk"
20.151.7.119 - - [16/Jul/2026:18:38:36 +0000] "GET /edit.php HTTP/1.1" 404 19734 "-" "Mozilla/5.0 (Windows NT 10.0; Win64; x64) AppleWebKit/537.36 (KHTML, like Gecko) Chrome/120.0.0.0 Safari/537.36"
20.151.7.119 - - [16/Jul/2026:18:38:39 +0000] "GET /wp-includes/block-supports/ HTTP/1.1" 404 1251 "-" "Mozilla/5.0 (Windows NT 10.0; Win64; x64) AppleWebKit/537.36 (KHTML, like Gecko) Chrome/120.0.0.0 Safari/537.36"
20.151.7.119 - - [16/Jul/2026:18:38:39 +0000] "GET /wp-content/ HTTP/1.1" 200 0 "-" "Mozilla/5.0 (Windows NT 10.0; Win64; x64) AppleWebKit/537.36 (KHTML, like Gecko) Chrome/120.0.0.0 Safari/537.36"
20.151.7.119 - - [16/Jul/2026:18:38:39 +0000] "GET /file5.php HTTP/1.1" 404 19734 "-" "Mozilla/5.0 (Windows NT 10.0; Win64; x64) AppleWebKit/537.36 (KHTML, like Gecko) Chrome/120.0.0.0 Safari/537.36"
20.151.7.119 - - [16/Jul/2026:18:38:41 +0000] "GET /sf.php HTTP/1.1" 404 19734 "-" "Mozilla/5.0 (Windows NT 10.0; Win64; x64) AppleWebKit/537.36 (KHTML, like Gecko) Chrome/120.0.0.0 Safari/537.36"
