45.78.93.19 - - [16/Jul/2026:16:43:49 +0000] "GET /wp-content/plugins/wcboost-products-compare/assets/css/compare.css?ver=1.0.7 HTTP/2" 200 1294 "https://angelsurchins.co.uk/" "Mozilla/5.0 (Linux; Android 8.0; Pixel 2 Build/OPD3.170816.012) AppleWebKit/537.36 (KHTML, like Gecko) Chrome/55.0.2788.1848 Mobile Safari/537.36"
45.78.93.19 - - [16/Jul/2026:16:43:49 +0000] "GET /wp-content/plugins/photo-gallery/css/bwg-fonts/fonts.css?ver=0.0.1 HTTP/2" 200 791 "https://angelsurchins.co.uk/" "Mozilla/5.0 (Linux; Android 8.0; Pixel 2 Build/OPD3.170816.012) AppleWebKit/537.36 (KHTML, like Gecko) Chrome/55.0.2788.1848 Mobile Safari/537.36"
45.78.93.19 - - [16/Jul/2026:16:43:49 +0000] "GET /wp-content/plugins/wcboost-wishlist/assets/css/wishlist.css?ver=1.1.4 HTTP/2" 200 1164 "https://angelsurchins.co.uk/" "Mozilla/5.0 (Linux; Android 8.0; Pixel 2 Build/OPD3.170816.012) AppleWebKit/537.36 (KHTML, like Gecko) Chrome/55.0.2788.1848 Mobile Safari/537.36"
45.78.93.19 - - [16/Jul/2026:16:43:49 +0000] "GET /wp-content/plugins/contact-form-7/includes/css/styles.css?ver=5.9.8 HTTP/2" 200 890 "https://angelsurchins.co.uk/" "Mozilla/5.0 (Linux; Android 8.0; Pixel 2 Build/OPD3.170816.012) AppleWebKit/537.36 (KHTML, like Gecko) Chrome/55.0.2788.1848 Mobile Safari/537.36"
45.78.93.19 - - [16/Jul/2026:16:43:49 +0000] "GET /wp-content/plugins/woocommerce/assets/client/blocks/wc-blocks.css?ver=wc-10.9.4 HTTP/2" 200 2391 "https://angelsurchins.co.uk/" "Mozilla/5.0 (Linux; Android 8.0; Pixel 2 Build/OPD3.170816.012) AppleWebKit/537.36 (KHTML, like Gecko) Chrome/55.0.2788.1848 Mobile Safari/537.36"
45.78.93.19 - - [16/Jul/2026:16:43:49 +0000] "GET /wp-content/plugins/wcboost-variation-swatches/assets/css/frontend.css?ver=1.0.17 HTTP/2" 200 1008 "https://angelsurchins.co.uk/" "Mozilla/5.0 (Linux; Android 8.0; Pixel 2 Build/OPD3.170816.012) AppleWebKit/537.36 (KHTML, like Gecko) Chrome/55.0.2788.1848 Mobile Safari/537.36"
45.78.93.19 - - [16/Jul/2026:16:43:49 +0000] "GET /wp-content/plugins/elementor/assets/lib/swiper/v8/css/swiper.min.css?ver=8.4.5 HTTP/2" 200 4248 "https://angelsurchins.co.uk/" "Mozilla/5.0 (Linux; Android 8.0; Pixel 2 Build/OPD3.170816.012) AppleWebKit/537.36 (KHTML, like Gecko) Chrome/55.0.2788.1848 Mobile Safari/537.36"
45.78.93.19 - - [16/Jul/2026:16:43:49 +0000] "GET /wp-content/plugins/elementor/assets/css/frontend.min.css?ver=3.24.7 HTTP/2" 200 6890 "https://angelsurchins.co.uk/" "Mozilla/5.0 (Linux; Android 8.0; Pixel 2 Build/OPD3.170816.012) AppleWebKit/537.36 (KHTML, like Gecko) Chrome/55.0.2788.1848 Mobile Safari/537.36"
45.78.93.19 - - [16/Jul/2026:16:43:49 +0000] "GET /wp-content/uploads/elementor/css/global.css?ver=1729868545 HTTP/2" 200 3438 "https://angelsurchins.co.uk/" "Mozilla/5.0 (Linux; Android 8.0; Pixel 2 Build/OPD3.170816.012) AppleWebKit/537.36 (KHTML, like Gecko) Chrome/55.0.2788.1848 Mobile Safari/537.36"
45.78.93.19 - - [16/Jul/2026:16:43:49 +0000] "GET /wp-content/plugins/elementor/assets/css/widget-heading.min.css?ver=3.24.7 HTTP/2" 200 154 "https://angelsurchins.co.uk/" "Mozilla/5.0 (Linux; Android 8.0; Pixel 2 Build/OPD3.170816.012) AppleWebKit/537.36 (KHTML, like Gecko) Chrome/55.0.2788.1848 Mobile Safari/537.36"
45.78.93.19 - - [16/Jul/2026:16:43:49 +0000] "GET /wp-content/plugins/elementor/assets/lib/eicons/css/elementor-icons.min.css?ver=5.31.0 HTTP/2" 200 3746 "https://angelsurchins.co.uk/" "Mozilla/5.0 (Linux; Android 8.0; Pixel 2 Build/OPD3.170816.012) AppleWebKit/537.36 (KHTML, like Gecko) Chrome/55.0.2788.1848 Mobile Safari/537.36"
45.78.93.19 - - [16/Jul/2026:16:43:49 +0000] "GET /wp-content/plugins/elementor/assets/css/conditionals/e-swiper.min.css?ver=3.24.7 HTTP/2" 200 890 "https://angelsurchins.co.uk/" "Mozilla/5.0 (Linux; Android 8.0; Pixel 2 Build/OPD3.170816.012) AppleWebKit/537.36 (KHTML, like Gecko) Chrome/55.0.2788.1848 Mobile Safari/537.36"
45.78.93.19 - - [16/Jul/2026:16:43:49 +0000] "GET /wp-content/uploads/elementor/css/post-7.css?ver=1729868528 HTTP/2" 200 334 "https://angelsurchins.co.uk/" "Mozilla/5.0 (Linux; Android 8.0; Pixel 2 Build/OPD3.170816.012) AppleWebKit/537.36 (KHTML, like Gecko) Chrome/55.0.2788.1848 Mobile Safari/537.36"
45.78.93.19 - - [16/Jul/2026:16:43:49 +0000] "GET /wp-content/plugins/elementor/assets/lib/animations/animations.min.css?ver=3.24.7 HTTP/2" 200 2442 "https://angelsurchins.co.uk/" "Mozilla/5.0 (Linux; Android 8.0; Pixel 2 Build/OPD3.170816.012) AppleWebKit/537.36 (KHTML, like Gecko) Chrome/55.0.2788.1848 Mobile Safari/537.36"
45.78.93.19 - - [16/Jul/2026:16:43:49 +0000] "GET /wp-content/plugins/elementor/assets/css/widget-text-editor.min.css?ver=3.24.7 HTTP/2" 200 198 "https://angelsurchins.co.uk/" "Mozilla/5.0 (Linux; Android 8.0; Pixel 2 Build/OPD3.170816.012) AppleWebKit/537.36 (KHTML, like Gecko) Chrome/55.0.2788.1848 Mobile Safari/537.36"
45.78.93.19 - - [16/Jul/2026:16:43:49 +0000] "GET /wp-content/uploads/elementor/css/post-4261.css?ver=1730712453 HTTP/2" 200 1437 "https://angelsurchins.co.uk/" "Mozilla/5.0 (Linux; Android 8.0; Pixel 2 Build/OPD3.170816.012) AppleWebKit/537.36 (KHTML, like Gecko) Chrome/55.0.2788.1848 Mobile Safari/537.36"
45.78.93.19 - - [16/Jul/2026:16:43:49 +0000] "GET /wp-content/plugins/razzi-addons/modules/product-deals/assets/deals.css?ver=1.0.0 HTTP/2" 200 526 "https://angelsurchins.co.uk/" "Mozilla/5.0 (Linux; Android 8.0; Pixel 2 Build/OPD3.170816.012) AppleWebKit/537.36 (KHTML, like Gecko) Chrome/55.0.2788.1848 Mobile Safari/537.36"
45.78.93.19 - - [16/Jul/2026:16:43:49 +0000] "GET /wp-content/plugins/woocommerce/assets/css/select2.css?ver=10.9.4 HTTP/2" 200 1750 "https://angelsurchins.co.uk/" "Mozilla/5.0 (Linux; Android 8.0; Pixel 2 Build/OPD3.170816.012) AppleWebKit/537.36 (KHTML, like Gecko) Chrome/55.0.2788.1848 Mobile Safari/537.36"
45.78.93.19 - - [16/Jul/2026:16:43:49 +0000] "GET /wp-content/themes/razzi/inc/mobile/assets/style.css?ver=20230712 HTTP/2" 200 46336 "https://angelsurchins.co.uk/" "Mozilla/5.0 (Linux; Android 8.0; Pixel 2 Build/OPD3.170816.012) AppleWebKit/537.36 (KHTML, like Gecko) Chrome/55.0.2788.1848 Mobile Safari/537.36"
45.78.93.19 - - [16/Jul/2026:16:43:49 +0000] "GET /wp-content/themes/razzi/inc/mobile/assets/woocommerce.css?ver=20220610 HTTP/2" 200 30137 "https://angelsurchins.co.uk/" "Mozilla/5.0 (Linux; Android 8.0; Pixel 2 Build/OPD3.170816.012) AppleWebKit/537.36 (KHTML, like Gecko) Chrome/55.0.2788.1848 Mobile Safari/537.36"
45.78.93.19 - - [16/Jul/2026:16:43:49 +0000] "GET /wp-content/plugins/elementor-pro/assets/css/frontend.min.css?ver=3.9.2 HTTP/2" 200 35836 "https://angelsurchins.co.uk/" "Mozilla/5.0 (Linux; Android 8.0; Pixel 2 Build/OPD3.170816.012) AppleWebKit/537.36 (KHTML, like Gecko) Chrome/55.0.2788.1848 Mobile Safari/537.36"
45.78.93.19 - - [16/Jul/2026:16:43:49 +0000] "GET /wp-content/plugins/photo-gallery/js/tocca.min.js?ver=2.0.9 HTTP/2" 200 1336 "https://angelsurchins.co.uk/" "Mozilla/5.0 (Linux; Android 8.0; Pixel 2 Build/OPD3.170816.012) AppleWebKit/537.36 (KHTML, like Gecko) Chrome/55.0.2788.1848 Mobile Safari/537.36"
45.78.93.19 - - [16/Jul/2026:16:43:49 +0000] "GET /wp-content/plugins/photo-gallery/js/jquery.mCustomScrollbar.concat.min.js?ver=3.1.5 HTTP/2" 200 12358 "https://angelsurchins.co.uk/" "Mozilla/5.0 (Linux; Android 8.0; Pixel 2 Build/OPD3.170816.012) AppleWebKit/537.36 (KHTML, like Gecko) Chrome/55.0.2788.1848 Mobile Safari/537.36"
45.78.93.19 - - [16/Jul/2026:16:43:49 +0000] "GET /wp-includes/js/jquery/jquery-migrate.min.js?ver=3.4.1 HTTP/2" 200 4678 "https://angelsurchins.co.uk/" "Mozilla/5.0 (Linux; Android 8.0; Pixel 2 Build/OPD3.170816.012) AppleWebKit/537.36 (KHTML, like Gecko) Chrome/55.0.2788.1848 Mobile Safari/537.36"
45.78.93.19 - - [16/Jul/2026:16:43:49 +0000] "GET /wp-includes/js/jquery/jquery.min.js?ver=3.7.1 HTTP/2" 200 29744 "https://angelsurchins.co.uk/" "Mozilla/5.0 (Linux; Android 8.0; Pixel 2 Build/OPD3.170816.012) AppleWebKit/537.36 (KHTML, like Gecko) Chrome/55.0.2788.1848 Mobile Safari/537.36"
45.78.93.19 - - [16/Jul/2026:16:43:49 +0000] "GET /wp-content/plugins/photo-gallery/booster/assets/js/circle-progress.js?ver=1.2.2 HTTP/2" 200 4251 "https://angelsurchins.co.uk/" "Mozilla/5.0 (Linux; Android 8.0; Pixel 2 Build/OPD3.170816.012) AppleWebKit/537.36 (KHTML, like Gecko) Chrome/55.0.2788.1848 Mobile Safari/537.36"
45.78.93.19 - - [16/Jul/2026:16:43:49 +0000] "GET /wp-content/plugins/photo-gallery/booster/assets/js/global.js?ver=1.0.0 HTTP/2" 200 2321 "https://angelsurchins.co.uk/" "Mozilla/5.0 (Linux; Android 8.0; Pixel 2 Build/OPD3.170816.012) AppleWebKit/537.36 (KHTML, like Gecko) Chrome/55.0.2788.1848 Mobile Safari/537.36"
45.78.93.19 - - [16/Jul/2026:16:43:49 +0000] "GET /wp-content/plugins/photo-gallery/js/jquery.sumoselect.min.js?ver=3.4.6 HTTP/2" 200 7546 "https://angelsurchins.co.uk/" "Mozilla/5.0 (Linux; Android 8.0; Pixel 2 Build/OPD3.170816.012) AppleWebKit/537.36 (KHTML, like Gecko) Chrome/55.0.2788.1848 Mobile Safari/537.36"
45.78.93.19 - - [16/Jul/2026:16:43:49 +0000] "GET /wp-content/plugins/photo-gallery/js/scripts.min.js?ver=1.8.30 HTTP/2" 200 32255 "https://angelsurchins.co.uk/" "Mozilla/5.0 (Linux; Android 8.0; Pixel 2 Build/OPD3.170816.012) AppleWebKit/537.36 (KHTML, like Gecko) Chrome/55.0.2788.1848 Mobile Safari/537.36"
45.78.93.19 - - [16/Jul/2026:16:43:49 +0000] "GET /wp-content/plugins/photo-gallery/js/jquery.fullscreen.min.js?ver=0.6.0 HTTP/2" 200 2017 "https://angelsurchins.co.uk/" "Mozilla/5.0 (Linux; Android 8.0; Pixel 2 Build/OPD3.170816.012) AppleWebKit/537.36 (KHTML, like Gecko) Chrome/55.0.2788.1848 Mobile Safari/537.36"
45.78.93.19 - - [16/Jul/2026:16:43:49 +0000] "GET /wp-includes/js/underscore.min.js?ver=1.13.7 HTTP/2" 200 7185 "https://angelsurchins.co.uk/" "Mozilla/5.0 (Linux; Android 8.0; Pixel 2 Build/OPD3.170816.012) AppleWebKit/537.36 (KHTML, like Gecko) Chrome/55.0.2788.1848 Mobile Safari/537.36"
45.78.93.19 - - [16/Jul/2026:16:43:49 +0000] "GET /wp-content/plugins/razzi-addons/modules/product-deals/assets/deals.js?ver=1.0.0 HTTP/2" 200 545 "https://angelsurchins.co.uk/" "Mozilla/5.0 (Linux; Android 8.0; Pixel 2 Build/OPD3.170816.012) AppleWebKit/537.36 (KHTML, like Gecko) Chrome/55.0.2788.1848 Mobile Safari/537.36"
45.78.93.19 - - [16/Jul/2026:16:43:49 +0000] "GET /wp-includes/js/wp-util.min.js?ver=6.9.4 HTTP/2" 200 693 "https://angelsurchins.co.uk/" "Mozilla/5.0 (Linux; Android 8.0; Pixel 2 Build/OPD3.170816.012) AppleWebKit/537.36 (KHTML, like Gecko) Chrome/55.0.2788.1848 Mobile Safari/537.36"
45.78.93.19 - - [16/Jul/2026:16:43:49 +0000] "GET /wp-content/uploads/2024/09/bb40ce_96cc1733499941b3b2399d4673af93f7mv2-570x570.jpg HTTP/2" 206 500 "https://angelsurchins.co.uk/" "Mozilla/5.0 (Linux; Android 8.0; Pixel 2 Build/OPD3.170816.012) AppleWebKit/537.36 (KHTML, like Gecko) Chrome/55.0.2788.1848 Mobile Safari/537.36"
45.78.93.19 - - [16/Jul/2026:16:43:50 +0000] "GET /wp-content/uploads/2024/09/2ef3d9_f41cc26ea5ff490aa92bdfbac87f6609mv2-570x570.jpg HTTP/2" 206 500 "https://angelsurchins.co.uk/" "Mozilla/5.0 (Linux; Android 8.0; Pixel 2 Build/OPD3.170816.012) AppleWebKit/537.36 (KHTML, like Gecko) Chrome/55.0.2788.1848 Mobile Safari/537.36"
45.78.93.19 - - [16/Jul/2026:16:43:50 +0000] "GET /wp-includes/js/dist/hooks.min.js?ver=dd5603f07f9220ed27f1 HTTP/2" 200 1852 "https://angelsurchins.co.uk/" "Mozilla/5.0 (Linux; Android 8.0; Pixel 2 Build/OPD3.170816.012) AppleWebKit/537.36 (KHTML, like Gecko) Chrome/55.0.2788.1848 Mobile Safari/537.36"
45.78.93.19 - - [16/Jul/2026:16:43:50 +0000] "GET /wp-content/uploads/2024/09/bb40ce_beaa28e14ec84f85a22b510e5e8d796amv2-570x570.jpg HTTP/2" 206 500 "https://angelsurchins.co.uk/" "Mozilla/5.0 (Linux; Android 8.0; Pixel 2 Build/OPD3.170816.012) AppleWebKit/537.36 (KHTML, like Gecko) Chrome/55.0.2788.1848 Mobile Safari/537.36"
45.78.93.19 - - [16/Jul/2026:16:43:50 +0000] "GET /wp-content/plugins/contact-form-7/includes/swv/js/index.js?ver=5.9.8 HTTP/2" 200 3228 "https://angelsurchins.co.uk/" "Mozilla/5.0 (Linux; Android 8.0; Pixel 2 Build/OPD3.170816.012) AppleWebKit/537.36 (KHTML, like Gecko) Chrome/55.0.2788.1848 Mobile Safari/537.36"
45.78.93.19 - - [16/Jul/2026:16:43:50 +0000] "GET /wp-includes/js/dist/i18n.min.js?ver=c26c3dc7bed366793375 HTTP/2" 200 2119 "https://angelsurchins.co.uk/" "Mozilla/5.0 (Linux; Android 8.0; Pixel 2 Build/OPD3.170816.012) AppleWebKit/537.36 (KHTML, like Gecko) Chrome/55.0.2788.1848 Mobile Safari/537.36"
45.78.93.19 - - [16/Jul/2026:16:43:50 +0000] "GET /wp-content/plugins/wcboost-products-compare/assets/js/compare.min.js?ver=1.0.7 HTTP/2" 200 2347 "https://angelsurchins.co.uk/" "Mozilla/5.0 (Linux; Android 8.0; Pixel 2 Build/OPD3.170816.012) AppleWebKit/537.36 (KHTML, like Gecko) Chrome/55.0.2788.1848 Mobile Safari/537.36"
45.78.93.19 - - [16/Jul/2026:16:43:50 +0000] "GET /wp-content/plugins/contact-form-7/includes/js/index.js?ver=5.9.8 HTTP/2" 200 4002 "https://angelsurchins.co.uk/" "Mozilla/5.0 (Linux; Android 8.0; Pixel 2 Build/OPD3.170816.012) AppleWebKit/537.36 (KHTML, like Gecko) Chrome/55.0.2788.1848 Mobile Safari/537.36"
45.78.93.19 - - [16/Jul/2026:16:43:50 +0000] "GET /wp-content/plugins/wcboost-variation-swatches/assets/js/frontend.min.js?ver=1.0.17 HTTP/2" 200 1085 "https://angelsurchins.co.uk/" "Mozilla/5.0 (Linux; Android 8.0; Pixel 2 Build/OPD3.170816.012) AppleWebKit/537.36 (KHTML, like Gecko) Chrome/55.0.2788.1848 Mobile Safari/537.36"
45.78.93.19 - - [16/Jul/2026:16:43:50 +0000] "GET /wp-content/plugins/wcboost-products-compare/assets/js/compare-fragments.min.js?ver=1.0.7 HTTP/2" 200 1289 "https://angelsurchins.co.uk/" "Mozilla/5.0 (Linux; Android 8.0; Pixel 2 Build/OPD3.170816.012) AppleWebKit/537.36 (KHTML, like Gecko) Chrome/55.0.2788.1848 Mobile Safari/537.36"
45.78.93.19 - - [16/Jul/2026:16:43:50 +0000] "GET /wp-content/plugins/wcboost-wishlist/assets/js/wishlist.min.js?ver=1.1.4 HTTP/2" 200 2919 "https://angelsurchins.co.uk/" "Mozilla/5.0 (Linux; Android 8.0; Pixel 2 Build/OPD3.170816.012) AppleWebKit/537.36 (KHTML, like Gecko) Chrome/55.0.2788.1848 Mobile Safari/537.36"
45.78.93.19 - - [16/Jul/2026:16:43:50 +0000] "GET /wp-includes/js/imagesloaded.min.js?ver=5.0.0 HTTP/2" 200 1687 "https://angelsurchins.co.uk/" "Mozilla/5.0 (Linux; Android 8.0; Pixel 2 Build/OPD3.170816.012) AppleWebKit/537.36 (KHTML, like Gecko) Chrome/55.0.2788.1848 Mobile Safari/537.36"
45.78.93.19 - - [16/Jul/2026:16:43:50 +0000] "GET /wp-content/plugins/wcboost-wishlist/assets/js/wishlist-fragments.min.js?ver=1.1.4 HTTP/2" 200 1441 "https://angelsurchins.co.uk/" "Mozilla/5.0 (Linux; Android 8.0; Pixel 2 Build/OPD3.170816.012) AppleWebKit/537.36 (KHTML, like Gecko) Chrome/55.0.2788.1848 Mobile Safari/537.36"
45.78.93.19 - - [16/Jul/2026:16:43:50 +0000] "GET /wp-content/plugins/elementor/assets/js/frontend-modules.min.js?ver=3.24.7 HTTP/2" 200 20275 "https://angelsurchins.co.uk/" "Mozilla/5.0 (Linux; Android 8.0; Pixel 2 Build/OPD3.170816.012) AppleWebKit/537.36 (KHTML, like Gecko) Chrome/55.0.2788.1848 Mobile Safari/537.36"
45.78.93.19 - - [16/Jul/2026:16:43:50 +0000] "GET /wp-content/plugins/elementor/assets/js/webpack.runtime.min.js?ver=3.24.7 HTTP/2" 200 2071 "https://angelsurchins.co.uk/" "Mozilla/5.0 (Linux; Android 8.0; Pixel 2 Build/OPD3.170816.012) AppleWebKit/537.36 (KHTML, like Gecko) Chrome/55.0.2788.1848 Mobile Safari/537.36"
45.78.93.19 - - [16/Jul/2026:16:43:50 +0000] "GET /wp-content/plugins/elementor/assets/js/frontend.min.js?ver=3.24.7 HTTP/2" 200 12152 "https://angelsurchins.co.uk/" "Mozilla/5.0 (Linux; Android 8.0; Pixel 2 Build/OPD3.170816.012) AppleWebKit/537.36 (KHTML, like Gecko) Chrome/55.0.2788.1848 Mobile Safari/537.36"
45.78.93.19 - - [16/Jul/2026:16:43:50 +0000] "GET /wp-content/uploads/2024/09/2ef3d9_73068fb5fff340c8a48f9a371c942a90mv2-1.webp HTTP/2" 206 500 "https://angelsurchins.co.uk/wp-content/uploads/elementor/css/post-4261.css?ver=1730712453" "Mozilla/5.0 (Linux; Android 8.0; Pixel 2 Build/OPD3.170816.012) AppleWebKit/537.36 (KHTML, like Gecko) Chrome/55.0.2788.1848 Mobile Safari/537.36"
45.78.93.19 - - [16/Jul/2026:16:43:50 +0000] "GET /wp-content/uploads/2024/11/acrylic-bed-square.jpg HTTP/2" 206 500 "https://angelsurchins.co.uk/wp-content/uploads/elementor/css/post-4261.css?ver=1730712453" "Mozilla/5.0 (Linux; Android 8.0; Pixel 2 Build/OPD3.170816.012) AppleWebKit/537.36 (KHTML, like Gecko) Chrome/55.0.2788.1848 Mobile Safari/537.36"
45.78.93.19 - - [16/Jul/2026:16:43:50 +0000] "GET /wp-content/uploads/2024/09/bb40ce_c273f8b89ac24fbe872423d8205e8257mv2-570x570.jpg HTTP/2" 206 500 "https://angelsurchins.co.uk/" "Mozilla/5.0 (Linux; Android 8.0; Pixel 2 Build/OPD3.170816.012) AppleWebKit/537.36 (KHTML, like Gecko) Chrome/55.0.2788.1848 Mobile Safari/537.36"
45.78.93.19 - - [16/Jul/2026:16:43:50 +0000] "GET /wp-content/uploads/2024/11/smaller.j-oopg.jpg HTTP/2" 206 500 "https://angelsurchins.co.uk/wp-content/uploads/elementor/css/post-4261.css?ver=1730712453" "Mozilla/5.0 (Linux; Android 8.0; Pixel 2 Build/OPD3.170816.012) AppleWebKit/537.36 (KHTML, like Gecko) Chrome/55.0.2788.1848 Mobile Safari/537.36"
45.78.93.19 - - [16/Jul/2026:16:43:51 +0000] "GET /wp-includes/js/jquery/ui/core.min.js?ver=1.13.3 HTTP/2" 200 6812 "https://angelsurchins.co.uk/" "Mozilla/5.0 (Linux; Android 8.0; Pixel 2 Build/OPD3.170816.012) AppleWebKit/537.36 (KHTML, like Gecko) Chrome/55.0.2788.1848 Mobile Safari/537.36"
45.78.93.19 - - [16/Jul/2026:16:43:51 +0000] "GET /wp-content/uploads/2024/11/acrylic-bed-square.jpg HTTP/2" 304 0 "https://angelsurchins.co.uk/wp-content/uploads/elementor/css/post-4261.css?ver=1730712453" "Mozilla/5.0 (Linux; Android 8.0; Pixel 2 Build/OPD3.170816.012) AppleWebKit/537.36 (KHTML, like Gecko) Chrome/55.0.2788.1848 Mobile Safari/537.36"
45.78.93.19 - - [16/Jul/2026:16:43:51 +0000] "GET /wp-content/uploads/2024/11/smaller.j-oopg.jpg HTTP/2" 304 0 "https://angelsurchins.co.uk/wp-content/uploads/elementor/css/post-4261.css?ver=1730712453" "Mozilla/5.0 (Linux; Android 8.0; Pixel 2 Build/OPD3.170816.012) AppleWebKit/537.36 (KHTML, like Gecko) Chrome/55.0.2788.1848 Mobile Safari/537.36"
45.78.93.19 - - [16/Jul/2026:16:43:51 +0000] "GET /wp-content/plugins/razzi-addons/assets/js/frontend.js?ver=20220310 HTTP/2" 200 5966 "https://angelsurchins.co.uk/" "Mozilla/5.0 (Linux; Android 8.0; Pixel 2 Build/OPD3.170816.012) AppleWebKit/537.36 (KHTML, like Gecko) Chrome/55.0.2788.1848 Mobile Safari/537.36"
194.39.149.53 - - [16/Jul/2026:16:43:49 +0000] "POST /wp-admin/admin-ajax.php HTTP/1.1" 200 0 "-" "WordPress/6.9.4; https://angelsurchins.co.uk"
45.78.93.19 - - [16/Jul/2026:16:43:51 +0000] "GET /wp-content/uploads/2024/11/acrylic-bed-square.jpg HTTP/2" 206 523474 "https://angelsurchins.co.uk/wp-content/uploads/elementor/css/post-4261.css?ver=1730712453" "Mozilla/5.0 (Linux; Android 8.0; Pixel 2 Build/OPD3.170816.012) AppleWebKit/537.36 (KHTML, like Gecko) Chrome/55.0.2788.1848 Mobile Safari/537.36"
45.78.93.19 - - [16/Jul/2026:16:43:51 +0000] "GET /wp-content/uploads/2024/11/smaller.j-oopg.jpg HTTP/2" 206 1352187 "https://angelsurchins.co.uk/wp-content/uploads/elementor/css/post-4261.css?ver=1730712453" "Mozilla/5.0 (Linux; Android 8.0; Pixel 2 Build/OPD3.170816.012) AppleWebKit/537.36 (KHTML, like Gecko) Chrome/55.0.2788.1848 Mobile Safari/537.36"
45.78.93.19 - - [16/Jul/2026:16:43:51 +0000] "GET /wp-content/plugins/razzi-addons/assets/js/plugins/jquery.coundown.js?ver=1.0 HTTP/2" 200 495 "https://angelsurchins.co.uk/" "Mozilla/5.0 (Linux; Android 8.0; Pixel 2 Build/OPD3.170816.012) AppleWebKit/537.36 (KHTML, like Gecko) Chrome/55.0.2788.1848 Mobile Safari/537.36"
45.78.93.19 - - [16/Jul/2026:16:43:51 +0000] "GET /wp-content/plugins/razzi-addons//assets/js/plugins/jquery.coundown.js?ver=1.0 HTTP/2" 200 495 "https://angelsurchins.co.uk/" "Mozilla/5.0 (Linux; Android 8.0; Pixel 2 Build/OPD3.170816.012) AppleWebKit/537.36 (KHTML, like Gecko) Chrome/55.0.2788.1848 Mobile Safari/537.36"
45.78.93.19 - - [16/Jul/2026:16:43:51 +0000] "GET /wp-content/plugins/razzi-addons/assets/js/product-shortcode.js?ver=20230407 HTTP/2" 200 8269 "https://angelsurchins.co.uk/" "Mozilla/5.0 (Linux; Android 8.0; Pixel 2 Build/OPD3.170816.012) AppleWebKit/537.36 (KHTML, like Gecko) Chrome/55.0.2788.1848 Mobile Safari/537.36"
45.78.93.19 - - [16/Jul/2026:16:43:52 +0000] "GET /wp-content/themes/razzi/assets/js/plugins/isInViewport.min.js?ver=20201012 HTTP/2" 200 1036 "https://angelsurchins.co.uk/" "Mozilla/5.0 (Linux; Android 8.0; Pixel 2 Build/OPD3.170816.012) AppleWebKit/537.36 (KHTML, like Gecko) Chrome/55.0.2788.1848 Mobile Safari/537.36"
45.78.93.19 - - [16/Jul/2026:16:43:52 +0000] "GET /wp-content/themes/razzi/inc/mobile/assets/scripts.js?ver=20220127 HTTP/2" 200 859 "https://angelsurchins.co.uk/" "Mozilla/5.0 (Linux; Android 8.0; Pixel 2 Build/OPD3.170816.012) AppleWebKit/537.36 (KHTML, like Gecko) Chrome/55.0.2788.1848 Mobile Safari/537.36"
45.78.93.19 - - [16/Jul/2026:16:43:52 +0000] "GET /wp-content/themes/razzi/assets/js/plugins/notify.min.js?ver=1.0.0 HTTP/2" 200 7000 "https://angelsurchins.co.uk/" "Mozilla/5.0 (Linux; Android 8.0; Pixel 2 Build/OPD3.170816.012) AppleWebKit/537.36 (KHTML, like Gecko) Chrome/55.0.2788.1848 Mobile Safari/537.36"
45.78.93.19 - - [16/Jul/2026:16:43:52 +0000] "GET /wp-content/themes/razzi/assets/js/plugins/swiper.min.js?ver=5.3.8 HTTP/2" 200 34194 "https://angelsurchins.co.uk/" "Mozilla/5.0 (Linux; Android 8.0; Pixel 2 Build/OPD3.170816.012) AppleWebKit/537.36 (KHTML, like Gecko) Chrome/55.0.2788.1848 Mobile Safari/537.36"
45.78.93.19 - - [16/Jul/2026:16:43:52 +0000] "GET /wp-content/plugins/woocommerce/assets/js/select2/select2.full.min.js?ver=4.0.3-wc.10.9.4 HTTP/2" 200 19579 "https://angelsurchins.co.uk/" "Mozilla/5.0 (Linux; Android 8.0; Pixel 2 Build/OPD3.170816.012) AppleWebKit/537.36 (KHTML, like Gecko) Chrome/55.0.2788.1848 Mobile Safari/537.36"
45.78.93.19 - - [16/Jul/2026:16:43:52 +0000] "GET /wp-content/themes/razzi/assets/js/scripts.min.js?ver=20221220 HTTP/2" 200 10926 "https://angelsurchins.co.uk/" "Mozilla/5.0 (Linux; Android 8.0; Pixel 2 Build/OPD3.170816.012) AppleWebKit/537.36 (KHTML, like Gecko) Chrome/55.0.2788.1848 Mobile Safari/537.36"
45.78.93.19 - - [16/Jul/2026:16:43:52 +0000] "GET /wp-content/plugins/razzi-addons/modules/products-filter/assets/js/products-filter.js?ver=20210223 HTTP/2" 200 3207 "https://angelsurchins.co.uk/" "Mozilla/5.0 (Linux; Android 8.0; Pixel 2 Build/OPD3.170816.012) AppleWebKit/537.36 (KHTML, like Gecko) Chrome/55.0.2788.1848 Mobile Safari/537.36"
45.78.93.19 - - [16/Jul/2026:16:43:52 +0000] "GET /wp-includes/js/jquery/jquery.serialize-object.js?ver=0.2-wp HTTP/2" 200 390 "https://angelsurchins.co.uk/" "Mozilla/5.0 (Linux; Android 8.0; Pixel 2 Build/OPD3.170816.012) AppleWebKit/537.36 (KHTML, like Gecko) Chrome/55.0.2788.1848 Mobile Safari/537.36"
45.78.93.19 - - [16/Jul/2026:16:43:52 +0000] "GET /wp-content/plugins/woocommerce/assets/js/frontend/order-attribution.min.js?ver=10.9.4 HTTP/2" 200 1020 "https://angelsurchins.co.uk/" "Mozilla/5.0 (Linux; Android 8.0; Pixel 2 Build/OPD3.170816.012) AppleWebKit/537.36 (KHTML, like Gecko) Chrome/55.0.2788.1848 Mobile Safari/537.36"
45.78.93.19 - - [16/Jul/2026:16:43:52 +0000] "GET /wp-content/plugins/woocommerce/assets/js/sourcebuster/sourcebuster.min.js?ver=10.9.4 HTTP/2" 200 4609 "https://angelsurchins.co.uk/" "Mozilla/5.0 (Linux; Android 8.0; Pixel 2 Build/OPD3.170816.012) AppleWebKit/537.36 (KHTML, like Gecko) Chrome/55.0.2788.1848 Mobile Safari/537.36"
45.78.93.19 - - [16/Jul/2026:16:43:52 +0000] "GET /wp-content/plugins/elementor-pro/assets/js/webpack-pro.runtime.min.js?ver=3.9.2 HTTP/2" 200 2240 "https://angelsurchins.co.uk/" "Mozilla/5.0 (Linux; Android 8.0; Pixel 2 Build/OPD3.170816.012) AppleWebKit/537.36 (KHTML, like Gecko) Chrome/55.0.2788.1848 Mobile Safari/537.36"
45.78.93.19 - - [16/Jul/2026:16:43:52 +0000] "GET /wp-content/themes/razzi/assets/js/woocommerce/single-product.min.js?ver=20220610 HTTP/2" 200 3319 "https://angelsurchins.co.uk/" "Mozilla/5.0 (Linux; Android 8.0; Pixel 2 Build/OPD3.170816.012) AppleWebKit/537.36 (KHTML, like Gecko) Chrome/55.0.2788.1848 Mobile Safari/537.36"
45.78.93.19 - - [16/Jul/2026:16:43:52 +0000] "GET /wp-content/plugins/elementor-pro/assets/js/preloaded-elements-handlers.min.js?ver=3.9.2 HTTP/2" 200 32375 "https://angelsurchins.co.uk/" "Mozilla/5.0 (Linux; Android 8.0; Pixel 2 Build/OPD3.170816.012) AppleWebKit/537.36 (KHTML, like Gecko) Chrome/55.0.2788.1848 Mobile Safari/537.36"
45.78.93.19 - - [16/Jul/2026:16:43:52 +0000] "GET /wp-content/plugins/elementor-pro/assets/js/frontend.min.js?ver=3.9.2 HTTP/2" 200 5542 "https://angelsurchins.co.uk/" "Mozilla/5.0 (Linux; Android 8.0; Pixel 2 Build/OPD3.170816.012) AppleWebKit/537.36 (KHTML, like Gecko) Chrome/55.0.2788.1848 Mobile Safari/537.36"
45.78.93.19 - - [16/Jul/2026:16:43:52 +0000] "GET /wp-content/plugins/woocommerce/assets/js/frontend/add-to-cart.min.js?ver=10.9.4 HTTP/2" 200 1296 "https://angelsurchins.co.uk/" "Mozilla/5.0 (Linux; Android 8.0; Pixel 2 Build/OPD3.170816.012) AppleWebKit/537.36 (KHTML, like Gecko) Chrome/55.0.2788.1848 Mobile Safari/537.36"
45.78.93.19 - - [16/Jul/2026:16:43:52 +0000] "GET /wp-content/plugins/woocommerce/assets/js/jquery-blockui/jquery.blockUI.min.js?ver=2.7.0-wc.10.9.4 HTTP/2" 200 3277 "https://angelsurchins.co.uk/" "Mozilla/5.0 (Linux; Android 8.0; Pixel 2 Build/OPD3.170816.012) AppleWebKit/537.36 (KHTML, like Gecko) Chrome/55.0.2788.1848 Mobile Safari/537.36"
45.78.93.19 - - [16/Jul/2026:16:43:52 +0000] "GET /wp-content/plugins/woocommerce/assets/js/frontend/woocommerce.min.js?ver=10.9.4 HTTP/2" 200 1384 "https://angelsurchins.co.uk/" "Mozilla/5.0 (Linux; Android 8.0; Pixel 2 Build/OPD3.170816.012) AppleWebKit/537.36 (KHTML, like Gecko) Chrome/55.0.2788.1848 Mobile Safari/537.36"
45.78.93.19 - - [16/Jul/2026:16:43:52 +0000] "GET /wp-content/plugins/woocommerce/assets/js/js-cookie/js.cookie.min.js?ver=2.1.4-wc.10.9.4 HTTP/2" 200 760 "https://angelsurchins.co.uk/" "Mozilla/5.0 (Linux; Android 8.0; Pixel 2 Build/OPD3.170816.012) AppleWebKit/537.36 (KHTML, like Gecko) Chrome/55.0.2788.1848 Mobile Safari/537.36"
45.78.93.19 - - [16/Jul/2026:16:43:52 +0000] "GET /wp-content/plugins/woocommerce/assets/js/frontend/add-to-cart-variation.min.js?ver=10.9.4 HTTP/2" 200 4131 "https://angelsurchins.co.uk/" "Mozilla/5.0 (Linux; Android 8.0; Pixel 2 Build/OPD3.170816.012) AppleWebKit/537.36 (KHTML, like Gecko) Chrome/55.0.2788.1848 Mobile Safari/537.36"
45.78.93.19 - - [16/Jul/2026:16:43:52 +0000] "GET /wp-content/plugins/woocommerce/assets/js/selectWoo/selectWoo.full.min.js?ver=1.0.9-wc.10.9.4 HTTP/2" 200 20246 "https://angelsurchins.co.uk/" "Mozilla/5.0 (Linux; Android 8.0; Pixel 2 Build/OPD3.170816.012) AppleWebKit/537.36 (KHTML, like Gecko) Chrome/55.0.2788.1848 Mobile Safari/537.36"
45.78.93.19 - - [16/Jul/2026:16:43:52 +0000] "GET /wp-content/plugins/woocommerce/assets/js/frontend/cart-fragments.min.js?ver=10.9.4 HTTP/2" 200 943 "https://angelsurchins.co.uk/" "Mozilla/5.0 (Linux; Android 8.0; Pixel 2 Build/OPD3.170816.012) AppleWebKit/537.36 (KHTML, like Gecko) Chrome/55.0.2788.1848 Mobile Safari/537.36"
45.78.93.19 - - [16/Jul/2026:16:43:52 +0000] "GET /wp-content/uploads/photo-gallery/thumb/bb40ce_407d6218133e4ac786d114a093459470mv2-2.jpg?bwg=1726649622 HTTP/2" 206 500 "https://angelsurchins.co.uk/" "Mozilla/5.0 (Linux; Android 8.0; Pixel 2 Build/OPD3.170816.012) AppleWebKit/537.36 (KHTML, like Gecko) Chrome/55.0.2788.1848 Mobile Safari/537.36"
45.78.93.19 - - [16/Jul/2026:16:43:52 +0000] "GET /wp-content/uploads/photo-gallery/thumb/bb40ce_4c4120ba63994772a70d89f8cb2d8f7emv2.jpg?bwg=1726649639 HTTP/2" 206 500 "https://angelsurchins.co.uk/" "Mozilla/5.0 (Linux; Android 8.0; Pixel 2 Build/OPD3.170816.012) AppleWebKit/537.36 (KHTML, like Gecko) Chrome/55.0.2788.1848 Mobile Safari/537.36"
45.78.93.19 - - [16/Jul/2026:16:43:52 +0000] "GET /wp-content/uploads/photo-gallery/thumb/bb40ce_aaa78c7f0ada48dfb037643152c62dbdmv2-1.jpg?bwg=1726649622 HTTP/2" 206 500 "https://angelsurchins.co.uk/" "Mozilla/5.0 (Linux; Android 8.0; Pixel 2 Build/OPD3.170816.012) AppleWebKit/537.36 (KHTML, like Gecko) Chrome/55.0.2788.1848 Mobile Safari/537.36"
45.78.93.19 - - [16/Jul/2026:16:43:53 +0000] "GET /wp-content/plugins/mailchimp-for-wp/assets/js/forms.js?ver=4.9.18 HTTP/2" 200 2446 "https://angelsurchins.co.uk/" "Mozilla/5.0 (Linux; Android 8.0; Pixel 2 Build/OPD3.170816.012) AppleWebKit/537.36 (KHTML, like Gecko) Chrome/55.0.2788.1848 Mobile Safari/537.36"
45.78.93.19 - - [16/Jul/2026:16:43:53 +0000] "GET /wp-content/uploads/photo-gallery/thumb/bb40ce_f1cb1c5ebfd9466cabe9213b7660cce3mv2-1.jpg?bwg=1726649639 HTTP/2" 206 500 "https://angelsurchins.co.uk/" "Mozilla/5.0 (Linux; Android 8.0; Pixel 2 Build/OPD3.170816.012) AppleWebKit/537.36 (KHTML, like Gecko) Chrome/55.0.2788.1848 Mobile Safari/537.36"
45.78.93.19 - - [16/Jul/2026:16:43:53 +0000] "GET /wp-content/uploads/photo-gallery/thumb/bb40ce_8214ef56b33c447aa93c6522d147f8eamv2-1.jpg?bwg=1726649622 HTTP/2" 206 500 "https://angelsurchins.co.uk/" "Mozilla/5.0 (Linux; Android 8.0; Pixel 2 Build/OPD3.170816.012) AppleWebKit/537.36 (KHTML, like Gecko) Chrome/55.0.2788.1848 Mobile Safari/537.36"
45.78.93.19 - - [16/Jul/2026:16:43:53 +0000] "GET /wp-content/uploads/2024/11/smaller-1-3.jpg HTTP/2" 206 500 "https://angelsurchins.co.uk/wp-content/uploads/elementor/css/post-4261.css?ver=1730712453" "Mozilla/5.0 (Linux; Android 8.0; Pixel 2 Build/OPD3.170816.012) AppleWebKit/537.36 (KHTML, like Gecko) Chrome/55.0.2788.1848 Mobile Safari/537.36"
45.78.93.19 - - [16/Jul/2026:16:43:53 +0000] "GET /wp-content/uploads/2024/09/bb40ce_99b7b01b083a4874b0e42bd1c3a28f45mv2-570x570.jpg HTTP/2" 206 500 "https://angelsurchins.co.uk/" "Mozilla/5.0 (Linux; Android 8.0; Pixel 2 Build/OPD3.170816.012) AppleWebKit/537.36 (KHTML, like Gecko) Chrome/55.0.2788.1848 Mobile Safari/537.36"
45.78.93.19 - - [16/Jul/2026:16:43:53 +0000] "GET /wp-content/uploads/2024/09/bb40ce_51503ef55fec43e5aa3bf7fce82d4bfemv2-570x570.jpg HTTP/2" 206 500 "https://angelsurchins.co.uk/" "Mozilla/5.0 (Linux; Android 8.0; Pixel 2 Build/OPD3.170816.012) AppleWebKit/537.36 (KHTML, like Gecko) Chrome/55.0.2788.1848 Mobile Safari/537.36"
45.78.93.19 - - [16/Jul/2026:16:43:53 +0000] "GET /wp-content/plugins/photo-gallery/images/ajax_loader.png HTTP/2" 206 500 "https://angelsurchins.co.uk/wp-content/plugins/photo-gallery/css/styles.min.css?ver=1.8.30" "Mozilla/5.0 (Linux; Android 8.0; Pixel 2 Build/OPD3.170816.012) AppleWebKit/537.36 (KHTML, like Gecko) Chrome/55.0.2788.1848 Mobile Safari/537.36"
45.78.93.19 - - [16/Jul/2026:16:43:53 +0000] "GET /wp-content/uploads/2024/09/bb40ce_07b780bea1284f79a0fdb3c4b5a80e2dmv2-570x570.jpg HTTP/2" 206 500 "https://angelsurchins.co.uk/" "Mozilla/5.0 (Linux; Android 8.0; Pixel 2 Build/OPD3.170816.012) AppleWebKit/537.36 (KHTML, like Gecko) Chrome/55.0.2788.1848 Mobile Safari/537.36"
45.78.93.19 - - [16/Jul/2026:16:43:53 +0000] "GET /wp-content/uploads/2024/09/bb40ce_d4ebd68e4d3e403095ab8e80b3764d61mv2-570x570.jpg HTTP/2" 206 500 "https://angelsurchins.co.uk/" "Mozilla/5.0 (Linux; Android 8.0; Pixel 2 Build/OPD3.170816.012) AppleWebKit/537.36 (KHTML, like Gecko) Chrome/55.0.2788.1848 Mobile Safari/537.36"
45.78.93.19 - - [16/Jul/2026:16:43:53 +0000] "GET /wp-content/uploads/photo-gallery/thumb/bb40ce_f1cb1c5ebfd9466cabe9213b7660cce3mv2-1.jpg?bwg=1726649639 HTTP/2" 304 0 "https://angelsurchins.co.uk/" "Mozilla/5.0 (Linux; Android 8.0; Pixel 2 Build/OPD3.170816.012) AppleWebKit/537.36 (KHTML, like Gecko) Chrome/55.0.2788.1848 Mobile Safari/537.36"
45.78.93.19 - - [16/Jul/2026:16:43:53 +0000] "GET /wp-content/uploads/photo-gallery/thumb/bb40ce_4c4120ba63994772a70d89f8cb2d8f7emv2.jpg?bwg=1726649639 HTTP/2" 304 0 "https://angelsurchins.co.uk/" "Mozilla/5.0 (Linux; Android 8.0; Pixel 2 Build/OPD3.170816.012) AppleWebKit/537.36 (KHTML, like Gecko) Chrome/55.0.2788.1848 Mobile Safari/537.36"
45.78.93.19 - - [16/Jul/2026:16:43:53 +0000] "GET /wp-content/uploads/photo-gallery/thumb/bb40ce_f1cb1c5ebfd9466cabe9213b7660cce3mv2-1.jpg?bwg=1726649639 HTTP/2" 206 72566 "https://angelsurchins.co.uk/" "Mozilla/5.0 (Linux; Android 8.0; Pixel 2 Build/OPD3.170816.012) AppleWebKit/537.36 (KHTML, like Gecko) Chrome/55.0.2788.1848 Mobile Safari/537.36"
45.78.93.19 - - [16/Jul/2026:16:43:53 +0000] "GET /wp-content/uploads/photo-gallery/thumb/bb40ce_4c4120ba63994772a70d89f8cb2d8f7emv2.jpg?bwg=1726649639 HTTP/2" 206 41342 "https://angelsurchins.co.uk/" "Mozilla/5.0 (Linux; Android 8.0; Pixel 2 Build/OPD3.170816.012) AppleWebKit/537.36 (KHTML, like Gecko) Chrome/55.0.2788.1848 Mobile Safari/537.36"
45.78.93.19 - - [16/Jul/2026:16:43:53 +0000] "POST /?wc-ajax=get_compare_fragments&elementor_page_id=4261 HTTP/2" 200 210 "https://angelsurchins.co.uk/" "Mozilla/5.0 (Linux; Android 8.0; Pixel 2 Build/OPD3.170816.012) AppleWebKit/537.36 (KHTML, like Gecko) Chrome/55.0.2788.1848 Mobile Safari/537.36"
45.78.93.19 - - [16/Jul/2026:16:43:53 +0000] "POST /?wc-ajax=get_wishlist_fragments&elementor_page_id=4261 HTTP/2" 200 242 "https://angelsurchins.co.uk/" "Mozilla/5.0 (Linux; Android 8.0; Pixel 2 Build/OPD3.170816.012) AppleWebKit/537.36 (KHTML, like Gecko) Chrome/55.0.2788.1848 Mobile Safari/537.36"
45.78.93.19 - - [16/Jul/2026:16:43:53 +0000] "POST /?wc-ajax=get_refreshed_fragments&elementor_page_id=4261 HTTP/2" 200 398 "https://angelsurchins.co.uk/" "Mozilla/5.0 (Linux; Android 8.0; Pixel 2 Build/OPD3.170816.012) AppleWebKit/537.36 (KHTML, like Gecko) Chrome/55.0.2788.1848 Mobile Safari/537.36"
45.78.93.19 - - [16/Jul/2026:16:43:57 +0000] "GET /wp-content/plugins/elementor/assets/lib/swiper/v8/swiper.min.js?ver=8.4.5 HTTP/2" 200 38152 "https://angelsurchins.co.uk/" "Mozilla/5.0 (Linux; Android 8.0; Pixel 2 Build/OPD3.170816.012) AppleWebKit/537.36 (KHTML, like Gecko) Chrome/55.0.2788.1848 Mobile Safari/537.36"
45.78.93.19 - - [16/Jul/2026:16:43:57 +0000] "GET /wp-content/plugins/elementor/assets/js/text-editor.2c35aafbe5bf0e127950.bundle.min.js HTTP/2" 200 600 "https://angelsurchins.co.uk/" "Mozilla/5.0 (Linux; Android 8.0; Pixel 2 Build/OPD3.170816.012) AppleWebKit/537.36 (KHTML, like Gecko) Chrome/55.0.2788.1848 Mobile Safari/537.36"
45.78.93.19 - - [16/Jul/2026:16:43:57 +0000] "GET /wp-content/uploads/2024/11/smaller-1-3.jpg HTTP/2" 304 0 "https://angelsurchins.co.uk/wp-content/uploads/elementor/css/post-4261.css?ver=1730712453" "Mozilla/5.0 (Linux; Android 8.0; Pixel 2 Build/OPD3.170816.012) AppleWebKit/537.36 (KHTML, like Gecko) Chrome/55.0.2788.1848 Mobile Safari/537.36"
45.78.93.19 - - [16/Jul/2026:16:43:57 +0000] "GET /wp-content/uploads/2024/11/smaller-1-3.jpg HTTP/2" 206 477125 "https://angelsurchins.co.uk/wp-content/uploads/elementor/css/post-4261.css?ver=1730712453" "Mozilla/5.0 (Linux; Android 8.0; Pixel 2 Build/OPD3.170816.012) AppleWebKit/537.36 (KHTML, like Gecko) Chrome/55.0.2788.1848 Mobile Safari/537.36"
194.39.149.53 - - [16/Jul/2026:16:45:06 +0000] "POST /wp-cron.php?doing_wp_cron=1784220305.8956270217895507812500 HTTP/1.1" 200 0 "-" "WordPress/6.9.4; https://angelsurchins.co.uk"
216.222.199.252 - - [16/Jul/2026:16:45:03 +0000] "GET /wp-login.php HTTP/2" 200 2456 "-" "Mozilla/5.0 (Macintosh; Intel Mac OS X 10_15_7) AppleWebKit/605.1.15 (KHTML, like Gecko) Version/18.0 Safari/605.1.15"
216.222.199.252 - - [16/Jul/2026:16:45:06 +0000] "POST /wp-login.php HTTP/2" 401 1288 "https://angelsurchins.co.uk/wp-login.php" "Mozilla/5.0 (Macintosh; Intel Mac OS X 10_15_7) AppleWebKit/605.1.15 (KHTML, like Gecko) Version/18.0 Safari/605.1.15"
143.110.183.208 - - [16/Jul/2026:16:45:08 +0000] "GET /wp-login.php HTTP/2" 200 2453 "-" "Mozilla/5.0 (Windows NT 10.0; Win64; x64) AppleWebKit/537.36 (KHTML, like Gecko) Chrome/144.0.0.0 Safari/537.36"
194.39.149.53 - - [16/Jul/2026:16:45:59 +0000] "POST /wp-admin/admin-ajax.php HTTP/1.1" 200 0 "-" "WordPress/6.9.4; https://angelsurchins.co.uk"
194.39.149.53 - - [16/Jul/2026:16:47:49 +0000] "POST /wp-cron.php?doing_wp_cron=1784220469.0598580837249755859375 HTTP/1.1" 200 0 "-" "WordPress/6.9.4; https://angelsurchins.co.uk"
103.166.59.32 - - [16/Jul/2026:16:47:47 +0000] "GET /product-category/accesories/page/3/?add-to-wishlist=12065 HTTP/1.1" 200 39787 "-" "Mozilla/5.0 (Windows NT 10.0; WOW64) AppleWebKit/537.36 (KHTML, like Gecko) Chrome/67.0.3396.87 Safari/537.36"
194.39.149.53 - - [16/Jul/2026:16:50:33 +0000] "POST /wp-admin/admin-ajax.php HTTP/1.1" 200 0 "-" "WordPress/6.9.4; https://angelsurchins.co.uk"
173.252.82.112 - - [16/Jul/2026:16:52:25 +0000] "GET /wp-content/uploads/2024/09/bb40ce_dccd65d2bc4947e5a4cbafa4d1acaedbmv2.jpg HTTP/2" 200 38347 "-" "meta-externalagent/1.1 (+https://developers.facebook.com/docs/sharing/webmasters/crawler)"
194.39.149.53 - - [16/Jul/2026:16:55:30 +0000] "POST /wp-cron.php?doing_wp_cron=1784220930.0536999702453613281250 HTTP/1.1" 200 0 "-" "WordPress/6.9.4; https://angelsurchins.co.uk"
41.82.207.135 - - [16/Jul/2026:16:55:27 +0000] "GET /product/castle-bookcase/?add-to-wishlist=11535 HTTP/1.1" 200 37569 "-" "Mozilla/5.0 (Macintosh; Intel Mac OS X 10_15_5) AppleWebKit/537.36 (KHTML, like Gecko) Chrome/89.0.4389.114 Safari/537.36"
194.39.149.53 - - [16/Jul/2026:16:55:47 +0000] "POST /wp-cron.php?doing_wp_cron=1784220947.3746249675750732421875 HTTP/1.1" 200 0 "-" "WordPress/6.9.4; https://angelsurchins.co.uk"
194.39.149.53 - - [16/Jul/2026:16:55:38 +0000] "POST /wp-admin/admin-ajax.php HTTP/1.1" 200 0 "-" "WordPress/6.9.4; https://angelsurchins.co.uk"
90.185.163.97 - - [16/Jul/2026:16:55:56 +0000] "GET / HTTP/2" 200 42637 "-" "domainbox-domain-snapshot/0.1"
194.39.149.53 - - [16/Jul/2026:17:00:16 +0000] "POST /wp-cron.php?doing_wp_cron=1784221216.0122380256652832031250 HTTP/1.1" 200 0 "-" "WordPress/6.9.4; https://angelsurchins.co.uk"
95.90.190.177 - - [16/Jul/2026:17:00:13 +0000] "GET /shop/page/2/?add-to-wishlist=12753 HTTP/1.1" 200 38896 "-" "Mozilla/5.0 (Macintosh; Intel Mac OS X 13_3_1) AppleWebKit/537.36 (KHTML, like Gecko) Chrome/124.0.6367.207 Safari/537.36"
194.39.149.53 - - [16/Jul/2026:17:00:17 +0000] "POST /wp-admin/admin-ajax.php HTTP/1.1" 200 0 "-" "WordPress/6.9.4; https://angelsurchins.co.uk"
177.39.59.215 - - [16/Jul/2026:17:00:34 +0000] "GET /product/moderno-cradle/?add-to-wishlist=11467 HTTP/1.1" 200 36370 "-" "Mozilla/5.0 (Macintosh; Intel Mac OS X 10_11_6) AppleWebKit/537.36 (KHTML, like Gecko) Brave Chrome/86.0.4240.198 Safari/537.36"
194.39.149.53 - - [16/Jul/2026:17:04:06 +0000] "POST /wp-cron.php?doing_wp_cron=1784221446.6318230628967285156250 HTTP/1.1" 200 0 "-" "WordPress/6.9.4; https://angelsurchins.co.uk"
41.76.103.38 - - [16/Jul/2026:17:04:04 +0000] "GET /product/forest-animal-bundle/?add-to-wishlist=11925 HTTP/1.1" 200 38114 "-" "Mozilla/5.0 (Macintosh; Intel Mac OS X 10_12_6) AppleWebKit/537.36 (KHTML, like Gecko) Chrome/89.0.4389.114 Safari/537.36"
194.39.149.53 - - [16/Jul/2026:17:04:08 +0000] "POST /wp-admin/admin-ajax.php HTTP/1.1" 200 0 "-" "WordPress/6.9.4; https://angelsurchins.co.uk"
216.73.163.135 - - [16/Jul/2026:17:04:34 +0000] "POST /wp-login.php HTTP/1.1" 401 1501 "-" "linux|Mozilla/5.0 (Linux; U; Linux i573 x86_64; en-US) Gecko/20100101 Firefox/50.6"
194.39.149.53 - - [16/Jul/2026:17:04:51 +0000] "POST /wp-cron.php?doing_wp_cron=1784221491.2391009330749511718750 HTTP/1.1" 200 0 "-" "WordPress/6.9.4; https://angelsurchins.co.uk"
72.255.42.207 - - [16/Jul/2026:17:04:49 +0000] "GET /product/hand-drawn-english-forest-4/?add-to-wishlist=11894 HTTP/1.1" 200 39002 "-" "Mozilla/5.0 (Macintosh; Intel Mac OS X 10_11_6) AppleWebKit/537.36 (KHTML, like Gecko) Chrome/80.0.3987.132 Safari/537.36"
138.117.23.72 - - [16/Jul/2026:17:05:10 +0000] "GET /product/hand-drawn-english-forest-3/?add-to-wishlist=11851 HTTP/1.1" 200 38972 "-" "Mozilla/5.0 (Windows NT 6.1) AppleWebKit/537.36 (KHTML, like Gecko) Chrome/95.0.4638.69 Safari/537.36"
194.39.149.53 - - [16/Jul/2026:17:06:40 +0000] "POST /wp-cron.php?doing_wp_cron=1784221600.7865910530090332031250 HTTP/1.1" 200 0 "-" "WordPress/6.9.4; https://angelsurchins.co.uk"
20.153.140.50 - - [16/Jul/2026:17:06:38 +0000] "GET /wp-login.php HTTP/2" 200 2454 "-" "Mozilla/5.0 (Windows NT 10.0; Win64; x64) AppleWebKit/537.36 (KHTML, like Gecko) Chrome/143.0.0.0 Safari/537.36"
164.132.57.252 - - [16/Jul/2026:17:06:40 +0000] "GET /wp-login.php HTTP/2" 200 2453 "-" "Mozilla/5.0 (Linux; Android 10; K) AppleWebKit/537.36 (KHTML, like Gecko) Chrome/148.0.0.0 Mobile Safari/537.36"
20.153.140.50 - - [16/Jul/2026:17:06:42 +0000] "POST /wp-login.php HTTP/2" 401 1291 "https://angelsurchins.co.uk/wp-login.php" "Mozilla/5.0 (Windows NT 10.0; Win64; x64) AppleWebKit/537.36 (KHTML, like Gecko) Chrome/143.0.0.0 Safari/537.36"
194.39.149.53 - - [16/Jul/2026:17:06:43 +0000] "POST /wp-admin/admin-ajax.php HTTP/1.1" 200 0 "-" "WordPress/6.9.4; https://angelsurchins.co.uk"
164.132.57.252 - - [16/Jul/2026:17:06:44 +0000] "POST /wp-login.php HTTP/2" 401 1288 "https://angelsurchins.co.uk/wp-login.php" "Mozilla/5.0 (Linux; Android 10; K) AppleWebKit/537.36 (KHTML, like Gecko) Chrome/148.0.0.0 Mobile Safari/537.36"
194.39.149.53 - - [16/Jul/2026:17:08:21 +0000] "POST /wp-cron.php?doing_wp_cron=1784221700.8966040611267089843750 HTTP/1.1" 200 0 "-" "WordPress/6.9.4; https://angelsurchins.co.uk"
185.187.206.191 - - [16/Jul/2026:17:08:18 +0000] "GET /product/3-in-1-reve-cot-bed/?add-to-wishlist=11525 HTTP/1.1" 200 37897 "-" "Mozilla/5.0 (Windows NT 5.1) AppleWebKit/537.36 (KHTML, like Gecko) Chrome/35.0.2309.372 Safari/537.36"
66.249.79.8 - - [16/Jul/2026:17:11:18 +0000] "GET /wp-content/plugins/photo-gallery/css/jquery.mCustomScrollbar.min.css?ver=3.1.5 HTTP/1.1" 200 3799 "https://angelsurchins.co.uk/product/3-in-1-reve-cot-bed/?add-to-wishlist=11527" "Mozilla/5.0 (Linux; Android 6.0.1; Nexus 5X Build/MMB29P) AppleWebKit/537.36 (KHTML, like Gecko) Chrome/150.0.7871.114 Mobile Safari/537.36 (compatible; Googlebot/2.1; +http://www.google.com/bot.html)"
66.249.79.1 - - [16/Jul/2026:17:11:18 +0000] "GET /wp-content/themes/razzi/inc/mobile/assets/woocommerce.css?ver=20220610 HTTP/1.1" 200 30137 "https://angelsurchins.co.uk/product/3-in-1-reve-cot-bed/?add-to-wishlist=11527" "Mozilla/5.0 (Linux; Android 6.0.1; Nexus 5X Build/MMB29P) AppleWebKit/537.36 (KHTML, like Gecko) Chrome/150.0.7871.114 Mobile Safari/537.36 (compatible; Googlebot/2.1; +http://www.google.com/bot.html)"
66.249.79.7 - - [16/Jul/2026:17:11:18 +0000] "GET /wp-content/plugins/photo-gallery/booster/assets/js/circle-progress.js?ver=1.2.2 HTTP/1.1" 200 4251 "https://angelsurchins.co.uk/product/3-in-1-reve-cot-bed/?add-to-wishlist=11527" "Mozilla/5.0 (Linux; Android 6.0.1; Nexus 5X Build/MMB29P) AppleWebKit/537.36 (KHTML, like Gecko) Chrome/150.0.7871.114 Mobile Safari/537.36 (compatible; Googlebot/2.1; +http://www.google.com/bot.html)"
66.249.79.7 - - [16/Jul/2026:17:11:18 +0000] "GET /wp-content/plugins/photo-gallery/js/jquery.mCustomScrollbar.concat.min.js?ver=3.1.5 HTTP/1.1" 200 12358 "https://angelsurchins.co.uk/product/3-in-1-reve-cot-bed/?add-to-wishlist=11527" "Mozilla/5.0 (Linux; Android 6.0.1; Nexus 5X Build/MMB29P) AppleWebKit/537.36 (KHTML, like Gecko) Chrome/150.0.7871.114 Mobile Safari/537.36 (compatible; Googlebot/2.1; +http://www.google.com/bot.html)"
66.249.79.7 - - [16/Jul/2026:17:11:18 +0000] "GET /wp-content/plugins/photo-gallery/css/bwg-fonts/fonts.css?ver=0.0.1 HTTP/1.1" 200 791 "https://angelsurchins.co.uk/product/3-in-1-reve-cot-bed/?add-to-wishlist=11527" "Mozilla/5.0 (Linux; Android 6.0.1; Nexus 5X Build/MMB29P) AppleWebKit/537.36 (KHTML, like Gecko) Chrome/150.0.7871.114 Mobile Safari/537.36 (compatible; Googlebot/2.1; +http://www.google.com/bot.html)"
66.249.79.7 - - [16/Jul/2026:17:11:19 +0000] "GET /wp-content/themes/razzi/assets/js/plugins/swiper.min.js?ver=5.3.8 HTTP/1.1" 200 34194 "https://angelsurchins.co.uk/product/3-in-1-reve-cot-bed/?add-to-wishlist=11527" "Mozilla/5.0 (Linux; Android 6.0.1; Nexus 5X Build/MMB29P) AppleWebKit/537.36 (KHTML, like Gecko) Chrome/150.0.7871.114 Mobile Safari/537.36 (compatible; Googlebot/2.1; +http://www.google.com/bot.html)"
66.249.79.7 - - [16/Jul/2026:17:11:19 +0000] "GET /wp-includes/js/comment-reply.min.js?ver=6.9.4 HTTP/1.1" 200 1247 "https://angelsurchins.co.uk/product/3-in-1-reve-cot-bed/?add-to-wishlist=11527" "Mozilla/5.0 (Linux; Android 6.0.1; Nexus 5X Build/MMB29P) AppleWebKit/537.36 (KHTML, like Gecko) Chrome/150.0.7871.114 Mobile Safari/537.36 (compatible; Googlebot/2.1; +http://www.google.com/bot.html)"
194.39.149.53 - - [16/Jul/2026:17:11:21 +0000] "POST /wp-cron.php?doing_wp_cron=1784221881.5055670738220214843750 HTTP/1.1" 200 0 "-" "WordPress/6.9.4; https://angelsurchins.co.uk"
66.249.79.8 - - [16/Jul/2026:17:11:19 +0000] "POST /product/3-in-1-reve-cot-bed/null HTTP/1.1" 404 20092 "https://angelsurchins.co.uk/product/3-in-1-reve-cot-bed/?add-to-wishlist=11527" "Mozilla/5.0 (Linux; Android 6.0.1; Nexus 5X Build/MMB29P) AppleWebKit/537.36 (KHTML, like Gecko) Chrome/150.0.7871.114 Mobile Safari/537.36 (compatible; Googlebot/2.1; +http://www.google.com/bot.html)"
167.114.139.24 - - [16/Jul/2026:17:11:20 +0000] "GET /product-category/kids/bookcases-kids/ HTTP/2" 200 27556 "-" "Mozilla/5.0 (compatible; AhrefsBot/7.0; +http://ahrefs.com/robot/)"
66.249.79.7 - - [16/Jul/2026:17:11:22 +0000] "POST /?wc-ajax=get_compare_fragments&elementor_page_id=11456 HTTP/1.1" 200 210 "https://angelsurchins.co.uk/product/3-in-1-reve-cot-bed/?add-to-wishlist=11527" "Mozilla/5.0 (Linux; Android 6.0.1; Nexus 5X Build/MMB29P) AppleWebKit/537.36 (KHTML, like Gecko) Chrome/150.0.7871.114 Mobile Safari/537.36 (compatible; Googlebot/2.1; +http://www.google.com/bot.html)"
66.249.79.7 - - [16/Jul/2026:17:11:22 +0000] "POST /?wc-ajax=get_wishlist_fragments&elementor_page_id=11456 HTTP/1.1" 200 697 "https://angelsurchins.co.uk/product/3-in-1-reve-cot-bed/?add-to-wishlist=11527" "Mozilla/5.0 (Linux; Android 6.0.1; Nexus 5X Build/MMB29P) AppleWebKit/537.36 (KHTML, like Gecko) Chrome/150.0.7871.114 Mobile Safari/537.36 (compatible; Googlebot/2.1; +http://www.google.com/bot.html)"
66.249.79.7 - - [16/Jul/2026:17:11:24 +0000] "POST /?wc-ajax=get_refreshed_fragments&elementor_page_id=11456 HTTP/1.1" 200 398 "https://angelsurchins.co.uk/product/3-in-1-reve-cot-bed/?add-to-wishlist=11527" "Mozilla/5.0 (Linux; Android 6.0.1; Nexus 5X Build/MMB29P) AppleWebKit/537.36 (KHTML, like Gecko) Chrome/150.0.7871.114 Mobile Safari/537.36 (compatible; Googlebot/2.1; +http://www.google.com/bot.html)"
194.39.149.53 - - [16/Jul/2026:17:11:24 +0000] "POST /wp-admin/admin-ajax.php HTTP/1.1" 200 0 "-" "WordPress/6.9.4; https://angelsurchins.co.uk"
194.39.149.53 - - [16/Jul/2026:17:12:49 +0000] "POST /wp-cron.php?doing_wp_cron=1784221969.6533999443054199218750 HTTP/1.1" 200 0 "-" "WordPress/6.9.4; https://angelsurchins.co.uk"
185.223.152.110 - - [16/Jul/2026:17:12:47 +0000] "POST /wp-login.php HTTP/1.1" 401 1501 "-" "Mozilla/5.0 (Linux; U; Android 5.1.1; en-US; SM-J320G Build/LMY47V) AppleWebKit/537.36 (KHTML, like Gecko) Version/4.0 Chrome/57.0.2987.108 UCBrowser/13.2.0.1296 Mobile Safari/537.36"
173.252.82.20 - - [16/Jul/2026:17:13:13 +0000] "GET /wp-content/uploads/2024/10/floral-birds-sitting--570x380.jpg HTTP/2" 200 34115 "-" "meta-externalagent/1.1 (+https://developers.facebook.com/docs/sharing/webmasters/crawler)"
194.39.149.53 - - [16/Jul/2026:17:13:38 +0000] "POST /wp-cron.php?doing_wp_cron=1784222018.0516979694366455078125 HTTP/1.1" 200 0 "-" "WordPress/6.9.4; https://angelsurchins.co.uk"
84.54.66.157 - - [16/Jul/2026:17:13:36 +0000] "GET /product/hammered-brass-dresser/?add-to-wishlist=11489 HTTP/1.1" 200 37645 "-" "Mozilla/5.0 (Macintosh; Intel Mac OS X 10_11_6) AppleWebKit/537.36 (KHTML, like Gecko) Brave Chrome/86.0.4240.75 Safari/537.36"
194.39.149.53 - - [16/Jul/2026:17:13:39 +0000] "POST /wp-admin/admin-ajax.php HTTP/1.1" 200 0 "-" "WordPress/6.9.4; https://angelsurchins.co.uk"
102.66.144.167 - - [16/Jul/2026:17:13:45 +0000] "GET /product-category/kids/?add-to-wishlist=12891 HTTP/1.1" 200 39637 "-" "Mozilla/5.0 (Macintosh; Intel Mac OS X 10_15_7) AppleWebKit/537.36 (KHTML, like Gecko) Chrome/99.0.4844.51 Safari/537.36"
194.39.149.53 - - [16/Jul/2026:17:14:45 +0000] "POST /wp-cron.php?doing_wp_cron=1784222085.4786119461059570312500 HTTP/1.1" 200 0 "-" "WordPress/6.9.4; https://angelsurchins.co.uk"
72.27.41.42 - - [16/Jul/2026:17:14:43 +0000] "GET /product/twila-star-bed/?add-to-wishlist=11747 HTTP/1.1" 200 37436 "-" "Mozilla/5.0 (Windows NT 6.1; Win64; x64) AppleWebKit/537.36 (KHTML, like Gecko) Chrome/70.0.3538.102 Safari/537.36"
103.138.145.68 - - [16/Jul/2026:17:15:03 +0000] "GET /product/falling-flowers-wallpaper/?add-to-wishlist=11914 HTTP/1.1" 200 38633 "-" "Mozilla/5.0 (Windows NT 6.1) AppleWebKit/537.36 (KHTML, like Gecko) Chrome/41.0.2228.0 Safari/537.36"
92.40.185.26 - - [16/Jul/2026:17:18:43 +0000] "GET /wp-content/uploads/2024/09/bb40ce_beaa28e14ec84f85a22b510e5e8d796amv2.jpg HTTP/2" 200 68164 "https://www.google.com/" "Mozilla/5.0 (iPhone; CPU iPhone OS 26_5_1 like Mac OS X) AppleWebKit/605.1.15 (KHTML, like Gecko) GoogleLens/429.1 Mobile/23F81 Safari/604.1 [WebViewInline]"
194.39.149.53 - - [16/Jul/2026:17:18:48 +0000] "POST /wp-cron.php?doing_wp_cron=1784222328.5053820610046386718750 HTTP/1.1" 200 0 "-" "WordPress/6.9.4; https://angelsurchins.co.uk"
92.40.185.26 - - [16/Jul/2026:17:18:47 +0000] "GET /product/alora-cot-bed/ HTTP/2" 200 30103 "-" "Mozilla/5.0 (iPhone; CPU iPhone OS 26_5_1 like Mac OS X) AppleWebKit/605.1.15 (KHTML, like Gecko) GSA/429.1.942703598 Mobile/15E148 Safari/604.1"
92.40.185.26 - - [16/Jul/2026:17:18:48 +0000] "GET /wp-content/plugins/photo-gallery/booster/assets/css/global.css?ver=1.0.0 HTTP/2" 200 3211 "https://angelsurchins.co.uk/product/alora-cot-bed/" "Mozilla/5.0 (iPhone; CPU iPhone OS 26_5_1 like Mac OS X) AppleWebKit/605.1.15 (KHTML, like Gecko) GSA/429.1.942703598 Mobile/15E148 Safari/604.1"
92.40.185.26 - - [16/Jul/2026:17:18:48 +0000] "GET /wp-includes/css/dist/block-library/style.min.css?ver=6.9.4 HTTP/2" 200 14889 "https://angelsurchins.co.uk/product/alora-cot-bed/" "Mozilla/5.0 (iPhone; CPU iPhone OS 26_5_1 like Mac OS X) AppleWebKit/605.1.15 (KHTML, like Gecko) GSA/429.1.942703598 Mobile/15E148 Safari/604.1"
