20.206.89.130 - - [16/Jul/2026:19:58:16 +0000] "GET /8.php HTTP/1.1" 401 36 "-" "-"
20.206.89.130 - - [16/Jul/2026:19:58:17 +0000] "GET /1.php HTTP/1.1" 401 36 "-" "-"
20.206.89.130 - - [16/Jul/2026:19:58:17 +0000] "GET /100.php HTTP/1.1" 401 36 "-" "-"
20.206.89.130 - - [16/Jul/2026:19:58:17 +0000] "GET /about.php HTTP/1.1" 401 36 "-" "-"
20.206.89.130 - - [16/Jul/2026:19:58:18 +0000] "GET /admin.php HTTP/1.1" 401 36 "-" "-"
20.206.89.130 - - [16/Jul/2026:19:58:18 +0000] "GET /edit.php HTTP/1.1" 401 36 "-" "-"
20.206.89.130 - - [16/Jul/2026:19:58:18 +0000] "GET /wp-content/admin.php HTTP/1.1" 401 36 "-" "-"
20.206.89.130 - - [16/Jul/2026:19:58:18 +0000] "GET /ss.php HTTP/1.1" 401 36 "-" "-"
20.206.89.130 - - [16/Jul/2026:19:58:19 +0000] "GET /inputs.php HTTP/1.1" 401 36 "-" "-"
20.206.89.130 - - [16/Jul/2026:19:58:19 +0000] "GET /av.php HTTP/1.1" 401 36 "-" "-"
20.206.89.130 - - [16/Jul/2026:19:58:19 +0000] "GET /classwithtostring.php HTTP/1.1" 401 36 "-" "-"
20.206.89.130 - - [16/Jul/2026:19:58:20 +0000] "GET /wp-content/themes/index.php HTTP/1.1" 401 36 "-" "-"
20.206.89.130 - - [16/Jul/2026:19:58:20 +0000] "GET /wp-blog.php HTTP/1.1" 401 36 "-" "-"
20.206.89.130 - - [16/Jul/2026:19:58:20 +0000] "GET /wp-includes/js/jquery/ HTTP/1.1" 401 36 "-" "-"
20.206.89.130 - - [16/Jul/2026:19:58:21 +0000] "GET /wp-content/admin.php HTTP/1.1" 401 36 "-" "-"
20.206.89.130 - - [16/Jul/2026:19:58:21 +0000] "GET /adminfuns.php HTTP/1.1" 401 36 "-" "-"
20.206.89.130 - - [16/Jul/2026:19:58:21 +0000] "GET /goods.php HTTP/1.1" 401 36 "-" "-"
20.206.89.130 - - [16/Jul/2026:19:58:21 +0000] "GET /ms-edit.php HTTP/1.1" 401 36 "-" "-"
20.206.89.130 - - [16/Jul/2026:19:58:22 +0000] "GET /222.php HTTP/1.1" 401 36 "-" "-"
20.206.89.130 - - [16/Jul/2026:19:58:22 +0000] "GET /cgi-bin/index.php HTTP/1.1" 401 36 "-" "-"
20.206.89.130 - - [16/Jul/2026:19:58:22 +0000] "GET /wp-includes/css/dist/ HTTP/1.1" 401 36 "-" "-"
20.206.89.130 - - [16/Jul/2026:19:58:23 +0000] "GET /BDKR28WP.php HTTP/1.1" 401 36 "-" "-"
20.206.89.130 - - [16/Jul/2026:19:58:23 +0000] "GET /wp-includes/l10n/ HTTP/1.1" 401 36 "-" "-"
20.206.89.130 - - [16/Jul/2026:19:58:23 +0000] "GET /wp-content/uploads/ HTTP/1.1" 401 36 "-" "-"
20.206.89.130 - - [16/Jul/2026:19:58:24 +0000] "GET /wp.php HTTP/1.1" 401 36 "-" "-"
20.206.89.130 - - [16/Jul/2026:19:58:24 +0000] "GET /abcd.php HTTP/1.1" 401 36 "-" "-"
20.206.89.130 - - [16/Jul/2026:19:58:24 +0000] "GET /a1.php HTTP/1.1" 401 36 "-" "-"
20.206.89.130 - - [16/Jul/2026:19:58:25 +0000] "GET /wp-includes/Text/Diff/Engine/about.php HTTP/1.1" 401 36 "-" "-"
20.206.89.130 - - [16/Jul/2026:19:58:25 +0000] "GET /cgi-bin/admin.php HTTP/1.1" 401 36 "-" "-"
20.206.89.130 - - [16/Jul/2026:19:58:25 +0000] "GET /gettest.php HTTP/1.1" 401 36 "-" "-"
20.206.89.130 - - [16/Jul/2026:19:58:25 +0000] "GET /wp-content/ HTTP/1.1" 401 36 "-" "-"
20.206.89.130 - - [16/Jul/2026:19:58:26 +0000] "GET /simple.php HTTP/1.1" 401 36 "-" "-"
20.206.89.130 - - [16/Jul/2026:19:58:26 +0000] "GET /xxx.php HTTP/1.1" 401 36 "-" "-"
20.206.89.130 - - [16/Jul/2026:19:58:26 +0000] "GET /hypo.php HTTP/1.1" 401 36 "-" "-"
20.206.89.130 - - [16/Jul/2026:19:58:27 +0000] "GET /wp-admin/css/colors/blue/ HTTP/1.1" 401 36 "-" "-"
20.206.89.130 - - [16/Jul/2026:19:58:27 +0000] "GET /chosen.php HTTP/1.1" 401 36 "-" "-"
20.206.89.130 - - [16/Jul/2026:19:58:27 +0000] "GET /wp-includes/block-bindings/ HTTP/1.1" 401 36 "-" "-"
20.206.89.130 - - [16/Jul/2026:19:58:28 +0000] "GET /als.php HTTP/1.1" 401 36 "-" "-"
20.206.89.130 - - [16/Jul/2026:19:58:28 +0000] "GET /pol.php HTTP/1.1" 401 36 "-" "-"
20.206.89.130 - - [16/Jul/2026:19:58:28 +0000] "GET /file5.php HTTP/1.1" 401 36 "-" "-"
20.206.89.130 - - [16/Jul/2026:19:58:29 +0000] "GET /file.php HTTP/1.1" 401 36 "-" "-"
20.206.89.130 - - [16/Jul/2026:19:58:29 +0000] "GET /cfile.php HTTP/1.1" 401 36 "-" "-"
20.206.89.130 - - [16/Jul/2026:19:58:29 +0000] "GET /admin.php HTTP/1.1" 401 36 "-" "-"
20.206.89.130 - - [16/Jul/2026:19:58:30 +0000] "GET /aa2.php HTTP/1.1" 401 36 "-" "-"
20.206.89.130 - - [16/Jul/2026:19:58:30 +0000] "GET /ccou.php HTTP/1.1" 401 36 "-" "-"
20.206.89.130 - - [16/Jul/2026:19:58:30 +0000] "GET /dr.php HTTP/1.1" 401 36 "-" "-"
20.206.89.130 - - [16/Jul/2026:19:58:31 +0000] "GET /xamp.php HTTP/1.1" 401 36 "-" "-"
20.206.89.130 - - [16/Jul/2026:19:58:31 +0000] "GET /bless.php HTTP/1.1" 401 36 "-" "-"
20.206.89.130 - - [16/Jul/2026:19:58:31 +0000] "GET /file25.php HTTP/1.1" 401 36 "-" "-"
20.206.89.130 - - [16/Jul/2026:19:58:31 +0000] "GET /file6.php HTTP/1.1" 401 36 "-" "-"
20.206.89.130 - - [16/Jul/2026:19:58:32 +0000] "GET /a2.php HTTP/1.1" 401 36 "-" "-"
20.206.89.130 - - [16/Jul/2026:19:58:32 +0000] "GET /file15.php HTTP/1.1" 401 36 "-" "-"
20.206.89.130 - - [16/Jul/2026:19:58:32 +0000] "GET /f35.php HTTP/1.1" 401 36 "-" "-"
20.206.89.130 - - [16/Jul/2026:19:58:33 +0000] "GET /wp-load.php HTTP/1.1" 401 36 "-" "-"
20.206.89.130 - - [16/Jul/2026:19:58:33 +0000] "GET /xwpg.php HTTP/1.1" 401 36 "-" "-"
20.206.89.130 - - [16/Jul/2026:19:58:33 +0000] "GET /wp-includes/assets/ HTTP/1.1" 401 36 "-" "-"
20.206.89.130 - - [16/Jul/2026:19:58:34 +0000] "GET /wp-admin/css/colors/sunrise/ HTTP/1.1" 401 36 "-" "-"
20.206.89.130 - - [16/Jul/2026:19:58:34 +0000] "GET /xstelth.php HTTP/1.1" 401 36 "-" "-"
20.206.89.130 - - [16/Jul/2026:19:58:34 +0000] "GET /wp-admin/network/plugins.php HTTP/1.1" 401 36 "-" "-"
20.206.89.130 - - [16/Jul/2026:19:58:35 +0000] "GET /aaa.php HTTP/1.1" 401 36 "-" "-"
20.206.89.130 - - [16/Jul/2026:19:58:35 +0000] "GET /gecko.php HTTP/1.1" 401 36 "-" "-"
20.206.89.130 - - [16/Jul/2026:19:58:35 +0000] "GET /sh3ll.php HTTP/1.1" 401 36 "-" "-"
20.206.89.130 - - [16/Jul/2026:19:58:36 +0000] "GET /wp-includes/Requests/library/ HTTP/1.1" 401 36 "-" "-"
20.206.89.130 - - [16/Jul/2026:19:58:36 +0000] "GET /pbck.php HTTP/1.1" 401 36 "-" "-"
20.206.89.130 - - [16/Jul/2026:19:58:36 +0000] "GET /xiugai.php HTTP/1.1" 401 36 "-" "-"
20.206.89.130 - - [16/Jul/2026:19:58:37 +0000] "GET /son1.php HTTP/1.1" 401 36 "-" "-"
20.206.89.130 - - [16/Jul/2026:19:58:37 +0000] "GET /e.php HTTP/1.1" 401 36 "-" "-"
20.206.89.130 - - [16/Jul/2026:19:58:37 +0000] "GET /hg.php HTTP/1.1" 401 36 "-" "-"
20.206.89.130 - - [16/Jul/2026:19:58:37 +0000] "GET /ah25.php HTTP/1.1" 401 36 "-" "-"
20.206.89.130 - - [16/Jul/2026:19:58:38 +0000] "GET /mg2.php HTTP/1.1" 401 36 "-" "-"
20.206.89.130 - - [16/Jul/2026:19:58:38 +0000] "GET /for.php HTTP/1.1" 401 36 "-" "-"
194.39.149.53 - - [16/Jul/2026:19:59:34 +0000] "POST /wp-cron.php?doing_wp_cron=1784231974.0920560359954833984375 HTTP/1.1" 200 0 "-" "WordPress/6.9.4; https://angelsurchins.co.uk"
200.122.117.64 - - [16/Jul/2026:19:59:32 +0000] "GET /product/jungle-wallpaper/ HTTP/1.1" 200 38604 "-" "Mozilla/5.0 (Windows NT 6.1) AppleWebKit/537.36 (KHTML, like Gecko) Chrome/80.0.3987.132 Safari/537.36"
194.39.149.53 - - [16/Jul/2026:19:59:36 +0000] "POST /wp-admin/admin-ajax.php HTTP/1.1" 200 0 "-" "WordPress/6.9.4; https://angelsurchins.co.uk"
194.39.149.53 - - [16/Jul/2026:20:00:15 +0000] "POST /wp-cron.php?doing_wp_cron=1784232015.7017760276794433593750 HTTP/1.1" 200 0 "-" "WordPress/6.9.4; https://angelsurchins.co.uk"
57.141.0.30 - - [16/Jul/2026:20:00:13 +0000] "GET /sitemap_index.xml HTTP/2" 200 1473 "-" "Mozilla/5.0 (Windows NT 10.0; Win64; x64) AppleWebKit/537.36 (KHTML, like Gecko) Chrome/145.0.0.0 Safari/537.36 (compatible; meta-externalagent/1.1 (+https://developers.facebook.com/docs/sharing/webmasters/crawler))"
194.39.149.53 - - [16/Jul/2026:20:01:54 +0000] "POST /wp-cron.php?doing_wp_cron=1784232114.6751260757446289062500 HTTP/1.1" 200 0 "-" "WordPress/6.9.4; https://angelsurchins.co.uk"
102.210.19.112 - - [16/Jul/2026:20:01:52 +0000] "GET /product/vintage-hot-air-ballon-print/?add-to-wishlist=11851 HTTP/1.1" 200 38454 "-" "Mozilla/5.0 (Windows NT 10.0; WOW64) AppleWebKit/537.36 (KHTML, like Gecko) Chrome/93.0.4577.63 Safari/537.36"
194.39.149.53 - - [16/Jul/2026:20:01:56 +0000] "POST /wp-admin/admin-ajax.php HTTP/1.1" 200 0 "-" "WordPress/6.9.4; https://angelsurchins.co.uk"
194.39.149.53 - - [16/Jul/2026:20:02:57 +0000] "POST /wp-cron.php?doing_wp_cron=1784232177.7511999607086181640625 HTTP/1.1" 200 0 "-" "WordPress/6.9.4; https://angelsurchins.co.uk"
45.146.54.137 - - [16/Jul/2026:20:02:55 +0000] "POST /wp-login.php HTTP/1.1" 401 1500 "-" "Dalvik/2.1.0 (Linux; U; Android 8.1.0; PSPCL30A0 Build/O11019)"
194.39.149.53 - - [16/Jul/2026:20:03:26 +0000] "POST /wp-cron.php?doing_wp_cron=1784232206.4954509735107421875000 HTTP/1.1" 200 0 "-" "WordPress/6.9.4; https://angelsurchins.co.uk"
185.223.152.100 - - [16/Jul/2026:20:03:23 +0000] "POST /wp-login.php HTTP/1.1" 401 1501 "-" "mobile|Mozilla/5.0 (iPod; CPU iPod OS 9_7_6; like Mac OS X) AppleWebKit/536.5 (KHTML, like Gecko) Chrome/53.0.1222.127 Mobile Safari/534.2"
194.39.149.53 - - [16/Jul/2026:20:04:05 +0000] "POST /wp-cron.php?doing_wp_cron=1784232245.7097599506378173828125 HTTP/1.1" 200 0 "-" "WordPress/6.9.4; https://angelsurchins.co.uk"
185.157.183.73 - - [16/Jul/2026:20:04:01 +0000] "GET /product/dinosaurs-on-the-run-wallpaper/?add-to-wishlist=11867 HTTP/1.1" 200 38964 "-" "Mozilla/5.0 (Windows NT 6.1; WOW64) AppleWebKit/537.36 (KHTML, like Gecko) Chrome/104.0.0.0 Safari/537.36"
194.39.149.53 - - [16/Jul/2026:20:04:08 +0000] "POST /wp-admin/admin-ajax.php HTTP/1.1" 200 0 "-" "WordPress/6.9.4; https://angelsurchins.co.uk"
162.19.246.208 - - [16/Jul/2026:20:04:28 +0000] "GET /wp-login.php HTTP/2" 200 2456 "-" "Mozilla/5.0 (X11; Linux x86_64) AppleWebKit/537.36 (KHTML, like Gecko) Chrome/144.0.0.0 Safari/537.36"
131.72.236.158 - - [16/Jul/2026:20:04:30 +0000] "GET /wp-login.php HTTP/2" 200 2455 "-" "Mozilla/5.0 (X11; Linux x86_64) AppleWebKit/537.36 (KHTML, like Gecko) Chrome/145.0.0.0 Safari/537.36"
162.19.246.208 - - [16/Jul/2026:20:04:31 +0000] "POST /wp-login.php HTTP/2" 401 1290 "https://angelsurchins.co.uk/wp-login.php" "Mozilla/5.0 (X11; Linux x86_64) AppleWebKit/537.36 (KHTML, like Gecko) Chrome/144.0.0.0 Safari/537.36"
103.77.160.92 - - [16/Jul/2026:20:04:30 +0000] "GET /wp-login.php HTTP/2" 200 2454 "-" "Mozilla/5.0 (iPhone; CPU iPhone OS 17_7 like Mac OS X) AppleWebKit/605.1.15 (KHTML, like Gecko) Version/17.7 Mobile/15E148 Safari/604.1"
131.72.236.158 - - [16/Jul/2026:20:04:36 +0000] "POST /wp-login.php HTTP/2" 401 1292 "https://angelsurchins.co.uk/wp-login.php" "Mozilla/5.0 (X11; Linux x86_64) AppleWebKit/537.36 (KHTML, like Gecko) Chrome/145.0.0.0 Safari/537.36"
103.77.160.92 - - [16/Jul/2026:20:04:36 +0000] "POST /wp-login.php HTTP/2" 401 1289 "https://angelsurchins.co.uk/wp-login.php" "Mozilla/5.0 (iPhone; CPU iPhone OS 17_7 like Mac OS X) AppleWebKit/605.1.15 (KHTML, like Gecko) Version/17.7 Mobile/15E148 Safari/604.1"
91.92.241.196 - - [16/Jul/2026:20:04:45 +0000] "GET /.env HTTP/1.1" 200 319 "-" "Mozilla/5.0 (Windows NT 10.0; Win64; x64) AppleWebKit/537.36"
91.92.241.196 - - [16/Jul/2026:20:04:47 +0000] "GET /.env.production HTTP/1.1" 200 319 "-" "Mozilla/5.0 (Windows NT 10.0; Win64; x64) AppleWebKit/537.36"
91.92.241.196 - - [16/Jul/2026:20:04:48 +0000] "GET /api/.env HTTP/1.1" 200 319 "-" "Mozilla/5.0 (Windows NT 10.0; Win64; x64) AppleWebKit/537.36"
91.92.241.196 - - [16/Jul/2026:20:04:49 +0000] "GET /.aws/credentials HTTP/1.1" 200 319 "-" "Mozilla/5.0 (Windows NT 10.0; Win64; x64) AppleWebKit/537.36"
194.39.149.53 - - [16/Jul/2026:20:05:34 +0000] "POST /wp-cron.php?doing_wp_cron=1784232333.9098520278930664062500 HTTP/1.1" 200 0 "-" "WordPress/6.9.4; https://angelsurchins.co.uk"
170.80.81.55 - - [16/Jul/2026:20:05:31 +0000] "GET /product/florentine-double-bed/?add-to-wishlist=11685 HTTP/1.1" 200 37885 "-" "Mozilla/5.0 (Macintosh; Intel Mac OS X 10_14_6) AppleWebKit/537.36 (KHTML, like Gecko) Chrome/107.0.0.0 Safari/537.36"
52.167.144.180 - - [16/Jul/2026:20:08:54 +0000] "GET /wp-includes/blocks/paragraph/style.min.css?ver=6.9.4 HTTP/2" 200 281 "https://angelsurchins.co.uk/privacy-policy-2" "Mozilla/5.0 AppleWebKit/537.36 (KHTML, like Gecko; compatible; bingbot/2.0; +http://www.bing.com/bingbot.htm) Chrome/136.0.0.0 Safari/537.36 AppleWebKit/537.36 (KHTML, like Gecko; compatible; bingbot/2.0; +http://www.bing.com/bingbot.htm) Chrome/116.0.1938.76 Safari/537.36"
194.39.149.53 - - [16/Jul/2026:20:08:56 +0000] "POST /wp-cron.php?doing_wp_cron=1784232536.8790190219879150390625 HTTP/1.1" 200 0 "-" "WordPress/6.9.4; https://angelsurchins.co.uk"
157.55.39.11 - - [16/Jul/2026:20:08:53 +0000] "POST /?wc-ajax=get_wishlist_fragments&elementor_page_id=11432 HTTP/2" 200 242 "https://angelsurchins.co.uk/privacy-policy-2" "Mozilla/5.0 AppleWebKit/537.36 (KHTML, like Gecko; compatible; bingbot/2.0; +http://www.bing.com/bingbot.htm) Chrome/136.0.0.0 Safari/537.36 AppleWebKit/537.36 (KHTML, like Gecko; compatible; bingbot/2.0; +http://www.bing.com/bingbot.htm) Chrome/116.0.1938.76 Safari/537.36"
40.77.167.52 - - [16/Jul/2026:20:08:58 +0000] "GET /wp-content/plugins/woocommerce/assets/js/selectWoo/selectWoo.full.min.js?ver=1.0.9-wc.10.9.4 HTTP/2" 200 20246 "https://angelsurchins.co.uk/privacy-policy-2" "Mozilla/5.0 AppleWebKit/537.36 (KHTML, like Gecko; compatible; bingbot/2.0; +http://www.bing.com/bingbot.htm) Chrome/136.0.0.0 Safari/537.36 AppleWebKit/537.36 (KHTML, like Gecko; compatible; bingbot/2.0; +http://www.bing.com/bingbot.htm) Chrome/116.0.1938.76 Safari/537.36"
40.77.167.52 - - [16/Jul/2026:20:08:58 +0000] "POST /?wc-ajax=get_compare_fragments&elementor_page_id=11432 HTTP/2" 200 210 "https://angelsurchins.co.uk/privacy-policy-2" "Mozilla/5.0 AppleWebKit/537.36 (KHTML, like Gecko; compatible; bingbot/2.0; +http://www.bing.com/bingbot.htm) Chrome/136.0.0.0 Safari/537.36 AppleWebKit/537.36 (KHTML, like Gecko; compatible; bingbot/2.0; +http://www.bing.com/bingbot.htm) Chrome/116.0.1938.76 Safari/537.36"
194.39.149.53 - - [16/Jul/2026:20:09:01 +0000] "POST /wp-admin/admin-ajax.php HTTP/1.1" 200 0 "-" "WordPress/6.9.4; https://angelsurchins.co.uk"
52.167.144.180 - - [16/Jul/2026:20:09:04 +0000] "POST /?wc-ajax=get_refreshed_fragments&elementor_page_id=11432 HTTP/2" 200 398 "https://angelsurchins.co.uk/privacy-policy-2" "Mozilla/5.0 AppleWebKit/537.36 (KHTML, like Gecko; compatible; bingbot/2.0; +http://www.bing.com/bingbot.htm) Chrome/136.0.0.0 Safari/537.36 AppleWebKit/537.36 (KHTML, like Gecko; compatible; bingbot/2.0; +http://www.bing.com/bingbot.htm) Chrome/116.0.1938.76 Safari/537.36"
194.39.149.53 - - [16/Jul/2026:20:11:09 +0000] "POST /wp-cron.php?doing_wp_cron=1784232669.8809950351715087890625 HTTP/1.1" 200 0 "-" "WordPress/6.9.4; https://angelsurchins.co.uk"
85.193.111.41 - - [16/Jul/2026:20:11:06 +0000] "GET /product-category/accesories/page/8/?add-to-wishlist=11930 HTTP/1.1" 200 38591 "-" "Mozilla/5.0 (Windows NT 10.0; WOW64) AppleWebKit/537.36 (KHTML, like Gecko) Chrome/67.0.3396.9 Safari/537.36"
194.39.149.53 - - [16/Jul/2026:20:11:12 +0000] "POST /wp-admin/admin-ajax.php HTTP/1.1" 200 0 "-" "WordPress/6.9.4; https://angelsurchins.co.uk"
194.39.149.53 - - [16/Jul/2026:20:12:06 +0000] "POST /wp-cron.php?doing_wp_cron=1784232726.1514608860015869140625 HTTP/1.1" 200 0 "-" "WordPress/6.9.4; https://angelsurchins.co.uk"
103.74.116.219 - - [16/Jul/2026:20:12:02 +0000] "GET /wp-login.php HTTP/2" 200 2455 "-" "Mozilla/5.0 (X11; Linux x86_64; rv:133.0) Gecko/20100101 Firefox/133.0"
103.74.116.219 - - [16/Jul/2026:20:12:06 +0000] "POST /wp-login.php HTTP/2" 401 1288 "https://angelsurchins.co.uk/wp-login.php" "Mozilla/5.0 (X11; Linux x86_64; rv:133.0) Gecko/20100101 Firefox/133.0"
45.32.103.140 - - [16/Jul/2026:20:12:13 +0000] "GET /wp-login.php HTTP/2" 200 2452 "-" "Mozilla/5.0 (Linux; Android 10; K) AppleWebKit/537.36 (KHTML, like Gecko) Chrome/146.0.0.0 Mobile Safari/537.36"
45.32.103.140 - - [16/Jul/2026:20:12:16 +0000] "POST /wp-login.php HTTP/2" 401 1289 "https://angelsurchins.co.uk/wp-login.php" "Mozilla/5.0 (Linux; Android 10; K) AppleWebKit/537.36 (KHTML, like Gecko) Chrome/146.0.0.0 Mobile Safari/537.36"
194.39.149.53 - - [16/Jul/2026:20:12:56 +0000] "POST /wp-cron.php?doing_wp_cron=1784232776.0103690624237060546875 HTTP/1.1" 200 0 "-" "WordPress/6.9.4; https://angelsurchins.co.uk"
185.206.127.89 - - [16/Jul/2026:20:12:54 +0000] "GET /product/castle-bookcase/?add-to-wishlist=11463 HTTP/1.1" 200 37563 "-" "Mozilla/5.0 (X11; NetBSD) AppleWebKit/537.36 (KHTML, like Gecko) Chrome/27.0.1453.116 Safari/537.36"
31.43.49.163 - - [16/Jul/2026:20:13:08 +0000] "GET /product/bunny-dreams-wallpaper/?add-to-wishlist=11907 HTTP/1.1" 200 38596 "-" "Mozilla/5.0 (Macintosh; Intel Mac OS X 10_15_2) AppleWebKit/537.36 (KHTML, like Gecko) Chrome/89.0.4389.114 Safari/537.36"
194.39.149.53 - - [16/Jul/2026:20:16:08 +0000] "POST /wp-cron.php?doing_wp_cron=1784232968.5534429550170898437500 HTTP/1.1" 200 0 "-" "WordPress/6.9.4; https://angelsurchins.co.uk"
98.97.179.253 - - [16/Jul/2026:20:16:04 +0000] "GET /product/carousel-bed/?add-to-wishlist=11702 HTTP/1.1" 200 39068 "-" "Mozilla/5.0 (Windows NT 6.1; WOW64) AppleWebKit/537.36 (KHTML, like Gecko) Chrome/104.0.0.0 Safari/537.36"
176.29.112.70 - - [16/Jul/2026:20:16:10 +0000] "GET /product/hand-drawn-english-forest-4/?add-to-wishlist=11912 HTTP/1.1" 200 39121 "-" "Mozilla/5.0 (X11; CrOS i686 4319.74.0) AppleWebKit/537.36 (KHTML, like Gecko) Chrome/29.0.1547.57 Safari/537.36"
194.39.149.53 - - [16/Jul/2026:20:16:11 +0000] "POST /wp-admin/admin-ajax.php HTTP/1.1" 200 0 "-" "WordPress/6.9.4; https://angelsurchins.co.uk"
154.240.159.141 - - [16/Jul/2026:20:16:16 +0000] "GET /shop/page/3/?add-to-wishlist=12755 HTTP/1.1" 200 39211 "-" "Mozilla/5.0 (Macintosh; Intel Mac OS X 10_14_6) AppleWebKit/537.36 (KHTML, like Gecko) Chrome/107.0.0.0 Safari/537.36"
194.39.149.53 - - [16/Jul/2026:20:19:02 +0000] "POST /wp-cron.php?doing_wp_cron=1784233142.0982251167297363281250 HTTP/1.1" 200 0 "-" "WordPress/6.9.4; https://angelsurchins.co.uk"
148.113.128.249 - - [16/Jul/2026:20:18:59 +0000] "GET /product-category/accesories/wallpaper/ HTTP/2" 200 32606 "-" "Mozilla/5.0 (compatible; AhrefsBot/7.0; +http://ahrefs.com/robot/)"
194.39.149.53 - - [16/Jul/2026:20:19:04 +0000] "POST /wp-admin/admin-ajax.php HTTP/1.1" 200 0 "-" "WordPress/6.9.4; https://angelsurchins.co.uk"
194.39.149.53 - - [16/Jul/2026:20:20:24 +0000] "POST /wp-cron.php?doing_wp_cron=1784233224.8207828998565673828125 HTTP/1.1" 200 0 "-" "WordPress/6.9.4; https://angelsurchins.co.uk"
57.141.0.42 - - [16/Jul/2026:20:20:23 +0000] "GET /product/acrylic-cloud-bed/ HTTP/2" 500 71039 "-" "Mozilla/5.0 (Windows NT 10.0; Win64; x64) AppleWebKit/537.36 (KHTML, like Gecko) Chrome/145.0.0.0 Safari/537.36 (compatible; meta-externalagent/1.1 (+https://developers.facebook.com/docs/sharing/webmasters/crawler))"
194.39.149.53 - - [16/Jul/2026:20:21:50 +0000] "POST /wp-cron.php?doing_wp_cron=1784233310.2883589267730712890625 HTTP/1.1" 200 0 "-" "WordPress/6.9.4; https://angelsurchins.co.uk"
14.180.11.49 - - [16/Jul/2026:20:21:47 +0000] "GET /product-category/accesories/page/7/?add-to-wishlist=12822 HTTP/1.1" 200 39627 "-" "Mozilla/5.0 (Macintosh; Intel Mac OS X 10_15_6) AppleWebKit/537.36 (KHTML, like Gecko) Chrome/101.0.4951.54 Safari/537.36"
194.39.149.53 - - [16/Jul/2026:20:21:51 +0000] "POST /wp-admin/admin-ajax.php HTTP/1.1" 200 0 "-" "WordPress/6.9.4; https://angelsurchins.co.uk"
194.39.149.53 - - [16/Jul/2026:20:23:18 +0000] "POST /wp-cron.php?doing_wp_cron=1784233398.8426620960235595703125 HTTP/1.1" 200 0 "-" "WordPress/6.9.4; https://angelsurchins.co.uk"
90.8.4.196 - - [16/Jul/2026:20:23:16 +0000] "GET /shop/page/2/?add-to-wishlist=11539 HTTP/1.1" 200 39382 "-" "Mozilla/5.0 (Macintosh; Intel Mac OS X 14_6_1) AppleWebKit/537.36 (KHTML, like Gecko) Chrome/127.0.6533.72 Safari/537.36"
194.39.149.53 - - [16/Jul/2026:20:24:45 +0000] "POST /wp-admin/admin-ajax.php HTTP/1.1" 200 0 "-" "WordPress/6.9.4; https://angelsurchins.co.uk"
40.77.178.4 - - [16/Jul/2026:20:24:58 +0000] "POST /?wc-ajax=get_compare_fragments&elementor_page_id=11432 HTTP/2" 200 210 "https://angelsurchins.co.uk/privacy-policy-2" "Mozilla/5.0 AppleWebKit/537.36 (KHTML, like Gecko; compatible; bingbot/2.0; +http://www.bing.com/bingbot.htm) Chrome/136.0.0.0 Safari/537.36"
40.77.178.4 - - [16/Jul/2026:20:24:58 +0000] "POST /?wc-ajax=get_wishlist_fragments&elementor_page_id=11432 HTTP/2" 200 242 "https://angelsurchins.co.uk/privacy-policy-2" "Mozilla/5.0 AppleWebKit/537.36 (KHTML, like Gecko; compatible; bingbot/2.0; +http://www.bing.com/bingbot.htm) Chrome/136.0.0.0 Safari/537.36"
40.77.178.4 - - [16/Jul/2026:20:24:58 +0000] "POST /?wc-ajax=get_refreshed_fragments&elementor_page_id=11432 HTTP/2" 200 398 "https://angelsurchins.co.uk/privacy-policy-2" "Mozilla/5.0 AppleWebKit/537.36 (KHTML, like Gecko; compatible; bingbot/2.0; +http://www.bing.com/bingbot.htm) Chrome/136.0.0.0 Safari/537.36"
38.248.185.242 - - [16/Jul/2026:20:25:20 +0000] "GET /product/valencia-upholstered-bunk-bed/?add-to-wishlist=11672 HTTP/1.1" 200 37974 "-" "Mozilla/5.0 (Macintosh; Intel Mac OS X 11_2_3) AppleWebKit/537.36 (KHTML, like Gecko) Brave Chrome/88.0.4324.96 Safari/537.36"
194.39.149.53 - - [16/Jul/2026:20:25:51 +0000] "POST /wp-cron.php?doing_wp_cron=1784233551.2575459480285644531250 HTTP/1.1" 200 0 "-" "WordPress/6.9.4; https://angelsurchins.co.uk"
87.241.150.14 - - [16/Jul/2026:20:25:49 +0000] "GET /product-category/accesories/wallpaper/page/3/?add-to-wishlist=11870 HTTP/1.1" 200 40625 "-" "Mozilla/5.0 (Windows NT 6.2; WOW64) AppleWebKit/537.36 (KHTML, like Gecko) Chrome/75.0.3770.100 ADG/11.0.2510 AOLBUILD/11.0.2510 Safari/537.36"
194.39.149.53 - - [16/Jul/2026:20:26:45 +0000] "POST /wp-cron.php?doing_wp_cron=1784233605.0682580471038818359375 HTTP/1.1" 200 0 "-" "WordPress/6.9.4; https://angelsurchins.co.uk"
41.190.12.17 - - [16/Jul/2026:20:26:42 +0000] "GET /product/distressed-gold-leaf-6-arm-chandelier/?add-to-wishlist=11863 HTTP/1.1" 200 38063 "-" "Mozilla/5.0 (Macintosh; Intel Mac OS X 10_11_6) AppleWebKit/537.36 (KHTML, like Gecko) Chrome/86.0.4240.111 Safari/537.36"
180.153.236.195 - - [16/Jul/2026:20:27:21 +0000] "GET / HTTP/2" 301 0 "https://www.angelsurchins.co.uk/" "Mozilla/5.0 (Windows NT 10.0; Win64; x64) AppleWebKit/537.36 (KHTML, like Gecko) Chrome/140.0.0.0 Safari/537.36 Edg/140.0.0.0; 360Spider"
194.39.149.53 - - [16/Jul/2026:20:28:04 +0000] "POST /wp-cron.php?doing_wp_cron=1784233684.6544630527496337890625 HTTP/1.1" 200 0 "-" "WordPress/6.9.4; https://angelsurchins.co.uk"
123.26.62.53 - - [16/Jul/2026:20:27:59 +0000] "GET /product-category/accesories/page/4/?add-to-wishlist=12195 HTTP/1.1" 200 39636 "-" "Mozilla/5.0 (Windows NT 6.1) AppleWebKit/537.36 (KHTML, like Gecko) Chrome/80.0.3987.132 Safari/537.36"
194.39.149.53 - - [16/Jul/2026:20:28:08 +0000] "POST /wp-admin/admin-ajax.php HTTP/1.1" 200 0 "-" "WordPress/6.9.4; https://angelsurchins.co.uk"
186.158.146.23 - - [16/Jul/2026:20:28:26 +0000] "POST /xmlrpc.php HTTP/1.1" 403 1242 "-" "Mozilla/5.0 (Windows NT 6.2; x86) AppleWebKit/537.36 (KHTML, like Gecko) Safari/15.0.0.0 Safari/537.36"
194.39.149.53 - - [16/Jul/2026:20:29:00 +0000] "POST /wp-cron.php?doing_wp_cron=1784233740.0883979797363281250000 HTTP/1.1" 200 0 "-" "WordPress/6.9.4; https://angelsurchins.co.uk"
103.126.151.209 - - [16/Jul/2026:20:28:50 +0000] "GET /product-category/accesories/page/4/?add-to-wishlist=11881 HTTP/1.1" 200 39657 "-" "Mozilla/5.0 (Windows NT 10.0) AppleWebKit/537.36 (KHTML, like Gecko) Chrome/80.0.3987.132 Safari/537.36"
14.191.144.222 - - [16/Jul/2026:20:29:19 +0000] "GET /product/secret-garden-wallpaper/?add-to-wishlist=11907 HTTP/1.1" 200 0 "-" "Mozilla/5.0 (Macintosh; Intel Mac OS X 11_2_0) AppleWebKit/537.36 (KHTML, like Gecko) Brave Chrome/88.0.4324.152 Safari/537.36"
194.39.149.53 - - [16/Jul/2026:20:30:15 +0000] "POST /wp-admin/admin-ajax.php HTTP/1.1" 200 0 "-" "WordPress/6.9.4; https://angelsurchins.co.uk"
197.237.191.235 - - [16/Jul/2026:20:31:16 +0000] "GET /product/hand-drawn-fawn-and-doe-wallpaper/?add-to-wishlist=11867 HTTP/1.1" 200 39560 "-" "Mozilla/5.0 (Macintosh; Intel Mac OS X 10_15_3) AppleWebKit/537.36 (KHTML, like Gecko) Chrome/85.0.4183.83 Safari/537.36"
194.39.149.53 - - [16/Jul/2026:20:32:41 +0000] "POST /wp-cron.php?doing_wp_cron=1784233961.7038099765777587890625 HTTP/1.1" 200 0 "-" "WordPress/6.9.4; https://angelsurchins.co.uk"
105.214.42.78 - - [16/Jul/2026:20:32:39 +0000] "GET /product/carriage-bed/?add-to-wishlist=11747 HTTP/1.1" 200 37772 "-" "Mozilla/5.0 (Macintosh; Intel Mac OS X 10_15_5) AppleWebKit/537.36 (KHTML, like Gecko) Chrome/89.0.4389.114 Safari/537.36"
194.39.149.53 - - [16/Jul/2026:20:32:43 +0000] "POST /wp-admin/admin-ajax.php HTTP/1.1" 200 0 "-" "WordPress/6.9.4; https://angelsurchins.co.uk"
91.92.241.196 - - [16/Jul/2026:20:35:48 +0000] "GET /.env HTTP/1.1" 400 52 "-" "Mozilla/5.0 (Windows NT 10.0; Win64; x64) AppleWebKit/537.36"
91.92.241.196 - - [16/Jul/2026:20:35:50 +0000] "GET /.env.production HTTP/1.1" 400 52 "-" "Mozilla/5.0 (Windows NT 10.0; Win64; x64) AppleWebKit/537.36"
91.92.241.196 - - [16/Jul/2026:20:35:51 +0000] "GET /api/.env HTTP/1.1" 400 52 "-" "Mozilla/5.0 (Windows NT 10.0; Win64; x64) AppleWebKit/537.36"
91.92.241.196 - - [16/Jul/2026:20:35:53 +0000] "GET /.aws/credentials HTTP/1.1" 400 52 "-" "Mozilla/5.0 (Windows NT 10.0; Win64; x64) AppleWebKit/537.36"
194.39.149.53 - - [16/Jul/2026:20:36:30 +0000] "POST /wp-cron.php?doing_wp_cron=1784234190.7984330654144287109375 HTTP/1.1" 200 0 "-" "WordPress/6.9.4; https://angelsurchins.co.uk"
190.73.121.184 - - [16/Jul/2026:20:36:26 +0000] "GET /product/unicorn-toybox/?add-to-wishlist=11714 HTTP/1.1" 200 37567 "-" "Mozilla/5.0 (Macintosh; Intel Mac OS X 10_12_6) AppleWebKit/537.36 (KHTML, like Gecko) Chrome/88.0.4324.192 Safari/537.36"
14.254.118.92 - - [16/Jul/2026:20:36:32 +0000] "GET /product_tag-sitemap.xml HTTP/1.1" 200 417 "-" "Mozilla/5.0 (Macintosh; Intel Mac OS X 12_7_4) AppleWebKit/537.36 (KHTML, like Gecko) Chrome/133.0.6943.98 Safari/537.36"
194.39.149.53 - - [16/Jul/2026:20:36:41 +0000] "POST /wp-cron.php?doing_wp_cron=1784234201.5553250312805175781250 HTTP/1.1" 200 0 "-" "WordPress/6.9.4; https://angelsurchins.co.uk"
194.39.149.53 - - [16/Jul/2026:20:36:33 +0000] "POST /wp-admin/admin-ajax.php HTTP/1.1" 200 0 "-" "WordPress/6.9.4; https://angelsurchins.co.uk"
14.231.72.228 - - [16/Jul/2026:20:37:33 +0000] "GET /product/ballerina-bundle-of-prints/?add-to-wishlist=11914 HTTP/1.1" 200 0 "-" "Mozilla/5.0 (Windows NT 6.2; WOW64) AppleWebKit/537.36 (KHTML, like Gecko) Chrome/75.0.3770.100 ADG/11.0.2510 AOLBUILD/11.0.2510 Safari/537.36"
194.39.149.53 - - [16/Jul/2026:20:37:44 +0000] "POST /wp-cron.php?doing_wp_cron=1784234264.6040749549865722656250 HTTP/1.1" 200 0 "-" "WordPress/6.9.4; https://angelsurchins.co.uk"
57.141.0.29 - - [16/Jul/2026:20:37:47 +0000] "GET /product/florentine-triple-dresser/?add-to-wishlist=11475&add-to-cart=11594 HTTP/2" 200 208750 "-" "Mozilla/5.0 (Windows NT 10.0; Win64; x64) AppleWebKit/537.36 (KHTML, like Gecko) Chrome/145.0.0.0 Safari/537.36 (compatible; meta-externalagent/1.1 (+https://developers.facebook.com/docs/sharing/webmasters/crawler))"
194.39.149.53 - - [16/Jul/2026:20:38:37 +0000] "POST /wp-cron.php?doing_wp_cron=1784234317.0156741142272949218750 HTTP/1.1" 200 0 "-" "WordPress/6.9.4; https://angelsurchins.co.uk"
160.113.21.20 - - [16/Jul/2026:20:38:34 +0000] "GET /product/distressed-gold-leaf-6-arm-chandelier/?add-to-wishlist=11851 HTTP/1.1" 200 38492 "-" "Mozilla/5.0 (Macintosh; Intel Mac OS X 10_15_7) AppleWebKit/537.36 (KHTML, like Gecko) Chrome/102.0.5005.40 Safari/537.36"
194.39.149.53 - - [16/Jul/2026:20:39:33 +0000] "POST /wp-cron.php?doing_wp_cron=1784234373.1776990890502929687500 HTTP/1.1" 200 0 "-" "WordPress/6.9.4; https://angelsurchins.co.uk"
45.131.194.122 - - [16/Jul/2026:20:39:30 +0000] "POST /wp-login.php HTTP/1.1" 401 1500 "-" "firefox|Mozilla/5.0 (Macintosh; U; Intel Mac OS X 8_2_3) Gecko/20100101 Firefox/73.2"
194.39.149.53 - - [16/Jul/2026:20:39:34 +0000] "POST /wp-admin/admin-ajax.php HTTP/1.1" 200 0 "-" "WordPress/6.9.4; https://angelsurchins.co.uk"
188.161.56.157 - - [16/Jul/2026:20:39:35 +0000] "GET /?page_id=16 HTTP/1.1" 404 24366 "-" "Mozilla/5.0 (Macintosh; Intel Mac OS X 10_11_6) AppleWebKit/537.36 (KHTML, like Gecko) Brave Chrome/79.0.3945.88 Safari/537.36"
194.39.149.53 - - [16/Jul/2026:20:40:00 +0000] "POST /wp-cron.php?doing_wp_cron=1784234400.0989339351654052734375 HTTP/1.1" 200 0 "-" "WordPress/6.9.4; https://angelsurchins.co.uk"
170.233.182.185 - - [16/Jul/2026:20:39:58 +0000] "GET /product/odeta-boat-bed/?add-to-wishlist=11654 HTTP/1.1" 200 37609 "-" "Mozilla/5.0 (Windows NT 6.2; Win64; x64) AppleWebKit/537.36 (KHTML, like Gecko) Chrome/101.0.4951.54 Safari/537.36"
201.25.29.101 - - [16/Jul/2026:20:40:03 +0000] "GET /product/pink-clouds-wallpaper/?add-to-wishlist=11912 HTTP/1.1" 200 38998 "-" "Mozilla/5.0 (Windows NT 10.0; Win64; x64) AppleWebKit/537.36 (KHTML, like Gecko) Chrome/100.0.4896.127 Safari/537.36"
187.202.185.168 - - [16/Jul/2026:20:40:21 +0000] "GET /product/hand-drawn-english-forest-3/?add-to-wishlist=11892 HTTP/1.1" 200 39154 "-" "Mozilla/5.0 (Windows NT 6.1) AppleWebKit/537.36 (KHTML, like Gecko) Chrome/85.0.4183.121 Safari/537.36"
194.39.149.53 - - [16/Jul/2026:20:41:20 +0000] "POST /wp-cron.php?doing_wp_cron=1784234480.4965810775756835937500 HTTP/1.1" 200 0 "-" "WordPress/6.9.4; https://angelsurchins.co.uk"
37.41.205.124 - - [16/Jul/2026:20:41:18 +0000] "GET /product/12660/?add-to-wishlist=11910 HTTP/1.1" 200 39573 "-" "Mozilla/5.0 (Macintosh; Intel Mac OS X 10_15_5) AppleWebKit/537.36 (KHTML, like Gecko) Brave Chrome/86.0.4240.75 Safari/537.36"
170.246.237.178 - - [16/Jul/2026:20:41:22 +0000] "GET /product/vintage-plane-wallpaper/?add-to-wishlist=11865 HTTP/1.1" 200 38837 "-" "Mozilla/5.0 (Macintosh; Intel Mac OS X 10_9_5) AppleWebKit/537.36 (KHTML, like Gecko) Chrome/65.0.3325.181 Safari/537.36"
14.249.148.158 - - [16/Jul/2026:20:41:23 +0000] "GET /product/woodland-animals-wallpaper/?add-to-wishlist=11930 HTTP/1.1" 200 38485 "-" "Mozilla/5.0 (Windows NT 6.1; Win64; x64) AppleWebKit/537.36 (KHTML, like Gecko) Chrome/86.0.4240.198 Safari/537.36"
194.39.149.53 - - [16/Jul/2026:20:41:42 +0000] "POST /wp-cron.php?doing_wp_cron=1784234501.9361989498138427734375 HTTP/1.1" 200 0 "-" "WordPress/6.9.4; https://angelsurchins.co.uk"
57.141.0.68 - - [16/Jul/2026:20:41:38 +0000] "GET /news-sitemap.xml HTTP/2" 404 104478 "-" "Mozilla/5.0 (Macintosh; Intel Mac OS X 10_15_7) AppleWebKit/537.36 (KHTML, like Gecko) Chrome/145.0.0.0 Safari/537.36 (compatible; meta-externalagent/1.1 (+https://developers.facebook.com/docs/sharing/webmasters/crawler))"
194.39.149.53 - - [16/Jul/2026:20:41:44 +0000] "POST /wp-admin/admin-ajax.php HTTP/1.1" 200 0 "-" "WordPress/6.9.4; https://angelsurchins.co.uk"
194.39.149.53 - - [16/Jul/2026:20:44:03 +0000] "POST /wp-cron.php?doing_wp_cron=1784234643.5779340267181396484375 HTTP/1.1" 200 0 "-" "WordPress/6.9.4; https://angelsurchins.co.uk"
181.61.204.204 - - [16/Jul/2026:20:44:01 +0000] "GET /product/twila-star-bed/?add-to-wishlist=11775 HTTP/1.1" 200 37385 "-" "Mozilla/5.0 (Windows NT 6.1; Win64; x64) AppleWebKit/537.36 (KHTML, like Gecko) Chrome/83.0.4103.61 Safari/537.36"
194.39.149.53 - - [16/Jul/2026:20:44:05 +0000] "POST /wp-admin/admin-ajax.php HTTP/1.1" 200 0 "-" "WordPress/6.9.4; https://angelsurchins.co.uk"
147.135.138.90 - - [16/Jul/2026:20:44:09 +0000] "GET /wp-login.php HTTP/2" 200 2453 "-" "Mozilla/5.0 (iPhone; CPU iPhone OS 18_0 like Mac OS X) AppleWebKit/605.1.15 (KHTML, like Gecko) Version/18.0 Mobile/15E148 Safari/604.1"
104.131.116.82 - - [16/Jul/2026:20:44:09 +0000] "GET /wp-login.php HTTP/2" 200 2450 "-" "Mozilla/5.0 (X11; Linux x86_64) AppleWebKit/537.36 (KHTML, like Gecko) Chrome/145.0.0.0 Safari/537.36"
147.135.138.90 - - [16/Jul/2026:20:44:12 +0000] "POST /wp-login.php HTTP/2" 401 1287 "https://angelsurchins.co.uk/wp-login.php" "Mozilla/5.0 (iPhone; CPU iPhone OS 18_0 like Mac OS X) AppleWebKit/605.1.15 (KHTML, like Gecko) Version/18.0 Mobile/15E148 Safari/604.1"
104.131.116.82 - - [16/Jul/2026:20:44:12 +0000] "POST /wp-login.php HTTP/2" 401 1289 "https://angelsurchins.co.uk/wp-login.php" "Mozilla/5.0 (X11; Linux x86_64) AppleWebKit/537.36 (KHTML, like Gecko) Chrome/145.0.0.0 Safari/537.36"
160.187.68.132 - - [16/Jul/2026:20:44:19 +0000] "GET /wp-login.php HTTP/2" 200 2456 "-" "Mozilla/5.0 (Linux; Android 10; K) AppleWebKit/537.36 (KHTML, like Gecko) Chrome/147.0.0.0 Mobile Safari/537.36"
194.39.149.53 - - [16/Jul/2026:20:45:22 +0000] "POST /wp-cron.php?doing_wp_cron=1784234722.8630399703979492187500 HTTP/1.1" 200 0 "-" "WordPress/6.9.4; https://angelsurchins.co.uk"
105.172.87.2 - - [16/Jul/2026:20:45:21 +0000] "GET /product-category/accesories/wallpaper/page/4/?add-to-wishlist=12813 HTTP/1.1" 200 34136 "-" "Mozilla/5.0 (Macintosh; Intel Mac OS X 10_11_3) AppleWebKit/537.36 (KHTML, like Gecko) Chrome/65.0.3325.6 Safari/537.36"
118.68.101.61 - - [16/Jul/2026:20:45:33 +0000] "GET /product/baby-lamb-print/?add-to-wishlist=11894 HTTP/1.1" 200 37948 "-" "Mozilla/5.0 (Windows NT 10.0; WOW64) AppleWebKit/537.36 (KHTML, like Gecko) Chrome/63.0.3239.132 AOL/11.0 AOLBUILD/11.0.1839 Safari/537.36"
194.39.149.53 - - [16/Jul/2026:20:46:34 +0000] "POST /wp-cron.php?doing_wp_cron=1784234794.3438739776611328125000 HTTP/1.1" 200 0 "-" "WordPress/6.9.4; https://angelsurchins.co.uk"
201.87.199.37 - - [16/Jul/2026:20:46:32 +0000] "GET /product/vintage-butterfly-print/?add-to-wishlist=11877 HTTP/1.1" 200 38073 "-" "Mozilla/5.0 (Macintosh; Intel Mac OS X 10_13_6) AppleWebKit/537.36 (KHTML, like Gecko) Chrome/95.0.4638.69 Safari/537.36"
194.39.149.53 - - [16/Jul/2026:20:46:36 +0000] "POST /wp-admin/admin-ajax.php HTTP/1.1" 200 0 "-" "WordPress/6.9.4; https://angelsurchins.co.uk"
194.39.149.53 - - [16/Jul/2026:20:47:16 +0000] "POST /wp-cron.php?doing_wp_cron=1784234835.9465939998626708984375 HTTP/1.1" 200 0 "-" "WordPress/6.9.4; https://angelsurchins.co.uk"
185.223.152.93 - - [16/Jul/2026:20:47:13 +0000] "POST /wp-login.php HTTP/1.1" 401 1503 "-" "edge|Mozilla/5.0 (Windows; U; Windows NT 10.0;) AppleWebKit/535.20 (KHTML, like Gecko) Chrome/47.0.1555.222 Safari/535.7 Edge/8.52814"
177.38.105.141 - - [16/Jul/2026:20:48:34 +0000] "GET /wp-content/uploads/2024/09/bb40ce_1ba15af7ac544f679fd6983d0a776501mv2.jpg HTTP/2" 200 43412 "https://angelsurchins.co.uk/product/3-in-1-reve-cot-bed/" "Mozilla/5.0 (X11; U; Linux i686; fa; rv:1.8.1.4) Gecko/20100527 Firefox/3.6.4"
173.252.82.40 - - [16/Jul/2026:20:50:32 +0000] "GET /wp-content/uploads/2024/09/grey-cloud-final-570x380.jpg HTTP/2" 200 29383 "-" "meta-externalagent/1.1 (+https://developers.facebook.com/docs/sharing/webmasters/crawler)"
194.39.149.53 - - [16/Jul/2026:20:53:16 +0000] "POST /wp-cron.php?doing_wp_cron=1784235196.2736060619354248046875 HTTP/1.1" 200 0 "-" "WordPress/6.9.4; https://angelsurchins.co.uk"
185.106.31.138 - - [16/Jul/2026:20:53:14 +0000] "GET /product-category/adults/?add-to-wishlist=11775 HTTP/1.1" 200 36027 "-" "Mozilla/5.0 (Macintosh; Intel Mac OS X 10_15_7) AppleWebKit/537.36 (KHTML, like Gecko) Chrome/102.0.5005.40 Safari/537.36"
194.39.149.53 - - [16/Jul/2026:20:53:18 +0000] "POST /wp-admin/admin-ajax.php HTTP/1.1" 200 0 "-" "WordPress/6.9.4; https://angelsurchins.co.uk"
194.39.149.53 - - [16/Jul/2026:20:53:25 +0000] "POST /wp-cron.php?doing_wp_cron=1784235205.7598650455474853515625 HTTP/1.1" 200 0 "-" "WordPress/6.9.4; https://angelsurchins.co.uk"
189.229.63.184 - - [16/Jul/2026:20:53:24 +0000] "GET /product/deer-and-bunny-wallpaper/?add-to-wishlist=11894 HTTP/1.1" 200 38972 "-" "Mozilla/5.0 (Windows NT 10.0) AppleWebKit/537.36 (KHTML, like Gecko) Brave Chrome/78.0.3904.108 Safari/537.36"
20.63.63.128 - - [16/Jul/2026:20:54:32 +0000] "GET /wp-content/plugins/hellopress/wp_filemanager.php HTTP/1.1" 401 36 "-" "-"
20.63.63.128 - - [16/Jul/2026:20:54:32 +0000] "GET /this_is_a_new_hello_world.php HTTP/1.1" 401 36 "-" "-"
20.63.63.128 - - [16/Jul/2026:20:54:33 +0000] "GET /wp-der.php HTTP/1.1" 401 36 "-" "-"
20.63.63.128 - - [16/Jul/2026:20:54:33 +0000] "GET /wp-slss.php HTTP/1.1" 401 36 "-" "-"
20.63.63.128 - - [16/Jul/2026:20:54:33 +0000] "GET /min.php HTTP/1.1" 401 36 "-" "-"
20.63.63.128 - - [16/Jul/2026:20:54:33 +0000] "GET /wp-thi.php HTTP/1.1" 401 36 "-" "-"
20.63.63.128 - - [16/Jul/2026:20:54:33 +0000] "GET /noe.php HTTP/1.1" 401 36 "-" "-"
20.63.63.128 - - [16/Jul/2026:20:54:33 +0000] "GET /wp-file.php HTTP/1.1" 401 36 "-" "-"
20.63.63.128 - - [16/Jul/2026:20:54:33 +0000] "GET /edit-tags.php HTTP/1.1" 401 36 "-" "-"
20.63.63.128 - - [16/Jul/2026:20:54:33 +0000] "GET /wp-b0rk5oy.php HTTP/1.1" 401 36 "-" "-"
20.63.63.128 - - [16/Jul/2026:20:54:33 +0000] "GET /bless24.php HTTP/1.1" 401 36 "-" "-"
20.63.63.128 - - [16/Jul/2026:20:54:33 +0000] "GET /punah.php HTTP/1.1" 401 36 "-" "-"
20.63.63.128 - - [16/Jul/2026:20:54:34 +0000] "GET /min.php HTTP/1.1" 401 36 "-" "-"
20.63.63.128 - - [16/Jul/2026:20:54:34 +0000] "GET /dass.php HTTP/1.1" 401 36 "-" "-"
20.63.63.128 - - [16/Jul/2026:20:54:34 +0000] "GET /wander.php HTTP/1.1" 401 36 "-" "-"
20.63.63.128 - - [16/Jul/2026:20:54:34 +0000] "GET /cc13.php HTTP/1.1" 401 36 "-" "-"
20.63.63.128 - - [16/Jul/2026:20:54:34 +0000] "GET /des.php HTTP/1.1" 401 36 "-" "-"
20.63.63.128 - - [16/Jul/2026:20:54:34 +0000] "GET /avcqlevnbk.php HTTP/1.1" 401 36 "-" "-"
20.63.63.128 - - [16/Jul/2026:20:54:34 +0000] "GET /wp-ppoxua4.php HTTP/1.1" 401 36 "-" "-"
20.63.63.128 - - [16/Jul/2026:20:54:34 +0000] "GET /drykl.php HTTP/1.1" 401 36 "-" "-"
20.63.63.128 - - [16/Jul/2026:20:54:34 +0000] "GET /f35.php HTTP/1.1" 401 36 "-" "-"
20.63.63.128 - - [16/Jul/2026:20:54:35 +0000] "GET /wp-link-szoppm.php HTTP/1.1" 401 36 "-" "-"
20.63.63.128 - - [16/Jul/2026:20:54:35 +0000] "GET /x.php HTTP/1.1" 401 36 "-" "-"
20.63.63.128 - - [16/Jul/2026:20:54:35 +0000] "GET /xa.php HTTP/1.1" 401 36 "-" "-"
20.63.63.128 - - [16/Jul/2026:20:54:35 +0000] "GET /ms-edit.php HTTP/1.1" 401 36 "-" "-"
20.63.63.128 - - [16/Jul/2026:20:54:35 +0000] "GET /as.php HTTP/1.1" 401 36 "-" "-"
20.63.63.128 - - [16/Jul/2026:20:54:35 +0000] "GET /wen.php HTTP/1.1" 401 36 "-" "-"
20.63.63.128 - - [16/Jul/2026:20:54:35 +0000] "GET /dex.php HTTP/1.1" 401 36 "-" "-"
20.63.63.128 - - [16/Jul/2026:20:54:35 +0000] "GET /f.php HTTP/1.1" 401 36 "-" "-"
20.63.63.128 - - [16/Jul/2026:20:54:35 +0000] "GET /333.php HTTP/1.1" 401 36 "-" "-"
20.63.63.128 - - [16/Jul/2026:20:54:36 +0000] "GET /a4.php HTTP/1.1" 401 36 "-" "-"
20.63.63.128 - - [16/Jul/2026:20:54:36 +0000] "GET /wp-the.php HTTP/1.1" 401 36 "-" "-"
20.63.63.128 - - [16/Jul/2026:20:54:36 +0000] "GET /classwithtostring.php HTTP/1.1" 401 36 "-" "-"
20.63.63.128 - - [16/Jul/2026:20:54:36 +0000] "GET /fun.php HTTP/1.1" 401 36 "-" "-"
20.63.63.128 - - [16/Jul/2026:20:54:36 +0000] "GET /wp-content/languages/index.php HTTP/1.1" 401 36 "-" "-"
20.63.63.128 - - [16/Jul/2026:20:54:36 +0000] "GET /file.php HTTP/1.1" 401 36 "-" "-"
20.63.63.128 - - [16/Jul/2026:20:54:36 +0000] "GET /pass4.php HTTP/1.1" 401 36 "-" "-"
20.63.63.128 - - [16/Jul/2026:20:54:36 +0000] "GET /666.php HTTP/1.1" 401 36 "-" "-"
20.63.63.128 - - [16/Jul/2026:20:54:36 +0000] "GET /wp-access.php HTTP/1.1" 401 36 "-" "-"
20.63.63.128 - - [16/Jul/2026:20:54:36 +0000] "GET /jj.php HTTP/1.1" 401 36 "-" "-"
20.63.63.128 - - [16/Jul/2026:20:54:37 +0000] "GET /wp-x7.php HTTP/1.1" 401 36 "-" "-"
20.63.63.128 - - [16/Jul/2026:20:54:37 +0000] "GET /wpxml.php HTTP/1.1" 401 36 "-" "-"
20.63.63.128 - - [16/Jul/2026:20:54:37 +0000] "GET /inputs.php HTTP/1.1" 401 36 "-" "-"
20.63.63.128 - - [16/Jul/2026:20:54:37 +0000] "GET /file4.php HTTP/1.1" 401 36 "-" "-"
20.63.63.128 - - [16/Jul/2026:20:54:37 +0000] "GET /wp-firewall.php HTTP/1.1" 401 36 "-" "-"
20.63.63.128 - - [16/Jul/2026:20:54:37 +0000] "GET /data.php HTTP/1.1" 401 36 "-" "-"
20.63.63.128 - - [16/Jul/2026:20:54:37 +0000] "GET /wp-wpbak.php HTTP/1.1" 401 36 "-" "-"
20.63.63.128 - - [16/Jul/2026:20:54:37 +0000] "GET /002.php HTTP/1.1" 401 36 "-" "-"
20.63.63.128 - - [16/Jul/2026:20:54:37 +0000] "GET /class-t.api.php HTTP/1.1" 401 36 "-" "-"
20.63.63.128 - - [16/Jul/2026:20:54:38 +0000] "GET /file5.php HTTP/1.1" 401 36 "-" "-"
20.63.63.128 - - [16/Jul/2026:20:54:38 +0000] "GET /cache.php HTTP/1.1" 401 36 "-" "-"
20.63.63.128 - - [16/Jul/2026:20:54:38 +0000] "GET /error.php HTTP/1.1" 401 36 "-" "-"
20.63.63.128 - - [16/Jul/2026:20:54:38 +0000] "GET /wp-content/themes/about.php HTTP/1.1" 401 36 "-" "-"
20.63.63.128 - - [16/Jul/2026:20:54:38 +0000] "GET /wp-conflg.php HTTP/1.1" 401 36 "-" "-"
20.63.63.128 - - [16/Jul/2026:20:54:38 +0000] "GET /f35.php HTTP/1.1" 401 36 "-" "-"
20.63.63.128 - - [16/Jul/2026:20:54:38 +0000] "GET /plugins.php HTTP/1.1" 401 36 "-" "-"
20.63.63.128 - - [16/Jul/2026:20:54:38 +0000] "GET /wp-signup.php HTTP/1.1" 401 36 "-" "-"
20.63.63.128 - - [16/Jul/2026:20:54:38 +0000] "GET /la.php HTTP/1.1" 401 36 "-" "-"
20.63.63.128 - - [16/Jul/2026:20:54:39 +0000] "GET /yas.php HTTP/1.1" 401 36 "-" "-"
20.63.63.128 - - [16/Jul/2026:20:54:39 +0000] "GET /system.php HTTP/1.1" 401 36 "-" "-"
20.63.63.128 - - [16/Jul/2026:20:54:39 +0000] "GET /wp-fileesx-449.php HTTP/1.1" 401 36 "-" "-"
20.63.63.128 - - [16/Jul/2026:20:54:39 +0000] "GET /wp-good.php HTTP/1.1" 401 36 "-" "-"
20.63.63.128 - - [16/Jul/2026:20:54:39 +0000] "GET /shx.php HTTP/1.1" 401 36 "-" "-"
20.63.63.128 - - [16/Jul/2026:20:54:39 +0000] "GET /dropdown.php HTTP/1.1" 401 36 "-" "-"
20.63.63.128 - - [16/Jul/2026:20:54:39 +0000] "GET /revealability.php HTTP/1.1" 401 36 "-" "-"
20.63.63.128 - - [16/Jul/2026:20:54:39 +0000] "GET /wp.php HTTP/1.1" 401 36 "-" "-"
20.63.63.128 - - [16/Jul/2026:20:54:39 +0000] "GET /wp-wz.php HTTP/1.1" 401 36 "-" "-"
20.63.63.128 - - [16/Jul/2026:20:54:40 +0000] "GET /06.php HTTP/1.1" 401 36 "-" "-"
20.63.63.128 - - [16/Jul/2026:20:54:40 +0000] "GET /chomu.php HTTP/1.1" 401 36 "-" "-"
20.63.63.128 - - [16/Jul/2026:20:54:40 +0000] "GET /ff.php HTTP/1.1" 401 36 "-" "-"
20.63.63.128 - - [16/Jul/2026:20:54:40 +0000] "GET /xex.php HTTP/1.1" 401 36 "-" "-"
20.63.63.128 - - [16/Jul/2026:20:54:40 +0000] "GET /wp-sing.php HTTP/1.1" 401 36 "-" "-"
20.63.63.128 - - [16/Jul/2026:20:54:40 +0000] "GET /txets.php HTTP/1.1" 401 36 "-" "-"
20.63.63.128 - - [16/Jul/2026:20:54:40 +0000] "GET /xml.php HTTP/1.1" 401 36 "-" "-"
20.63.63.128 - - [16/Jul/2026:20:54:40 +0000] "GET /bgymj.php HTTP/1.1" 401 36 "-" "-"
20.63.63.128 - - [16/Jul/2026:20:54:40 +0000] "GET /t.php HTTP/1.1" 401 36 "-" "-"
20.63.63.128 - - [16/Jul/2026:20:54:40 +0000] "GET /wp.php HTTP/1.1" 401 36 "-" "-"
20.63.63.128 - - [16/Jul/2026:20:54:41 +0000] "GET /mini.php HTTP/1.1" 401 36 "-" "-"
20.63.63.128 - - [16/Jul/2026:20:54:41 +0000] "GET /19.php HTTP/1.1" 401 36 "-" "-"
20.63.63.128 - - [16/Jul/2026:20:54:41 +0000] "GET /db.php HTTP/1.1" 401 36 "-" "-"
20.63.63.128 - - [16/Jul/2026:20:54:41 +0000] "GET /wmore1.php HTTP/1.1" 401 36 "-" "-"
20.63.63.128 - - [16/Jul/2026:20:54:41 +0000] "GET /amax.php HTTP/1.1" 401 36 "-" "-"
20.63.63.128 - - [16/Jul/2026:20:54:41 +0000] "GET /wp-admin/index.php HTTP/1.1" 401 36 "-" "-"
20.63.63.128 - - [16/Jul/2026:20:54:41 +0000] "GET /b.php HTTP/1.1" 401 36 "-" "-"
20.63.63.128 - - [16/Jul/2026:20:54:41 +0000] "GET /8.php HTTP/1.1" 401 36 "-" "-"
20.63.63.128 - - [16/Jul/2026:20:54:41 +0000] "GET /wp-is.php HTTP/1.1" 401 36 "-" "-"
20.63.63.128 - - [16/Jul/2026:20:54:42 +0000] "GET /yanz.php HTTP/1.1" 401 36 "-" "-"
20.63.63.128 - - [16/Jul/2026:20:54:42 +0000] "GET /term.php HTTP/1.1" 401 36 "-" "-"
20.63.63.128 - - [16/Jul/2026:20:54:42 +0000] "GET /wp-block.php HTTP/1.1" 401 36 "-" "-"
20.63.63.128 - - [16/Jul/2026:20:54:42 +0000] "GET /file88.php HTTP/1.1" 401 36 "-" "-"
20.63.63.128 - - [16/Jul/2026:20:54:42 +0000] "GET /wp-content/uploads/admin.php HTTP/1.1" 401 36 "-" "-"
20.63.63.128 - - [16/Jul/2026:20:54:42 +0000] "GET /sid3.php HTTP/1.1" 401 36 "-" "-"
20.63.63.128 - - [16/Jul/2026:20:54:42 +0000] "GET /wp-blink.php HTTP/1.1" 401 36 "-" "-"
20.63.63.128 - - [16/Jul/2026:20:54:42 +0000] "GET /i.php HTTP/1.1" 401 36 "-" "-"
20.63.63.128 - - [16/Jul/2026:20:54:42 +0000] "GET /wp-admin/zoko.php HTTP/1.1" 401 36 "-" "-"
20.63.63.128 - - [16/Jul/2026:20:54:43 +0000] "GET /wp-tivate.php HTTP/1.1" 401 36 "-" "-"
20.63.63.128 - - [16/Jul/2026:20:54:43 +0000] "GET /shell.php HTTP/1.1" 401 36 "-" "-"
20.63.63.128 - - [16/Jul/2026:20:54:43 +0000] "GET /new.php HTTP/1.1" 401 36 "-" "-"
20.63.63.128 - - [16/Jul/2026:20:54:43 +0000] "GET /lp6.php HTTP/1.1" 401 36 "-" "-"
20.63.63.128 - - [16/Jul/2026:20:54:43 +0000] "GET /dex.php HTTP/1.1" 401 36 "-" "-"
20.63.63.128 - - [16/Jul/2026:20:54:43 +0000] "GET /wp-term.php HTTP/1.1" 401 36 "-" "-"
20.63.63.128 - - [16/Jul/2026:20:54:43 +0000] "GET /wp-xx.php HTTP/1.1" 401 36 "-" "-"
20.63.63.128 - - [16/Jul/2026:20:54:43 +0000] "GET /cilus.php HTTP/1.1" 401 36 "-" "-"
20.63.63.128 - - [16/Jul/2026:20:54:43 +0000] "GET /ccou.php HTTP/1.1" 401 36 "-" "-"
20.63.63.128 - - [16/Jul/2026:20:54:44 +0000] "GET /edit.php HTTP/1.1" 401 36 "-" "-"
20.63.63.128 - - [16/Jul/2026:20:54:44 +0000] "GET /shell20211028.php HTTP/1.1" 401 36 "-" "-"
20.63.63.128 - - [16/Jul/2026:20:54:44 +0000] "GET /ccc.php HTTP/1.1" 401 36 "-" "-"
20.63.63.128 - - [16/Jul/2026:20:54:44 +0000] "GET /wp-links-opml.php HTTP/1.1" 401 36 "-" "-"
20.63.63.128 - - [16/Jul/2026:20:54:44 +0000] "GET /atkno.php HTTP/1.1" 401 36 "-" "-"
20.63.63.128 - - [16/Jul/2026:20:54:44 +0000] "GET /1.php HTTP/1.1" 401 36 "-" "-"
20.63.63.128 - - [16/Jul/2026:20:54:44 +0000] "GET /sql.php HTTP/1.1" 401 36 "-" "-"
20.63.63.128 - - [16/Jul/2026:20:54:44 +0000] "GET /xxx.php HTTP/1.1" 401 36 "-" "-"
20.63.63.128 - - [16/Jul/2026:20:54:44 +0000] "GET /shell.php HTTP/1.1" 401 36 "-" "-"
20.63.63.128 - - [16/Jul/2026:20:54:45 +0000] "GET /r.php HTTP/1.1" 401 36 "-" "-"
20.63.63.128 - - [16/Jul/2026:20:54:45 +0000] "GET /wso.php HTTP/1.1" 401 36 "-" "-"
20.63.63.128 - - [16/Jul/2026:20:54:45 +0000] "GET /wp-ws68.php HTTP/1.1" 401 36 "-" "-"
20.63.63.128 - - [16/Jul/2026:20:54:45 +0000] "GET /x.php HTTP/1.1" 401 36 "-" "-"
20.63.63.128 - - [16/Jul/2026:20:54:45 +0000] "GET /v2.php HTTP/1.1" 401 36 "-" "-"
20.63.63.128 - - [16/Jul/2026:20:54:45 +0000] "GET /atomlib.php HTTP/1.1" 401 36 "-" "-"
20.63.63.128 - - [16/Jul/2026:20:54:45 +0000] "GET /wp-ver.php HTTP/1.1" 401 36 "-" "-"
20.63.63.128 - - [16/Jul/2026:20:54:45 +0000] "GET /z.php HTTP/1.1" 401 36 "-" "-"
20.63.63.128 - - [16/Jul/2026:20:54:45 +0000] "GET /thoms.php HTTP/1.1" 401 36 "-" "-"
20.63.63.128 - - [16/Jul/2026:20:54:45 +0000] "GET /bthil.php HTTP/1.1" 401 36 "-" "-"
20.63.63.128 - - [16/Jul/2026:20:54:46 +0000] "GET /crgio.php HTTP/1.1" 401 36 "-" "-"
20.63.63.128 - - [16/Jul/2026:20:54:46 +0000] "GET /file11.php HTTP/1.1" 401 36 "-" "-"
194.39.149.53 - - [16/Jul/2026:21:01:40 +0000] "POST /wp-cron.php?doing_wp_cron=1784235700.6973650455474853515625 HTTP/1.1" 200 0 "-" "WordPress/6.9.4; https://angelsurchins.co.uk"
185.114.55.37 - - [16/Jul/2026:21:01:37 +0000] "GET /product/12660/?add-to-wishlist=11867 HTTP/1.1" 200 39469 "-" "Mozilla/5.0 (Windows NT 10.0; Win64; x64) AppleWebKit/537.36 (KHTML, like Gecko) Chrome/88.0.4500.0 Iron Safari/537.36"
194.39.149.53 - - [16/Jul/2026:21:01:42 +0000] "POST /wp-admin/admin-ajax.php HTTP/1.1" 200 0 "-" "WordPress/6.9.4; https://angelsurchins.co.uk"
194.39.149.53 - - [16/Jul/2026:21:02:46 +0000] "POST /wp-cron.php?doing_wp_cron=1784235766.0667989253997802734375 HTTP/1.1" 200 0 "-" "WordPress/6.9.4; https://angelsurchins.co.uk"
181.45.134.204 - - [16/Jul/2026:21:02:44 +0000] "GET /product/secret-garden-wallpaper/?add-to-wishlist=11886 HTTP/1.1" 200 38888 "-" "Mozilla/5.0 (Windows NT 10.0; Win64; x64) AppleWebKit/537.36 (KHTML, like Gecko) Chrome/80.0.3987.132 Safari/537.36"
194.39.149.53 - - [16/Jul/2026:21:04:02 +0000] "POST /wp-cron.php?doing_wp_cron=1784235842.1731729507446289062500 HTTP/1.1" 200 0 "-" "WordPress/6.9.4; https://angelsurchins.co.uk"
85.208.96.212 - - [16/Jul/2026:21:03:58 +0000] "GET /robots.txt HTTP/1.1" 200 225 "-" "Mozilla/5.0 (compatible; SemrushBot/7~bl; +http://www.semrush.com/bot.html)"
85.208.96.199 - - [16/Jul/2026:21:04:02 +0000] "GET /product-single/ HTTP/1.1" 200 27897 "-" "Mozilla/5.0 (compatible; SemrushBot/7~bl; +http://www.semrush.com/bot.html)"
194.39.149.53 - - [16/Jul/2026:21:04:07 +0000] "POST /wp-admin/admin-ajax.php HTTP/1.1" 200 0 "-" "WordPress/6.9.4; https://angelsurchins.co.uk"
194.39.149.53 - - [16/Jul/2026:21:04:59 +0000] "POST /wp-cron.php?doing_wp_cron=1784235899.5577359199523925781250 HTTP/1.1" 200 0 "-" "WordPress/6.9.4; https://angelsurchins.co.uk"
85.87.160.136 - - [16/Jul/2026:21:04:57 +0000] "GET /shop/page/2/?add-to-wishlist=11666 HTTP/1.1" 200 38814 "-" "Mozilla/5.0 (Macintosh; Intel Mac OS X 15_1_0) AppleWebKit/537.36 (KHTML, like Gecko) Chrome/129.0.6668.100 Safari/537.36"
45.190.209.156 - - [16/Jul/2026:21:05:09 +0000] "GET /blog/ HTTP/2" 200 21270 "-" "Mozilla/5.0 (Linux; Android 5.0; SM-G900P Build/LRX21T) AppleWebKit/537.36 (KHTML, like Gecko) Chrome/46.0.6141.1547 Mobile Safari/537.36"
151.246.208.95 - - [16/Jul/2026:21:05:15 +0000] "GET /wp-content/uploads/2024/09/bb40ce_f1cb1c5ebfd9466cabe9213b7660cce3mv2-600x398.webp HTTP/2" 206 500 "https://angelsurchins.co.uk/blog/" "Mozilla/5.0 (Linux; Android 5.0; SM-G900P Build/LRX21T) AppleWebKit/537.36 (KHTML, like Gecko) Chrome/46.0.6141.1547 Mobile Safari/537.36"
151.246.208.95 - - [16/Jul/2026:21:05:15 +0000] "GET /wp-content/uploads/2024/09/bb40ce_5000a55e68f44e03b71afd7365eda6d3mv2-600x398.webp HTTP/2" 206 500 "https://angelsurchins.co.uk/blog/" "Mozilla/5.0 (Linux; Android 5.0; SM-G900P Build/LRX21T) AppleWebKit/537.36 (KHTML, like Gecko) Chrome/46.0.6141.1547 Mobile Safari/537.36"
151.246.208.95 - - [16/Jul/2026:21:05:15 +0000] "GET /wp-includes/css/dist/block-library/style.min.css?ver=6.9.4 HTTP/2" 200 14889 "https://angelsurchins.co.uk/blog/" "Mozilla/5.0 (Linux; Android 5.0; SM-G900P Build/LRX21T) AppleWebKit/537.36 (KHTML, like Gecko) Chrome/46.0.6141.1547 Mobile Safari/537.36"
